24.197.231.234 - - [04/Jan/2012:09:12:25 -0500] "GET /forums/clientscript/vbulletin_lightbox.js?v=373 HTTP/1.1" 200 10260 "http://www.walleyecentral.com/forums/showthread.php?t=189002" "Mozilla/4.0 (compatible; MSIE 8.0; Windows NT 5.1; Trident/4.0; GTB7.2; .NET CLR 1.1.4322; .NET CLR 2.0.50727; .NET CLR 3.0.4506.2152; .NET CLR 3.5.30729; .NET4.0C; yie8)"
173.21.135.196 - - [04/Jan/2012:09:12:25 -0500] "GET /themes/default/images/edit.gif HTTP/1.1" 200 1214 "http://walleyecentral.com/" "Mozilla/4.0 (compatible; MSIE 8.0; Windows NT 6.1; WOW64; Trident/4.0; FunWebProducts; GTB7.2; SLCC2; .NET CLR 2.0.50727; .NET CLR 3.5.30729; .NET CLR 3.0.30729; Media Center PC 6.0; .NET4.0C; AskTbX-SD/5.12.2.16749; BRI/2)"
173.21.135.196 - - [04/Jan/2012:09:12:25 -0500] "GET /dbimages/articles-2011-12-27-925807361iconfile.jpg HTTP/1.1" 200 946 "http://walleyecentral.com/" "Mozilla/4.0 (compatible; MSIE 8.0; Windows NT 6.1; WOW64; Trident/4.0; FunWebProducts; GTB7.2; SLCC2; .NET CLR 2.0.50727; .NET CLR 3.5.30729; .NET CLR 3.0.30729; Media Center PC 6.0; .NET4.0C; AskTbX-SD/5.12.2.16749; BRI/2)"
24.197.231.234 - - [04/Jan/2012:09:12:25 -0500] "GET /forums/images/buttons/quote.gif HTTP/1.1" 200 2182 "http://www.walleyecentral.com/forums/showthread.php?t=189002" "Mozilla/4.0 (compatible; MSIE 8.0; Windows NT 5.1; Trident/4.0; GTB7.2; .NET CLR 1.1.4322; .NET CLR 2.0.50727; .NET CLR 3.0.4506.2152; .NET CLR 3.5.30729; .NET4.0C; yie8)"
24.197.231.234 - - [04/Jan/2012:09:12:25 -0500] "GET /forums/images/icons/icon1.gif HTTP/1.1" 200 1032 "http://www.walleyecentral.com/forums/showthread.php?t=189002" "Mozilla/4.0 (compatible; MSIE 8.0; Windows NT 5.1; Trident/4.0; GTB7.2; .NET CLR 1.1.4322; .NET CLR 2.0.50727; .NET CLR 3.0.4506.2152; .NET CLR 3.5.30729; .NET4.0C; yie8)"
173.21.135.196 - - [04/Jan/2012:09:12:25 -0500] "GET /dbimages/articles-2011-12-19-992528775iconfile.jpg HTTP/1.1" 200 1561 "http://walleyecentral.com/" "Mozilla/4.0 (compatible; MSIE 8.0; Windows NT 6.1; WOW64; Trident/4.0; FunWebProducts; GTB7.2; SLCC2; .NET CLR 2.0.50727; .NET CLR 3.5.30729; .NET CLR 3.0.30729; Media Center PC 6.0; .NET4.0C; AskTbX-SD/5.12.2.16749; BRI/2)"
207.46.199.26 - - [04/Jan/2012:09:12:25 -0500] "GET /forums/clientscript/vbulletin_important.css?v=373 HTTP/1.1" 200 1687 "http://www.walleyecentral.com/forums/showthread.php?t=165298" "Mozilla/4.0 (compatible; MSIE 7.0; Windows NT 5.2; SV1; .NET CLR 1.1.4325; .NET CLR 2.0.50727)"
173.21.135.196 - - [04/Jan/2012:09:12:25 -0500] "GET /dbimages/tenpoundclub-2012-01-03-862352758thumbnail.jpg HTTP/1.1" 200 12900 "http://walleyecentral.com/" "Mozilla/4.0 (compatible; MSIE 8.0; Windows NT 6.1; WOW64; Trident/4.0; FunWebProducts; GTB7.2; SLCC2; .NET CLR 2.0.50727; .NET CLR 3.5.30729; .NET CLR 3.0.30729; Media Center PC 6.0; .NET4.0C; AskTbX-SD/5.12.2.16749; BRI/2)"
173.21.135.196 - - [04/Jan/2012:09:12:25 -0500] "GET /dbimages/tenpoundclub-2011-12-23-97306314thumbnail.jpg HTTP/1.1" 200 9587 "http://walleyecentral.com/" "Mozilla/4.0 (compatible; MSIE 8.0; Windows NT 6.1; WOW64; Trident/4.0; FunWebProducts; GTB7.2; SLCC2; .NET CLR 2.0.50727; .NET CLR 3.5.30729; .NET CLR 3.0.30729; Media Center PC 6.0; .NET4.0C; AskTbX-SD/5.12.2.16749; BRI/2)"
173.21.135.196 - - [04/Jan/2012:09:12:25 -0500] "GET /dbimages/articles-2011-12-05-541299785iconfile.jpg HTTP/1.1" 200 1567 "http://walleyecentral.com/" "Mozilla/4.0 (compatible; MSIE 8.0; Windows NT 6.1; WOW64; Trident/4.0; FunWebProducts; GTB7.2; SLCC2; .NET CLR 2.0.50727; .NET CLR 3.5.30729; .NET CLR 3.0.30729; Media Center PC 6.0; .NET4.0C; AskTbX-SD/5.12.2.16749; BRI/2)"
207.46.199.26 - - [04/Jan/2012:09:12:25 -0500] "GET /themes/default/theme.css HTTP/1.1" 200 6726 "http://www.walleyecentral.com/forums/showthread.php?t=165298" "Mozilla/4.0 (compatible; MSIE 7.0; Windows NT 5.2; SV1; .NET CLR 1.1.4325; .NET CLR 2.0.50727)"
173.21.135.196 - - [04/Jan/2012:09:12:25 -0500] "GET /dbimages/articles-2011-12-20-429665774iconfile.jpg HTTP/1.1" 200 629 "http://walleyecentral.com/" "Mozilla/4.0 (compatible; MSIE 8.0; Windows NT 6.1; WOW64; Trident/4.0; FunWebProducts; GTB7.2; SLCC2; .NET CLR 2.0.50727; .NET CLR 3.5.30729; .NET CLR 3.0.30729; Media Center PC 6.0; .NET4.0C; AskTbX-SD/5.12.2.16749; BRI/2)"
199.19.250.71 - - [04/Jan/2012:09:12:25 -0500] "GET /forums/showthread.php?t=188287 HTTP/1.1" 200 20594 "http://www.walleyecentral.com/forums/forumdisplay.php?f=32" "Mozilla/4.0 (compatible; MSIE 8.0; Windows NT 6.1; WOW64; Trident/4.0; SLCC2; .NET CLR 2.0.50727; .NET CLR 3.5.30729; .NET CLR 3.0.30729; Media Center PC 6.0; InfoPath.2; .NET4.0C)"
173.21.135.196 - - [04/Jan/2012:09:12:25 -0500] "GET /wcvideo/video/20110925-150928.jpg HTTP/1.1" 200 8753 "http://walleyecentral.com/" "Mozilla/4.0 (compatible; MSIE 8.0; Windows NT 6.1; WOW64; Trident/4.0; FunWebProducts; GTB7.2; SLCC2; .NET CLR 2.0.50727; .NET CLR 3.5.30729; .NET CLR 3.0.30729; Media Center PC 6.0; .NET4.0C; AskTbX-SD/5.12.2.16749; BRI/2)"
205.134.249.170 - - [04/Jan/2012:09:12:25 -0500] "GET /weather.php?pands=68853 HTTP/1.1" 200 16166 "-" "PHP/5.2.17"
24.197.231.234 - - [04/Jan/2012:09:12:25 -0500] "GET /openx/www/delivery/ai.php?filename=smoothmoves.jpg&contenttype=jpeg HTTP/1.1" 200 18980 "http://www.walleyecentral.com/forums/showthread.php?t=189002" "Mozilla/4.0 (compatible; MSIE 8.0; Windows NT 5.1; Trident/4.0; GTB7.2; .NET CLR 1.1.4322; .NET CLR 2.0.50727; .NET CLR 3.0.4506.2152; .NET CLR 3.5.30729; .NET4.0C; yie8)"
208.38.64.34 - - [04/Jan/2012:09:12:25 -0500] "GET /forums/forumdisplay.php?f=32 HTTP/1.1" 200 22750 "http://walleyecentral.com/" "Mozilla/5.0 (Windows NT 5.1) AppleWebKit/535.7 (KHTML, like Gecko) Chrome/16.0.912.63 Safari/535.7"
173.21.135.196 - - [04/Jan/2012:09:12:25 -0500] "GET /wcvideo/video/20110918-060900.jpg HTTP/1.1" 200 16164 "http://walleyecentral.com/" "Mozilla/4.0 (compatible; MSIE 8.0; Windows NT 6.1; WOW64; Trident/4.0; FunWebProducts; GTB7.2; SLCC2; .NET CLR 2.0.50727; .NET CLR 3.5.30729; .NET CLR 3.0.30729; Media Center PC 6.0; .NET4.0C; AskTbX-SD/5.12.2.16749; BRI/2)"
173.21.135.196 - - [04/Jan/2012:09:12:25 -0500] "GET /phpQJr/embedjr.php?pid=50&w=175&h=400 HTTP/1.1" 200 1036 "http://walleyecentral.com/" "Mozilla/4.0 (compatible; MSIE 8.0; Windows NT 6.1; WOW64; Trident/4.0; FunWebProducts; GTB7.2; SLCC2; .NET CLR 2.0.50727; .NET CLR 3.5.30729; .NET CLR 3.0.30729; Media Center PC 6.0; .NET4.0C; AskTbX-SD/5.12.2.16749; BRI/2)"
173.21.135.196 - - [04/Jan/2012:09:12:25 -0500] "GET /wcvideo/video/20110808-130818.jpg HTTP/1.1" 200 14547 "http://walleyecentral.com/" "Mozilla/4.0 (compatible; MSIE 8.0; Windows NT 6.1; WOW64; Trident/4.0; FunWebProducts; GTB7.2; SLCC2; .NET CLR 2.0.50727; .NET CLR 3.5.30729; .NET CLR 3.0.30729; Media Center PC 6.0; .NET4.0C; AskTbX-SD/5.12.2.16749; BRI/2)"
24.197.231.234 - - [04/Jan/2012:09:12:25 -0500] "GET /forums/images/smilies/rockit.gif HTTP/1.1" 200 590 "http://www.walleyecentral.com/forums/showthread.php?t=189002" "Mozilla/4.0 (compatible; MSIE 8.0; Windows NT 5.1; Trident/4.0; GTB7.2; .NET CLR 1.1.4322; .NET CLR 2.0.50727; .NET CLR 3.0.4506.2152; .NET CLR 3.5.30729; .NET4.0C; yie8)"
199.19.250.71 - - [04/Jan/2012:09:12:25 -0500] "GET /openx/www/delivery/ajs.php?n=a5212870&zoneid=98&source=&exclude=,&r=591203131&loc=http%3A//www.walleyecentral.com/forums/showthread.php%3Ft%3D188287&referer=http%3A//www.walleyecentral.com/forums/forumdisplay.php%3Ff%3D32 HTTP/1.1" 200 953 "http://www.walleyecentral.com/forums/showthread.php?t=188287" "Mozilla/4.0 (compatible; MSIE 8.0; Windows NT 6.1; WOW64; Trident/4.0; SLCC2; .NET CLR 2.0.50727; .NET CLR 3.5.30729; .NET CLR 3.0.30729; Media Center PC 6.0; InfoPath.2; .NET4.0C)"
24.197.231.234 - - [04/Jan/2012:09:12:25 -0500] "GET /forums/image.php?u=28846&dateline=1281646087 HTTP/1.1" 200 1660 "http://www.walleyecentral.com/forums/showthread.php?t=189002" "Mozilla/4.0 (compatible; MSIE 8.0; Windows NT 5.1; Trident/4.0; GTB7.2; .NET CLR 1.1.4322; .NET CLR 2.0.50727; .NET CLR 3.0.4506.2152; .NET CLR 3.5.30729; .NET4.0C; yie8)"
24.197.231.234 - - [04/Jan/2012:09:12:25 -0500] "GET /openx/www/delivery/lg.php?bannerid=97&campaignid=1&zoneid=98&loc=http%3A%2F%2Fwww.walleyecentral.com%2Fforums%2Fshowthread.php%3Ft%3D189002&referer=http%3A%2F%2Fwww.walleyecentral.com%2Fforums%2Fforumdisplay.php%3Ff%3D32&cb=d6a7990044 HTTP/1.1" 200 43 "http://www.walleyecentral.com/forums/showthread.php?t=189002" "Mozilla/4.0 (compatible; MSIE 8.0; Windows NT 5.1; Trident/4.0; GTB7.2; .NET CLR 1.1.4322; .NET CLR 2.0.50727; .NET CLR 3.0.4506.2152; .NET CLR 3.5.30729; .NET4.0C; yie8)"
24.197.231.234 - - [04/Jan/2012:09:12:25 -0500] "GET /forums/images/buttons/printer.gif HTTP/1.1" 200 1072 "http://www.walleyecentral.com/forums/showthread.php?t=189002" "Mozilla/4.0 (compatible; MSIE 8.0; Windows NT 5.1; Trident/4.0; GTB7.2; .NET CLR 1.1.4322; .NET CLR 2.0.50727; .NET CLR 3.0.4506.2152; .NET CLR 3.5.30729; .NET4.0C; yie8)"
173.21.135.196 - - [04/Jan/2012:09:12:25 -0500] "GET /images/navionics_app.jpg HTTP/1.1" 200 3556 "http://walleyecentral.com/" "Mozilla/4.0 (compatible; MSIE 8.0; Windows NT 6.1; WOW64; Trident/4.0; FunWebProducts; GTB7.2; SLCC2; .NET CLR 2.0.50727; .NET CLR 3.5.30729; .NET CLR 3.0.30729; Media Center PC 6.0; .NET4.0C; AskTbX-SD/5.12.2.16749; BRI/2)"
173.21.135.196 - - [04/Jan/2012:09:12:25 -0500] "GET /commonimages/blocks.png HTTP/1.1" 200 3241 "http://walleyecentral.com/" "Mozilla/4.0 (compatible; MSIE 8.0; Windows NT 6.1; WOW64; Trident/4.0; FunWebProducts; GTB7.2; SLCC2; .NET CLR 2.0.50727; .NET CLR 3.5.30729; .NET CLR 3.0.30729; Media Center PC 6.0; .NET4.0C; AskTbX-SD/5.12.2.16749; BRI/2)"
173.21.135.196 - - [04/Jan/2012:09:12:25 -0500] "GET /images/shutup1.gif HTTP/1.1" 200 635 "http://walleyecentral.com/" "Mozilla/4.0 (compatible; MSIE 8.0; Windows NT 6.1; WOW64; Trident/4.0; FunWebProducts; GTB7.2; SLCC2; .NET CLR 2.0.50727; .NET CLR 3.5.30729; .NET CLR 3.0.30729; Media Center PC 6.0; .NET4.0C; AskTbX-SD/5.12.2.16749; BRI/2)"
24.197.231.234 - - [04/Jan/2012:09:12:25 -0500] "GET /forums/images/buttons/mode_linear.gif HTTP/1.1" 200 609 "http://www.walleyecentral.com/forums/showthread.php?t=189002" "Mozilla/4.0 (compatible; MSIE 8.0; Windows NT 5.1; Trident/4.0; GTB7.2; .NET CLR 1.1.4322; .NET CLR 2.0.50727; .NET CLR 3.0.4506.2152; .NET CLR 3.5.30729; .NET4.0C; yie8)"
24.197.231.234 - - [04/Jan/2012:09:12:25 -0500] "GET /forums/images/buttons/sendtofriend.gif HTTP/1.1" 200 1125 "http://www.walleyecentral.com/forums/showthread.php?t=189002" "Mozilla/4.0 (compatible; MSIE 8.0; Windows NT 5.1; Trident/4.0; GTB7.2; .NET CLR 1.1.4322; .NET CLR 2.0.50727; .NET CLR 3.0.4506.2152; .NET CLR 3.5.30729; .NET4.0C; yie8)"
24.197.231.234 - - [04/Jan/2012:09:12:25 -0500] "GET /forums/image.php?u=6445&dateline=1216746706 HTTP/1.1" 200 1328 "http://www.walleyecentral.com/forums/showthread.php?t=189002" "Mozilla/4.0 (compatible; MSIE 8.0; Windows NT 5.1; Trident/4.0; GTB7.2; .NET CLR 1.1.4322; .NET CLR 2.0.50727; .NET CLR 3.0.4506.2152; .NET CLR 3.5.30729; .NET4.0C; yie8)"
24.197.231.234 - - [04/Jan/2012:09:12:25 -0500] "GET /forums/images/buttons/mode_hybrid.gif HTTP/1.1" 200 588 "http://www.walleyecentral.com/forums/showthread.php?t=189002" "Mozilla/4.0 (compatible; MSIE 8.0; Windows NT 5.1; Trident/4.0; GTB7.2; .NET CLR 1.1.4322; .NET CLR 2.0.50727; .NET CLR 3.0.4506.2152; .NET CLR 3.5.30729; .NET4.0C; yie8)"
173.21.135.196 - - [04/Jan/2012:09:12:25 -0500] "GET /themes/default/images/footerback.gif HTTP/1.1" 200 1309 "http://walleyecentral.com/" "Mozilla/4.0 (compatible; MSIE 8.0; Windows NT 6.1; WOW64; Trident/4.0; FunWebProducts; GTB7.2; SLCC2; .NET CLR 2.0.50727; .NET CLR 3.5.30729; .NET CLR 3.0.30729; Media Center PC 6.0; .NET4.0C; AskTbX-SD/5.12.2.16749; BRI/2)"
173.21.135.196 - - [04/Jan/2012:09:12:25 -0500] "GET /phpQJr/poll.php?pid=50&url=http%3A//walleyecentral.com/ HTTP/1.1" 200 3978 "http://walleyecentral.com/" "Mozilla/4.0 (compatible; MSIE 8.0; Windows NT 6.1; WOW64; Trident/4.0; FunWebProducts; GTB7.2; SLCC2; .NET CLR 2.0.50727; .NET CLR 3.5.30729; .NET CLR 3.0.30729; Media Center PC 6.0; .NET4.0C; AskTbX-SD/5.12.2.16749; BRI/2)"
24.197.231.234 - - [04/Jan/2012:09:12:25 -0500] "GET /forums/images/buttons/mode_threaded.gif HTTP/1.1" 200 562 "http://www.walleyecentral.com/forums/showthread.php?t=189002" "Mozilla/4.0 (compatible; MSIE 8.0; Windows NT 5.1; Trident/4.0; GTB7.2; .NET CLR 1.1.4322; .NET CLR 2.0.50727; .NET CLR 3.0.4506.2152; .NET CLR 3.5.30729; .NET4.0C; yie8)"
207.46.199.26 - - [04/Jan/2012:09:12:25 -0500] "GET /forums/clientscript/yui/yahoo-dom-event/yahoo-dom-event.js?v=373 HTTP/1.1" 200 31100 "http://www.walleyecentral.com/forums/showthread.php?t=165298" "Mozilla/4.0 (compatible; MSIE 7.0; Windows NT 5.2; SV1; .NET CLR 1.1.4325; .NET CLR 2.0.50727)"
24.197.231.234 - - [04/Jan/2012:09:12:25 -0500] "GET /forums/images/buttons/collapse_thead.gif HTTP/1.1" 200 580 "http://www.walleyecentral.com/forums/showthread.php?t=189002" "Mozilla/4.0 (compatible; MSIE 8.0; Windows NT 5.1; Trident/4.0; GTB7.2; .NET CLR 1.1.4322; .NET CLR 2.0.50727; .NET CLR 3.0.4506.2152; .NET CLR 3.5.30729; .NET4.0C; yie8)"
173.21.135.196 - - [04/Jan/2012:09:12:26 -0500] "GET /phpQJr/inc/poll.js HTTP/1.1" 200 897 "http://walleyecentral.com/phpQJr/poll.php?pid=50&url=http%3A//walleyecentral.com/" "Mozilla/4.0 (compatible; MSIE 8.0; Windows NT 6.1; WOW64; Trident/4.0; FunWebProducts; GTB7.2; SLCC2; .NET CLR 2.0.50727; .NET CLR 3.5.30729; .NET CLR 3.0.30729; Media Center PC 6.0; .NET4.0C; AskTbX-SD/5.12.2.16749; BRI/2)"
199.19.250.71 - - [04/Jan/2012:09:12:26 -0500] "GET /forums/images/avatars/greenbay.jpg HTTP/1.1" 200 1406 "http://www.walleyecentral.com/forums/showthread.php?t=188287" "Mozilla/4.0 (compatible; MSIE 8.0; Windows NT 6.1; WOW64; Trident/4.0; SLCC2; .NET CLR 2.0.50727; .NET CLR 3.5.30729; .NET CLR 3.0.30729; Media Center PC 6.0; InfoPath.2; .NET4.0C)"
199.19.250.71 - - [04/Jan/2012:09:12:26 -0500] "GET /openx/www/delivery/ai.php?filename=smoothmoves.jpg&contenttype=jpeg HTTP/1.1" 304 - "http://www.walleyecentral.com/forums/showthread.php?t=188287" "Mozilla/4.0 (compatible; MSIE 8.0; Windows NT 6.1; WOW64; Trident/4.0; SLCC2; .NET CLR 2.0.50727; .NET CLR 3.5.30729; .NET CLR 3.0.30729; Media Center PC 6.0; InfoPath.2; .NET4.0C)"
199.19.250.71 - - [04/Jan/2012:09:12:26 -0500] "GET /forums/images/buttons/viewpost.gif HTTP/1.1" 304 - "http://www.walleyecentral.com/forums/showthread.php?t=188287" "Mozilla/4.0 (compatible; MSIE 8.0; Windows NT 6.1; WOW64; Trident/4.0; SLCC2; .NET CLR 2.0.50727; .NET CLR 3.5.30729; .NET CLR 3.0.30729; Media Center PC 6.0; InfoPath.2; .NET4.0C)"
205.134.249.170 - - [04/Jan/2012:09:12:26 -0500] "GET /weather.php?pands=80921 HTTP/1.1" 200 16166 "-" "PHP/5.2.17"
199.19.250.71 - - [04/Jan/2012:09:12:26 -0500] "GET /forums/image.php?u=7512&dateline=1237644329 HTTP/1.1" 200 7246 "http://www.walleyecentral.com/forums/showthread.php?t=188287" "Mozilla/4.0 (compatible; MSIE 8.0; Windows NT 6.1; WOW64; Trident/4.0; SLCC2; .NET CLR 2.0.50727; .NET CLR 3.5.30729; .NET CLR 3.0.30729; Media Center PC 6.0; InfoPath.2; .NET4.0C)"
24.197.231.234 - - [04/Jan/2012:09:12:26 -0500] "GET /favicon.ico HTTP/1.1" 200 822 "-" "Mozilla/4.0 (compatible; MSIE 8.0; Windows NT 5.1; Trident/4.0; GTB7.2; .NET CLR 1.1.4322; .NET CLR 2.0.50727; .NET CLR 3.0.4506.2152; .NET CLR 3.5.30729; .NET4.0C; yie8)"
199.19.250.71 - - [04/Jan/2012:09:12:26 -0500] "GET /forums/image.php?u=14858&dateline=1217451366 HTTP/1.1" 304 - "http://www.walleyecentral.com/forums/showthread.php?t=188287" "Mozilla/4.0 (compatible; MSIE 8.0; Windows NT 6.1; WOW64; Trident/4.0; SLCC2; .NET CLR 2.0.50727; .NET CLR 3.5.30729; .NET CLR 3.0.30729; Media Center PC 6.0; InfoPath.2; .NET4.0C)"
199.19.250.71 - - [04/Jan/2012:09:12:26 -0500] "GET /forums/images/smilies/smile.gif HTTP/1.1" 304 - "http://www.walleyecentral.com/forums/showthread.php?t=188287" "Mozilla/4.0 (compatible; MSIE 8.0; Windows NT 6.1; WOW64; Trident/4.0; SLCC2; .NET CLR 2.0.50727; .NET CLR 3.5.30729; .NET CLR 3.0.30729; Media Center PC 6.0; InfoPath.2; .NET4.0C)"
66.249.71.211 - - [04/Jan/2012:09:12:26 -0500] "GET /forums/archive/index.php/t-44462.html HTTP/1.1" 200 2168 "-" "Mozilla/5.0 (compatible; Googlebot/2.1; +http://www.google.com/bot.html)"
199.19.250.71 - - [04/Jan/2012:09:12:26 -0500] "GET /forums/images/icons/icon10.gif HTTP/1.1" 304 - "http://www.walleyecentral.com/forums/showthread.php?t=188287" "Mozilla/4.0 (compatible; MSIE 8.0; Windows NT 6.1; WOW64; Trident/4.0; SLCC2; .NET CLR 2.0.50727; .NET CLR 3.5.30729; .NET CLR 3.0.30729; Media Center PC 6.0; InfoPath.2; .NET4.0C)"
199.19.250.71 - - [04/Jan/2012:09:12:26 -0500] "GET /forums/attachment.php?attachmentid=12563&stc=1&thumb=1&d=1323122730 HTTP/1.1" 200 3573 "http://www.walleyecentral.com/forums/showthread.php?t=188287" "Mozilla/4.0 (compatible; MSIE 8.0; Windows NT 6.1; WOW64; Trident/4.0; SLCC2; .NET CLR 2.0.50727; .NET CLR 3.5.30729; .NET CLR 3.0.30729; Media Center PC 6.0; InfoPath.2; .NET4.0C)"
199.19.250.71 - - [04/Jan/2012:09:12:26 -0500] "GET /openx/www/delivery/lg.php?bannerid=97&campaignid=1&zoneid=98&loc=http%3A%2F%2Fwww.walleyecentral.com%2Fforums%2Fshowthread.php%3Ft%3D188287&referer=http%3A%2F%2Fwww.walleyecentral.com%2Fforums%2Fforumdisplay.php%3Ff%3D32&cb=c09b7f43e5 HTTP/1.1" 200 43 "http://www.walleyecentral.com/forums/showthread.php?t=188287" "Mozilla/4.0 (compatible; MSIE 8.0; Windows NT 6.1; WOW64; Trident/4.0; SLCC2; .NET CLR 2.0.50727; .NET CLR 3.5.30729; .NET CLR 3.0.30729; Media Center PC 6.0; InfoPath.2; .NET4.0C)"
66.11.150.236 - - [04/Jan/2012:09:12:26 -0500] "GET /weather.php?pands=55431 HTTP/1.0" 200 24193 "-" "-"
208.38.64.34 - - [04/Jan/2012:09:12:25 -0500] "GET /forums/forumdisplay.php?f=32 HTTP/1.1" 200 22750 "http://walleyecentral.com/" "Mozilla/5.0 (Windows NT 5.1) AppleWebKit/535.7 (KHTML, like Gecko) Chrome/16.0.912.63 Safari/535.7"
66.11.150.236 - - [04/Jan/2012:09:12:26 -0500] "GET /weather.php?pands=13365 HTTP/1.0" 200 24176 "-" "-"
208.38.64.34 - - [04/Jan/2012:09:12:26 -0500] "GET /openx/www/delivery/ajs.php?n=a5212870&zoneid=97&source=&exclude=,&r=78746641&loc=http%3A//www.walleyecentral.com/forums/forumdisplay.php%3Ff%3D32&referer=http%3A//walleyecentral.com/ HTTP/1.1" 200 979 "http://www.walleyecentral.com/forums/forumdisplay.php?f=32" "Mozilla/5.0 (Windows NT 5.1) AppleWebKit/535.7 (KHTML, like Gecko) Chrome/16.0.912.63 Safari/535.7"
208.38.64.34 - - [04/Jan/2012:09:12:26 -0500] "GET /openx/www/delivery/ai.php?filename=ranger-dreamrig2.jpg&contenttype=jpeg HTTP/1.1" 200 12025 "http://www.walleyecentral.com/forums/forumdisplay.php?f=32" "Mozilla/5.0 (Windows NT 5.1) AppleWebKit/535.7 (KHTML, like Gecko) Chrome/16.0.912.63 Safari/535.7"
31.184.236.61 - - [04/Jan/2012:09:12:26 -0500] "POST /forums/register.php?do=addmember HTTP/1.0" 200 41524 "http://www.walleyecentral.com/forums/register.php" "Mozilla/4.0 (compatible; MSIE 5.0; Windows 3.1)"
208.38.64.34 - - [04/Jan/2012:09:12:26 -0500] "GET /openx/www/delivery/lg.php?bannerid=65&campaignid=1&zoneid=97&loc=http%3A%2F%2Fwww.walleyecentral.com%2Fforums%2Fforumdisplay.php%3Ff%3D32&referer=http%3A%2F%2Fwalleyecentral.com%2F&cb=58c661a136 HTTP/1.1" 200 43 "http://www.walleyecentral.com/forums/forumdisplay.php?f=32" "Mozilla/5.0 (Windows NT 5.1) AppleWebKit/535.7 (KHTML, like Gecko) Chrome/16.0.912.63 Safari/535.7"
65.52.108.26 - - [04/Jan/2012:09:12:27 -0500] "GET /tenpoundclub/?PID=1644 HTTP/1.1" 200 19664 "-" "Mozilla/5.0 (compatible; bingbot/2.0; +http://www.bing.com/bingbot.htm)"
205.134.249.170 - - [04/Jan/2012:09:12:27 -0500] "GET /weather.php?pands=Orr%2C+MN HTTP/1.1" 200 16166 "-" "PHP/5.2.17"
208.38.64.34 - - [04/Jan/2012:09:12:27 -0500] "GET /favicon.ico HTTP/1.1" 200 822 "-" "Mozilla/5.0 (Windows NT 5.1) AppleWebKit/535.7 (KHTML, like Gecko) Chrome/16.0.912.63 Safari/535.7"
66.11.150.236 - - [04/Jan/2012:09:12:28 -0500] "GET /weather.php?pands=canada HTTP/1.0" 200 23568 "-" "-"
205.134.249.170 - - [04/Jan/2012:09:12:28 -0500] "GET /weather.php?pands=50627 HTTP/1.1" 200 16166 "-" "PHP/5.2.17"
174.253.148.97 - - [04/Jan/2012:09:11:24 -0500] "GET /forums/index.php HTTP/1.1" 200 21065 "http://www.walleyecentral.com/" "Mozilla/5.0 (iPhone; U; CPU iPhone OS 4_2_6 like Mac OS X; en-us) AppleWebKit/533.17.9 (KHTML, like Gecko) Version/5.0.2 Mobile/8E200 Safari/6533.18.5"
66.11.150.236 - - [04/Jan/2012:09:12:28 -0500] "GET /weather.php?pands=mille+lacs HTTP/1.0" 200 24186 "-" "-"
31.184.236.61 - - [04/Jan/2012:09:12:28 -0500] "POST /forums/register.php?do=addmember HTTP/1.0" 200 41524 "http://www.walleyecentral.com/forums/register.php" "Mozilla/4.0 (compatible; MSIE 5.0; Windows 3.1)"
174.253.3.28 - - [04/Jan/2012:09:12:29 -0500] "GET /articles/?a=2730 HTTP/1.1" 200 28515 "http://www.walleyecentral.com/" "Mozilla/5.0 (Linux; U; Android 2.3.5; en-us; SCH-I500 Build/GINGERBREAD) AppleWebKit/533.1 (KHTML, like Gecko) Version/4.0 Mobile Safari/533.1"
141.105.65.151 - - [04/Jan/2012:09:12:26 -0500] "POST /forums/register.php?do=addmember HTTP/1.0" 200 41624 "http://www.walleyecentral.com/forums/register.php?s=5b38f18bfdaba8d94884192f4a261efe" "Mozilla/4.0 (compatible; MSIE 6.0; Windows NT 5.0; APC; .NET CLR 1.0.3705; .NET CLR 1.1.4322; .NET CLR 2.0.50215; InfoPath.1)"
205.134.249.170 - - [04/Jan/2012:09:12:29 -0500] "GET /weather.php?pands=69201 HTTP/1.1" 200 16166 "-" "PHP/5.2.17"
174.253.3.28 - - [04/Jan/2012:09:12:29 -0500] "GET /articles/search.png HTTP/1.1" 200 2681 "http://www.walleyecentral.com/articles/?a=2730" "Mozilla/5.0 (Linux; U; Android 2.3.5; en-us; SCH-I500 Build/GINGERBREAD) AppleWebKit/533.1 (KHTML, like Gecko) Version/4.0 Mobile Safari/533.1"
174.253.3.28 - - [04/Jan/2012:09:12:29 -0500] "GET /dbimages/uploaded-2011-12-20-351086677.jpg HTTP/1.1" 200 28003 "http://www.walleyecentral.com/articles/?a=2730" "Mozilla/5.0 (Linux; U; Android 2.3.5; en-us; SCH-I500 Build/GINGERBREAD) AppleWebKit/533.1 (KHTML, like Gecko) Version/4.0 Mobile Safari/533.1"
64.179.63.250 - - [04/Jan/2012:09:12:29 -0500] "GET /forums/showthread.php?t=189098 HTTP/1.1" 200 96401 "http://www.walleyecentral.com/forums/forumdisplay.php?f=5" "Mozilla/4.0 (compatible; MSIE 6.0; Windows NT 5.1; SV1; .NET CLR 1.1.4322; .NET CLR 2.0.50727; .NET CLR 3.0.4506.2152; .NET CLR 3.5.30729)"
31.184.236.61 - - [04/Jan/2012:09:12:29 -0500] "POST /forums/register.php?do=addmember HTTP/1.0" 200 41501 "http://www.walleyecentral.com/forums/register.php" "Mozilla/4.0 (compatible; MSIE 5.0; Windows 3.1)"
205.134.249.170 - - [04/Jan/2012:09:12:30 -0500] "GET /weather.php?pands=55084 HTTP/1.1" 200 16166 "-" "PHP/5.2.17"
129.139.1.68 - - [04/Jan/2012:09:12:30 -0500] "GET /dbimages/articles-2011-12-01-312668417iconfile.jpg HTTP/1.1" 304 - "-" "Mozilla/4.0 (compatible;)"
66.11.150.236 - - [04/Jan/2012:09:12:30 -0500] "GET /weather.php?pands=69337 HTTP/1.0" 200 24177 "-" "-"
66.11.150.236 - - [04/Jan/2012:09:12:30 -0500] "GET /weather.php?pands=Gillette+Wy HTTP/1.0" 200 24257 "-" "-"
180.76.5.54 - - [04/Jan/2012:09:12:30 -0500] "GET /forums/search.php?searchid=4399622 HTTP/1.1" 200 10521 "-" "Mozilla/5.0 (compatible; Baiduspider/2.0; +http://www.baidu.com/search/spider.html)"
64.179.63.250 - - [04/Jan/2012:09:12:30 -0500] "GET /openx/www/delivery/ajs.php?n=a5212870&zoneid=87&source=&exclude=,&r=372101501&loc=http%3A//www.walleyecentral.com/forums/showthread.php%3Ft%3D189098&referer=http%3A//www.walleyecentral.com/forums/forumdisplay.php%3Ff%3D5 HTTP/1.1" 200 933 "http://www.walleyecentral.com/forums/showthread.php?t=189098" "Mozilla/4.0 (compatible; MSIE 6.0; Windows NT 5.1; SV1; .NET CLR 1.1.4322; .NET CLR 2.0.50727; .NET CLR 3.0.4506.2152; .NET CLR 3.5.30729)"
66.249.71.211 - - [04/Jan/2012:09:12:30 -0500] "GET /forums/archive/index.php/t-44809.html HTTP/1.1" 200 2562 "-" "Mozilla/5.0 (compatible; Googlebot/2.1; +http://www.google.com/bot.html)"
207.46.199.26 - - [04/Jan/2012:09:12:30 -0500] "GET /forums/clientscript/yui/connection/connection-min.js?v=373 HTTP/1.1" 200 14349 "http://www.walleyecentral.com/forums/showthread.php?t=165298" "Mozilla/4.0 (compatible; MSIE 7.0; Windows NT 5.2; SV1; .NET CLR 1.1.4325; .NET CLR 2.0.50727)"
65.52.108.198 - - [04/Jan/2012:09:12:30 -0500] "GET /forums/archive/index.php/t-71415.html HTTP/1.1" 200 1981 "-" "Mozilla/5.0 (compatible; bingbot/2.0; +http://www.bing.com/bingbot.htm)"
207.46.199.26 - - [04/Jan/2012:09:12:30 -0500] "GET /forums/clientscript/vbulletin_global.js?v=373 HTTP/1.1" 200 25057 "http://www.walleyecentral.com/forums/showthread.php?t=165298" "Mozilla/4.0 (compatible; MSIE 7.0; Windows NT 5.2; SV1; .NET CLR 1.1.4325; .NET CLR 2.0.50727)"
173.21.135.196 - - [04/Jan/2012:09:12:31 -0500] "GET /classified/new/searchresults.jsp HTTP/1.1" 301 360 "http://walleyecentral.com/" "Mozilla/4.0 (compatible; MSIE 8.0; Windows NT 6.1; WOW64; Trident/4.0; FunWebProducts; GTB7.2; SLCC2; .NET CLR 2.0.50727; .NET CLR 3.5.30729; .NET CLR 3.0.30729; Media Center PC 6.0; .NET4.0C; AskTbX-SD/5.12.2.16749; BRI/2)"
64.179.63.250 - - [04/Jan/2012:09:12:30 -0500] "GET /openx/www/delivery/lg.php?bannerid=98&campaignid=1&zoneid=87&loc=http%3A%2F%2Fwww.walleyecentral.com%2Fforums%2Fshowthread.php%3Ft%3D189098&referer=http%3A%2F%2Fwww.walleyecentral.com%2Fforums%2Fforumdisplay.php%3Ff%3D5&cb=e4826c56be HTTP/1.1" 200 43 "http://www.walleyecentral.com/forums/showthread.php?t=189098" "Mozilla/4.0 (compatible; MSIE 6.0; Windows NT 5.1; SV1; .NET CLR 1.1.4322; .NET CLR 2.0.50727; .NET CLR 3.0.4506.2152; .NET CLR 3.5.30729)"
208.38.64.34 - - [04/Jan/2012:09:12:31 -0500] "GET /forums/showthread.php?t=189233 HTTP/1.1" 200 20892 "http://www.walleyecentral.com/forums/forumdisplay.php?f=32" "Mozilla/5.0 (Windows NT 5.1) AppleWebKit/535.7 (KHTML, like Gecko) Chrome/16.0.912.63 Safari/535.7"
208.38.64.34 - - [04/Jan/2012:09:12:31 -0500] "GET /forums/images/statusicon/post_new.gif HTTP/1.1" 200 529 "http://www.walleyecentral.com/forums/showthread.php?t=189233" "Mozilla/5.0 (Windows NT 5.1) AppleWebKit/535.7 (KHTML, like Gecko) Chrome/16.0.912.63 Safari/535.7"
207.46.199.26 - - [04/Jan/2012:09:12:31 -0500] "GET /forums/clientscript/vbulletin_menu.js?v=373 HTTP/1.1" 200 9389 "http://www.walleyecentral.com/forums/showthread.php?t=165298" "Mozilla/4.0 (compatible; MSIE 7.0; Windows NT 5.2; SV1; .NET CLR 1.1.4325; .NET CLR 2.0.50727)"
208.38.64.34 - - [04/Jan/2012:09:12:31 -0500] "GET /forums/images/statusicon/user_online.gif HTTP/1.1" 200 1026 "http://www.walleyecentral.com/forums/showthread.php?t=189233" "Mozilla/5.0 (Windows NT 5.1) AppleWebKit/535.7 (KHTML, like Gecko) Chrome/16.0.912.63 Safari/535.7"
208.38.64.34 - - [04/Jan/2012:09:12:31 -0500] "GET /openx/www/delivery/ajs.php?n=a5212870&zoneid=98&source=&exclude=,&r=330803891&loc=http%3A//www.walleyecentral.com/forums/showthread.php%3Ft%3D189233&referer=http%3A//www.walleyecentral.com/forums/forumdisplay.php%3Ff%3D32 HTTP/1.1" 200 953 "http://www.walleyecentral.com/forums/showthread.php?t=189233" "Mozilla/5.0 (Windows NT 5.1) AppleWebKit/535.7 (KHTML, like Gecko) Chrome/16.0.912.63 Safari/535.7"
65.52.108.26 - - [04/Jan/2012:09:12:31 -0500] "GET /forums/showthread.php?t=91231 HTTP/1.1" 200 15334 "-" "Mozilla/5.0 (compatible; bingbot/2.0; +http://www.bing.com/bingbot.htm)"
205.134.249.170 - - [04/Jan/2012:09:12:31 -0500] "GET /weather.php?pands=Yellow+Lake HTTP/1.1" 200 16166 "-" "PHP/5.2.17"
50.116.161.56 - - [04/Jan/2012:09:12:31 -0500] "GET /forums/showthread.php?t=189196 HTTP/1.1" 200 14966 "http://www.walleyecentral.com/forums/search.php?searchid=4436996&pp=25&page=2" "Mozilla/5.0 (compatible; MSIE 9.0; Windows NT 6.1; WOW64; Trident/5.0)"
66.11.150.236 - - [04/Jan/2012:09:12:32 -0500] "GET /weather.php?pands=westport%2C+o HTTP/1.0" 200 20837 "-" "-"
208.38.64.34 - - [04/Jan/2012:09:12:32 -0500] "GET /openx/www/delivery/ai.php?filename=smoothmoves.jpg&contenttype=jpeg HTTP/1.1" 200 18980 "http://www.walleyecentral.com/forums/showthread.php?t=189233" "Mozilla/5.0 (Windows NT 5.1) AppleWebKit/535.7 (KHTML, like Gecko) Chrome/16.0.912.63 Safari/535.7"
141.105.65.151 - - [04/Jan/2012:09:12:30 -0500] "POST /forums/register.php?do=addmember HTTP/1.0" 200 41586 "http://www.walleyecentral.com/forums/register.php?s=5b38f18bfdaba8d94884192f4a261efe" "Mozilla/4.0 (compatible; MSIE 6.0; Windows NT 5.0; APC; .NET CLR 1.0.3705; .NET CLR 1.1.4322; .NET CLR 2.0.50215; InfoPath.1)"
208.38.64.34 - - [04/Jan/2012:09:12:32 -0500] "GET /openx/www/delivery/lg.php?bannerid=97&campaignid=1&zoneid=98&loc=http%3A%2F%2Fwww.walleyecentral.com%2Fforums%2Fshowthread.php%3Ft%3D189233&referer=http%3A%2F%2Fwww.walleyecentral.com%2Fforums%2Fforumdisplay.php%3Ff%3D32&cb=fc1fc15c74 HTTP/1.1" 200 43 "http://www.walleyecentral.com/forums/showthread.php?t=189233" "Mozilla/5.0 (Windows NT 5.1) AppleWebKit/535.7 (KHTML, like Gecko) Chrome/16.0.912.63 Safari/535.7"
205.134.249.170 - - [04/Jan/2012:09:12:32 -0500] "GET /weather.php?pands=56342 HTTP/1.1" 200 16166 "-" "PHP/5.2.17"
31.184.236.61 - - [04/Jan/2012:09:12:31 -0500] "POST /forums/register.php?do=addmember HTTP/1.0" 200 41509 "http://www.walleyecentral.com/forums/register.php" "Mozilla/4.0 (compatible; MSIE 5.0; Windows 3.1)"
50.116.161.56 - - [04/Jan/2012:09:12:32 -0500] "GET /openx/www/delivery/ajs.php?n=a5212870&zoneid=59&source=&exclude=,&r=844522501&loc=http%3A//www.walleyecentral.com/forums/showthread.php%3Ft%3D189196&referer=http%3A//www.walleyecentral.com/forums/search.php%3Fsearchid%3D4436996%26pp%3D25%26page%3D2 HTTP/1.1" 200 975 "http://www.walleyecentral.com/forums/showthread.php?t=189196" "Mozilla/5.0 (compatible; MSIE 9.0; Windows NT 6.1; WOW64; Trident/5.0)"
66.11.150.236 - - [04/Jan/2012:09:12:32 -0500] "GET /weather.php?pands=59501 HTTP/1.0" 200 24271 "-" "-"
69.174.58.188 - - [04/Jan/2012:09:12:33 -0500] "GET /forums/clientscript/vbulletin_important.css?v=373 HTTP/1.1" 304 - "http://www.walleyecentral.com/forums/forumdisplay.php?f=5" "Mozilla/4.0 (compatible; MSIE 7.0; Windows NT 5.1; .NET CLR 1.1.4322; .NET CLR 2.0.50727; .NET CLR 3.0.4506.2152; .NET CLR 3.5.30729; InfoPath.2; OfficeLiveConnector.1.3; OfficeLivePatch.0.0)"
68.43.74.142 - - [04/Jan/2012:09:12:33 -0500] "GET /scott/webring.gif HTTP/1.1" 200 10661 "http://www.dwfonline.com/" "Mozilla/4.0 (compatible; MSIE 8.0; Windows NT 5.1; Trident/4.0; GTB7.2; .NET CLR 1.0.3705; .NET CLR 1.1.4322; Media Center PC 4.0; .NET CLR 2.0.50727; .NET CLR 3.0.4506.2152; .NET CLR 3.5.30729)"
69.174.58.188 - - [04/Jan/2012:09:12:33 -0500] "GET /forums/clientscript/yui/connection/connection-min.js?v=373 HTTP/1.1" 304 - "http://www.walleyecentral.com/forums/forumdisplay.php?f=5" "Mozilla/4.0 (compatible; MSIE 7.0; Windows NT 5.1; .NET CLR 1.1.4322; .NET CLR 2.0.50727; .NET CLR 3.0.4506.2152; .NET CLR 3.5.30729; InfoPath.2; OfficeLiveConnector.1.3; OfficeLivePatch.0.0)"
50.116.161.56 - - [04/Jan/2012:09:12:33 -0500] "GET /openx/www/delivery/lg.php?bannerid=74&campaignid=1&zoneid=59&loc=http%3A%2F%2Fwww.walleyecentral.com%2Fforums%2Fshowthread.php%3Ft%3D189196&referer=http%3A%2F%2Fwww.walleyecentral.com%2Fforums%2Fsearch.php%3Fsearchid%3D4436996%26pp%3D25%26page%3D2&cb=22394eafe4 HTTP/1.1" 200 43 "http://www.walleyecentral.com/forums/showthread.php?t=189196" "Mozilla/5.0 (compatible; MSIE 9.0; Windows NT 6.1; WOW64; Trident/5.0)"
69.174.58.188 - - [04/Jan/2012:09:12:33 -0500] "GET /forums/clientscript/vbulletin_global.js?v=373 HTTP/1.1" 304 - "http://www.walleyecentral.com/forums/forumdisplay.php?f=5" "Mozilla/4.0 (compatible; MSIE 7.0; Windows NT 5.1; .NET CLR 1.1.4322; .NET CLR 2.0.50727; .NET CLR 3.0.4506.2152; .NET CLR 3.5.30729; InfoPath.2; OfficeLiveConnector.1.3; OfficeLivePatch.0.0)"
69.174.58.188 - - [04/Jan/2012:09:12:33 -0500] "GET /forums/clientscript/vbulletin_menu.js?v=373 HTTP/1.1" 304 - "http://www.walleyecentral.com/forums/forumdisplay.php?f=5" "Mozilla/4.0 (compatible; MSIE 7.0; Windows NT 5.1; .NET CLR 1.1.4322; .NET CLR 2.0.50727; .NET CLR 3.0.4506.2152; .NET CLR 3.5.30729; InfoPath.2; OfficeLiveConnector.1.3; OfficeLivePatch.0.0)"
69.174.58.188 - - [04/Jan/2012:09:12:33 -0500] "GET /forums/images/misc/headerlogo2.png HTTP/1.1" 304 - "http://www.walleyecentral.com/forums/forumdisplay.php?f=5" "Mozilla/4.0 (compatible; MSIE 7.0; Windows NT 5.1; .NET CLR 1.1.4322; .NET CLR 2.0.50727; .NET CLR 3.0.4506.2152; .NET CLR 3.5.30729; InfoPath.2; OfficeLiveConnector.1.3; OfficeLivePatch.0.0)"
69.174.58.188 - - [04/Jan/2012:09:12:33 -0500] "GET /qnav/bullet_sq_sm_slateblue.gif HTTP/1.1" 304 - "http://www.walleyecentral.com/forums/forumdisplay.php?f=5" "Mozilla/4.0 (compatible; MSIE 7.0; Windows NT 5.1; .NET CLR 1.1.4322; .NET CLR 2.0.50727; .NET CLR 3.0.4506.2152; .NET CLR 3.5.30729; InfoPath.2; OfficeLiveConnector.1.3; OfficeLivePatch.0.0)"
205.134.249.170 - - [04/Jan/2012:09:12:34 -0500] "GET /weather.php?pands=54487 HTTP/1.1" 200 16166 "-" "PHP/5.2.17"
69.174.58.188 - - [04/Jan/2012:09:12:33 -0500] "GET /openx/www/delivery/ajs.php?n=a5212870&zoneid=86&source=&exclude=,&r=121213681&loc=http%3A//www.walleyecentral.com/forums/forumdisplay.php%3Ff%3D5&referer=http%3A//walleyecentral.com/ HTTP/1.1" 200 968 "http://www.walleyecentral.com/forums/forumdisplay.php?f=5" "Mozilla/4.0 (compatible; MSIE 7.0; Windows NT 5.1; .NET CLR 1.1.4322; .NET CLR 2.0.50727; .NET CLR 3.0.4506.2152; .NET CLR 3.5.30729; InfoPath.2; OfficeLiveConnector.1.3; OfficeLivePatch.0.0)"
207.46.199.44 - - [04/Jan/2012:09:12:33 -0500] "GET /forums/search.php?searchid=4432931 HTTP/1.1" 200 10521 "-" "Mozilla/5.0 (compatible; bingbot/2.0; +http://www.bing.com/bingbot.htm)"
69.174.58.188 - - [04/Jan/2012:09:12:34 -0500] "GET /openx/www/delivery/ai.php?filename=cabelas_8.jpg&contenttype=jpeg HTTP/1.1" 304 - "http://www.walleyecentral.com/forums/forumdisplay.php?f=5" "Mozilla/4.0 (compatible; MSIE 7.0; Windows NT 5.1; .NET CLR 1.1.4322; .NET CLR 2.0.50727; .NET CLR 3.0.4506.2152; .NET CLR 3.5.30729; InfoPath.2; OfficeLiveConnector.1.3; OfficeLivePatch.0.0)"
69.174.58.188 - - [04/Jan/2012:09:12:34 -0500] "GET /forums/images/misc/navbits_start.gif HTTP/1.1" 304 - "http://www.walleyecentral.com/forums/forumdisplay.php?f=5" "Mozilla/4.0 (compatible; MSIE 7.0; Windows NT 5.1; .NET CLR 1.1.4322; .NET CLR 2.0.50727; .NET CLR 3.0.4506.2152; .NET CLR 3.5.30729; InfoPath.2; OfficeLiveConnector.1.3; OfficeLivePatch.0.0)"
69.174.58.188 - - [04/Jan/2012:09:12:34 -0500] "GET /forums/images/misc/navbits_finallink_ltr.gif HTTP/1.1" 304 - "http://www.walleyecentral.com/forums/forumdisplay.php?f=5" "Mozilla/4.0 (compatible; MSIE 7.0; Windows NT 5.1; .NET CLR 1.1.4322; .NET CLR 2.0.50727; .NET CLR 3.0.4506.2152; .NET CLR 3.5.30729; InfoPath.2; OfficeLiveConnector.1.3; OfficeLivePatch.0.0)"
69.174.58.188 - - [04/Jan/2012:09:12:34 -0500] "GET /forums/clientscript/vbulletin_md5.js?v=373 HTTP/1.1" 304 - "http://www.walleyecentral.com/forums/forumdisplay.php?f=5" "Mozilla/4.0 (compatible; MSIE 7.0; Windows NT 5.1; .NET CLR 1.1.4322; .NET CLR 2.0.50727; .NET CLR 3.0.4506.2152; .NET CLR 3.5.30729; InfoPath.2; OfficeLiveConnector.1.3; OfficeLivePatch.0.0)"
69.174.58.188 - - [04/Jan/2012:09:12:34 -0500] "GET /forums/images/buttons/newthread.gif HTTP/1.1" 304 - "http://www.walleyecentral.com/forums/forumdisplay.php?f=5" "Mozilla/4.0 (compatible; MSIE 7.0; Windows NT 5.1; .NET CLR 1.1.4322; .NET CLR 2.0.50727; .NET CLR 3.0.4506.2152; .NET CLR 3.5.30729; InfoPath.2; OfficeLiveConnector.1.3; OfficeLivePatch.0.0)"
69.174.58.188 - - [04/Jan/2012:09:12:34 -0500] "GET /forums/images/misc/menu_open.gif HTTP/1.1" 304 - "http://www.walleyecentral.com/forums/forumdisplay.php?f=5" "Mozilla/4.0 (compatible; MSIE 7.0; Windows NT 5.1; .NET CLR 1.1.4322; .NET CLR 2.0.50727; .NET CLR 3.0.4506.2152; .NET CLR 3.5.30729; InfoPath.2; OfficeLiveConnector.1.3; OfficeLivePatch.0.0)"
69.174.58.188 - - [04/Jan/2012:09:12:34 -0500] "GET /forums/images/statusicon/thread_hot_new.gif HTTP/1.1" 304 - "http://www.walleyecentral.com/forums/forumdisplay.php?f=5" "Mozilla/4.0 (compatible; MSIE 7.0; Windows NT 5.1; .NET CLR 1.1.4322; .NET CLR 2.0.50727; .NET CLR 3.0.4506.2152; .NET CLR 3.5.30729; InfoPath.2; OfficeLiveConnector.1.3; OfficeLivePatch.0.0)"
69.174.58.188 - - [04/Jan/2012:09:12:34 -0500] "GET /openx/www/delivery/lg.php?bannerid=6&campaignid=1&zoneid=86&channel_ids=,&loc=http%3A%2F%2Fwww.walleyecentral.com%2Fforums%2Fforumdisplay.php%3Ff%3D5&referer=http%3A%2F%2Fwalleyecentral.com%2F&cb=0252a0c3dd HTTP/1.1" 200 43 "http://www.walleyecentral.com/forums/forumdisplay.php?f=5" "Mozilla/4.0 (compatible; MSIE 7.0; Windows NT 5.1; .NET CLR 1.1.4322; .NET CLR 2.0.50727; .NET CLR 3.0.4506.2152; .NET CLR 3.5.30729; InfoPath.2; OfficeLiveConnector.1.3; OfficeLivePatch.0.0)"
69.174.58.188 - - [04/Jan/2012:09:12:34 -0500] "GET /forums/images/icons/icon1.gif HTTP/1.1" 304 - "http://www.walleyecentral.com/forums/forumdisplay.php?f=5" "Mozilla/4.0 (compatible; MSIE 7.0; Windows NT 5.1; .NET CLR 1.1.4322; .NET CLR 2.0.50727; .NET CLR 3.0.4506.2152; .NET CLR 3.5.30729; InfoPath.2; OfficeLiveConnector.1.3; OfficeLivePatch.0.0)"
69.174.58.188 - - [04/Jan/2012:09:12:34 -0500] "GET /forums/images/misc/sticky.gif HTTP/1.1" 304 - "http://www.walleyecentral.com/forums/forumdisplay.php?f=5" "Mozilla/4.0 (compatible; MSIE 7.0; Windows NT 5.1; .NET CLR 1.1.4322; .NET CLR 2.0.50727; .NET CLR 3.0.4506.2152; .NET CLR 3.5.30729; InfoPath.2; OfficeLiveConnector.1.3; OfficeLivePatch.0.0)"
205.134.249.170 - - [04/Jan/2012:09:12:34 -0500] "GET /weather.php?pands=55302 HTTP/1.1" 200 16166 "-" "PHP/5.2.17"
66.11.150.236 - - [04/Jan/2012:09:12:34 -0500] "GET /weather.php?pands=48893 HTTP/1.0" 200 24178 "-" "-"
69.174.58.188 - - [04/Jan/2012:09:12:34 -0500] "GET /forums/images/buttons/firstnew.gif HTTP/1.1" 304 - "http://www.walleyecentral.com/forums/forumdisplay.php?f=5" "Mozilla/4.0 (compatible; MSIE 7.0; Windows NT 5.1; .NET CLR 1.1.4322; .NET CLR 2.0.50727; .NET CLR 3.0.4506.2152; .NET CLR 3.5.30729; InfoPath.2; OfficeLiveConnector.1.3; OfficeLivePatch.0.0)"
66.11.150.236 - - [04/Jan/2012:09:12:34 -0500] "GET /weather.php?pands=43545 HTTP/1.0" 200 24182 "-" "-"
69.174.58.188 - - [04/Jan/2012:09:12:34 -0500] "GET /forums/images/misc/multipage.gif HTTP/1.1" 304 - "http://www.walleyecentral.com/forums/forumdisplay.php?f=5" "Mozilla/4.0 (compatible; MSIE 7.0; Windows NT 5.1; .NET CLR 1.1.4322; .NET CLR 2.0.50727; .NET CLR 3.0.4506.2152; .NET CLR 3.5.30729; InfoPath.2; OfficeLiveConnector.1.3; OfficeLivePatch.0.0)"
69.174.58.188 - - [04/Jan/2012:09:12:34 -0500] "GET /forums/images/buttons/sortasc.gif HTTP/1.1" 304 - "http://www.walleyecentral.com/forums/forumdisplay.php?f=5" "Mozilla/4.0 (compatible; MSIE 7.0; Windows NT 5.1; .NET CLR 1.1.4322; .NET CLR 2.0.50727; .NET CLR 3.0.4506.2152; .NET CLR 3.5.30729; InfoPath.2; OfficeLiveConnector.1.3; OfficeLivePatch.0.0)"
69.174.58.188 - - [04/Jan/2012:09:12:34 -0500] "GET /forums/images/buttons/lastpost.gif HTTP/1.1" 304 - "http://www.walleyecentral.com/forums/forumdisplay.php?f=5" "Mozilla/4.0 (compatible; MSIE 7.0; Windows NT 5.1; .NET CLR 1.1.4322; .NET CLR 2.0.50727; .NET CLR 3.0.4506.2152; .NET CLR 3.5.30729; InfoPath.2; OfficeLiveConnector.1.3; OfficeLivePatch.0.0)"
69.174.58.188 - - [04/Jan/2012:09:12:34 -0500] "GET /forums/images/statusicon/thread_hot.gif HTTP/1.1" 304 - "http://www.walleyecentral.com/forums/forumdisplay.php?f=5" "Mozilla/4.0 (compatible; MSIE 7.0; Windows NT 5.1; .NET CLR 1.1.4322; .NET CLR 2.0.50727; .NET CLR 3.0.4506.2152; .NET CLR 3.5.30729; InfoPath.2; OfficeLiveConnector.1.3; OfficeLivePatch.0.0)"
69.174.58.188 - - [04/Jan/2012:09:12:34 -0500] "GET /forums/images/misc/paperclip.gif HTTP/1.1" 304 - "http://www.walleyecentral.com/forums/forumdisplay.php?f=5" "Mozilla/4.0 (compatible; MSIE 7.0; Windows NT 5.1; .NET CLR 1.1.4322; .NET CLR 2.0.50727; .NET CLR 3.0.4506.2152; .NET CLR 3.5.30729; InfoPath.2; OfficeLiveConnector.1.3; OfficeLivePatch.0.0)"
31.184.236.61 - - [04/Jan/2012:09:12:33 -0500] "POST /forums/register.php?do=addmember HTTP/1.0" 200 41498 "http://www.walleyecentral.com/forums/register.php" "Mozilla/4.0 (compatible; MSIE 5.0; Windows 3.1)"
69.174.58.188 - - [04/Jan/2012:09:12:34 -0500] "GET /forums/images/statusicon/thread_hot_lock.gif HTTP/1.1" 304 - "http://www.walleyecentral.com/forums/forumdisplay.php?f=5" "Mozilla/4.0 (compatible; MSIE 7.0; Windows NT 5.1; .NET CLR 1.1.4322; .NET CLR 2.0.50727; .NET CLR 3.0.4506.2152; .NET CLR 3.5.30729; InfoPath.2; OfficeLiveConnector.1.3; OfficeLivePatch.0.0)"
69.174.58.188 - - [04/Jan/2012:09:12:35 -0500] "GET /forums/images/statusicon/thread_new.gif HTTP/1.1" 304 - "http://www.walleyecentral.com/forums/forumdisplay.php?f=5" "Mozilla/4.0 (compatible; MSIE 7.0; Windows NT 5.1; .NET CLR 1.1.4322; .NET CLR 2.0.50727; .NET CLR 3.0.4506.2152; .NET CLR 3.5.30729; InfoPath.2; OfficeLiveConnector.1.3; OfficeLivePatch.0.0)"
69.174.58.188 - - [04/Jan/2012:09:12:35 -0500] "GET /forums/images/icons/icon7.gif HTTP/1.1" 304 - "http://www.walleyecentral.com/forums/forumdisplay.php?f=5" "Mozilla/4.0 (compatible; MSIE 7.0; Windows NT 5.1; .NET CLR 1.1.4322; .NET CLR 2.0.50727; .NET CLR 3.0.4506.2152; .NET CLR 3.5.30729; InfoPath.2; OfficeLiveConnector.1.3; OfficeLivePatch.0.0)"
69.174.58.188 - - [04/Jan/2012:09:12:35 -0500] "GET /forums/images/icons/icon3.gif HTTP/1.1" 304 - "http://www.walleyecentral.com/forums/forumdisplay.php?f=5" "Mozilla/4.0 (compatible; MSIE 7.0; Windows NT 5.1; .NET CLR 1.1.4322; .NET CLR 2.0.50727; .NET CLR 3.0.4506.2152; .NET CLR 3.5.30729; InfoPath.2; OfficeLiveConnector.1.3; OfficeLivePatch.0.0)"
69.174.58.188 - - [04/Jan/2012:09:12:35 -0500] "GET /forums/images/misc/trashcan_small.gif HTTP/1.1" 304 - "http://www.walleyecentral.com/forums/forumdisplay.php?f=5" "Mozilla/4.0 (compatible; MSIE 7.0; Windows NT 5.1; .NET CLR 1.1.4322; .NET CLR 2.0.50727; .NET CLR 3.0.4506.2152; .NET CLR 3.5.30729; InfoPath.2; OfficeLiveConnector.1.3; OfficeLivePatch.0.0)"
69.174.58.188 - - [04/Jan/2012:09:12:35 -0500] "GET /forums/clientscript/vbulletin_read_marker.js?v=373 HTTP/1.1" 304 - "http://www.walleyecentral.com/forums/forumdisplay.php?f=5" "Mozilla/4.0 (compatible; MSIE 7.0; Windows NT 5.1; .NET CLR 1.1.4322; .NET CLR 2.0.50727; .NET CLR 3.0.4506.2152; .NET CLR 3.5.30729; InfoPath.2; OfficeLiveConnector.1.3; OfficeLivePatch.0.0)"
66.249.71.211 - - [04/Jan/2012:09:12:35 -0500] "GET /forums/archive/index.php/t-44996.html HTTP/1.1" 200 7571 "-" "Mozilla/5.0 (compatible; Googlebot/2.1; +http://www.google.com/bot.html)"
69.174.58.188 - - [04/Jan/2012:09:12:35 -0500] "GET /forums/images/statusicon/thread.gif HTTP/1.1" 304 - "http://www.walleyecentral.com/forums/forumdisplay.php?f=5" "Mozilla/4.0 (compatible; MSIE 7.0; Windows NT 5.1; .NET CLR 1.1.4322; .NET CLR 2.0.50727; .NET CLR 3.0.4506.2152; .NET CLR 3.5.30729; InfoPath.2; OfficeLiveConnector.1.3; OfficeLivePatch.0.0)"
69.174.58.188 - - [04/Jan/2012:09:12:35 -0500] "GET /forums/images/statusicon/thread_lock.gif HTTP/1.1" 304 - "http://www.walleyecentral.com/forums/forumdisplay.php?f=5" "Mozilla/4.0 (compatible; MSIE 7.0; Windows NT 5.1; .NET CLR 1.1.4322; .NET CLR 2.0.50727; .NET CLR 3.0.4506.2152; .NET CLR 3.5.30729; InfoPath.2; OfficeLiveConnector.1.3; OfficeLivePatch.0.0)"
69.174.58.188 - - [04/Jan/2012:09:12:35 -0500] "GET /forums/images/buttons/collapse_thead.gif HTTP/1.1" 304 - "http://www.walleyecentral.com/forums/forumdisplay.php?f=5" "Mozilla/4.0 (compatible; MSIE 7.0; Windows NT 5.1; .NET CLR 1.1.4322; .NET CLR 2.0.50727; .NET CLR 3.0.4506.2152; .NET CLR 3.5.30729; InfoPath.2; OfficeLiveConnector.1.3; OfficeLivePatch.0.0)"
170.11.30.141 - - [04/Jan/2012:09:12:35 -0500] "GET /openx/www/delivery/ajs.php?n=a5212870&zoneid=86&source=&exclude=,&r=625361891&loc=http%3A//www.walleyecentral.com/forums/forumdisplay.php%3Ff%3D5&referer=http%3A//www.walleyecentral.com/ HTTP/1.1" 200 919 "http://www.walleyecentral.com/forums/forumdisplay.php?f=5" "Mozilla/4.0 (compatible; MSIE 7.0; Windows NT 5.1; .NET CLR 2.0.50727; .NET CLR 3.0.4506.2152; .NET CLR 3.5.30729)"
72.185.21.170 - - [04/Jan/2012:09:12:35 -0500] "GET /forums/showthread.php?t=189231 HTTP/1.1" 200 14942 "http://www.walleyecentral.com/forums/search.php?searchid=4437010" "Mozilla/5.0 (Macintosh; Intel Mac OS X 10_7_2) AppleWebKit/535.7 (KHTML, like Gecko) Chrome/16.0.912.63 Safari/535.7"
170.11.30.141 - - [04/Jan/2012:09:12:35 -0500] "GET /openx/www/delivery/lg.php?bannerid=75&campaignid=1&zoneid=86&channel_ids=,&loc=http%3A%2F%2Fwww.walleyecentral.com%2Fforums%2Fforumdisplay.php%3Ff%3D5&referer=http%3A%2F%2Fwww.walleyecentral.com%2F&cb=8bdced7f2b HTTP/1.1" 200 43 "http://www.walleyecentral.com/forums/forumdisplay.php?f=5" "Mozilla/4.0 (compatible; MSIE 7.0; Windows NT 5.1; .NET CLR 2.0.50727; .NET CLR 3.0.4506.2152; .NET CLR 3.5.30729)"
209.193.77.67 - - [04/Jan/2012:09:12:35 -0500] "GET /scott/walleye_webring.jpg HTTP/1.1" 200 1231 "http://kiblercharterfishing.com/" "Mozilla/4.0 (compatible; MSIE 8.0; Windows NT 6.1; Trident/4.0; SLCC2; .NET CLR 2.0.50727; .NET CLR 3.5.30729; .NET CLR 3.0.30729; Media Center PC 6.0; BRI/1; .NET4.0C; BRI/2)"
72.185.21.170 - - [04/Jan/2012:09:12:35 -0500] "GET /forums/images/misc/im_aim.gif HTTP/1.1" 200 1013 "http://www.walleyecentral.com/forums/showthread.php?t=189231" "Mozilla/5.0 (Macintosh; Intel Mac OS X 10_7_2) AppleWebKit/535.7 (KHTML, like Gecko) Chrome/16.0.912.63 Safari/535.7"
72.185.21.170 - - [04/Jan/2012:09:12:35 -0500] "GET /openx/www/delivery/ajs.php?n=a5212870&zoneid=11&source=&exclude=,&r=539993211&loc=http%3A//www.walleyecentral.com/forums/showthread.php%3Ft%3D189231&referer=http%3A//www.walleyecentral.com/forums/search.php%3Fsearchid%3D4437010 HTTP/1.1" 200 1041 "http://www.walleyecentral.com/forums/showthread.php?t=189231" "Mozilla/5.0 (Macintosh; Intel Mac OS X 10_7_2) AppleWebKit/535.7 (KHTML, like Gecko) Chrome/16.0.912.63 Safari/535.7"
72.185.21.170 - - [04/Jan/2012:09:12:35 -0500] "GET /forums/image.php?u=30192&dateline=1293362349 HTTP/1.1" 200 1500 "http://www.walleyecentral.com/forums/showthread.php?t=189231" "Mozilla/5.0 (Macintosh; Intel Mac OS X 10_7_2) AppleWebKit/535.7 (KHTML, like Gecko) Chrome/16.0.912.63 Safari/535.7"
72.185.21.170 - - [04/Jan/2012:09:12:35 -0500] "GET /forums/image.php?u=7060&dateline=1322687060 HTTP/1.1" 200 2067 "http://www.walleyecentral.com/forums/showthread.php?t=189231" "Mozilla/5.0 (Macintosh; Intel Mac OS X 10_7_2) AppleWebKit/535.7 (KHTML, like Gecko) Chrome/16.0.912.63 Safari/535.7"
205.134.249.170 - - [04/Jan/2012:09:12:36 -0500] "GET /weather.php?pands=28078 HTTP/1.1" 200 16166 "-" "PHP/5.2.17"
72.185.21.170 - - [04/Jan/2012:09:12:36 -0500] "GET /openx/www/delivery/ai.php?filename=fleet-farm.gif&contenttype=gif HTTP/1.1" 200 22437 "http://www.walleyecentral.com/forums/showthread.php?t=189231" "Mozilla/5.0 (Macintosh; Intel Mac OS X 10_7_2) AppleWebKit/535.7 (KHTML, like Gecko) Chrome/16.0.912.63 Safari/535.7"
72.185.21.170 - - [04/Jan/2012:09:12:36 -0500] "GET /openx/www/delivery/lg.php?bannerid=89&campaignid=1&zoneid=11&loc=http%3A%2F%2Fwww.walleyecentral.com%2Fforums%2Fshowthread.php%3Ft%3D189231&referer=http%3A%2F%2Fwww.walleyecentral.com%2Fforums%2Fsearch.php%3Fsearchid%3D4437010&cb=0e478dda18 HTTP/1.1" 200 43 "http://www.walleyecentral.com/forums/showthread.php?t=189231" "Mozilla/5.0 (Macintosh; Intel Mac OS X 10_7_2) AppleWebKit/535.7 (KHTML, like Gecko) Chrome/16.0.912.63 Safari/535.7"
66.11.150.236 - - [04/Jan/2012:09:12:36 -0500] "GET /weather.php?pands=49684 HTTP/1.0" 200 24195 "-" "-"
66.11.150.236 - - [04/Jan/2012:09:12:36 -0500] "GET /weather.php?pands=87901 HTTP/1.0" 200 24174 "-" "-"
205.134.249.170 - - [04/Jan/2012:09:12:36 -0500] "GET /weather.php?pands=55045 HTTP/1.1" 200 16166 "-" "PHP/5.2.17"
157.55.17.195 - - [04/Jan/2012:09:12:36 -0500] "GET /forums/member.php?find=lastposter&t=17634 HTTP/1.1" 302 - "-" "Mozilla/5.0 (compatible; bingbot/2.0; +http://www.bing.com/bingbot.htm)"
157.55.17.195 - - [04/Jan/2012:09:12:37 -0500] "GET /forums/archive/index.php/t-178033.html HTTP/1.1" 200 3496 "-" "Mozilla/5.0 (compatible; bingbot/2.0; +http://www.bing.com/bingbot.htm)"
207.46.199.26 - - [04/Jan/2012:09:12:37 -0500] "GET /forums/clientscript/vbulletin_post_loader.js?v=373 HTTP/1.1" 200 2037 "http://www.walleyecentral.com/forums/showthread.php?t=165298" "Mozilla/4.0 (compatible; MSIE 7.0; Windows NT 5.2; SV1; .NET CLR 1.1.4325; .NET CLR 2.0.50727)"
207.46.13.160 - - [04/Jan/2012:09:12:35 -0500] "GET /forums/memberlist.php?&pp=30&order=desc&sort=username&page=818 HTTP/1.1" 200 13126 "-" "Mozilla/5.0 (compatible; bingbot/2.0; +http://www.bing.com/bingbot.htm)"
216.130.131.66 - - [04/Jan/2012:09:12:37 -0500] "GET /openx/www/delivery/ajs.php?n=a5212870&zoneid=87&source=&exclude=,&r=38456591&loc=http%3A//www.walleyecentral.com/forums/showthread.php%3Ft%3D189208%26page%3D2&referer=http%3A//www.walleyecentral.com/forums/showthread.php%3Ft%3D189208 HTTP/1.1" 200 961 "http://www.walleyecentral.com/forums/showthread.php?t=189208&page=2" "Mozilla/4.0 (compatible; MSIE 8.0; Windows NT 6.1; Win64; x64; Trident/4.0; .NET CLR 2.0.50727; SLCC2; .NET CLR 3.5.30729; .NET CLR 3.0.30729; .NET4.0C; .NET4.0E)"
216.130.131.66 - - [04/Jan/2012:09:12:36 -0500] "GET /forums/showthread.php?t=189208&page=2 HTTP/1.1" 200 20520 "http://www.walleyecentral.com/forums/showthread.php?t=189208" "Mozilla/4.0 (compatible; MSIE 8.0; Windows NT 6.1; Win64; x64; Trident/4.0; .NET CLR 2.0.50727; SLCC2; .NET CLR 3.5.30729; .NET CLR 3.0.30729; .NET4.0C; .NET4.0E)"
216.130.131.66 - - [04/Jan/2012:09:12:38 -0500] "GET /forums/image.php?u=3504&dateline=1286275079 HTTP/1.1" 200 1041 "http://www.walleyecentral.com/forums/showthread.php?t=189208&page=2" "Mozilla/4.0 (compatible; MSIE 8.0; Windows NT 6.1; Win64; x64; Trident/4.0; .NET CLR 2.0.50727; SLCC2; .NET CLR 3.5.30729; .NET CLR 3.0.30729; .NET4.0C; .NET4.0E)"
204.155.62.5 - - [04/Jan/2012:09:12:36 -0500] "GET /forums/showthread.php?t=189180 HTTP/1.1" 200 101393 "http://www.walleyecentral.com/forums/search.php?searchid=4437003&pp=25&page=3" "Mozilla/4.0 (compatible; MSIE 8.0; Windows NT 5.2; Trident/4.0; .NET CLR 1.1.4322; .NET CLR 2.0.50727; .NET CLR 3.0.4506.2152; .NET CLR 3.5.30729)"
