67.213.175.42 - - [04/Jan/2012:09:16:08 -0500] "GET /forums/archive/index.php/t-179200.html HTTP/1.1" 200 25067 "http://www.google.com/url?sa=t&rct=j&q=early%20pring%20walleye%20at%20hillsdale%20lake&source=web&cd=8&ved=0CF8QFjAH&url=http%3A%2F%2Fwww.walleyecentral.com%2Fforums%2Farchive%2Findex.php%2Ft-179200.html&ei=HF4ET-TiIvODsgKDqpWRCg&usg=AFQjCNEAhGxF4igYm9dIGjhDWyyIaGjMfQ" "Mozilla/5.0 (Windows NT 5.1; rv:2.0.1) Gecko/20100101 Firefox/4.0.1"
67.213.175.42 - - [04/Jan/2012:09:16:09 -0500] "GET /favicon.ico HTTP/1.1" 200 822 "-" "Mozilla/5.0 (Windows NT 5.1; rv:2.0.1) Gecko/20100101 Firefox/4.0.1"
216.16.37.152 - - [04/Jan/2012:09:16:09 -0500] "GET /classified/new/searchresults.jsp HTTP/1.1" 301 360 "http://www.walleyecentral.com/forums/forumdisplay.php?f=13" "Mozilla/4.0 (compatible; MSIE 7.0; Windows NT 6.0; SLCC1; .NET CLR 2.0.50727; Media Center PC 5.0; .NET CLR 3.5.30729; .NET4.0C; .NET CLR 3.0.30729; .NET4.0E)"
205.134.249.170 - - [04/Jan/2012:09:16:09 -0500] "GET /weather.php?pands=Fort+Thomps HTTP/1.1" 200 16166 "-" "PHP/5.2.17"
205.134.249.170 - - [04/Jan/2012:09:16:09 -0500] "GET /weather.php?pands=Rhinelander HTTP/1.1" 200 16166 "-" "PHP/5.2.17"
96.31.5.118 - - [04/Jan/2012:09:16:09 -0500] "GET /openx/www/delivery/ajs.php?n=a5212870&zoneid=86&source=&exclude=,&r=311810671&loc=http%3A//www.walleyecentral.com/forums/forumdisplay.php%3Ff%3D5&referer=http%3A//www.walleyecentral.com/forums/index.php HTTP/1.1" 200 937 "http://www.walleyecentral.com/forums/forumdisplay.php?f=5" "Mozilla/4.0 (compatible; MSIE 8.0; Windows NT 6.1; WOW64; Trident/4.0; SLCC2; .NET CLR 2.0.50727; .NET CLR 3.5.30729; .NET CLR 3.0.30729; Media Center PC 6.0; .NET4.0C)"
65.52.110.191 - - [04/Jan/2012:09:16:09 -0500] "GET /forums/showthread.php?t=131332 HTTP/1.1" 200 16575 "-" "Mozilla/5.0 (compatible; bingbot/2.0; +http://www.bing.com/bingbot.htm)"
180.76.5.165 - - [04/Jan/2012:09:16:09 -0500] "GET /forums/search.php?searchid=4403958 HTTP/1.1" 200 10521 "-" "Mozilla/5.0 (compatible; Baiduspider/2.0; +http://www.baidu.com/search/spider.html)"
65.52.108.198 - - [04/Jan/2012:09:16:09 -0500] "GET /forums/archive/index.php/t-85214.html HTTP/1.1" 200 8520 "-" "Mozilla/5.0 (compatible; bingbot/2.0; +http://www.bing.com/bingbot.htm)"
66.11.150.236 - - [04/Jan/2012:09:16:08 -0500] "GET /weather.php?pands=44460 HTTP/1.0" 200 24172 "-" "-"
96.31.5.118 - - [04/Jan/2012:09:16:09 -0500] "GET /openx/www/delivery/lg.php?bannerid=75&campaignid=1&zoneid=86&channel_ids=,&loc=http%3A%2F%2Fwww.walleyecentral.com%2Fforums%2Fforumdisplay.php%3Ff%3D5&referer=http%3A%2F%2Fwww.walleyecentral.com%2Fforums%2Findex.php&cb=e81c7591e2 HTTP/1.1" 200 43 "http://www.walleyecentral.com/forums/forumdisplay.php?f=5" "Mozilla/4.0 (compatible; MSIE 8.0; Windows NT 6.1; WOW64; Trident/4.0; SLCC2; .NET CLR 2.0.50727; .NET CLR 3.5.30729; .NET CLR 3.0.30729; Media Center PC 6.0; .NET4.0C)"
66.249.71.211 - - [04/Jan/2012:09:16:09 -0500] "GET /forums/archive/index.php/t-40594.html HTTP/1.1" 200 4421 "-" "Mozilla/5.0 (compatible; Googlebot/2.1; +http://www.google.com/bot.html)"
157.55.17.195 - - [04/Jan/2012:09:16:09 -0500] "GET /forums/archive/index.php/t-150769.html HTTP/1.1" 200 13084 "-" "Mozilla/5.0 (compatible; bingbot/2.0; +http://www.bing.com/bingbot.htm)"
207.47.161.58 - - [04/Jan/2012:09:16:09 -0500] "GET /openx/www/delivery/lg.php?bannerid=6&campaignid=1&zoneid=1&channel_ids=,&loc=http%3A%2F%2Fwww.walleyecentral.com%2Fforums%2F&cb=cc56d4ca77 HTTP/1.1" 200 43 "http://www.walleyecentral.com/forums/" "Mozilla/5.0 (Windows; U; Windows NT 5.1; en-US; rv:1.9.0.19) Gecko/2010031422 Firefox/3.0.19 (.NET CLR 3.5.30729)"
205.134.249.170 - - [04/Jan/2012:09:16:09 -0500] "GET /weather.php?pands=68137 HTTP/1.1" 200 16166 "-" "PHP/5.2.17"
66.11.150.236 - - [04/Jan/2012:09:16:08 -0500] "GET /weather.php?pands=82426 HTTP/1.0" 200 24169 "-" "-"
66.11.150.236 - - [04/Jan/2012:09:16:10 -0500] "GET /weather.php?pands=56377 HTTP/1.0" 200 24181 "-" "-"
50.28.14.55 - - [04/Jan/2012:09:16:10 -0500] "GET /forums/showthread.php?s=984070250f6a19c1fca598e5eb81d270&t=175560 HTTP/1.1" 200 77000 "-" "Mozilla/4.0 (compatible; MSIE 7.0; Windows NT 5.2; .NET CLR 2.0;)"
216.130.131.66 - - [04/Jan/2012:09:16:10 -0500] "GET /forums/newreply.php?do=newreply&p=1378823 HTTP/1.1" 200 18830 "http://www.walleyecentral.com/forums/showthread.php?t=189177" "Mozilla/4.0 (compatible; MSIE 8.0; Windows NT 6.1; Win64; x64; Trident/4.0; .NET CLR 2.0.50727; SLCC2; .NET CLR 3.5.30729; .NET CLR 3.0.30729; .NET4.0C; .NET4.0E)"
66.11.150.236 - - [04/Jan/2012:09:16:10 -0500] "GET /weather.php?pands=56560 HTTP/1.0" 200 24170 "-" "-"
216.130.131.66 - - [04/Jan/2012:09:16:11 -0500] "GET /openx/www/delivery/ajs.php?n=a5212870&zoneid=89&source=&exclude=,&r=367096821&loc=http%3A//www.walleyecentral.com/forums/newreply.php%3Fdo%3Dnewreply%26p%3D1378823&referer=http%3A//www.walleyecentral.com/forums/showthread.php%3Ft%3D189177 HTTP/1.1" 200 1089 "http://www.walleyecentral.com/forums/newreply.php?do=newreply&p=1378823" "Mozilla/4.0 (compatible; MSIE 8.0; Windows NT 6.1; Win64; x64; Trident/4.0; .NET CLR 2.0.50727; SLCC2; .NET CLR 3.5.30729; .NET CLR 3.0.30729; .NET4.0C; .NET4.0E)"
205.134.249.170 - - [04/Jan/2012:09:16:11 -0500] "GET /weather.php?pands=willow+lake HTTP/1.1" 200 16166 "-" "PHP/5.2.17"
205.134.249.170 - - [04/Jan/2012:09:16:11 -0500] "GET /weather.php?pands=68524 HTTP/1.1" 200 16166 "-" "PHP/5.2.17"
50.37.45.200 - - [04/Jan/2012:09:16:11 -0500] "GET /forums/showthread.php?t=188931 HTTP/1.1" 200 17737 "http://www.walleyecentral.com/forums/forumdisplay.php?f=22" "Mozilla/5.0 (compatible; MSIE 9.0; Windows NT 6.0; Trident/5.0)"
65.52.110.191 - - [04/Jan/2012:09:16:11 -0500] "GET /forums/showthread.php?p=1332550 HTTP/1.1" 200 21344 "-" "Mozilla/5.0 (compatible; bingbot/2.0; +http://www.bing.com/bingbot.htm)"
216.130.131.66 - - [04/Jan/2012:09:16:11 -0500] "GET /openx/www/delivery/lg.php?bannerid=50&campaignid=1&zoneid=89&loc=http%3A%2F%2Fwww.walleyecentral.com%2Fforums%2Fnewreply.php%3Fdo%3Dnewreply%26p%3D1378823&referer=http%3A%2F%2Fwww.walleyecentral.com%2Fforums%2Fshowthread.php%3Ft%3D189177&cb=e03e671374 HTTP/1.1" 200 43 "http://www.walleyecentral.com/forums/newreply.php?do=newreply&p=1378823" "Mozilla/4.0 (compatible; MSIE 8.0; Windows NT 6.1; Win64; x64; Trident/4.0; .NET CLR 2.0.50727; SLCC2; .NET CLR 3.5.30729; .NET CLR 3.0.30729; .NET4.0C; .NET4.0E)"
216.130.131.66 - - [04/Jan/2012:09:16:11 -0500] "GET /forums/images/editor/smilie.gif HTTP/1.1" 200 112 "http://www.walleyecentral.com/forums/newreply.php?do=newreply&p=1378823" "Mozilla/4.0 (compatible; MSIE 8.0; Windows NT 6.1; Win64; x64; Trident/4.0; .NET CLR 2.0.50727; SLCC2; .NET CLR 3.5.30729; .NET CLR 3.0.30729; .NET4.0C; .NET4.0E)"
216.130.131.66 - - [04/Jan/2012:09:16:11 -0500] "GET /forums/images/editor/attach.gif HTTP/1.1" 200 97 "http://www.walleyecentral.com/forums/newreply.php?do=newreply&p=1378823" "Mozilla/4.0 (compatible; MSIE 8.0; Windows NT 6.1; Win64; x64; Trident/4.0; .NET CLR 2.0.50727; SLCC2; .NET CLR 3.5.30729; .NET CLR 3.0.30729; .NET4.0C; .NET4.0E)"
216.130.131.66 - - [04/Jan/2012:09:16:11 -0500] "GET /forums/images/editor/undo.gif HTTP/1.1" 200 85 "http://www.walleyecentral.com/forums/newreply.php?do=newreply&p=1378823" "Mozilla/4.0 (compatible; MSIE 8.0; Windows NT 6.1; Win64; x64; Trident/4.0; .NET CLR 2.0.50727; SLCC2; .NET CLR 3.5.30729; .NET CLR 3.0.30729; .NET4.0C; .NET4.0E)"
216.130.131.66 - - [04/Jan/2012:09:16:11 -0500] "GET /forums/images/editor/redo.gif HTTP/1.1" 200 84 "http://www.walleyecentral.com/forums/newreply.php?do=newreply&p=1378823" "Mozilla/4.0 (compatible; MSIE 8.0; Windows NT 6.1; Win64; x64; Trident/4.0; .NET CLR 2.0.50727; SLCC2; .NET CLR 3.5.30729; .NET CLR 3.0.30729; .NET4.0C; .NET4.0E)"
216.130.131.66 - - [04/Jan/2012:09:16:11 -0500] "GET /forums/images/editor/justifycenter.gif HTTP/1.1" 200 71 "http://www.walleyecentral.com/forums/newreply.php?do=newreply&p=1378823" "Mozilla/4.0 (compatible; MSIE 8.0; Windows NT 6.1; Win64; x64; Trident/4.0; .NET CLR 2.0.50727; SLCC2; .NET CLR 3.5.30729; .NET CLR 3.0.30729; .NET4.0C; .NET4.0E)"
216.130.131.66 - - [04/Jan/2012:09:16:11 -0500] "GET /forums/images/editor/insertorderedlist.gif HTTP/1.1" 200 85 "http://www.walleyecentral.com/forums/newreply.php?do=newreply&p=1378823" "Mozilla/4.0 (compatible; MSIE 8.0; Windows NT 6.1; Win64; x64; Trident/4.0; .NET CLR 2.0.50727; SLCC2; .NET CLR 3.5.30729; .NET CLR 3.0.30729; .NET4.0C; .NET4.0E)"
117.26.203.176 - - [04/Jan/2012:09:16:10 -0500] "POST /forums/register.php?do=register HTTP/1.0" 200 40321 "http://www.walleyecentral.com/forums/register.php?s=b9dc9c01ffbaee9e89065915b283d12a" "Mozilla/1.22 (compatible; MSIE 2.0d; Windows NT)"
216.130.131.66 - - [04/Jan/2012:09:16:11 -0500] "GET /forums/images/editor/justifyright.gif HTTP/1.1" 200 71 "http://www.walleyecentral.com/forums/newreply.php?do=newreply&p=1378823" "Mozilla/4.0 (compatible; MSIE 8.0; Windows NT 6.1; Win64; x64; Trident/4.0; .NET CLR 2.0.50727; SLCC2; .NET CLR 3.5.30729; .NET CLR 3.0.30729; .NET4.0C; .NET4.0E)"
50.37.45.200 - - [04/Jan/2012:09:16:11 -0500] "GET /forums/image.php?u=40817&dateline=1323794439 HTTP/1.1" 200 1682 "http://www.walleyecentral.com/forums/showthread.php?t=188931" "Mozilla/5.0 (compatible; MSIE 9.0; Windows NT 6.0; Trident/5.0)"
216.130.131.66 - - [04/Jan/2012:09:16:11 -0500] "GET /openx/www/delivery/ai.php?filename=flag1.jpg&contenttype=jpeg HTTP/1.1" 200 14709 "http://www.walleyecentral.com/forums/newreply.php?do=newreply&p=1378823" "Mozilla/4.0 (compatible; MSIE 8.0; Windows NT 6.1; Win64; x64; Trident/4.0; .NET CLR 2.0.50727; SLCC2; .NET CLR 3.5.30729; .NET CLR 3.0.30729; .NET4.0C; .NET4.0E)"
50.37.45.200 - - [04/Jan/2012:09:16:11 -0500] "GET /openx/www/delivery/ajs.php?n=a5212870&zoneid=59&source=&exclude=,&r=916500961&loc=http%3A//www.walleyecentral.com/forums/showthread.php%3Ft%3D188931&referer=http%3A//www.walleyecentral.com/forums/forumdisplay.php%3Ff%3D22 HTTP/1.1" 200 948 "http://www.walleyecentral.com/forums/showthread.php?t=188931" "Mozilla/5.0 (compatible; MSIE 9.0; Windows NT 6.0; Trident/5.0)"
66.249.71.211 - - [04/Jan/2012:09:16:11 -0500] "GET /wcdirectory/modules/statistics/click_w.php?w=http%3A%2F%2Fmemylaruh.netau.net/klamath-falls-hotels.php HTTP/1.1" 302 - "-" "Mozilla/5.0 (compatible; Googlebot/2.1; +http://www.google.com/bot.html)"
216.130.131.66 - - [04/Jan/2012:09:16:11 -0500] "GET /forums/images/editor/insertunorderedlist.gif HTTP/1.1" 200 83 "http://www.walleyecentral.com/forums/newreply.php?do=newreply&p=1378823" "Mozilla/4.0 (compatible; MSIE 8.0; Windows NT 6.1; Win64; x64; Trident/4.0; .NET CLR 2.0.50727; SLCC2; .NET CLR 3.5.30729; .NET CLR 3.0.30729; .NET4.0C; .NET4.0E)"
216.130.131.66 - - [04/Jan/2012:09:16:11 -0500] "GET /forums/images/editor/outdent.gif HTTP/1.1" 200 90 "http://www.walleyecentral.com/forums/newreply.php?do=newreply&p=1378823" "Mozilla/4.0 (compatible; MSIE 8.0; Windows NT 6.1; Win64; x64; Trident/4.0; .NET CLR 2.0.50727; SLCC2; .NET CLR 3.5.30729; .NET CLR 3.0.30729; .NET4.0C; .NET4.0E)"
216.130.131.66 - - [04/Jan/2012:09:16:11 -0500] "GET /forums/images/editor/email.gif HTTP/1.1" 200 152 "http://www.walleyecentral.com/forums/newreply.php?do=newreply&p=1378823" "Mozilla/4.0 (compatible; MSIE 8.0; Windows NT 6.1; Win64; x64; Trident/4.0; .NET CLR 2.0.50727; SLCC2; .NET CLR 3.5.30729; .NET CLR 3.0.30729; .NET4.0C; .NET4.0E)"
216.130.131.66 - - [04/Jan/2012:09:16:11 -0500] "GET /forums/images/smilies/raisin.gif HTTP/1.1" 304 - "http://www.walleyecentral.com/forums/newreply.php?do=newreply&p=1378823" "Mozilla/4.0 (compatible; MSIE 8.0; Windows NT 6.1; Win64; x64; Trident/4.0; .NET CLR 2.0.50727; SLCC2; .NET CLR 3.5.30729; .NET CLR 3.0.30729; .NET4.0C; .NET4.0E)"
216.130.131.66 - - [04/Jan/2012:09:16:11 -0500] "GET /forums/images/editor/unlink.gif HTTP/1.1" 200 126 "http://www.walleyecentral.com/forums/newreply.php?do=newreply&p=1378823" "Mozilla/4.0 (compatible; MSIE 8.0; Windows NT 6.1; Win64; x64; Trident/4.0; .NET CLR 2.0.50727; SLCC2; .NET CLR 3.5.30729; .NET CLR 3.0.30729; .NET4.0C; .NET4.0E)"
216.130.131.66 - - [04/Jan/2012:09:16:11 -0500] "GET /forums/images/editor/justifyleft.gif HTTP/1.1" 200 72 "http://www.walleyecentral.com/forums/newreply.php?do=newreply&p=1378823" "Mozilla/4.0 (compatible; MSIE 8.0; Windows NT 6.1; Win64; x64; Trident/4.0; .NET CLR 2.0.50727; SLCC2; .NET CLR 3.5.30729; .NET CLR 3.0.30729; .NET4.0C; .NET4.0E)"
216.130.131.66 - - [04/Jan/2012:09:16:11 -0500] "GET /forums/images/editor/code.gif HTTP/1.1" 200 194 "http://www.walleyecentral.com/forums/newreply.php?do=newreply&p=1378823" "Mozilla/4.0 (compatible; MSIE 8.0; Windows NT 6.1; Win64; x64; Trident/4.0; .NET CLR 2.0.50727; SLCC2; .NET CLR 3.5.30729; .NET CLR 3.0.30729; .NET4.0C; .NET4.0E)"
216.130.131.66 - - [04/Jan/2012:09:16:11 -0500] "GET /forums/images/editor/indent.gif HTTP/1.1" 200 90 "http://www.walleyecentral.com/forums/newreply.php?do=newreply&p=1378823" "Mozilla/4.0 (compatible; MSIE 8.0; Windows NT 6.1; Win64; x64; Trident/4.0; .NET CLR 2.0.50727; SLCC2; .NET CLR 3.5.30729; .NET CLR 3.0.30729; .NET4.0C; .NET4.0E)"
50.37.45.200 - - [04/Jan/2012:09:16:11 -0500] "GET /openx/www/delivery/ai.php?filename=lureparts_2.gif&contenttype=gif HTTP/1.1" 200 11524 "http://www.walleyecentral.com/forums/showthread.php?t=188931" "Mozilla/5.0 (compatible; MSIE 9.0; Windows NT 6.0; Trident/5.0)"
216.130.131.66 - - [04/Jan/2012:09:16:11 -0500] "GET /forums/images/smilies/blahblah.gif HTTP/1.1" 200 602 "http://www.walleyecentral.com/forums/newreply.php?do=newreply&p=1378823" "Mozilla/4.0 (compatible; MSIE 8.0; Windows NT 6.1; Win64; x64; Trident/4.0; .NET CLR 2.0.50727; SLCC2; .NET CLR 3.5.30729; .NET CLR 3.0.30729; .NET4.0C; .NET4.0E)"
97.86.237.127 - - [04/Jan/2012:09:16:11 -0500] "GET /forums/showthread.php?t=189152&page=2 HTTP/1.1" 200 17830 "http://www.walleyecentral.com/forums/showthread.php?t=189152" "Mozilla/5.0 (Windows NT 6.0; WOW64; rv:8.0) Gecko/20100101 Firefox/8.0"
216.130.131.66 - - [04/Jan/2012:09:16:12 -0500] "GET /forums/images/smilies/popc1.gif HTTP/1.1" 200 2944 "http://www.walleyecentral.com/forums/newreply.php?do=newreply&p=1378823" "Mozilla/4.0 (compatible; MSIE 8.0; Windows NT 6.1; Win64; x64; Trident/4.0; .NET CLR 2.0.50727; SLCC2; .NET CLR 3.5.30729; .NET CLR 3.0.30729; .NET4.0C; .NET4.0E)"
216.130.131.66 - - [04/Jan/2012:09:16:12 -0500] "GET /forums/images/smilies/ban.gif HTTP/1.1" 200 1253 "http://www.walleyecentral.com/forums/newreply.php?do=newreply&p=1378823" "Mozilla/4.0 (compatible; MSIE 8.0; Windows NT 6.1; Win64; x64; Trident/4.0; .NET CLR 2.0.50727; SLCC2; .NET CLR 3.5.30729; .NET CLR 3.0.30729; .NET4.0C; .NET4.0E)"
216.130.131.66 - - [04/Jan/2012:09:16:12 -0500] "GET /forums/images/smilies/crazy.gif HTTP/1.1" 200 187 "http://www.walleyecentral.com/forums/newreply.php?do=newreply&p=1378823" "Mozilla/4.0 (compatible; MSIE 8.0; Windows NT 6.1; Win64; x64; Trident/4.0; .NET CLR 2.0.50727; SLCC2; .NET CLR 3.5.30729; .NET CLR 3.0.30729; .NET4.0C; .NET4.0E)"
216.130.131.66 - - [04/Jan/2012:09:16:12 -0500] "GET /forums/images/smilies/smirk.gif HTTP/1.1" 200 247 "http://www.walleyecentral.com/forums/newreply.php?do=newreply&p=1378823" "Mozilla/4.0 (compatible; MSIE 8.0; Windows NT 6.1; Win64; x64; Trident/4.0; .NET CLR 2.0.50727; SLCC2; .NET CLR 3.5.30729; .NET CLR 3.0.30729; .NET4.0C; .NET4.0E)"
216.130.131.66 - - [04/Jan/2012:09:16:12 -0500] "GET /forums/images/icons/icon10.gif HTTP/1.1" 304 - "http://www.walleyecentral.com/forums/newreply.php?do=newreply&p=1378823" "Mozilla/4.0 (compatible; MSIE 8.0; Windows NT 6.1; Win64; x64; Trident/4.0; .NET CLR 2.0.50727; SLCC2; .NET CLR 3.5.30729; .NET CLR 3.0.30729; .NET4.0C; .NET4.0E)"
216.130.131.66 - - [04/Jan/2012:09:16:12 -0500] "GET /forums/images/icons/icon11.gif HTTP/1.1" 200 1060 "http://www.walleyecentral.com/forums/newreply.php?do=newreply&p=1378823" "Mozilla/4.0 (compatible; MSIE 8.0; Windows NT 6.1; Win64; x64; Trident/4.0; .NET CLR 2.0.50727; SLCC2; .NET CLR 3.5.30729; .NET CLR 3.0.30729; .NET4.0C; .NET4.0E)"
97.86.237.127 - - [04/Jan/2012:09:16:12 -0500] "GET /forums/clientscript/yui/yahoo-dom-event/yahoo-dom-event.js?v=373 HTTP/1.1" 304 - "http://www.walleyecentral.com/forums/showthread.php?t=189152&page=2" "Mozilla/5.0 (Windows NT 6.0; WOW64; rv:8.0) Gecko/20100101 Firefox/8.0"
97.86.237.127 - - [04/Jan/2012:09:16:12 -0500] "GET /forums/clientscript/yui/connection/connection-min.js?v=373 HTTP/1.1" 304 - "http://www.walleyecentral.com/forums/showthread.php?t=189152&page=2" "Mozilla/5.0 (Windows NT 6.0; WOW64; rv:8.0) Gecko/20100101 Firefox/8.0"
97.86.237.127 - - [04/Jan/2012:09:16:12 -0500] "GET /forums/clientscript/vbulletin_global.js?v=373 HTTP/1.1" 304 - "http://www.walleyecentral.com/forums/showthread.php?t=189152&page=2" "Mozilla/5.0 (Windows NT 6.0; WOW64; rv:8.0) Gecko/20100101 Firefox/8.0"
97.86.237.127 - - [04/Jan/2012:09:16:12 -0500] "GET /forums/clientscript/vbulletin_important.css?v=373 HTTP/1.1" 304 - "http://www.walleyecentral.com/forums/showthread.php?t=189152&page=2" "Mozilla/5.0 (Windows NT 6.0; WOW64; rv:8.0) Gecko/20100101 Firefox/8.0"
97.86.237.127 - - [04/Jan/2012:09:16:12 -0500] "GET /forums/clientscript/vbulletin_menu.js?v=373 HTTP/1.1" 304 - "http://www.walleyecentral.com/forums/showthread.php?t=189152&page=2" "Mozilla/5.0 (Windows NT 6.0; WOW64; rv:8.0) Gecko/20100101 Firefox/8.0"
205.134.249.170 - - [04/Jan/2012:09:16:12 -0500] "GET /weather.php?pands=37766 HTTP/1.1" 200 16166 "-" "PHP/5.2.17"
216.130.131.66 - - [04/Jan/2012:09:16:12 -0500] "GET /forums/images/icons/icon9.gif HTTP/1.1" 200 1058 "http://www.walleyecentral.com/forums/newreply.php?do=newreply&p=1378823" "Mozilla/4.0 (compatible; MSIE 8.0; Windows NT 6.1; Win64; x64; Trident/4.0; .NET CLR 2.0.50727; SLCC2; .NET CLR 3.5.30729; .NET CLR 3.0.30729; .NET4.0C; .NET4.0E)"
97.86.237.127 - - [04/Jan/2012:09:16:12 -0500] "GET /forums/clientscript/vbulletin_post_loader.js?v=373 HTTP/1.1" 304 - "http://www.walleyecentral.com/forums/showthread.php?t=189152&page=2" "Mozilla/5.0 (Windows NT 6.0; WOW64; rv:8.0) Gecko/20100101 Firefox/8.0"
97.86.237.127 - - [04/Jan/2012:09:16:12 -0500] "GET /forums/clientscript/vbulletin_md5.js?v=373 HTTP/1.1" 304 - "http://www.walleyecentral.com/forums/showthread.php?t=189152&page=2" "Mozilla/5.0 (Windows NT 6.0; WOW64; rv:8.0) Gecko/20100101 Firefox/8.0"
97.86.237.127 - - [04/Jan/2012:09:16:12 -0500] "GET /forums/images/icons/icon14.gif HTTP/1.1" 200 1023 "http://www.walleyecentral.com/forums/showthread.php?t=189152&page=2" "Mozilla/5.0 (Windows NT 6.0; WOW64; rv:8.0) Gecko/20100101 Firefox/8.0"
97.86.237.127 - - [04/Jan/2012:09:16:12 -0500] "GET /forums/image.php?u=9375&dateline=1291899563 HTTP/1.1" 200 1925 "http://www.walleyecentral.com/forums/showthread.php?t=189152&page=2" "Mozilla/5.0 (Windows NT 6.0; WOW64; rv:8.0) Gecko/20100101 Firefox/8.0"
50.37.45.200 - - [04/Jan/2012:09:16:11 -0500] "GET /openx/www/delivery/lg.php?bannerid=74&campaignid=1&zoneid=59&loc=http%3A%2F%2Fwww.walleyecentral.com%2Fforums%2Fshowthread.php%3Ft%3D188931&referer=http%3A%2F%2Fwww.walleyecentral.com%2Fforums%2Fforumdisplay.php%3Ff%3D22&cb=3aeeb79504 HTTP/1.1" 200 43 "http://www.walleyecentral.com/forums/showthread.php?t=188931" "Mozilla/5.0 (compatible; MSIE 9.0; Windows NT 6.0; Trident/5.0)"
97.86.237.127 - - [04/Jan/2012:09:16:12 -0500] "GET /forums/clientscript/vbulletin_lightbox.js?v=373 HTTP/1.1" 304 - "http://www.walleyecentral.com/forums/showthread.php?t=189152&page=2" "Mozilla/5.0 (Windows NT 6.0; WOW64; rv:8.0) Gecko/20100101 Firefox/8.0"
216.130.131.66 - - [04/Jan/2012:09:16:12 -0500] "GET /forums/images/smilies/horsepoop.gif HTTP/1.1" 200 11379 "http://www.walleyecentral.com/forums/newreply.php?do=newreply&p=1378823" "Mozilla/4.0 (compatible; MSIE 8.0; Windows NT 6.1; Win64; x64; Trident/4.0; .NET CLR 2.0.50727; SLCC2; .NET CLR 3.5.30729; .NET CLR 3.0.30729; .NET4.0C; .NET4.0E)"
216.130.131.66 - - [04/Jan/2012:09:16:12 -0500] "GET /forums/images/icons/icon8.gif HTTP/1.1" 200 1060 "http://www.walleyecentral.com/forums/newreply.php?do=newreply&p=1378823" "Mozilla/4.0 (compatible; MSIE 8.0; Windows NT 6.1; Win64; x64; Trident/4.0; .NET CLR 2.0.50727; SLCC2; .NET CLR 3.5.30729; .NET CLR 3.0.30729; .NET4.0C; .NET4.0E)"
216.130.131.66 - - [04/Jan/2012:09:16:12 -0500] "GET /forums/images/icons/icon7.gif HTTP/1.1" 304 - "http://www.walleyecentral.com/forums/newreply.php?do=newreply&p=1378823" "Mozilla/4.0 (compatible; MSIE 8.0; Windows NT 6.1; Win64; x64; Trident/4.0; .NET CLR 2.0.50727; SLCC2; .NET CLR 3.5.30729; .NET CLR 3.0.30729; .NET4.0C; .NET4.0E)"
216.130.131.66 - - [04/Jan/2012:09:16:12 -0500] "GET /forums/images/icons/icon4.gif HTTP/1.1" 200 1019 "http://www.walleyecentral.com/forums/newreply.php?do=newreply&p=1378823" "Mozilla/4.0 (compatible; MSIE 8.0; Windows NT 6.1; Win64; x64; Trident/4.0; .NET CLR 2.0.50727; SLCC2; .NET CLR 3.5.30729; .NET CLR 3.0.30729; .NET4.0C; .NET4.0E)"
216.130.131.66 - - [04/Jan/2012:09:16:12 -0500] "GET /forums/images/icons/icon6.gif HTTP/1.1" 200 1043 "http://www.walleyecentral.com/forums/newreply.php?do=newreply&p=1378823" "Mozilla/4.0 (compatible; MSIE 8.0; Windows NT 6.1; Win64; x64; Trident/4.0; .NET CLR 2.0.50727; SLCC2; .NET CLR 3.5.30729; .NET CLR 3.0.30729; .NET4.0C; .NET4.0E)"
216.130.131.66 - - [04/Jan/2012:09:16:12 -0500] "GET /forums/images/icons/icon3.gif HTTP/1.1" 304 - "http://www.walleyecentral.com/forums/newreply.php?do=newreply&p=1378823" "Mozilla/4.0 (compatible; MSIE 8.0; Windows NT 6.1; Win64; x64; Trident/4.0; .NET CLR 2.0.50727; SLCC2; .NET CLR 3.5.30729; .NET CLR 3.0.30729; .NET4.0C; .NET4.0E)"
97.86.237.127 - - [04/Jan/2012:09:16:12 -0500] "GET /openx/www/delivery/ajs.php?n=a5212870&zoneid=15&source=&exclude=,&r=205879161&loc=http%3A//www.walleyecentral.com/forums/showthread.php%3Ft%3D189152%26page%3D2&referer=http%3A//www.walleyecentral.com/forums/showthread.php%3Ft%3D189152 HTTP/1.1" 200 948 "http://www.walleyecentral.com/forums/showthread.php?t=189152&page=2" "Mozilla/5.0 (Windows NT 6.0; WOW64; rv:8.0) Gecko/20100101 Firefox/8.0"
216.130.131.66 - - [04/Jan/2012:09:16:12 -0500] "GET /forums/images/editor/html.gif HTTP/1.1" 200 166 "http://www.walleyecentral.com/forums/newreply.php?do=newreply&p=1378823" "Mozilla/4.0 (compatible; MSIE 8.0; Windows NT 6.1; Win64; x64; Trident/4.0; .NET CLR 2.0.50727; SLCC2; .NET CLR 3.5.30729; .NET CLR 3.0.30729; .NET4.0C; .NET4.0E)"
216.130.131.66 - - [04/Jan/2012:09:16:12 -0500] "GET /forums/images/editor/php.gif HTTP/1.1" 200 644 "http://www.walleyecentral.com/forums/newreply.php?do=newreply&p=1378823" "Mozilla/4.0 (compatible; MSIE 8.0; Windows NT 6.1; Win64; x64; Trident/4.0; .NET CLR 2.0.50727; SLCC2; .NET CLR 3.5.30729; .NET CLR 3.0.30729; .NET4.0C; .NET4.0E)"
216.130.131.66 - - [04/Jan/2012:09:16:12 -0500] "GET /forums/images/smilies/devil.gif HTTP/1.1" 200 180 "http://www.walleyecentral.com/forums/newreply.php?do=newreply&p=1378823" "Mozilla/4.0 (compatible; MSIE 8.0; Windows NT 6.1; Win64; x64; Trident/4.0; .NET CLR 2.0.50727; SLCC2; .NET CLR 3.5.30729; .NET CLR 3.0.30729; .NET4.0C; .NET4.0E)"
216.130.131.66 - - [04/Jan/2012:09:16:12 -0500] "GET /forums/images/smilies/sorry.gif HTTP/1.1" 200 622 "http://www.walleyecentral.com/forums/newreply.php?do=newreply&p=1378823" "Mozilla/4.0 (compatible; MSIE 8.0; Windows NT 6.1; Win64; x64; Trident/4.0; .NET CLR 2.0.50727; SLCC2; .NET CLR 3.5.30729; .NET CLR 3.0.30729; .NET4.0C; .NET4.0E)"
216.130.131.66 - - [04/Jan/2012:09:16:12 -0500] "GET /forums/images/smilies/confused.gif HTTP/1.1" 200 1131 "http://www.walleyecentral.com/forums/newreply.php?do=newreply&p=1378823" "Mozilla/4.0 (compatible; MSIE 8.0; Windows NT 6.1; Win64; x64; Trident/4.0; .NET CLR 2.0.50727; SLCC2; .NET CLR 3.5.30729; .NET CLR 3.0.30729; .NET4.0C; .NET4.0E)"
216.130.131.66 - - [04/Jan/2012:09:16:12 -0500] "GET /forums/images/smilies/cry.gif HTTP/1.1" 200 174 "http://www.walleyecentral.com/forums/newreply.php?do=newreply&p=1378823" "Mozilla/4.0 (compatible; MSIE 8.0; Windows NT 6.1; Win64; x64; Trident/4.0; .NET CLR 2.0.50727; SLCC2; .NET CLR 3.5.30729; .NET CLR 3.0.30729; .NET4.0C; .NET4.0E)"
216.130.131.66 - - [04/Jan/2012:09:16:12 -0500] "GET /forums/images/smilies/blush.gif HTTP/1.1" 200 270 "http://www.walleyecentral.com/forums/newreply.php?do=newreply&p=1378823" "Mozilla/4.0 (compatible; MSIE 8.0; Windows NT 6.1; Win64; x64; Trident/4.0; .NET CLR 2.0.50727; SLCC2; .NET CLR 3.5.30729; .NET CLR 3.0.30729; .NET4.0C; .NET4.0E)"
216.130.131.66 - - [04/Jan/2012:09:16:12 -0500] "GET /forums/images/smilies/smokin.gif HTTP/1.1" 200 614 "http://www.walleyecentral.com/forums/newreply.php?do=newreply&p=1378823" "Mozilla/4.0 (compatible; MSIE 8.0; Windows NT 6.1; Win64; x64; Trident/4.0; .NET CLR 2.0.50727; SLCC2; .NET CLR 3.5.30729; .NET CLR 3.0.30729; .NET4.0C; .NET4.0E)"
216.130.131.66 - - [04/Jan/2012:09:16:12 -0500] "GET /forums/images/smilies/howdy.gif HTTP/1.1" 304 - "http://www.walleyecentral.com/forums/newreply.php?do=newreply&p=1378823" "Mozilla/4.0 (compatible; MSIE 8.0; Windows NT 6.1; Win64; x64; Trident/4.0; .NET CLR 2.0.50727; SLCC2; .NET CLR 3.5.30729; .NET CLR 3.0.30729; .NET4.0C; .NET4.0E)"
71.64.144.236 - - [04/Jan/2012:09:16:12 -0500] "GET /openx/www/delivery/ajs.php?n=a5212870&zoneid=85&source=&exclude=,&r=764435051&loc=http%3A//www.walleyecentral.com/forums/search.php%3Fsearchid%3D4437016&referer=http%3A//www.walleyecentral.com/forums/index.php HTTP/1.1" 200 978 "http://www.walleyecentral.com/forums/search.php?searchid=4437016" "Mozilla/5.0 (compatible; MSIE 9.0; Windows NT 6.0; Trident/5.0)"
216.67.156.3 - - [04/Jan/2012:09:16:12 -0500] "GET /openx/www/delivery/ajs.php?n=a5212870&zoneid=7&source=&exclude=,&r=968855081&loc=http%3A//www.walleyecentral.com/forums/forumdisplay.php%3Ff%3D15&referer=http%3A//www.walleyecentral.com/ HTTP/1.1" 200 950 "http://www.walleyecentral.com/forums/forumdisplay.php?f=15" "Mozilla/4.0 (compatible; MSIE 8.0; Windows NT 6.1; WOW64; Trident/4.0; SLCC2; .NET CLR 2.0.50727; .NET CLR 3.5.30729; .NET CLR 3.0.30729; Media Center PC 6.0; .NET4.0C; .NET4.0E)"
216.130.131.66 - - [04/Jan/2012:09:16:12 -0500] "GET /forums/images/icons/icon13.gif HTTP/1.1" 304 - "http://www.walleyecentral.com/forums/newreply.php?do=newreply&p=1378823" "Mozilla/4.0 (compatible; MSIE 8.0; Windows NT 6.1; Win64; x64; Trident/4.0; .NET CLR 2.0.50727; SLCC2; .NET CLR 3.5.30729; .NET CLR 3.0.30729; .NET4.0C; .NET4.0E)"
216.130.131.66 - - [04/Jan/2012:09:16:12 -0500] "GET /forums/images/icons/icon2.gif HTTP/1.1" 304 - "http://www.walleyecentral.com/forums/newreply.php?do=newreply&p=1378823" "Mozilla/4.0 (compatible; MSIE 8.0; Windows NT 6.1; Win64; x64; Trident/4.0; .NET CLR 2.0.50727; SLCC2; .NET CLR 3.5.30729; .NET CLR 3.0.30729; .NET4.0C; .NET4.0E)"
216.130.131.66 - - [04/Jan/2012:09:16:12 -0500] "GET /forums/images/icons/icon14.gif HTTP/1.1" 200 1023 "http://www.walleyecentral.com/forums/newreply.php?do=newreply&p=1378823" "Mozilla/4.0 (compatible; MSIE 8.0; Windows NT 6.1; Win64; x64; Trident/4.0; .NET CLR 2.0.50727; SLCC2; .NET CLR 3.5.30729; .NET CLR 3.0.30729; .NET4.0C; .NET4.0E)"
216.130.131.66 - - [04/Jan/2012:09:16:12 -0500] "GET /forums/images/icons/icon12.gif HTTP/1.1" 304 - "http://www.walleyecentral.com/forums/newreply.php?do=newreply&p=1378823" "Mozilla/4.0 (compatible; MSIE 8.0; Windows NT 6.1; Win64; x64; Trident/4.0; .NET CLR 2.0.50727; SLCC2; .NET CLR 3.5.30729; .NET CLR 3.0.30729; .NET4.0C; .NET4.0E)"
216.130.131.66 - - [04/Jan/2012:09:16:12 -0500] "GET /forums/images/smilies/bang-bang.gif HTTP/1.1" 304 - "http://www.walleyecentral.com/forums/newreply.php?do=newreply&p=1378823" "Mozilla/4.0 (compatible; MSIE 8.0; Windows NT 6.1; Win64; x64; Trident/4.0; .NET CLR 2.0.50727; SLCC2; .NET CLR 3.5.30729; .NET CLR 3.0.30729; .NET4.0C; .NET4.0E)"
216.130.131.66 - - [04/Jan/2012:09:16:12 -0500] "GET /forums/clientscript/vbulletin_attachment.js?v=373 HTTP/1.1" 200 3272 "http://www.walleyecentral.com/forums/newreply.php?do=newreply&p=1378823" "Mozilla/4.0 (compatible; MSIE 8.0; Windows NT 6.1; Win64; x64; Trident/4.0; .NET CLR 2.0.50727; SLCC2; .NET CLR 3.5.30729; .NET CLR 3.0.30729; .NET4.0C; .NET4.0E)"
97.86.237.127 - - [04/Jan/2012:09:16:12 -0500] "GET /openx/www/delivery/lg.php?bannerid=47&campaignid=1&zoneid=15&loc=http%3A%2F%2Fwww.walleyecentral.com%2Fforums%2Fshowthread.php%3Ft%3D189152%26page%3D2&referer=http%3A%2F%2Fwww.walleyecentral.com%2Fforums%2Fshowthread.php%3Ft%3D189152&cb=1a9191b029 HTTP/1.1" 200 43 "http://www.walleyecentral.com/forums/showthread.php?t=189152&page=2" "Mozilla/5.0 (Windows NT 6.0; WOW64; rv:8.0) Gecko/20100101 Firefox/8.0"
180.76.5.90 - - [04/Jan/2012:09:16:12 -0500] "GET /forums/showthread.php?t=168173 HTTP/1.1" 200 14020 "-" "Mozilla/5.0 (compatible; Baiduspider/2.0; +http://www.baidu.com/search/spider.html)"
71.64.144.236 - - [04/Jan/2012:09:16:12 -0500] "GET /openx/www/delivery/lg.php?bannerid=99&campaignid=1&zoneid=85&loc=http%3A%2F%2Fwww.walleyecentral.com%2Fforums%2Fsearch.php%3Fsearchid%3D4437016&referer=http%3A%2F%2Fwww.walleyecentral.com%2Fforums%2Findex.php&cb=4ac1fb1d6d HTTP/1.1" 200 43 "http://www.walleyecentral.com/forums/search.php?searchid=4437016" "Mozilla/5.0 (compatible; MSIE 9.0; Windows NT 6.0; Trident/5.0)"
65.52.110.191 - - [04/Jan/2012:09:16:12 -0500] "GET /forums/misc.php?do=whoposted&t=185090 HTTP/1.1" 200 7876 "-" "Mozilla/5.0 (compatible; bingbot/2.0; +http://www.bing.com/bingbot.htm)"
143.43.250.37 - - [04/Jan/2012:09:16:13 -0500] "GET /classified/new/searchresults.jsp HTTP/1.1" 301 360 "http://www.walleyecentral.com/" "Mozilla/5.0 (Windows NT 5.1; rv:8.0) Gecko/20100101 Firefox/8.0"
216.67.156.3 - - [04/Jan/2012:09:16:12 -0500] "GET /openx/www/delivery/lg.php?bannerid=94&campaignid=1&zoneid=7&loc=http%3A%2F%2Fwww.walleyecentral.com%2Fforums%2Fforumdisplay.php%3Ff%3D15&referer=http%3A%2F%2Fwww.walleyecentral.com%2F&cb=a0bce26d9c HTTP/1.1" 200 43 "http://www.walleyecentral.com/forums/forumdisplay.php?f=15" "Mozilla/4.0 (compatible; MSIE 8.0; Windows NT 6.1; WOW64; Trident/4.0; SLCC2; .NET CLR 2.0.50727; .NET CLR 3.5.30729; .NET CLR 3.0.30729; Media Center PC 6.0; .NET4.0C; .NET4.0E)"
66.11.150.236 - - [04/Jan/2012:09:16:12 -0500] "GET /weather.php?pands=68333 HTTP/1.0" 200 24266 "-" "-"
157.55.17.195 - - [04/Jan/2012:09:16:13 -0500] "GET /forums/showthread.php?t=73039 HTTP/1.1" 200 18472 "-" "Mozilla/5.0 (compatible; bingbot/2.0; +http://www.bing.com/bingbot.htm)"
66.11.150.236 - - [04/Jan/2012:09:16:12 -0500] "GET /weather.php?pands=51031 HTTP/1.0" 200 24171 "-" "-"
205.134.249.170 - - [04/Jan/2012:09:16:13 -0500] "GET /weather.php?pands=15227 HTTP/1.1" 200 16166 "-" "PHP/5.2.17"
205.134.249.170 - - [04/Jan/2012:09:16:13 -0500] "GET /weather.php?pands=52778 HTTP/1.1" 200 16166 "-" "PHP/5.2.17"
65.52.108.198 - - [04/Jan/2012:09:16:13 -0500] "GET /forums/showthread.php?t=53928 HTTP/1.1" 200 13479 "-" "Mozilla/5.0 (compatible; bingbot/2.0; +http://www.bing.com/bingbot.htm)"
65.52.110.191 - - [04/Jan/2012:09:16:13 -0500] "GET /forums/showthread.php?p=1179474 HTTP/1.1" 200 14253 "-" "Mozilla/5.0 (compatible; bingbot/2.0; +http://www.bing.com/bingbot.htm)"
66.249.71.211 - - [04/Jan/2012:09:16:14 -0500] "GET /forums/archive/index.php/t-48929.html HTTP/1.1" 200 4973 "-" "Mozilla/5.0 (compatible; Googlebot/2.1; +http://www.google.com/bot.html)"
205.134.249.170 - - [04/Jan/2012:09:16:14 -0500] "GET /weather.php?pands=54730 HTTP/1.1" 200 16166 "-" "PHP/5.2.17"
157.55.17.195 - - [04/Jan/2012:09:16:14 -0500] "GET /forums/showthread.php?t=164300&goto=nextoldest HTTP/1.1" 200 17130 "-" "Mozilla/5.0 (compatible; bingbot/2.0; +http://www.bing.com/bingbot.htm)"
117.26.203.176 - - [04/Jan/2012:09:16:14 -0500] "POST /forums/register.php?do=addmember HTTP/1.0" 200 41026 "http://www.walleyecentral.com/forums/register.php?s=b9dc9c01ffbaee9e89065915b283d12a" "Mozilla/1.22 (compatible; MSIE 2.0d; Windows NT)"
66.11.150.236 - - [04/Jan/2012:09:16:14 -0500] "GET /weather.php?pands=43331 HTTP/1.0" 200 24173 "-" "-"
117.26.203.176 - - [04/Jan/2012:09:16:15 -0500] "GET /classified/new/newadlogin.jsp HTTP/1.0" 301 357 "http://www.walleyecentral.com/classified/new/newadlogin.jsp" "Mozilla/1.22 (compatible; MSIE 2.0d; Windows NT)"
157.55.17.195 - - [04/Jan/2012:09:16:14 -0500] "GET /forums/showthread.php?t=173886&page=3 HTTP/1.1" 200 19747 "-" "Mozilla/5.0 (compatible; bingbot/2.0; +http://www.bing.com/bingbot.htm)"
66.249.71.211 - - [04/Jan/2012:09:16:15 -0500] "GET /forums/picture.php?albumid=20&pictureid=880 HTTP/1.1" 200 23816 "-" "Googlebot-Image/1.0"
165.234.90.1 - - [04/Jan/2012:09:16:15 -0500] "GET /themes/default/theme.css HTTP/1.1" 200 6726 "http://walleyecentral.com/" "Mozilla/4.0 (compatible; MSIE 8.0; Windows NT 6.1; WOW64; Trident/4.0; SLCC2; .NET CLR 2.0.50727; .NET CLR 3.5.30729; .NET CLR 3.0.30729; Media Center PC 6.0; InfoPath.2)"
66.11.150.236 - - [04/Jan/2012:09:16:14 -0500] "GET /weather.php?pands=51003 HTTP/1.0" 200 24268 "-" "-"
24.220.62.4 - - [04/Jan/2012:09:16:15 -0500] "GET /openx/www/delivery/ajs.php?n=a5212870&zoneid=12&source=&exclude=,&r=396053811&loc=http%3A//www.walleyecentral.com/forums/forumdisplay.php%3Ff%3D16&referer=http%3A//www.walleyecentral.com/forums/index.php HTTP/1.1" 200 927 "http://www.walleyecentral.com/forums/forumdisplay.php?f=16" "Mozilla/4.0 (compatible; MSIE 8.0; Windows NT 5.1; Trident/4.0; (R1 1.6); .NET CLR 1.1.4322; BRI/1)"
165.234.90.1 - - [04/Jan/2012:09:16:15 -0500] "GET /themes/default/common.css HTTP/1.1" 200 688 "http://walleyecentral.com/" "Mozilla/4.0 (compatible; MSIE 8.0; Windows NT 6.1; WOW64; Trident/4.0; SLCC2; .NET CLR 2.0.50727; .NET CLR 3.5.30729; .NET CLR 3.0.30729; Media Center PC 6.0; InfoPath.2)"
205.134.249.170 - - [04/Jan/2012:09:16:15 -0500] "GET /weather.php?pands=68025 HTTP/1.1" 200 16166 "-" "PHP/5.2.17"
205.134.249.170 - - [04/Jan/2012:09:16:15 -0500] "GET /weather.php?pands=isle HTTP/1.1" 200 16166 "-" "PHP/5.2.17"
157.55.17.195 - - [04/Jan/2012:09:16:15 -0500] "GET /forums/misc.php?do=whoposted&t=139884 HTTP/1.1" 200 7712 "-" "Mozilla/5.0 (compatible; bingbot/2.0; +http://www.bing.com/bingbot.htm)"
165.234.90.1 - - [04/Jan/2012:09:16:15 -0500] "GET /forums/clientscript/vbulletin_md5.js?v=368 HTTP/1.1" 200 5464 "http://walleyecentral.com/" "Mozilla/4.0 (compatible; MSIE 8.0; Windows NT 6.1; WOW64; Trident/4.0; SLCC2; .NET CLR 2.0.50727; .NET CLR 3.5.30729; .NET CLR 3.0.30729; Media Center PC 6.0; InfoPath.2)"
165.234.90.1 - - [04/Jan/2012:09:16:15 -0500] "GET /themes/default/images/topback.png HTTP/1.1" 200 1241 "http://walleyecentral.com/" "Mozilla/4.0 (compatible; MSIE 8.0; Windows NT 6.1; WOW64; Trident/4.0; SLCC2; .NET CLR 2.0.50727; .NET CLR 3.5.30729; .NET CLR 3.0.30729; Media Center PC 6.0; InfoPath.2)"
165.234.90.1 - - [04/Jan/2012:09:16:15 -0500] "GET /themes/default/images/bullet.png HTTP/1.1" 200 253 "http://walleyecentral.com/" "Mozilla/4.0 (compatible; MSIE 8.0; Windows NT 6.1; WOW64; Trident/4.0; SLCC2; .NET CLR 2.0.50727; .NET CLR 3.5.30729; .NET CLR 3.0.30729; Media Center PC 6.0; InfoPath.2)"
24.220.62.4 - - [04/Jan/2012:09:16:15 -0500] "GET /openx/www/delivery/lg.php?bannerid=78&campaignid=1&zoneid=12&loc=http%3A%2F%2Fwww.walleyecentral.com%2Fforums%2Fforumdisplay.php%3Ff%3D16&referer=http%3A%2F%2Fwww.walleyecentral.com%2Fforums%2Findex.php&cb=98034373d5 HTTP/1.1" 200 43 "http://www.walleyecentral.com/forums/forumdisplay.php?f=16" "Mozilla/4.0 (compatible; MSIE 8.0; Windows NT 5.1; Trident/4.0; (R1 1.6); .NET CLR 1.1.4322; BRI/1)"
165.234.90.1 - - [04/Jan/2012:09:16:15 -0500] "GET / HTTP/1.1" 200 66159 "-" "Mozilla/4.0 (compatible; MSIE 8.0; Windows NT 6.1; WOW64; Trident/4.0; SLCC2; .NET CLR 2.0.50727; .NET CLR 3.5.30729; .NET CLR 3.0.30729; Media Center PC 6.0; InfoPath.2)"
165.234.90.1 - - [04/Jan/2012:09:16:15 -0500] "GET /themes/default/images/headerlogo2.png HTTP/1.1" 200 12415 "http://walleyecentral.com/" "Mozilla/4.0 (compatible; MSIE 8.0; Windows NT 6.1; WOW64; Trident/4.0; SLCC2; .NET CLR 2.0.50727; .NET CLR 3.5.30729; .NET CLR 3.0.30729; Media Center PC 6.0; InfoPath.2)"
165.234.90.1 - - [04/Jan/2012:09:16:16 -0500] "GET /qnav/bullet_sq_sm_slateblue.gif HTTP/1.1" 200 820 "http://walleyecentral.com/" "Mozilla/4.0 (compatible; MSIE 8.0; Windows NT 6.1; WOW64; Trident/4.0; SLCC2; .NET CLR 2.0.50727; .NET CLR 3.5.30729; .NET CLR 3.0.30729; Media Center PC 6.0; InfoPath.2)"
165.234.90.1 - - [04/Jan/2012:09:16:16 -0500] "GET /themes/default/images/ranger_icon.jpg HTTP/1.1" 200 6291 "http://walleyecentral.com/" "Mozilla/4.0 (compatible; MSIE 8.0; Windows NT 6.1; WOW64; Trident/4.0; SLCC2; .NET CLR 2.0.50727; .NET CLR 3.5.30729; .NET CLR 3.0.30729; Media Center PC 6.0; InfoPath.2)"
165.234.90.1 - - [04/Jan/2012:09:16:16 -0500] "GET /themes/default/images/x.gif HTTP/1.1" 200 1107 "http://walleyecentral.com/" "Mozilla/4.0 (compatible; MSIE 8.0; Windows NT 6.1; WOW64; Trident/4.0; SLCC2; .NET CLR 2.0.50727; .NET CLR 3.5.30729; .NET CLR 3.0.30729; Media Center PC 6.0; InfoPath.2)"
165.234.90.1 - - [04/Jan/2012:09:16:16 -0500] "GET /images/wc-hoodie.jpg HTTP/1.1" 200 2970 "http://walleyecentral.com/" "Mozilla/4.0 (compatible; MSIE 8.0; Windows NT 6.1; WOW64; Trident/4.0; SLCC2; .NET CLR 2.0.50727; .NET CLR 3.5.30729; .NET CLR 3.0.30729; Media Center PC 6.0; InfoPath.2)"
157.55.17.195 - - [04/Jan/2012:09:16:16 -0500] "GET /forums/showthread.php?t=126272 HTTP/1.1" 200 13192 "-" "Mozilla/5.0 (compatible; bingbot/2.0; +http://www.bing.com/bingbot.htm)"
165.234.90.1 - - [04/Jan/2012:09:16:16 -0500] "GET /themes/default/images/edit.gif HTTP/1.1" 200 1214 "http://walleyecentral.com/" "Mozilla/4.0 (compatible; MSIE 8.0; Windows NT 6.1; WOW64; Trident/4.0; SLCC2; .NET CLR 2.0.50727; .NET CLR 3.5.30729; .NET CLR 3.0.30729; Media Center PC 6.0; InfoPath.2)"
165.234.90.1 - - [04/Jan/2012:09:16:16 -0500] "GET /images/facebook.jpg HTTP/1.1" 200 1058 "http://walleyecentral.com/" "Mozilla/4.0 (compatible; MSIE 8.0; Windows NT 6.1; WOW64; Trident/4.0; SLCC2; .NET CLR 2.0.50727; .NET CLR 3.5.30729; .NET CLR 3.0.30729; Media Center PC 6.0; InfoPath.2)"
165.234.90.1 - - [04/Jan/2012:09:16:16 -0500] "GET /images/fishhuron.jpg HTTP/1.1" 200 12090 "http://walleyecentral.com/" "Mozilla/4.0 (compatible; MSIE 8.0; Windows NT 6.1; WOW64; Trident/4.0; SLCC2; .NET CLR 2.0.50727; .NET CLR 3.5.30729; .NET CLR 3.0.30729; Media Center PC 6.0; InfoPath.2)"
165.234.90.1 - - [04/Jan/2012:09:16:16 -0500] "GET /dbimages/articles-2011-12-20-993572124iconfile.jpg HTTP/1.1" 200 1433 "http://walleyecentral.com/" "Mozilla/4.0 (compatible; MSIE 8.0; Windows NT 6.1; WOW64; Trident/4.0; SLCC2; .NET CLR 2.0.50727; .NET CLR 3.5.30729; .NET CLR 3.0.30729; Media Center PC 6.0; InfoPath.2)"
165.234.90.1 - - [04/Jan/2012:09:16:16 -0500] "GET /dbimages/articles-2012-01-02-216201556iconfile.JPG HTTP/1.1" 200 1315 "http://walleyecentral.com/" "Mozilla/4.0 (compatible; MSIE 8.0; Windows NT 6.1; WOW64; Trident/4.0; SLCC2; .NET CLR 2.0.50727; .NET CLR 3.5.30729; .NET CLR 3.0.30729; Media Center PC 6.0; InfoPath.2)"
165.234.90.1 - - [04/Jan/2012:09:16:16 -0500] "GET /dbimages/articles-2011-12-20-231784295iconfile.jpg HTTP/1.1" 200 1086 "http://walleyecentral.com/" "Mozilla/4.0 (compatible; MSIE 8.0; Windows NT 6.1; WOW64; Trident/4.0; SLCC2; .NET CLR 2.0.50727; .NET CLR 3.5.30729; .NET CLR 3.0.30729; Media Center PC 6.0; InfoPath.2)"
165.234.90.1 - - [04/Jan/2012:09:16:16 -0500] "GET /dbimages/articles-2011-12-09-612515290iconfile.jpg HTTP/1.1" 200 923 "http://walleyecentral.com/" "Mozilla/4.0 (compatible; MSIE 8.0; Windows NT 6.1; WOW64; Trident/4.0; SLCC2; .NET CLR 2.0.50727; .NET CLR 3.5.30729; .NET CLR 3.0.30729; Media Center PC 6.0; InfoPath.2)"
165.234.90.1 - - [04/Jan/2012:09:16:16 -0500] "GET /dbimages/articles-2011-09-29-923068202iconfile.jpg HTTP/1.1" 200 1456 "http://walleyecentral.com/" "Mozilla/4.0 (compatible; MSIE 8.0; Windows NT 6.1; WOW64; Trident/4.0; SLCC2; .NET CLR 2.0.50727; .NET CLR 3.5.30729; .NET CLR 3.0.30729; Media Center PC 6.0; InfoPath.2)"
165.234.90.1 - - [04/Jan/2012:09:16:16 -0500] "GET /dbimages/articles-2011-12-19-56677216iconfile.jpg HTTP/1.1" 200 1844 "http://walleyecentral.com/" "Mozilla/4.0 (compatible; MSIE 8.0; Windows NT 6.1; WOW64; Trident/4.0; SLCC2; .NET CLR 2.0.50727; .NET CLR 3.5.30729; .NET CLR 3.0.30729; Media Center PC 6.0; InfoPath.2)"
165.234.90.1 - - [04/Jan/2012:09:16:16 -0500] "GET /dbimages/tenpoundclub-2011-12-23-141169268thumbnail.jpg HTTP/1.1" 200 10939 "http://walleyecentral.com/" "Mozilla/4.0 (compatible; MSIE 8.0; Windows NT 6.1; WOW64; Trident/4.0; SLCC2; .NET CLR 2.0.50727; .NET CLR 3.5.30729; .NET CLR 3.0.30729; Media Center PC 6.0; InfoPath.2)"
165.234.90.1 - - [04/Jan/2012:09:16:16 -0500] "GET /dbimages/tenpoundclub-2011-12-23-97306314thumbnail.jpg HTTP/1.1" 200 9587 "http://walleyecentral.com/" "Mozilla/4.0 (compatible; MSIE 8.0; Windows NT 6.1; WOW64; Trident/4.0; SLCC2; .NET CLR 2.0.50727; .NET CLR 3.5.30729; .NET CLR 3.0.30729; Media Center PC 6.0; InfoPath.2)"
165.234.90.1 - - [04/Jan/2012:09:16:16 -0500] "GET /wcvideo/video/20110925-150928.jpg HTTP/1.1" 200 8753 "http://walleyecentral.com/" "Mozilla/4.0 (compatible; MSIE 8.0; Windows NT 6.1; WOW64; Trident/4.0; SLCC2; .NET CLR 2.0.50727; .NET CLR 3.5.30729; .NET CLR 3.0.30729; Media Center PC 6.0; InfoPath.2)"
165.234.90.1 - - [04/Jan/2012:09:16:16 -0500] "GET /themes/default/images/x.gif HTTP/1.1" 200 1107 "http://walleyecentral.com/" "Mozilla/4.0 (compatible; MSIE 8.0; Windows NT 6.1; WOW64; Trident/4.0; SLCC2; .NET CLR 2.0.50727; .NET CLR 3.5.30729; .NET CLR 3.0.30729; Media Center PC 6.0; InfoPath.2)"
165.234.90.1 - - [04/Jan/2012:09:16:16 -0500] "GET /dbimages/articles-2011-12-27-925807361iconfile.jpg HTTP/1.1" 200 946 "http://walleyecentral.com/" "Mozilla/4.0 (compatible; MSIE 8.0; Windows NT 6.1; WOW64; Trident/4.0; SLCC2; .NET CLR 2.0.50727; .NET CLR 3.5.30729; .NET CLR 3.0.30729; Media Center PC 6.0; InfoPath.2)"
165.234.90.1 - - [04/Jan/2012:09:16:16 -0500] "GET /dbimages/articles-2011-12-20-429665774iconfile.jpg HTTP/1.1" 200 629 "http://walleyecentral.com/" "Mozilla/4.0 (compatible; MSIE 8.0; Windows NT 6.1; WOW64; Trident/4.0; SLCC2; .NET CLR 2.0.50727; .NET CLR 3.5.30729; .NET CLR 3.0.30729; Media Center PC 6.0; InfoPath.2)"
165.234.90.1 - - [04/Jan/2012:09:16:16 -0500] "GET /themes/default/images/edit.gif HTTP/1.1" 200 1214 "http://walleyecentral.com/" "Mozilla/4.0 (compatible; MSIE 8.0; Windows NT 6.1; WOW64; Trident/4.0; SLCC2; .NET CLR 2.0.50727; .NET CLR 3.5.30729; .NET CLR 3.0.30729; Media Center PC 6.0; InfoPath.2)"
165.234.90.1 - - [04/Jan/2012:09:16:16 -0500] "GET /dbimages/tenpoundclub-2012-01-03-862352758thumbnail.jpg HTTP/1.1" 200 12900 "http://walleyecentral.com/" "Mozilla/4.0 (compatible; MSIE 8.0; Windows NT 6.1; WOW64; Trident/4.0; SLCC2; .NET CLR 2.0.50727; .NET CLR 3.5.30729; .NET CLR 3.0.30729; Media Center PC 6.0; InfoPath.2)"
165.234.90.1 - - [04/Jan/2012:09:16:16 -0500] "GET /dbimages/articles-2011-12-19-992528775iconfile.jpg HTTP/1.1" 200 1561 "http://walleyecentral.com/" "Mozilla/4.0 (compatible; MSIE 8.0; Windows NT 6.1; WOW64; Trident/4.0; SLCC2; .NET CLR 2.0.50727; .NET CLR 3.5.30729; .NET CLR 3.0.30729; Media Center PC 6.0; InfoPath.2)"
205.134.249.170 - - [04/Jan/2012:09:16:16 -0500] "GET /weather.php?pands=48146 HTTP/1.1" 200 16166 "-" "PHP/5.2.17"
165.234.90.1 - - [04/Jan/2012:09:16:16 -0500] "GET /dbimages/articles-2011-12-05-541299785iconfile.jpg HTTP/1.1" 200 1567 "http://walleyecentral.com/" "Mozilla/4.0 (compatible; MSIE 8.0; Windows NT 6.1; WOW64; Trident/4.0; SLCC2; .NET CLR 2.0.50727; .NET CLR 3.5.30729; .NET CLR 3.0.30729; Media Center PC 6.0; InfoPath.2)"
165.234.90.1 - - [04/Jan/2012:09:16:16 -0500] "GET /wcvideo/video/20110918-060900.jpg HTTP/1.1" 200 16164 "http://walleyecentral.com/" "Mozilla/4.0 (compatible; MSIE 8.0; Windows NT 6.1; WOW64; Trident/4.0; SLCC2; .NET CLR 2.0.50727; .NET CLR 3.5.30729; .NET CLR 3.0.30729; Media Center PC 6.0; InfoPath.2)"
165.234.90.1 - - [04/Jan/2012:09:16:16 -0500] "GET /phpQJr/embedjr.php?pid=50&w=175&h=400 HTTP/1.1" 200 1036 "http://walleyecentral.com/" "Mozilla/4.0 (compatible; MSIE 8.0; Windows NT 6.1; WOW64; Trident/4.0; SLCC2; .NET CLR 2.0.50727; .NET CLR 3.5.30729; .NET CLR 3.0.30729; Media Center PC 6.0; InfoPath.2)"
165.234.90.1 - - [04/Jan/2012:09:16:16 -0500] "GET /wcvideo/video/20110808-130818.jpg HTTP/1.1" 200 14547 "http://walleyecentral.com/" "Mozilla/4.0 (compatible; MSIE 8.0; Windows NT 6.1; WOW64; Trident/4.0; SLCC2; .NET CLR 2.0.50727; .NET CLR 3.5.30729; .NET CLR 3.0.30729; Media Center PC 6.0; InfoPath.2)"
165.234.90.1 - - [04/Jan/2012:09:16:16 -0500] "GET /commonimages/blocks.png HTTP/1.1" 200 3241 "http://walleyecentral.com/" "Mozilla/4.0 (compatible; MSIE 8.0; Windows NT 6.1; WOW64; Trident/4.0; SLCC2; .NET CLR 2.0.50727; .NET CLR 3.5.30729; .NET CLR 3.0.30729; Media Center PC 6.0; InfoPath.2)"
165.234.90.1 - - [04/Jan/2012:09:16:16 -0500] "GET /images/navionics_app.jpg HTTP/1.1" 200 3556 "http://walleyecentral.com/" "Mozilla/4.0 (compatible; MSIE 8.0; Windows NT 6.1; WOW64; Trident/4.0; SLCC2; .NET CLR 2.0.50727; .NET CLR 3.5.30729; .NET CLR 3.0.30729; Media Center PC 6.0; InfoPath.2)"
165.234.90.1 - - [04/Jan/2012:09:16:16 -0500] "GET /images/shutup1.gif HTTP/1.1" 200 635 "http://walleyecentral.com/" "Mozilla/4.0 (compatible; MSIE 8.0; Windows NT 6.1; WOW64; Trident/4.0; SLCC2; .NET CLR 2.0.50727; .NET CLR 3.5.30729; .NET CLR 3.0.30729; Media Center PC 6.0; InfoPath.2)"
165.234.90.1 - - [04/Jan/2012:09:16:16 -0500] "GET /phpQJr/poll.php?pid=50&url=http%3A//walleyecentral.com/ HTTP/1.1" 200 3978 "http://walleyecentral.com/" "Mozilla/4.0 (compatible; MSIE 8.0; Windows NT 6.1; WOW64; Trident/4.0; SLCC2; .NET CLR 2.0.50727; .NET CLR 3.5.30729; .NET CLR 3.0.30729; Media Center PC 6.0; InfoPath.2)"
165.234.90.1 - - [04/Jan/2012:09:16:16 -0500] "GET /themes/default/images/footerback.gif HTTP/1.1" 200 1309 "http://walleyecentral.com/" "Mozilla/4.0 (compatible; MSIE 8.0; Windows NT 6.1; WOW64; Trident/4.0; SLCC2; .NET CLR 2.0.50727; .NET CLR 3.5.30729; .NET CLR 3.0.30729; Media Center PC 6.0; InfoPath.2)"
157.55.17.195 - - [04/Jan/2012:09:16:16 -0500] "GET /forums/showthread.php?mode=hybrid&t=86150 HTTP/1.1" 200 19134 "-" "Mozilla/5.0 (compatible; bingbot/2.0; +http://www.bing.com/bingbot.htm)"
165.234.90.1 - - [04/Jan/2012:09:16:16 -0500] "GET /phpQJr/inc/poll.js HTTP/1.1" 200 897 "http://walleyecentral.com/phpQJr/poll.php?pid=50&url=http%3A//walleyecentral.com/" "Mozilla/4.0 (compatible; MSIE 8.0; Windows NT 6.1; WOW64; Trident/4.0; SLCC2; .NET CLR 2.0.50727; .NET CLR 3.5.30729; .NET CLR 3.0.30729; Media Center PC 6.0; InfoPath.2)"
165.234.90.1 - - [04/Jan/2012:09:16:16 -0500] "GET /favicon.ico HTTP/1.1" 200 822 "-" "Mozilla/4.0 (compatible; MSIE 8.0; Windows NT 6.1; WOW64; Trident/4.0; SLCC2; .NET CLR 2.0.50727; .NET CLR 3.5.30729; .NET CLR 3.0.30729; Media Center PC 6.0; InfoPath.2)"
66.11.150.236 - - [04/Jan/2012:09:16:16 -0500] "GET /weather.php?pands=55068 HTTP/1.0" 200 24178 "-" "-"
66.11.150.236 - - [04/Jan/2012:09:16:16 -0500] "GET /weather.php?pands=54002 HTTP/1.0" 200 24179 "-" "-"
180.76.5.59 - - [04/Jan/2012:09:16:16 -0500] "GET /forums/showthread.php?t=168073 HTTP/1.1" 200 13418 "-" "Mozilla/5.0 (compatible; Baiduspider/2.0; +http://www.baidu.com/search/spider.html)"
65.52.108.198 - - [04/Jan/2012:09:16:17 -0500] "GET /forums/showthread.php?t=139732 HTTP/1.1" 200 17634 "-" "Mozilla/5.0 (compatible; bingbot/2.0; +http://www.bing.com/bingbot.htm)"
205.134.249.170 - - [04/Jan/2012:09:16:17 -0500] "GET /weather.php?pands=crystal+fal HTTP/1.1" 200 16166 "-" "PHP/5.2.17"
205.134.249.170 - - [04/Jan/2012:09:16:17 -0500] "GET /weather.php?pands=16424 HTTP/1.1" 200 16166 "-" "PHP/5.2.17"
65.52.110.191 - - [04/Jan/2012:09:16:15 -0500] "GET /forums/memberlist.php?&order=asc&sort=username&page=889 HTTP/1.1" 200 13221 "-" "Mozilla/5.0 (compatible; bingbot/2.0; +http://www.bing.com/bingbot.htm)"
205.134.249.170 - - [04/Jan/2012:09:16:18 -0500] "GET /weather.php?pands=80513 HTTP/1.1" 200 16166 "-" "PHP/5.2.17"
95.211.74.85 - - [04/Jan/2012:09:16:18 -0500] "GET /forums/showpost.php?s=e2d983956899b5251dbd5b73653c03fc&p=1330868&postcount=5 HTTP/1.1" 200 30260 "-" "Mozilla/4.0 (compatible; MSIE 7.0; Windows NT 5.2; .NET CLR 2.0;)"
66.249.71.211 - - [04/Jan/2012:09:16:18 -0500] "GET /forums/archive/index.php/t-48889.html HTTP/1.1" 200 1805 "-" "Mozilla/5.0 (compatible; Googlebot/2.1; +http://www.google.com/bot.html)"
64.229.226.155 - - [04/Jan/2012:09:16:18 -0500] "GET /forums/forumdisplay.php?f=7 HTTP/1.1" 200 23048 "http://www.walleyecentral.com/forums/forumdisplay.php?f=15" "Mozilla/5.0 (compatible; MSIE 9.0; Windows NT 6.1; WOW64; Trident/5.0)"
64.229.226.155 - - [04/Jan/2012:09:16:18 -0500] "GET /openx/www/delivery/ajs.php?n=a5212870&zoneid=44&source=&exclude=,&r=256471781&loc=http%3A//www.walleyecentral.com/forums/forumdisplay.php%3Ff%3D7&referer=http%3A//www.walleyecentral.com/forums/forumdisplay.php%3Ff%3D15 HTTP/1.1" 200 929 "http://www.walleyecentral.com/forums/forumdisplay.php?f=7" "Mozilla/5.0 (compatible; MSIE 9.0; Windows NT 6.1; WOW64; Trident/5.0)"
66.11.150.236 - - [04/Jan/2012:09:16:18 -0500] "GET /weather.php?pands=54016 HTTP/1.0" 200 16166 "-" "-"
64.229.226.155 - - [04/Jan/2012:09:16:18 -0500] "GET /openx/www/delivery/ai.php?filename=obab_camp.jpg&contenttype=jpeg HTTP/1.1" 200 11622 "http://www.walleyecentral.com/forums/forumdisplay.php?f=7" "Mozilla/5.0 (compatible; MSIE 9.0; Windows NT 6.1; WOW64; Trident/5.0)"
64.229.226.155 - - [04/Jan/2012:09:16:18 -0500] "GET /forums/images/icons/icon4.gif HTTP/1.1" 200 1019 "http://www.walleyecentral.com/forums/forumdisplay.php?f=7" "Mozilla/5.0 (compatible; MSIE 9.0; Windows NT 6.1; WOW64; Trident/5.0)"
64.229.226.155 - - [04/Jan/2012:09:16:18 -0500] "GET /forums/images/icons/icon12.gif HTTP/1.1" 200 1060 "http://www.walleyecentral.com/forums/forumdisplay.php?f=7" "Mozilla/5.0 (compatible; MSIE 9.0; Windows NT 6.1; WOW64; Trident/5.0)"
