64.229.226.155 - - [04/Jan/2012:09:16:18 -0500] "GET /forums/images/icons/icon5.gif HTTP/1.1" 200 1057 "http://www.walleyecentral.com/forums/forumdisplay.php?f=7" "Mozilla/5.0 (compatible; MSIE 9.0; Windows NT 6.1; WOW64; Trident/5.0)"
165.234.90.1 - - [04/Jan/2012:09:16:19 -0500] "GET /classified/new/searchresults.jsp HTTP/1.1" 301 360 "http://walleyecentral.com/" "Mozilla/4.0 (compatible; MSIE 8.0; Windows NT 6.1; WOW64; Trident/4.0; SLCC2; .NET CLR 2.0.50727; .NET CLR 3.5.30729; .NET CLR 3.0.30729; Media Center PC 6.0; InfoPath.2)"
207.46.199.44 - - [04/Jan/2012:09:16:19 -0500] "GET /forums/archive/index.php/t-58562.html HTTP/1.1" 200 6363 "-" "Mozilla/5.0 (compatible; bingbot/2.0; +http://www.bing.com/bingbot.htm)"
66.11.150.236 - - [04/Jan/2012:09:16:18 -0500] "GET /weather.php?pands=14580 HTTP/1.0" 200 24178 "-" "-"
64.229.226.155 - - [04/Jan/2012:09:16:18 -0500] "GET /openx/www/delivery/lg.php?bannerid=43&campaignid=1&zoneid=44&loc=http%3A%2F%2Fwww.walleyecentral.com%2Fforums%2Fforumdisplay.php%3Ff%3D7&referer=http%3A%2F%2Fwww.walleyecentral.com%2Fforums%2Fforumdisplay.php%3Ff%3D15&cb=1b9926cad8 HTTP/1.1" 200 43 "http://www.walleyecentral.com/forums/forumdisplay.php?f=7" "Mozilla/5.0 (compatible; MSIE 9.0; Windows NT 6.1; WOW64; Trident/5.0)"
24.220.62.4 - - [04/Jan/2012:09:16:19 -0500] "GET /openx/www/delivery/ajs.php?n=a5212870&zoneid=1&source=&exclude=,&r=226496161&loc=http%3A//www.walleyecentral.com/forums/index.php HTTP/1.1" 200 904 "http://www.walleyecentral.com/forums/index.php" "Mozilla/4.0 (compatible; MSIE 8.0; Windows NT 5.1; Trident/4.0; (R1 1.6); .NET CLR 1.1.4322; BRI/1)"
65.52.110.191 - - [04/Jan/2012:09:16:19 -0500] "GET /forums/showthread.php?t=47095 HTTP/1.1" 200 14905 "-" "Mozilla/5.0 (compatible; bingbot/2.0; +http://www.bing.com/bingbot.htm)"
205.134.249.170 - - [04/Jan/2012:09:16:19 -0500] "GET /weather.php?pands=49871 HTTP/1.1" 200 16166 "-" "PHP/5.2.17"
205.134.249.170 - - [04/Jan/2012:09:16:19 -0500] "GET /weather.php?pands=45801 HTTP/1.1" 200 16166 "-" "PHP/5.2.17"
24.220.62.4 - - [04/Jan/2012:09:16:19 -0500] "GET /openx/www/delivery/lg.php?bannerid=6&campaignid=1&zoneid=1&channel_ids=,&loc=http%3A%2F%2Fwww.walleyecentral.com%2Fforums%2Findex.php&cb=4d5c0a30c6 HTTP/1.1" 200 43 "http://www.walleyecentral.com/forums/index.php" "Mozilla/4.0 (compatible; MSIE 8.0; Windows NT 5.1; Trident/4.0; (R1 1.6); .NET CLR 1.1.4322; BRI/1)"
65.52.110.191 - - [04/Jan/2012:09:16:20 -0500] "GET /forums/showthread.php?t=128726 HTTP/1.1" 200 13630 "-" "Mozilla/5.0 (compatible; bingbot/2.0; +http://www.bing.com/bingbot.htm)"
205.134.249.170 - - [04/Jan/2012:09:16:20 -0500] "GET /weather.php?pands=54552 HTTP/1.1" 200 16166 "-" "PHP/5.2.17"
205.144.147.4 - - [04/Jan/2012:09:16:20 -0500] "GET /forums/showthread.php?t=162860&page=2 HTTP/1.1" 200 25710 "http://www.walleyecentral.com/forums/showthread.php?t=162860" "Mozilla/4.0 (compatible; MSIE 8.0; Windows NT 6.1; Trident/4.0; SLCC2; .NET CLR 2.0.50727; .NET CLR 3.5.30729; .NET CLR 3.0.30729; Media Center PC 6.0; .NET4.0C; Tablet PC 2.0; InfoPath.3; MS-RTC LM 8; .NET4.0E)"
205.144.147.4 - - [04/Jan/2012:09:16:20 -0500] "GET /openx/www/delivery/ajs.php?n=a5212870&zoneid=87&source=&exclude=,&r=153530661&loc=http%3A//www.walleyecentral.com/forums/showthread.php%3Ft%3D162860%26page%3D2&referer=http%3A//www.walleyecentral.com/forums/showthread.php%3Ft%3D162860 HTTP/1.1" 200 961 "http://www.walleyecentral.com/forums/showthread.php?t=162860&page=2" "Mozilla/4.0 (compatible; MSIE 8.0; Windows NT 6.1; Trident/4.0; SLCC2; .NET CLR 2.0.50727; .NET CLR 3.5.30729; .NET CLR 3.0.30729; Media Center PC 6.0; .NET4.0C; Tablet PC 2.0; InfoPath.3; MS-RTC LM 8; .NET4.0E)"
205.144.147.4 - - [04/Jan/2012:09:16:21 -0500] "GET /openx/www/delivery/ai.php?filename=lureparts_2.gif&contenttype=gif HTTP/1.1" 200 11524 "http://www.walleyecentral.com/forums/showthread.php?t=162860&page=2" "Mozilla/4.0 (compatible; MSIE 8.0; Windows NT 6.1; Trident/4.0; SLCC2; .NET CLR 2.0.50727; .NET CLR 3.5.30729; .NET CLR 3.0.30729; Media Center PC 6.0; .NET4.0C; Tablet PC 2.0; InfoPath.3; MS-RTC LM 8; .NET4.0E)"
205.144.147.4 - - [04/Jan/2012:09:16:21 -0500] "GET /forums/image.php?u=24856&dateline=1304475927 HTTP/1.1" 200 2394 "http://www.walleyecentral.com/forums/showthread.php?t=162860&page=2" "Mozilla/4.0 (compatible; MSIE 8.0; Windows NT 6.1; Trident/4.0; SLCC2; .NET CLR 2.0.50727; .NET CLR 3.5.30729; .NET CLR 3.0.30729; Media Center PC 6.0; .NET4.0C; Tablet PC 2.0; InfoPath.3; MS-RTC LM 8; .NET4.0E)"
205.144.147.4 - - [04/Jan/2012:09:16:21 -0500] "GET /forums/images/misc/im_aim.gif HTTP/1.1" 200 1013 "http://www.walleyecentral.com/forums/showthread.php?t=162860&page=2" "Mozilla/4.0 (compatible; MSIE 8.0; Windows NT 6.1; Trident/4.0; SLCC2; .NET CLR 2.0.50727; .NET CLR 3.5.30729; .NET CLR 3.0.30729; Media Center PC 6.0; .NET4.0C; Tablet PC 2.0; InfoPath.3; MS-RTC LM 8; .NET4.0E)"
205.144.147.4 - - [04/Jan/2012:09:16:21 -0500] "GET /forums/image.php?u=3388&dateline=1297860080 HTTP/1.1" 200 1686 "http://www.walleyecentral.com/forums/showthread.php?t=162860&page=2" "Mozilla/4.0 (compatible; MSIE 8.0; Windows NT 6.1; Trident/4.0; SLCC2; .NET CLR 2.0.50727; .NET CLR 3.5.30729; .NET CLR 3.0.30729; Media Center PC 6.0; .NET4.0C; Tablet PC 2.0; InfoPath.3; MS-RTC LM 8; .NET4.0E)"
205.144.147.4 - - [04/Jan/2012:09:16:21 -0500] "GET /forums/images/smilies/rock-on.gif HTTP/1.1" 304 - "http://www.walleyecentral.com/forums/showthread.php?t=162860&page=2" "Mozilla/4.0 (compatible; MSIE 8.0; Windows NT 6.1; Trident/4.0; SLCC2; .NET CLR 2.0.50727; .NET CLR 3.5.30729; .NET CLR 3.0.30729; Media Center PC 6.0; .NET4.0C; Tablet PC 2.0; InfoPath.3; MS-RTC LM 8; .NET4.0E)"
205.144.147.4 - - [04/Jan/2012:09:16:21 -0500] "GET /forums/image.php?u=21460&dateline=1268255358 HTTP/1.1" 200 1704 "http://www.walleyecentral.com/forums/showthread.php?t=162860&page=2" "Mozilla/4.0 (compatible; MSIE 8.0; Windows NT 6.1; Trident/4.0; SLCC2; .NET CLR 2.0.50727; .NET CLR 3.5.30729; .NET CLR 3.0.30729; Media Center PC 6.0; .NET4.0C; Tablet PC 2.0; InfoPath.3; MS-RTC LM 8; .NET4.0E)"
66.11.150.236 - - [04/Jan/2012:09:16:20 -0500] "GET /weather.php?pands=56636 HTTP/1.0" 200 24168 "-" "-"
66.11.150.236 - - [04/Jan/2012:09:16:20 -0500] "GET /weather.php?pands=53189 HTTP/1.0" 200 24172 "-" "-"
205.144.147.4 - - [04/Jan/2012:09:16:21 -0500] "GET /openx/www/delivery/lg.php?bannerid=74&campaignid=1&zoneid=87&loc=http%3A%2F%2Fwww.walleyecentral.com%2Fforums%2Fshowthread.php%3Ft%3D162860%26page%3D2&referer=http%3A%2F%2Fwww.walleyecentral.com%2Fforums%2Fshowthread.php%3Ft%3D162860&cb=d3d5c9d181 HTTP/1.1" 200 43 "http://www.walleyecentral.com/forums/showthread.php?t=162860&page=2" "Mozilla/4.0 (compatible; MSIE 8.0; Windows NT 6.1; Trident/4.0; SLCC2; .NET CLR 2.0.50727; .NET CLR 3.5.30729; .NET CLR 3.0.30729; Media Center PC 6.0; .NET4.0C; Tablet PC 2.0; InfoPath.3; MS-RTC LM 8; .NET4.0E)"
199.189.229.8 - - [04/Jan/2012:09:16:21 -0500] "GET /themes/default/theme.css HTTP/1.1" 200 6726 "http://www.walleyecentral.com/" "Mozilla/5.0 (compatible; MSIE 9.0; Windows NT 6.1; WOW64; Trident/5.0)"
65.52.108.198 - - [04/Jan/2012:09:16:21 -0500] "GET /forums/showthread.php?p=1148703&mode=threaded HTTP/1.1" 200 14897 "-" "Mozilla/5.0 (compatible; bingbot/2.0; +http://www.bing.com/bingbot.htm)"
199.189.229.8 - - [04/Jan/2012:09:16:21 -0500] "GET /themes/default/common.css HTTP/1.1" 200 688 "http://www.walleyecentral.com/" "Mozilla/5.0 (compatible; MSIE 9.0; Windows NT 6.1; WOW64; Trident/5.0)"
199.189.229.8 - - [04/Jan/2012:09:16:21 -0500] "GET /themes/default/theme.css HTTP/1.1" 200 6726 "http://www.walleyecentral.com/" "Mozilla/5.0 (compatible; MSIE 9.0; Windows NT 6.1; WOW64; Trident/5.0)"
180.76.5.177 - - [04/Jan/2012:09:16:21 -0500] "GET /forums/showthread.php?t=168043 HTTP/1.1" 200 13534 "-" "Mozilla/5.0 (compatible; Baiduspider/2.0; +http://www.baidu.com/search/spider.html)"
205.134.249.170 - - [04/Jan/2012:09:16:22 -0500] "GET /weather.php?pands=57638 HTTP/1.1" 200 16166 "-" "PHP/5.2.17"
205.134.249.170 - - [04/Jan/2012:09:16:22 -0500] "GET /weather.php?pands=55110%2C+mn HTTP/1.1" 200 16166 "-" "PHP/5.2.17"
65.52.110.191 - - [04/Jan/2012:09:16:21 -0500] "GET /forums/showthread.php?p=1253742 HTTP/1.1" 200 17286 "-" "Mozilla/5.0 (compatible; bingbot/2.0; +http://www.bing.com/bingbot.htm)"
184.155.22.145 - - [04/Jan/2012:09:16:22 -0500] "GET /themes/default/theme.css HTTP/1.1" 304 - "http://www.walleyecentral.com/forums/search.php?searchid=4437008" "Mozilla/4.0 (compatible; MSIE 8.0; Windows NT 6.1; WOW64; Trident/4.0; GTB7.2; SLCC2; .NET CLR 2.0.50727; .NET CLR 3.5.30729; .NET CLR 3.0.30729; Media Center PC 6.0; MDDC; IPH 1.1.21.4019; .NET4.0C)"
184.155.22.145 - - [04/Jan/2012:09:16:22 -0500] "GET /forums/clientscript/vbulletin_important.css?v=373 HTTP/1.1" 304 - "http://www.walleyecentral.com/forums/search.php?searchid=4437008" "Mozilla/4.0 (compatible; MSIE 8.0; Windows NT 6.1; WOW64; Trident/4.0; GTB7.2; SLCC2; .NET CLR 2.0.50727; .NET CLR 3.5.30729; .NET CLR 3.0.30729; Media Center PC 6.0; MDDC; IPH 1.1.21.4019; .NET4.0C)"
199.189.229.8 - - [04/Jan/2012:09:16:22 -0500] "GET /themes/default/images/bullet.png HTTP/1.1" 200 253 "http://www.walleyecentral.com/" "Mozilla/5.0 (compatible; MSIE 9.0; Windows NT 6.1; WOW64; Trident/5.0)"
184.155.22.145 - - [04/Jan/2012:09:16:22 -0500] "GET /forums/clientscript/vbulletin_menu.js?v=373 HTTP/1.1" 304 - "http://www.walleyecentral.com/forums/search.php?searchid=4437008" "Mozilla/4.0 (compatible; MSIE 8.0; Windows NT 6.1; WOW64; Trident/4.0; GTB7.2; SLCC2; .NET CLR 2.0.50727; .NET CLR 3.5.30729; .NET CLR 3.0.30729; Media Center PC 6.0; MDDC; IPH 1.1.21.4019; .NET4.0C)"
184.155.22.145 - - [04/Jan/2012:09:16:22 -0500] "GET /forums/clientscript/vbulletin_global.js?v=373 HTTP/1.1" 304 - "http://www.walleyecentral.com/forums/search.php?searchid=4437008" "Mozilla/4.0 (compatible; MSIE 8.0; Windows NT 6.1; WOW64; Trident/4.0; GTB7.2; SLCC2; .NET CLR 2.0.50727; .NET CLR 3.5.30729; .NET CLR 3.0.30729; Media Center PC 6.0; MDDC; IPH 1.1.21.4019; .NET4.0C)"
184.155.22.145 - - [04/Jan/2012:09:16:22 -0500] "GET /forums/clientscript/yui/yahoo-dom-event/yahoo-dom-event.js?v=373 HTTP/1.1" 304 - "http://www.walleyecentral.com/forums/search.php?searchid=4437008" "Mozilla/4.0 (compatible; MSIE 8.0; Windows NT 6.1; WOW64; Trident/4.0; GTB7.2; SLCC2; .NET CLR 2.0.50727; .NET CLR 3.5.30729; .NET CLR 3.0.30729; Media Center PC 6.0; MDDC; IPH 1.1.21.4019; .NET4.0C)"
184.155.22.145 - - [04/Jan/2012:09:16:22 -0500] "GET /forums/search.php?searchid=4437008 HTTP/1.1" 200 20780 "http://www.walleyecentral.com/forums/index.php" "Mozilla/4.0 (compatible; MSIE 8.0; Windows NT 6.1; WOW64; Trident/4.0; GTB7.2; SLCC2; .NET CLR 2.0.50727; .NET CLR 3.5.30729; .NET CLR 3.0.30729; Media Center PC 6.0; MDDC; IPH 1.1.21.4019; .NET4.0C)"
199.189.229.8 - - [04/Jan/2012:09:16:22 -0500] "GET /themes/default/images/x.gif HTTP/1.1" 200 1107 "http://www.walleyecentral.com/" "Mozilla/5.0 (compatible; MSIE 9.0; Windows NT 6.1; WOW64; Trident/5.0)"
205.134.249.170 - - [04/Jan/2012:09:16:22 -0500] "GET /weather.php?pands=Escanaba%2C+M HTTP/1.1" 200 16166 "-" "PHP/5.2.17"
184.155.22.145 - - [04/Jan/2012:09:16:22 -0500] "GET /forums/clientscript/yui/connection/connection-min.js?v=373 HTTP/1.1" 304 - "http://www.walleyecentral.com/forums/search.php?searchid=4437008" "Mozilla/4.0 (compatible; MSIE 8.0; Windows NT 6.1; WOW64; Trident/4.0; GTB7.2; SLCC2; .NET CLR 2.0.50727; .NET CLR 3.5.30729; .NET CLR 3.0.30729; Media Center PC 6.0; MDDC; IPH 1.1.21.4019; .NET4.0C)"
199.189.229.8 - - [04/Jan/2012:09:16:22 -0500] "GET /themes/default/images/ranger_icon.jpg HTTP/1.1" 200 6291 "http://www.walleyecentral.com/" "Mozilla/5.0 (compatible; MSIE 9.0; Windows NT 6.1; WOW64; Trident/5.0)"
180.76.6.232 - - [04/Jan/2012:09:16:23 -0500] "GET /forums/search.php?searchid=4403960 HTTP/1.1" 200 10521 "-" "Mozilla/5.0 (compatible; Baiduspider/2.0; +http://www.baidu.com/search/spider.html)"
66.249.71.211 - - [04/Jan/2012:09:16:23 -0500] "GET /forums/archive/index.php/t-49975.html HTTP/1.1" 200 3845 "-" "Mozilla/5.0 (compatible; Googlebot/2.1; +http://www.google.com/bot.html)"
199.189.229.8 - - [04/Jan/2012:09:16:23 -0500] "GET /qnav/bullet_sq_sm_slateblue.gif HTTP/1.1" 200 820 "http://www.walleyecentral.com/" "Mozilla/5.0 (compatible; MSIE 9.0; Windows NT 6.1; WOW64; Trident/5.0)"
199.189.229.8 - - [04/Jan/2012:09:16:23 -0500] "GET /images/wc-hoodie.jpg HTTP/1.1" 200 2970 "http://www.walleyecentral.com/" "Mozilla/5.0 (compatible; MSIE 9.0; Windows NT 6.1; WOW64; Trident/5.0)"
199.189.229.8 - - [04/Jan/2012:09:16:23 -0500] "GET /images/facebook.jpg HTTP/1.1" 200 1058 "http://www.walleyecentral.com/" "Mozilla/5.0 (compatible; MSIE 9.0; Windows NT 6.1; WOW64; Trident/5.0)"
66.11.150.236 - - [04/Jan/2012:09:16:22 -0500] "GET /weather.php?pands=60126 HTTP/1.0" 200 24167 "-" "-"
184.155.22.145 - - [04/Jan/2012:09:16:23 -0500] "GET /openx/www/delivery/ajs.php?n=a5212870&zoneid=85&source=&exclude=,&r=4240391&loc=http%3A//www.walleyecentral.com/forums/search.php%3Fsearchid%3D4437008&referer=http%3A//www.walleyecentral.com/forums/index.php HTTP/1.1" 200 978 "http://www.walleyecentral.com/forums/search.php?searchid=4437008" "Mozilla/4.0 (compatible; MSIE 8.0; Windows NT 6.1; WOW64; Trident/4.0; GTB7.2; SLCC2; .NET CLR 2.0.50727; .NET CLR 3.5.30729; .NET CLR 3.0.30729; Media Center PC 6.0; MDDC; IPH 1.1.21.4019; .NET4.0C)"
66.11.150.236 - - [04/Jan/2012:09:16:22 -0500] "GET /weather.php?pands=52214 HTTP/1.0" 200 24176 "-" "-"
199.189.229.8 - - [04/Jan/2012:09:16:23 -0500] "GET /dbimages/articles-2012-01-02-216201556iconfile.JPG HTTP/1.1" 200 1315 "http://www.walleyecentral.com/" "Mozilla/5.0 (compatible; MSIE 9.0; Windows NT 6.1; WOW64; Trident/5.0)"
184.155.22.145 - - [04/Jan/2012:09:16:23 -0500] "GET /openx/www/delivery/ai.php?filename=jwfa_banner.jpg&contenttype=jpeg HTTP/1.1" 304 - "http://www.walleyecentral.com/forums/search.php?searchid=4437008" "Mozilla/4.0 (compatible; MSIE 8.0; Windows NT 6.1; WOW64; Trident/4.0; GTB7.2; SLCC2; .NET CLR 2.0.50727; .NET CLR 3.5.30729; .NET CLR 3.0.30729; Media Center PC 6.0; MDDC; IPH 1.1.21.4019; .NET4.0C)"
184.155.22.145 - - [04/Jan/2012:09:16:23 -0500] "GET /forums/images/statusicon/thread.gif HTTP/1.1" 304 - "http://www.walleyecentral.com/forums/search.php?searchid=4437008" "Mozilla/4.0 (compatible; MSIE 8.0; Windows NT 6.1; WOW64; Trident/4.0; GTB7.2; SLCC2; .NET CLR 2.0.50727; .NET CLR 3.5.30729; .NET CLR 3.0.30729; Media Center PC 6.0; MDDC; IPH 1.1.21.4019; .NET4.0C)"
184.155.22.145 - - [04/Jan/2012:09:16:23 -0500] "GET /forums/images/statusicon/thread_hot.gif HTTP/1.1" 200 1125 "http://www.walleyecentral.com/forums/search.php?searchid=4437008" "Mozilla/4.0 (compatible; MSIE 8.0; Windows NT 6.1; WOW64; Trident/4.0; GTB7.2; SLCC2; .NET CLR 2.0.50727; .NET CLR 3.5.30729; .NET CLR 3.0.30729; Media Center PC 6.0; MDDC; IPH 1.1.21.4019; .NET4.0C)"
184.155.22.145 - - [04/Jan/2012:09:16:23 -0500] "GET /forums/images/icons/icon6.gif HTTP/1.1" 304 - "http://www.walleyecentral.com/forums/search.php?searchid=4437008" "Mozilla/4.0 (compatible; MSIE 8.0; Windows NT 6.1; WOW64; Trident/4.0; GTB7.2; SLCC2; .NET CLR 2.0.50727; .NET CLR 3.5.30729; .NET CLR 3.0.30729; Media Center PC 6.0; MDDC; IPH 1.1.21.4019; .NET4.0C)"
184.155.22.145 - - [04/Jan/2012:09:16:23 -0500] "GET /forums/images/icons/icon7.gif HTTP/1.1" 304 - "http://www.walleyecentral.com/forums/search.php?searchid=4437008" "Mozilla/4.0 (compatible; MSIE 8.0; Windows NT 6.1; WOW64; Trident/4.0; GTB7.2; SLCC2; .NET CLR 2.0.50727; .NET CLR 3.5.30729; .NET CLR 3.0.30729; Media Center PC 6.0; MDDC; IPH 1.1.21.4019; .NET4.0C)"
12.2.142.12 - - [04/Jan/2012:09:16:23 -0500] "GET /forums/private.php?do=newpm&pmid=142477 HTTP/1.1" 200 72107 "http://www.walleyecentral.com/forums/private.php?do=showpm&pmid=142477" "Mozilla/4.0 (compatible; MSIE 8.0; Windows NT 6.1; WOW64; Trident/4.0; SLCC2; .NET CLR 2.0.50727; .NET CLR 3.5.30729; .NET CLR 3.0.30729; Media Center PC 6.0; .NET4.0C; .NET4.0E; InfoPath.2)"
199.189.229.8 - - [04/Jan/2012:09:16:21 -0500] "GET / HTTP/1.1" 200 64598 "-" "Mozilla/5.0 (compatible; MSIE 9.0; Windows NT 6.1; WOW64; Trident/5.0)"
12.2.142.12 - - [04/Jan/2012:09:16:23 -0500] "GET /forums/clientscript/vbulletin_editor.css?v=373 HTTP/1.1" 304 - "http://www.walleyecentral.com/forums/private.php?do=newpm&pmid=142477" "Mozilla/4.0 (compatible; MSIE 8.0; Windows NT 6.1; WOW64; Trident/4.0; SLCC2; .NET CLR 2.0.50727; .NET CLR 3.5.30729; .NET CLR 3.0.30729; Media Center PC 6.0; .NET4.0C; .NET4.0E; InfoPath.2)"
199.189.229.8 - - [04/Jan/2012:09:16:23 -0500] "GET /images/fishhuron.jpg HTTP/1.1" 200 12090 "http://www.walleyecentral.com/" "Mozilla/5.0 (compatible; MSIE 9.0; Windows NT 6.1; WOW64; Trident/5.0)"
12.2.142.12 - - [04/Jan/2012:09:16:23 -0500] "GET /forums/clientscript/vbulletin_ajax_namesugg.js?v=373 HTTP/1.1" 304 - "http://www.walleyecentral.com/forums/private.php?do=newpm&pmid=142477" "Mozilla/4.0 (compatible; MSIE 8.0; Windows NT 6.1; WOW64; Trident/4.0; SLCC2; .NET CLR 2.0.50727; .NET CLR 3.5.30729; .NET CLR 3.0.30729; Media Center PC 6.0; .NET4.0C; .NET4.0E; InfoPath.2)"
12.2.142.12 - - [04/Jan/2012:09:16:23 -0500] "GET /openx/www/delivery/ajs.php?n=a5212870&zoneid=85&source=&exclude=,&r=506252731&loc=http%3A//www.walleyecentral.com/forums/private.php%3Fdo%3Dnewpm%26pmid%3D142477&referer=http%3A//www.walleyecentral.com/forums/private.php%3Fdo%3Dshowpm%26pmid%3D142477 HTTP/1.1" 200 1007 "http://www.walleyecentral.com/forums/private.php?do=newpm&pmid=142477" "Mozilla/4.0 (compatible; MSIE 8.0; Windows NT 6.1; WOW64; Trident/4.0; SLCC2; .NET CLR 2.0.50727; .NET CLR 3.5.30729; .NET CLR 3.0.30729; Media Center PC 6.0; .NET4.0C; .NET4.0E; InfoPath.2)"
12.2.142.12 - - [04/Jan/2012:09:16:23 -0500] "GET /forums/clientscript/vbulletin_textedit.js?v=373 HTTP/1.1" 304 - "http://www.walleyecentral.com/forums/private.php?do=newpm&pmid=142477" "Mozilla/4.0 (compatible; MSIE 8.0; Windows NT 6.1; WOW64; Trident/4.0; SLCC2; .NET CLR 2.0.50727; .NET CLR 3.5.30729; .NET CLR 3.0.30729; Media Center PC 6.0; .NET4.0C; .NET4.0E; InfoPath.2)"
199.189.229.8 - - [04/Jan/2012:09:16:23 -0500] "GET /themes/default/images/topback.png HTTP/1.1" 200 1241 "http://www.walleyecentral.com/" "Mozilla/5.0 (compatible; MSIE 9.0; Windows NT 6.1; WOW64; Trident/5.0)"
199.189.229.8 - - [04/Jan/2012:09:16:23 -0500] "GET /dbimages/articles-2011-12-20-231784295iconfile.jpg HTTP/1.1" 200 1086 "http://www.walleyecentral.com/" "Mozilla/5.0 (compatible; MSIE 9.0; Windows NT 6.1; WOW64; Trident/5.0)"
184.155.22.145 - - [04/Jan/2012:09:16:23 -0500] "GET /openx/www/delivery/lg.php?bannerid=99&campaignid=1&zoneid=85&loc=http%3A%2F%2Fwww.walleyecentral.com%2Fforums%2Fsearch.php%3Fsearchid%3D4437008&referer=http%3A%2F%2Fwww.walleyecentral.com%2Fforums%2Findex.php&cb=f13decc5e9 HTTP/1.1" 200 43 "http://www.walleyecentral.com/forums/search.php?searchid=4437008" "Mozilla/4.0 (compatible; MSIE 8.0; Windows NT 6.1; WOW64; Trident/4.0; GTB7.2; SLCC2; .NET CLR 2.0.50727; .NET CLR 3.5.30729; .NET CLR 3.0.30729; Media Center PC 6.0; MDDC; IPH 1.1.21.4019; .NET4.0C)"
12.2.142.12 - - [04/Jan/2012:09:16:23 -0500] "GET /forums/images/editor/smilie.gif HTTP/1.1" 304 - "http://www.walleyecentral.com/forums/private.php?do=newpm&pmid=142477" "Mozilla/4.0 (compatible; MSIE 8.0; Windows NT 6.1; WOW64; Trident/4.0; SLCC2; .NET CLR 2.0.50727; .NET CLR 3.5.30729; .NET CLR 3.0.30729; Media Center PC 6.0; .NET4.0C; .NET4.0E; InfoPath.2)"
12.2.142.12 - - [04/Jan/2012:09:16:23 -0500] "GET /forums/images/editor/undo.gif HTTP/1.1" 304 - "http://www.walleyecentral.com/forums/private.php?do=newpm&pmid=142477" "Mozilla/4.0 (compatible; MSIE 8.0; Windows NT 6.1; WOW64; Trident/4.0; SLCC2; .NET CLR 2.0.50727; .NET CLR 3.5.30729; .NET CLR 3.0.30729; Media Center PC 6.0; .NET4.0C; .NET4.0E; InfoPath.2)"
12.2.142.12 - - [04/Jan/2012:09:16:23 -0500] "GET /forums/images/editor/redo.gif HTTP/1.1" 304 - "http://www.walleyecentral.com/forums/private.php?do=newpm&pmid=142477" "Mozilla/4.0 (compatible; MSIE 8.0; Windows NT 6.1; WOW64; Trident/4.0; SLCC2; .NET CLR 2.0.50727; .NET CLR 3.5.30729; .NET CLR 3.0.30729; Media Center PC 6.0; .NET4.0C; .NET4.0E; InfoPath.2)"
12.2.142.12 - - [04/Jan/2012:09:16:23 -0500] "GET /forums/images/editor/justifyleft.gif HTTP/1.1" 304 - "http://www.walleyecentral.com/forums/private.php?do=newpm&pmid=142477" "Mozilla/4.0 (compatible; MSIE 8.0; Windows NT 6.1; WOW64; Trident/4.0; SLCC2; .NET CLR 2.0.50727; .NET CLR 3.5.30729; .NET CLR 3.0.30729; Media Center PC 6.0; .NET4.0C; .NET4.0E; InfoPath.2)"
96.31.5.118 - - [04/Jan/2012:09:16:23 -0500] "GET /forums/showthread.php?t=189224 HTTP/1.1" 200 15733 "http://www.walleyecentral.com/forums/forumdisplay.php?f=5" "Mozilla/4.0 (compatible; MSIE 8.0; Windows NT 6.1; WOW64; Trident/4.0; SLCC2; .NET CLR 2.0.50727; .NET CLR 3.5.30729; .NET CLR 3.0.30729; Media Center PC 6.0; .NET4.0C)"
12.2.142.12 - - [04/Jan/2012:09:16:23 -0500] "GET /forums/images/editor/justifycenter.gif HTTP/1.1" 304 - "http://www.walleyecentral.com/forums/private.php?do=newpm&pmid=142477" "Mozilla/4.0 (compatible; MSIE 8.0; Windows NT 6.1; WOW64; Trident/4.0; SLCC2; .NET CLR 2.0.50727; .NET CLR 3.5.30729; .NET CLR 3.0.30729; Media Center PC 6.0; .NET4.0C; .NET4.0E; InfoPath.2)"
12.2.142.12 - - [04/Jan/2012:09:16:24 -0500] "GET /forums/images/editor/justifyright.gif HTTP/1.1" 304 - "http://www.walleyecentral.com/forums/private.php?do=newpm&pmid=142477" "Mozilla/4.0 (compatible; MSIE 8.0; Windows NT 6.1; WOW64; Trident/4.0; SLCC2; .NET CLR 2.0.50727; .NET CLR 3.5.30729; .NET CLR 3.0.30729; Media Center PC 6.0; .NET4.0C; .NET4.0E; InfoPath.2)"
12.2.142.12 - - [04/Jan/2012:09:16:24 -0500] "GET /forums/images/editor/insertorderedlist.gif HTTP/1.1" 304 - "http://www.walleyecentral.com/forums/private.php?do=newpm&pmid=142477" "Mozilla/4.0 (compatible; MSIE 8.0; Windows NT 6.1; WOW64; Trident/4.0; SLCC2; .NET CLR 2.0.50727; .NET CLR 3.5.30729; .NET CLR 3.0.30729; Media Center PC 6.0; .NET4.0C; .NET4.0E; InfoPath.2)"
199.189.229.8 - - [04/Jan/2012:09:16:24 -0500] "GET /themes/default/images/edit.gif HTTP/1.1" 200 1214 "http://www.walleyecentral.com/" "Mozilla/5.0 (compatible; MSIE 9.0; Windows NT 6.1; WOW64; Trident/5.0)"
12.2.142.12 - - [04/Jan/2012:09:16:23 -0500] "GET /openx/www/delivery/lg.php?bannerid=100&campaignid=1&zoneid=85&loc=http%3A%2F%2Fwww.walleyecentral.com%2Fforums%2Fprivate.php%3Fdo%3Dnewpm%26pmid%3D142477&referer=http%3A%2F%2Fwww.walleyecentral.com%2Fforums%2Fprivate.php%3Fdo%3Dshowpm%26pmid%3D142477&cb=99d7c85a39 HTTP/1.1" 200 43 "http://www.walleyecentral.com/forums/private.php?do=newpm&pmid=142477" "Mozilla/4.0 (compatible; MSIE 8.0; Windows NT 6.1; WOW64; Trident/4.0; SLCC2; .NET CLR 2.0.50727; .NET CLR 3.5.30729; .NET CLR 3.0.30729; Media Center PC 6.0; .NET4.0C; .NET4.0E; InfoPath.2)"
12.2.142.12 - - [04/Jan/2012:09:16:24 -0500] "GET /forums/images/editor/insertunorderedlist.gif HTTP/1.1" 304 - "http://www.walleyecentral.com/forums/private.php?do=newpm&pmid=142477" "Mozilla/4.0 (compatible; MSIE 8.0; Windows NT 6.1; WOW64; Trident/4.0; SLCC2; .NET CLR 2.0.50727; .NET CLR 3.5.30729; .NET CLR 3.0.30729; Media Center PC 6.0; .NET4.0C; .NET4.0E; InfoPath.2)"
12.2.142.12 - - [04/Jan/2012:09:16:24 -0500] "GET /forums/images/editor/outdent.gif HTTP/1.1" 304 - "http://www.walleyecentral.com/forums/private.php?do=newpm&pmid=142477" "Mozilla/4.0 (compatible; MSIE 8.0; Windows NT 6.1; WOW64; Trident/4.0; SLCC2; .NET CLR 2.0.50727; .NET CLR 3.5.30729; .NET CLR 3.0.30729; Media Center PC 6.0; .NET4.0C; .NET4.0E; InfoPath.2)"
12.2.142.12 - - [04/Jan/2012:09:16:24 -0500] "GET /forums/images/editor/indent.gif HTTP/1.1" 304 - "http://www.walleyecentral.com/forums/private.php?do=newpm&pmid=142477" "Mozilla/4.0 (compatible; MSIE 8.0; Windows NT 6.1; WOW64; Trident/4.0; SLCC2; .NET CLR 2.0.50727; .NET CLR 3.5.30729; .NET CLR 3.0.30729; Media Center PC 6.0; .NET4.0C; .NET4.0E; InfoPath.2)"
12.2.142.12 - - [04/Jan/2012:09:16:24 -0500] "GET /forums/images/editor/unlink.gif HTTP/1.1" 304 - "http://www.walleyecentral.com/forums/private.php?do=newpm&pmid=142477" "Mozilla/4.0 (compatible; MSIE 8.0; Windows NT 6.1; WOW64; Trident/4.0; SLCC2; .NET CLR 2.0.50727; .NET CLR 3.5.30729; .NET CLR 3.0.30729; Media Center PC 6.0; .NET4.0C; .NET4.0E; InfoPath.2)"
12.2.142.12 - - [04/Jan/2012:09:16:24 -0500] "GET /forums/images/editor/email.gif HTTP/1.1" 304 - "http://www.walleyecentral.com/forums/private.php?do=newpm&pmid=142477" "Mozilla/4.0 (compatible; MSIE 8.0; Windows NT 6.1; WOW64; Trident/4.0; SLCC2; .NET CLR 2.0.50727; .NET CLR 3.5.30729; .NET CLR 3.0.30729; Media Center PC 6.0; .NET4.0C; .NET4.0E; InfoPath.2)"
12.2.142.12 - - [04/Jan/2012:09:16:24 -0500] "GET /forums/images/editor/insertimage.gif HTTP/1.1" 304 - "http://www.walleyecentral.com/forums/private.php?do=newpm&pmid=142477" "Mozilla/4.0 (compatible; MSIE 8.0; Windows NT 6.1; WOW64; Trident/4.0; SLCC2; .NET CLR 2.0.50727; .NET CLR 3.5.30729; .NET CLR 3.0.30729; Media Center PC 6.0; .NET4.0C; .NET4.0E; InfoPath.2)"
96.31.5.118 - - [04/Jan/2012:09:16:24 -0500] "GET /openx/www/delivery/ajs.php?n=a5212870&zoneid=87&source=&exclude=,&r=877527501&loc=http%3A//www.walleyecentral.com/forums/showthread.php%3Ft%3D189224&referer=http%3A//www.walleyecentral.com/forums/forumdisplay.php%3Ff%3D5 HTTP/1.1" 200 933 "http://www.walleyecentral.com/forums/showthread.php?t=189224" "Mozilla/4.0 (compatible; MSIE 8.0; Windows NT 6.1; WOW64; Trident/4.0; SLCC2; .NET CLR 2.0.50727; .NET CLR 3.5.30729; .NET CLR 3.0.30729; Media Center PC 6.0; .NET4.0C)"
12.2.142.12 - - [04/Jan/2012:09:16:24 -0500] "GET /forums/images/editor/code.gif HTTP/1.1" 304 - "http://www.walleyecentral.com/forums/private.php?do=newpm&pmid=142477" "Mozilla/4.0 (compatible; MSIE 8.0; Windows NT 6.1; WOW64; Trident/4.0; SLCC2; .NET CLR 2.0.50727; .NET CLR 3.5.30729; .NET CLR 3.0.30729; Media Center PC 6.0; .NET4.0C; .NET4.0E; InfoPath.2)"
12.2.142.12 - - [04/Jan/2012:09:16:24 -0500] "GET /forums/images/editor/html.gif HTTP/1.1" 304 - "http://www.walleyecentral.com/forums/private.php?do=newpm&pmid=142477" "Mozilla/4.0 (compatible; MSIE 8.0; Windows NT 6.1; WOW64; Trident/4.0; SLCC2; .NET CLR 2.0.50727; .NET CLR 3.5.30729; .NET CLR 3.0.30729; Media Center PC 6.0; .NET4.0C; .NET4.0E; InfoPath.2)"
12.2.142.12 - - [04/Jan/2012:09:16:24 -0500] "GET /forums/images/smilies/sorry.gif HTTP/1.1" 200 622 "http://www.walleyecentral.com/forums/private.php?do=newpm&pmid=142477" "Mozilla/4.0 (compatible; MSIE 8.0; Windows NT 6.1; WOW64; Trident/4.0; SLCC2; .NET CLR 2.0.50727; .NET CLR 3.5.30729; .NET CLR 3.0.30729; Media Center PC 6.0; .NET4.0C; .NET4.0E; InfoPath.2)"
12.2.142.12 - - [04/Jan/2012:09:16:24 -0500] "GET /forums/images/smilies/devil.gif HTTP/1.1" 200 180 "http://www.walleyecentral.com/forums/private.php?do=newpm&pmid=142477" "Mozilla/4.0 (compatible; MSIE 8.0; Windows NT 6.1; WOW64; Trident/4.0; SLCC2; .NET CLR 2.0.50727; .NET CLR 3.5.30729; .NET CLR 3.0.30729; Media Center PC 6.0; .NET4.0C; .NET4.0E; InfoPath.2)"
12.2.142.12 - - [04/Jan/2012:09:16:24 -0500] "GET /forums/images/editor/php.gif HTTP/1.1" 304 - "http://www.walleyecentral.com/forums/private.php?do=newpm&pmid=142477" "Mozilla/4.0 (compatible; MSIE 8.0; Windows NT 6.1; WOW64; Trident/4.0; SLCC2; .NET CLR 2.0.50727; .NET CLR 3.5.30729; .NET CLR 3.0.30729; Media Center PC 6.0; .NET4.0C; .NET4.0E; InfoPath.2)"
12.2.142.12 - - [04/Jan/2012:09:16:24 -0500] "GET /forums/images/smilies/blush.gif HTTP/1.1" 304 - "http://www.walleyecentral.com/forums/private.php?do=newpm&pmid=142477" "Mozilla/4.0 (compatible; MSIE 8.0; Windows NT 6.1; WOW64; Trident/4.0; SLCC2; .NET CLR 2.0.50727; .NET CLR 3.5.30729; .NET CLR 3.0.30729; Media Center PC 6.0; .NET4.0C; .NET4.0E; InfoPath.2)"
12.2.142.12 - - [04/Jan/2012:09:16:24 -0500] "GET /forums/images/smilies/raisin.gif HTTP/1.1" 304 - "http://www.walleyecentral.com/forums/private.php?do=newpm&pmid=142477" "Mozilla/4.0 (compatible; MSIE 8.0; Windows NT 6.1; WOW64; Trident/4.0; SLCC2; .NET CLR 2.0.50727; .NET CLR 3.5.30729; .NET CLR 3.0.30729; Media Center PC 6.0; .NET4.0C; .NET4.0E; InfoPath.2)"
12.2.142.12 - - [04/Jan/2012:09:16:24 -0500] "GET /forums/images/smilies/confused.gif HTTP/1.1" 304 - "http://www.walleyecentral.com/forums/private.php?do=newpm&pmid=142477" "Mozilla/4.0 (compatible; MSIE 8.0; Windows NT 6.1; WOW64; Trident/4.0; SLCC2; .NET CLR 2.0.50727; .NET CLR 3.5.30729; .NET CLR 3.0.30729; Media Center PC 6.0; .NET4.0C; .NET4.0E; InfoPath.2)"
205.134.249.170 - - [04/Jan/2012:09:16:24 -0500] "GET /weather.php?pands=57633 HTTP/1.1" 200 16166 "-" "PHP/5.2.17"
12.2.142.12 - - [04/Jan/2012:09:16:24 -0500] "GET /forums/images/smilies/howdy.gif HTTP/1.1" 304 - "http://www.walleyecentral.com/forums/private.php?do=newpm&pmid=142477" "Mozilla/4.0 (compatible; MSIE 8.0; Windows NT 6.1; WOW64; Trident/4.0; SLCC2; .NET CLR 2.0.50727; .NET CLR 3.5.30729; .NET CLR 3.0.30729; Media Center PC 6.0; .NET4.0C; .NET4.0E; InfoPath.2)"
205.134.249.170 - - [04/Jan/2012:09:16:24 -0500] "GET /weather.php?pands=49854 HTTP/1.1" 200 16166 "-" "PHP/5.2.17"
96.31.5.118 - - [04/Jan/2012:09:16:24 -0500] "GET /forums/image.php?u=45839&dateline=1321664484 HTTP/1.1" 200 1739 "http://www.walleyecentral.com/forums/showthread.php?t=189224" "Mozilla/4.0 (compatible; MSIE 8.0; Windows NT 6.1; WOW64; Trident/4.0; SLCC2; .NET CLR 2.0.50727; .NET CLR 3.5.30729; .NET CLR 3.0.30729; Media Center PC 6.0; .NET4.0C)"
12.2.142.12 - - [04/Jan/2012:09:16:24 -0500] "GET /forums/images/smilies/bang-bang.gif HTTP/1.1" 304 - "http://www.walleyecentral.com/forums/private.php?do=newpm&pmid=142477" "Mozilla/4.0 (compatible; MSIE 8.0; Windows NT 6.1; WOW64; Trident/4.0; SLCC2; .NET CLR 2.0.50727; .NET CLR 3.5.30729; .NET CLR 3.0.30729; Media Center PC 6.0; .NET4.0C; .NET4.0E; InfoPath.2)"
96.31.5.118 - - [04/Jan/2012:09:16:24 -0500] "GET /forums/image.php?u=5817&dateline=1262815287 HTTP/1.1" 200 1461 "http://www.walleyecentral.com/forums/showthread.php?t=189224" "Mozilla/4.0 (compatible; MSIE 8.0; Windows NT 6.1; WOW64; Trident/4.0; SLCC2; .NET CLR 2.0.50727; .NET CLR 3.5.30729; .NET CLR 3.0.30729; Media Center PC 6.0; .NET4.0C)"
12.2.142.12 - - [04/Jan/2012:09:16:24 -0500] "GET /forums/images/smilies/cry.gif HTTP/1.1" 304 - "http://www.walleyecentral.com/forums/private.php?do=newpm&pmid=142477" "Mozilla/4.0 (compatible; MSIE 8.0; Windows NT 6.1; WOW64; Trident/4.0; SLCC2; .NET CLR 2.0.50727; .NET CLR 3.5.30729; .NET CLR 3.0.30729; Media Center PC 6.0; .NET4.0C; .NET4.0E; InfoPath.2)"
96.31.5.118 - - [04/Jan/2012:09:16:24 -0500] "GET /forums/image.php?u=18053&dateline=1216420470 HTTP/1.1" 200 1917 "http://www.walleyecentral.com/forums/showthread.php?t=189224" "Mozilla/4.0 (compatible; MSIE 8.0; Windows NT 6.1; WOW64; Trident/4.0; SLCC2; .NET CLR 2.0.50727; .NET CLR 3.5.30729; .NET CLR 3.0.30729; Media Center PC 6.0; .NET4.0C)"
12.2.142.12 - - [04/Jan/2012:09:16:24 -0500] "GET /forums/images/smilies/smokin.gif HTTP/1.1" 304 - "http://www.walleyecentral.com/forums/private.php?do=newpm&pmid=142477" "Mozilla/4.0 (compatible; MSIE 8.0; Windows NT 6.1; WOW64; Trident/4.0; SLCC2; .NET CLR 2.0.50727; .NET CLR 3.5.30729; .NET CLR 3.0.30729; Media Center PC 6.0; .NET4.0C; .NET4.0E; InfoPath.2)"
96.31.5.118 - - [04/Jan/2012:09:16:24 -0500] "GET /forums/image.php?u=5817&type=sigpic&dateline=1262816792 HTTP/1.1" 200 2791 "http://www.walleyecentral.com/forums/showthread.php?t=189224" "Mozilla/4.0 (compatible; MSIE 8.0; Windows NT 6.1; WOW64; Trident/4.0; SLCC2; .NET CLR 2.0.50727; .NET CLR 3.5.30729; .NET CLR 3.0.30729; Media Center PC 6.0; .NET4.0C)"
12.2.142.12 - - [04/Jan/2012:09:16:24 -0500] "GET /forums/images/smilies/blahblah.gif HTTP/1.1" 304 - "http://www.walleyecentral.com/forums/private.php?do=newpm&pmid=142477" "Mozilla/4.0 (compatible; MSIE 8.0; Windows NT 6.1; WOW64; Trident/4.0; SLCC2; .NET CLR 2.0.50727; .NET CLR 3.5.30729; .NET CLR 3.0.30729; Media Center PC 6.0; .NET4.0C; .NET4.0E; InfoPath.2)"
12.2.142.12 - - [04/Jan/2012:09:16:24 -0500] "GET /forums/images/smilies/popc1.gif HTTP/1.1" 304 - "http://www.walleyecentral.com/forums/private.php?do=newpm&pmid=142477" "Mozilla/4.0 (compatible; MSIE 8.0; Windows NT 6.1; WOW64; Trident/4.0; SLCC2; .NET CLR 2.0.50727; .NET CLR 3.5.30729; .NET CLR 3.0.30729; Media Center PC 6.0; .NET4.0C; .NET4.0E; InfoPath.2)"
12.2.142.12 - - [04/Jan/2012:09:16:24 -0500] "GET /forums/images/smilies/horsepoop.gif HTTP/1.1" 304 - "http://www.walleyecentral.com/forums/private.php?do=newpm&pmid=142477" "Mozilla/4.0 (compatible; MSIE 8.0; Windows NT 6.1; WOW64; Trident/4.0; SLCC2; .NET CLR 2.0.50727; .NET CLR 3.5.30729; .NET CLR 3.0.30729; Media Center PC 6.0; .NET4.0C; .NET4.0E; InfoPath.2)"
12.2.142.12 - - [04/Jan/2012:09:16:24 -0500] "GET /forums/images/smilies/ban.gif HTTP/1.1" 304 - "http://www.walleyecentral.com/forums/private.php?do=newpm&pmid=142477" "Mozilla/4.0 (compatible; MSIE 8.0; Windows NT 6.1; WOW64; Trident/4.0; SLCC2; .NET CLR 2.0.50727; .NET CLR 3.5.30729; .NET CLR 3.0.30729; Media Center PC 6.0; .NET4.0C; .NET4.0E; InfoPath.2)"
12.2.142.12 - - [04/Jan/2012:09:16:24 -0500] "GET /forums/images/smilies/crazy.gif HTTP/1.1" 304 - "http://www.walleyecentral.com/forums/private.php?do=newpm&pmid=142477" "Mozilla/4.0 (compatible; MSIE 8.0; Windows NT 6.1; WOW64; Trident/4.0; SLCC2; .NET CLR 2.0.50727; .NET CLR 3.5.30729; .NET CLR 3.0.30729; Media Center PC 6.0; .NET4.0C; .NET4.0E; InfoPath.2)"
12.2.142.12 - - [04/Jan/2012:09:16:24 -0500] "GET /forums/images/smilies/smirk.gif HTTP/1.1" 304 - "http://www.walleyecentral.com/forums/private.php?do=newpm&pmid=142477" "Mozilla/4.0 (compatible; MSIE 8.0; Windows NT 6.1; WOW64; Trident/4.0; SLCC2; .NET CLR 2.0.50727; .NET CLR 3.5.30729; .NET CLR 3.0.30729; Media Center PC 6.0; .NET4.0C; .NET4.0E; InfoPath.2)"
12.2.142.12 - - [04/Jan/2012:09:16:24 -0500] "GET /forums/images/icons/icon13.gif HTTP/1.1" 304 - "http://www.walleyecentral.com/forums/private.php?do=newpm&pmid=142477" "Mozilla/4.0 (compatible; MSIE 8.0; Windows NT 6.1; WOW64; Trident/4.0; SLCC2; .NET CLR 2.0.50727; .NET CLR 3.5.30729; .NET CLR 3.0.30729; Media Center PC 6.0; .NET4.0C; .NET4.0E; InfoPath.2)"
199.189.229.8 - - [04/Jan/2012:09:16:24 -0500] "GET /dbimages/articles-2011-12-20-993572124iconfile.jpg HTTP/1.1" 200 1433 "http://www.walleyecentral.com/" "Mozilla/5.0 (compatible; MSIE 9.0; Windows NT 6.1; WOW64; Trident/5.0)"
12.2.142.12 - - [04/Jan/2012:09:16:24 -0500] "GET /forums/images/icons/icon12.gif HTTP/1.1" 304 - "http://www.walleyecentral.com/forums/private.php?do=newpm&pmid=142477" "Mozilla/4.0 (compatible; MSIE 8.0; Windows NT 6.1; WOW64; Trident/4.0; SLCC2; .NET CLR 2.0.50727; .NET CLR 3.5.30729; .NET CLR 3.0.30729; Media Center PC 6.0; .NET4.0C; .NET4.0E; InfoPath.2)"
96.31.5.118 - - [04/Jan/2012:09:16:24 -0500] "GET /openx/www/delivery/lg.php?bannerid=98&campaignid=1&zoneid=87&loc=http%3A%2F%2Fwww.walleyecentral.com%2Fforums%2Fshowthread.php%3Ft%3D189224&referer=http%3A%2F%2Fwww.walleyecentral.com%2Fforums%2Fforumdisplay.php%3Ff%3D5&cb=43ffa4d5ba HTTP/1.1" 200 43 "http://www.walleyecentral.com/forums/showthread.php?t=189224" "Mozilla/4.0 (compatible; MSIE 8.0; Windows NT 6.1; WOW64; Trident/4.0; SLCC2; .NET CLR 2.0.50727; .NET CLR 3.5.30729; .NET CLR 3.0.30729; Media Center PC 6.0; .NET4.0C)"
46.17.98.217 - - [04/Jan/2012:09:16:23 -0500] "GET /forums/newthread.php?do=newthread&f=5%2BResult:%2Btext%2Bcaptcha%2Bdecoded;%2Bchosen%2Bnickname%2B%2522 HTTP/1.0" 200 50846 "http://www.walleyecentral.com/forums/newthread.php?do=newthread&f=5%2BResult:%2Btext%2Bcaptcha%2Bdecoded;%2Bchosen%2Bnickname%2B%2522#xlimnick%255BSYSYSYSAYSYY%255D%2522;%2Bregistered;%2Blogged%2Bin;%2Bnofollow%2Bis%2Bfound;%2Bsuccess;%2BBB-code%2Bnot%2Bworking;+%5BPLM=0%5D%5BR%5D+GET+http://www.walleyecentral.com/forums/register.php+%5B0,29736,31012%5D+-%3E+%5BR%5D+POST+http://www.walleyecentral.com/forums/register.php?do=register+%5B0,40383,41202%5D+-%3E+%5BR%5D+POST+http://www.walleyecentral.com/forums/register.php?do=addmember+%5B0,41052,41871%5D+-%3E+%5BR%5D+POST+http://www.walleyecentral.com/forums/register.php?do=addmember+%5B0,41065,41884%5D+-%3E+%5BR%5D+POST+http://www.walleyecentral.com/forums/register.php?do=addmember+%5B0,41065,41884%5D+-%3E+%5BR%5D+POST+http://www.walleyecentral.com/forums/register.php?do=addmember+%5B0,41052,41871%5D+-%3E+%5BR%5D+POST+http://www.walleyecentral.com/forums/register.php?do=addmember+%5B0,41065,41884%5D+-%3E+%5BR%5D+POST+http://www.walleyecentral.com/forums/register.php?do=addmember+%5B0,41079,41898%5D+-%3E+%5BR%5D+POST+http://www.walleyecentral.com/forums/register.php?do=addmember+%5B0,41067,41886%5D+-%3E+%5BR%5D+POST+http://www.walleyecentral.com/forums/register.php?do=addmember+%5B0,41049,41868%5D+-%3E+%5BR%5D+POST+http://www.walleyecentral.com/forums/register.php?do=addmember+%5B0,41052,41871%5D+-%3E+%5BR%5D+POST+http://www.walleyecentral.com/forums/register.php?do=addmember+%5B0,41052,41871%5D+-%3E+%5BR%5D+POST+http://www.walleyecentral.com/forums/register.php?do=addmember+%5B0,41040,41859%5D+-%3E+%5BR%5D+POST+http://www.walleyecentral.com/forums/register.php?do=addmember+%5B0,41064,41883%5D+-%3E+%5BR%5D+POST+http://www.walleyecentral.com/forums/register.php?do=addmember+%5B0,41067,41886%5D+-%3E+%5BR%5D+POST+http://www.walleyecentral.com/forums/register.php?do=addmember+%5B0,0,0%5D+-%3E+%5BL%5D+GET+http://www.walleyecentral.com/classified/new/newadlogin.jsp+%5B0,0,0%5D+-%3E+%5BL%5D+GET+http://www.walleyecentral.com/classified/new/newadlogin.jsp+%5B0,19557,18915%5D+-%3E+%5BL%5D+POST+http://www.walleyecentral.com/classified/new/newadlogin.jsp+%5B0,0,18997%5D+-%3E+%5BN%5D+GET+http://www.walleyecentral.com/forums/newthread.php?do=newthread&f=5%2BResult:%2Btext%2Bcaptcha%2Bdecoded;%2Bchosen%2Bnickname%2B%2522+%5B0,47981,50399%5D+-%3E+%5BN%5D+POST+http://www.walleyecentral.com/forums/newthread.php?do=postthread&f=5+%5B0,0,52628%5D" "Mozilla/4.0 (compatible; MSIE 6.0; Windows NT 5.2; Win64; AMD64)"
12.2.142.12 - - [04/Jan/2012:09:16:24 -0500] "GET /forums/images/icons/icon11.gif HTTP/1.1" 304 - "http://www.walleyecentral.com/forums/private.php?do=newpm&pmid=142477" "Mozilla/4.0 (compatible; MSIE 8.0; Windows NT 6.1; WOW64; Trident/4.0; SLCC2; .NET CLR 2.0.50727; .NET CLR 3.5.30729; .NET CLR 3.0.30729; Media Center PC 6.0; .NET4.0C; .NET4.0E; InfoPath.2)"
12.2.142.12 - - [04/Jan/2012:09:16:24 -0500] "GET /forums/images/icons/icon10.gif HTTP/1.1" 304 - "http://www.walleyecentral.com/forums/private.php?do=newpm&pmid=142477" "Mozilla/4.0 (compatible; MSIE 8.0; Windows NT 6.1; WOW64; Trident/4.0; SLCC2; .NET CLR 2.0.50727; .NET CLR 3.5.30729; .NET CLR 3.0.30729; Media Center PC 6.0; .NET4.0C; .NET4.0E; InfoPath.2)"
12.2.142.12 - - [04/Jan/2012:09:16:24 -0500] "GET /forums/images/icons/icon9.gif HTTP/1.1" 304 - "http://www.walleyecentral.com/forums/private.php?do=newpm&pmid=142477" "Mozilla/4.0 (compatible; MSIE 8.0; Windows NT 6.1; WOW64; Trident/4.0; SLCC2; .NET CLR 2.0.50727; .NET CLR 3.5.30729; .NET CLR 3.0.30729; Media Center PC 6.0; .NET4.0C; .NET4.0E; InfoPath.2)"
12.2.142.12 - - [04/Jan/2012:09:16:24 -0500] "GET /forums/images/icons/icon8.gif HTTP/1.1" 304 - "http://www.walleyecentral.com/forums/private.php?do=newpm&pmid=142477" "Mozilla/4.0 (compatible; MSIE 8.0; Windows NT 6.1; WOW64; Trident/4.0; SLCC2; .NET CLR 2.0.50727; .NET CLR 3.5.30729; .NET CLR 3.0.30729; Media Center PC 6.0; .NET4.0C; .NET4.0E; InfoPath.2)"
12.2.142.12 - - [04/Jan/2012:09:16:24 -0500] "GET /forums/images/icons/icon5.gif HTTP/1.1" 304 - "http://www.walleyecentral.com/forums/private.php?do=newpm&pmid=142477" "Mozilla/4.0 (compatible; MSIE 8.0; Windows NT 6.1; WOW64; Trident/4.0; SLCC2; .NET CLR 2.0.50727; .NET CLR 3.5.30729; .NET CLR 3.0.30729; Media Center PC 6.0; .NET4.0C; .NET4.0E; InfoPath.2)"
12.2.142.12 - - [04/Jan/2012:09:16:24 -0500] "GET /forums/images/icons/icon4.gif HTTP/1.1" 304 - "http://www.walleyecentral.com/forums/private.php?do=newpm&pmid=142477" "Mozilla/4.0 (compatible; MSIE 8.0; Windows NT 6.1; WOW64; Trident/4.0; SLCC2; .NET CLR 2.0.50727; .NET CLR 3.5.30729; .NET CLR 3.0.30729; Media Center PC 6.0; .NET4.0C; .NET4.0E; InfoPath.2)"
12.2.142.12 - - [04/Jan/2012:09:16:24 -0500] "GET /forums/images/icons/icon3.gif HTTP/1.1" 304 - "http://www.walleyecentral.com/forums/private.php?do=newpm&pmid=142477" "Mozilla/4.0 (compatible; MSIE 8.0; Windows NT 6.1; WOW64; Trident/4.0; SLCC2; .NET CLR 2.0.50727; .NET CLR 3.5.30729; .NET CLR 3.0.30729; Media Center PC 6.0; .NET4.0C; .NET4.0E; InfoPath.2)"
12.2.142.12 - - [04/Jan/2012:09:16:24 -0500] "GET /forums/images/icons/icon2.gif HTTP/1.1" 304 - "http://www.walleyecentral.com/forums/private.php?do=newpm&pmid=142477" "Mozilla/4.0 (compatible; MSIE 8.0; Windows NT 6.1; WOW64; Trident/4.0; SLCC2; .NET CLR 2.0.50727; .NET CLR 3.5.30729; .NET CLR 3.0.30729; Media Center PC 6.0; .NET4.0C; .NET4.0E; InfoPath.2)"
205.134.249.170 - - [04/Jan/2012:09:16:24 -0500] "GET /weather.php?pands=p0m1n0 HTTP/1.1" 200 16166 "-" "PHP/5.2.17"
66.11.150.236 - - [04/Jan/2012:09:16:24 -0500] "GET /weather.php?pands=central+cit HTTP/1.0" 200 24178 "-" "-"
199.189.229.8 - - [04/Jan/2012:09:16:25 -0500] "GET /dbimages/articles-2011-12-20-429665774iconfile.jpg HTTP/1.1" 200 629 "http://www.walleyecentral.com/" "Mozilla/5.0 (compatible; MSIE 9.0; Windows NT 6.1; WOW64; Trident/5.0)"
65.52.108.198 - - [04/Jan/2012:09:16:25 -0500] "GET /forums/showthread.php?t=26169 HTTP/1.1" 200 15836 "-" "Mozilla/5.0 (compatible; bingbot/2.0; +http://www.bing.com/bingbot.htm)"
66.11.150.236 - - [04/Jan/2012:09:16:24 -0500] "GET /weather.php?pands=57325 HTTP/1.0" 200 24176 "-" "-"
199.189.229.8 - - [04/Jan/2012:09:16:25 -0500] "GET /dbimages/articles-2011-12-19-56677216iconfile.jpg HTTP/1.1" 200 1844 "http://www.walleyecentral.com/" "Mozilla/5.0 (compatible; MSIE 9.0; Windows NT 6.1; WOW64; Trident/5.0)"
199.189.229.8 - - [04/Jan/2012:09:16:25 -0500] "GET /dbimages/articles-2011-12-19-992528775iconfile.jpg HTTP/1.1" 200 1561 "http://www.walleyecentral.com/" "Mozilla/5.0 (compatible; MSIE 9.0; Windows NT 6.1; WOW64; Trident/5.0)"
199.189.229.8 - - [04/Jan/2012:09:16:25 -0500] "GET /dbimages/articles-2011-12-09-612515290iconfile.jpg HTTP/1.1" 200 923 "http://www.walleyecentral.com/" "Mozilla/5.0 (compatible; MSIE 9.0; Windows NT 6.1; WOW64; Trident/5.0)"
66.45.150.25 - - [04/Jan/2012:09:16:25 -0500] "GET /forums/forumdisplay.php?f=33 HTTP/1.1" 200 22898 "http://www.walleyecentral.com/" "Mozilla/5.0 (Windows NT 5.1; rv:8.0) Gecko/20100101 Firefox/8.0"
66.45.150.25 - - [04/Jan/2012:09:16:26 -0500] "GET /forums/clientscript/vbulletin_important.css?v=373 HTTP/1.1" 304 - "http://www.walleyecentral.com/forums/forumdisplay.php?f=33" "Mozilla/5.0 (Windows NT 5.1; rv:8.0) Gecko/20100101 Firefox/8.0"
66.45.150.25 - - [04/Jan/2012:09:16:26 -0500] "GET /forums/clientscript/yui/yahoo-dom-event/yahoo-dom-event.js?v=373 HTTP/1.1" 304 - "http://www.walleyecentral.com/forums/forumdisplay.php?f=33" "Mozilla/5.0 (Windows NT 5.1; rv:8.0) Gecko/20100101 Firefox/8.0"
66.45.150.25 - - [04/Jan/2012:09:16:26 -0500] "GET /forums/clientscript/yui/connection/connection-min.js?v=373 HTTP/1.1" 304 - "http://www.walleyecentral.com/forums/forumdisplay.php?f=33" "Mozilla/5.0 (Windows NT 5.1; rv:8.0) Gecko/20100101 Firefox/8.0"
66.45.150.25 - - [04/Jan/2012:09:16:26 -0500] "GET /forums/clientscript/vbulletin_global.js?v=373 HTTP/1.1" 304 - "http://www.walleyecentral.com/forums/forumdisplay.php?f=33" "Mozilla/5.0 (Windows NT 5.1; rv:8.0) Gecko/20100101 Firefox/8.0"
66.45.150.25 - - [04/Jan/2012:09:16:26 -0500] "GET /forums/clientscript/vbulletin_menu.js?v=373 HTTP/1.1" 304 - "http://www.walleyecentral.com/forums/forumdisplay.php?f=33" "Mozilla/5.0 (Windows NT 5.1; rv:8.0) Gecko/20100101 Firefox/8.0"
199.189.229.8 - - [04/Jan/2012:09:16:26 -0500] "GET /dbimages/articles-2011-12-05-541299785iconfile.jpg HTTP/1.1" 200 1567 "http://www.walleyecentral.com/" "Mozilla/5.0 (compatible; MSIE 9.0; Windows NT 6.1; WOW64; Trident/5.0)"
66.45.150.25 - - [04/Jan/2012:09:16:26 -0500] "GET /forums/clientscript/vbulletin_read_marker.js?v=373 HTTP/1.1" 304 - "http://www.walleyecentral.com/forums/forumdisplay.php?f=33" "Mozilla/5.0 (Windows NT 5.1; rv:8.0) Gecko/20100101 Firefox/8.0"
207.47.161.58 - - [04/Jan/2012:09:16:25 -0500] "GET /forums/forumdisplay.php?f=33 HTTP/1.1" 200 22211 "http://www.walleyecentral.com/forums/" "Mozilla/5.0 (Windows; U; Windows NT 5.1; en-US; rv:1.9.0.19) Gecko/2010031422 Firefox/3.0.19 (.NET CLR 3.5.30729)"
66.45.150.25 - - [04/Jan/2012:09:16:26 -0500] "GET /openx/www/delivery/ajs.php?n=a5212870&zoneid=101&source=&exclude=,&r=203467611&loc=http%3A//www.walleyecentral.com/forums/forumdisplay.php%3Ff%3D33&referer=http%3A//www.walleyecentral.com/ HTTP/1.1" 200 900 "http://www.walleyecentral.com/forums/forumdisplay.php?f=33" "Mozilla/5.0 (Windows NT 5.1; rv:8.0) Gecko/20100101 Firefox/8.0"
205.134.249.170 - - [04/Jan/2012:09:16:26 -0500] "GET /weather.php?pands=54022 HTTP/1.1" 200 16166 "-" "PHP/5.2.17"
205.134.249.170 - - [04/Jan/2012:09:16:26 -0500] "GET /weather.php?pands=Cody%2C+WY HTTP/1.1" 200 16166 "-" "PHP/5.2.17"
199.189.229.8 - - [04/Jan/2012:09:16:26 -0500] "GET /dbimages/articles-2011-09-29-923068202iconfile.jpg HTTP/1.1" 200 1456 "http://www.walleyecentral.com/" "Mozilla/5.0 (compatible; MSIE 9.0; Windows NT 6.1; WOW64; Trident/5.0)"
66.45.150.25 - - [04/Jan/2012:09:16:26 -0500] "GET /openx/www/delivery/ai.php?filename=mercury.jpg&contenttype=jpeg HTTP/1.1" 304 - "http://www.walleyecentral.com/forums/forumdisplay.php?f=33" "Mozilla/5.0 (Windows NT 5.1; rv:8.0) Gecko/20100101 Firefox/8.0"
184.100.67.172 - - [04/Jan/2012:09:16:26 -0500] "GET /themes/default/theme.css HTTP/1.1" 304 - "http://walleyecentral.com/" "Mozilla/4.0 (compatible; MSIE 8.0; Windows NT 6.1; WOW64; Trident/4.0; GTB7.2; SLCC2; .NET CLR 2.0.50727; .NET CLR 3.5.30729; .NET CLR 3.0.30729; Media Center PC 6.0; .NET4.0C)"
184.100.67.172 - - [04/Jan/2012:09:16:26 -0500] "GET /themes/default/common.css HTTP/1.1" 304 - "http://walleyecentral.com/" "Mozilla/4.0 (compatible; MSIE 8.0; Windows NT 6.1; WOW64; Trident/4.0; GTB7.2; SLCC2; .NET CLR 2.0.50727; .NET CLR 3.5.30729; .NET CLR 3.0.30729; Media Center PC 6.0; .NET4.0C)"
180.76.6.213 - - [04/Jan/2012:09:16:26 -0500] "GET /forums/showthread.php?t=167963 HTTP/1.1" 200 17199 "-" "Mozilla/5.0 (compatible; Baiduspider/2.0; +http://www.baidu.com/search/spider.html)"
66.45.150.25 - - [04/Jan/2012:09:16:26 -0500] "GET /openx/www/delivery/lg.php?bannerid=23&campaignid=1&zoneid=101&loc=http%3A%2F%2Fwww.walleyecentral.com%2Fforums%2Fforumdisplay.php%3Ff%3D33&referer=http%3A%2F%2Fwww.walleyecentral.com%2F&cb=bcde6564a1 HTTP/1.1" 200 43 "http://www.walleyecentral.com/forums/forumdisplay.php?f=33" "Mozilla/5.0 (Windows NT 5.1; rv:8.0) Gecko/20100101 Firefox/8.0"
199.189.229.8 - - [04/Jan/2012:09:16:27 -0500] "GET /dbimages/articles-2011-12-27-925807361iconfile.jpg HTTP/1.1" 200 946 "http://www.walleyecentral.com/" "Mozilla/5.0 (compatible; MSIE 9.0; Windows NT 6.1; WOW64; Trident/5.0)"
66.11.150.236 - - [04/Jan/2012:09:16:26 -0500] "GET /weather.php?pands=56669 HTTP/1.0" 200 20831 "-" "-"
199.189.229.8 - - [04/Jan/2012:09:16:26 -0500] "GET /dbimages/tenpoundclub-2012-01-03-862352758thumbnail.jpg HTTP/1.1" 200 12900 "http://www.walleyecentral.com/" "Mozilla/5.0 (compatible; MSIE 9.0; Windows NT 6.1; WOW64; Trident/5.0)"
199.189.229.8 - - [04/Jan/2012:09:16:27 -0500] "GET /dbimages/tenpoundclub-2011-12-23-97306314thumbnail.jpg HTTP/1.1" 200 9587 "http://www.walleyecentral.com/" "Mozilla/5.0 (compatible; MSIE 9.0; Windows NT 6.1; WOW64; Trident/5.0)"
184.100.67.172 - - [04/Jan/2012:09:16:27 -0500] "GET /qnav/bullet_sq_sm_slateblue.gif HTTP/1.1" 304 - "http://walleyecentral.com/" "Mozilla/4.0 (compatible; MSIE 8.0; Windows NT 6.1; WOW64; Trident/4.0; GTB7.2; SLCC2; .NET CLR 2.0.50727; .NET CLR 3.5.30729; .NET CLR 3.0.30729; Media Center PC 6.0; .NET4.0C)"
205.134.249.170 - - [04/Jan/2012:09:16:27 -0500] "GET /weather.php?pands=43410 HTTP/1.1" 200 16166 "-" "PHP/5.2.17"
207.47.161.58 - - [04/Jan/2012:09:16:27 -0500] "GET /openx/www/delivery/ajs.php?n=a5212870&zoneid=101&source=&exclude=,&r=429641251&loc=http%3A//www.walleyecentral.com/forums/forumdisplay.php%3Ff%3D33&referer=http%3A//www.walleyecentral.com/forums/ HTTP/1.1" 200 909 "http://www.walleyecentral.com/forums/forumdisplay.php?f=33" "Mozilla/5.0 (Windows; U; Windows NT 5.1; en-US; rv:1.9.0.19) Gecko/2010031422 Firefox/3.0.19 (.NET CLR 3.5.30729)"
184.100.67.172 - - [04/Jan/2012:09:16:27 -0500] "GET /themes/default/images/bullet.png HTTP/1.1" 304 - "http://walleyecentral.com/" "Mozilla/4.0 (compatible; MSIE 8.0; Windows NT 6.1; WOW64; Trident/4.0; GTB7.2; SLCC2; .NET CLR 2.0.50727; .NET CLR 3.5.30729; .NET CLR 3.0.30729; Media Center PC 6.0; .NET4.0C)"
184.100.67.172 - - [04/Jan/2012:09:16:27 -0500] "GET /themes/default/images/topback.png HTTP/1.1" 304 - "http://walleyecentral.com/" "Mozilla/4.0 (compatible; MSIE 8.0; Windows NT 6.1; WOW64; Trident/4.0; GTB7.2; SLCC2; .NET CLR 2.0.50727; .NET CLR 3.5.30729; .NET CLR 3.0.30729; Media Center PC 6.0; .NET4.0C)"
184.100.67.172 - - [04/Jan/2012:09:16:27 -0500] "GET /themes/default/images/headerlogo2.png HTTP/1.1" 304 - "http://walleyecentral.com/" "Mozilla/4.0 (compatible; MSIE 8.0; Windows NT 6.1; WOW64; Trident/4.0; GTB7.2; SLCC2; .NET CLR 2.0.50727; .NET CLR 3.5.30729; .NET CLR 3.0.30729; Media Center PC 6.0; .NET4.0C)"
184.100.67.172 - - [04/Jan/2012:09:16:27 -0500] "GET /forums/clientscript/vbulletin_md5.js?v=368 HTTP/1.1" 304 - "http://walleyecentral.com/" "Mozilla/4.0 (compatible; MSIE 8.0; Windows NT 6.1; WOW64; Trident/4.0; GTB7.2; SLCC2; .NET CLR 2.0.50727; .NET CLR 3.5.30729; .NET CLR 3.0.30729; Media Center PC 6.0; .NET4.0C)"
184.100.67.172 - - [04/Jan/2012:09:16:26 -0500] "GET / HTTP/1.1" 200 66159 "-" "Mozilla/4.0 (compatible; MSIE 8.0; Windows NT 6.1; WOW64; Trident/4.0; GTB7.2; SLCC2; .NET CLR 2.0.50727; .NET CLR 3.5.30729; .NET CLR 3.0.30729; Media Center PC 6.0; .NET4.0C)"
66.11.150.236 - - [04/Jan/2012:09:16:26 -0500] "GET /weather.php?pands=55014 HTTP/1.0" 200 24202 "-" "-"
