207.46.199.55 - - [04/Jan/2012:09:10:51 -0500] "GET /forums/showthread.php?t=70647 HTTP/1.1" 200 19502 "-" "Mozilla/5.0 (compatible; bingbot/2.0; +http://www.bing.com/bingbot.htm)"
205.134.249.170 - - [04/Jan/2012:09:10:51 -0500] "GET /weather.php?pands=64082 HTTP/1.1" 200 16166 "-" "PHP/5.2.17"
72.185.21.170 - - [04/Jan/2012:09:10:51 -0500] "GET /forums/clientscript/vbulletin_md5.js?v=373 HTTP/1.1" 200 5464 "http://www.walleyecentral.com/forums/index.php" "Mozilla/5.0 (Macintosh; Intel Mac OS X 10_7_2) AppleWebKit/535.7 (KHTML, like Gecko) Chrome/16.0.912.63 Safari/535.7"
72.185.21.170 - - [04/Jan/2012:09:10:51 -0500] "GET /forums/clientscript/yui/connection/connection-min.js?v=373 HTTP/1.1" 200 14349 "http://www.walleyecentral.com/forums/index.php" "Mozilla/5.0 (Macintosh; Intel Mac OS X 10_7_2) AppleWebKit/535.7 (KHTML, like Gecko) Chrome/16.0.912.63 Safari/535.7"
72.185.21.170 - - [04/Jan/2012:09:10:51 -0500] "GET /forums/clientscript/vbulletin_read_marker.js?v=373 HTTP/1.1" 200 3408 "http://www.walleyecentral.com/forums/index.php" "Mozilla/5.0 (Macintosh; Intel Mac OS X 10_7_2) AppleWebKit/535.7 (KHTML, like Gecko) Chrome/16.0.912.63 Safari/535.7"
72.185.21.170 - - [04/Jan/2012:09:10:51 -0500] "GET /forums/clientscript/yui/yahoo-dom-event/yahoo-dom-event.js?v=373 HTTP/1.1" 200 31100 "http://www.walleyecentral.com/forums/index.php" "Mozilla/5.0 (Macintosh; Intel Mac OS X 10_7_2) AppleWebKit/535.7 (KHTML, like Gecko) Chrome/16.0.912.63 Safari/535.7"
72.185.21.170 - - [04/Jan/2012:09:10:51 -0500] "GET /forums/clientscript/vbulletin_global.js?v=373 HTTP/1.1" 200 25057 "http://www.walleyecentral.com/forums/index.php" "Mozilla/5.0 (Macintosh; Intel Mac OS X 10_7_2) AppleWebKit/535.7 (KHTML, like Gecko) Chrome/16.0.912.63 Safari/535.7"
170.11.30.141 - - [04/Jan/2012:09:10:51 -0500] "POST /forums/attachment.php?attachmentid=12954&d=1325680229 HTTP/1.1" 200 1406 "http://www.walleyecentral.com/forums/showthread.php?t=189236" "Mozilla/4.0 (compatible; MSIE 7.0; Windows NT 5.1; .NET CLR 2.0.50727; .NET CLR 3.0.4506.2152; .NET CLR 3.5.30729)"
72.185.21.170 - - [04/Jan/2012:09:10:51 -0500] "GET /qnav/bullet_sq_sm_slateblue.gif HTTP/1.1" 200 820 "http://www.walleyecentral.com/forums/index.php" "Mozilla/5.0 (Macintosh; Intel Mac OS X 10_7_2) AppleWebKit/535.7 (KHTML, like Gecko) Chrome/16.0.912.63 Safari/535.7"
72.185.21.170 - - [04/Jan/2012:09:10:51 -0500] "GET /openx/www/delivery/ajs.php?n=a5212870&zoneid=1&source=&exclude=,&r=986270891&loc=http%3A//www.walleyecentral.com/forums/index.php HTTP/1.1" 200 904 "http://www.walleyecentral.com/forums/index.php" "Mozilla/5.0 (Macintosh; Intel Mac OS X 10_7_2) AppleWebKit/535.7 (KHTML, like Gecko) Chrome/16.0.912.63 Safari/535.7"
72.185.21.170 - - [04/Jan/2012:09:10:51 -0500] "GET /forums/images/misc/headerlogo2.png HTTP/1.1" 200 11496 "http://www.walleyecentral.com/forums/index.php" "Mozilla/5.0 (Macintosh; Intel Mac OS X 10_7_2) AppleWebKit/535.7 (KHTML, like Gecko) Chrome/16.0.912.63 Safari/535.7"
72.185.21.170 - - [04/Jan/2012:09:10:51 -0500] "GET /forums/images/misc/navbits_start.gif HTTP/1.1" 200 1004 "http://www.walleyecentral.com/forums/index.php" "Mozilla/5.0 (Macintosh; Intel Mac OS X 10_7_2) AppleWebKit/535.7 (KHTML, like Gecko) Chrome/16.0.912.63 Safari/535.7"
69.84.73.60 - - [04/Jan/2012:09:10:51 -0500] "GET /forums/showthread.php?t=189233 HTTP/1.1" 200 15308 "http://www.walleyecentral.com/forums/forumdisplay.php?f=32" "Mozilla/4.0 (compatible; MSIE 8.0; Windows NT 5.1; Trident/4.0; InfoPath.1; .NET CLR 2.0.50727)"
72.185.21.170 - - [04/Jan/2012:09:10:51 -0500] "GET /forums/images/buttons/collapse_thead.gif HTTP/1.1" 200 580 "http://www.walleyecentral.com/forums/index.php" "Mozilla/5.0 (Macintosh; Intel Mac OS X 10_7_2) AppleWebKit/535.7 (KHTML, like Gecko) Chrome/16.0.912.63 Safari/535.7"
72.185.21.170 - - [04/Jan/2012:09:10:51 -0500] "GET /forums/images/misc/whos_online.gif HTTP/1.1" 200 1440 "http://www.walleyecentral.com/forums/index.php" "Mozilla/5.0 (Macintosh; Intel Mac OS X 10_7_2) AppleWebKit/535.7 (KHTML, like Gecko) Chrome/16.0.912.63 Safari/535.7"
66.11.150.236 - - [04/Jan/2012:09:10:51 -0500] "GET /weather.php?pands=44004 HTTP/1.0" 200 24173 "-" "-"
170.11.30.141 - - [04/Jan/2012:09:10:51 -0500] "GET /forums/attachment.php?attachmentid=12954&d=1325680229 HTTP/1.1" 200 36422 "http://www.walleyecentral.com/forums/showthread.php?t=189236" "Mozilla/4.0 (compatible; MSIE 7.0; Windows NT 5.1; .NET CLR 2.0.50727; .NET CLR 3.0.4506.2152; .NET CLR 3.5.30729)"
69.84.73.60 - - [04/Jan/2012:09:10:52 -0500] "GET /forums/clientscript/vbulletin_post_loader.js?v=373 HTTP/1.1" 304 - "http://www.walleyecentral.com/forums/showthread.php?t=189233" "Mozilla/4.0 (compatible; MSIE 8.0; Windows NT 5.1; Trident/4.0; InfoPath.1; .NET CLR 2.0.50727)"
69.84.73.60 - - [04/Jan/2012:09:10:52 -0500] "GET /openx/www/delivery/ajs.php?n=a5212870&zoneid=98&source=&exclude=,&r=38247981&loc=http%3A//www.walleyecentral.com/forums/showthread.php%3Ft%3D189233&referer=http%3A//www.walleyecentral.com/forums/forumdisplay.php%3Ff%3D32 HTTP/1.1" 200 953 "http://www.walleyecentral.com/forums/showthread.php?t=189233" "Mozilla/4.0 (compatible; MSIE 8.0; Windows NT 5.1; Trident/4.0; InfoPath.1; .NET CLR 2.0.50727)"
72.185.21.170 - - [04/Jan/2012:09:10:52 -0500] "GET /forums/picture_for_index.php?pictureid=1576&albumid=187 HTTP/1.1" 200 20301 "http://www.walleyecentral.com/forums/index.php" "Mozilla/5.0 (Macintosh; Intel Mac OS X 10_7_2) AppleWebKit/535.7 (KHTML, like Gecko) Chrome/16.0.912.63 Safari/535.7"
72.185.21.170 - - [04/Jan/2012:09:10:52 -0500] "GET /forums/picture_for_index.php?pictureid=6931&albumid=768 HTTP/1.1" 200 38939 "http://www.walleyecentral.com/forums/index.php" "Mozilla/5.0 (Macintosh; Intel Mac OS X 10_7_2) AppleWebKit/535.7 (KHTML, like Gecko) Chrome/16.0.912.63 Safari/535.7"
72.185.21.170 - - [04/Jan/2012:09:10:52 -0500] "GET /forums/picture_for_index.php?pictureid=5990&albumid=633 HTTP/1.1" 200 29849 "http://www.walleyecentral.com/forums/index.php" "Mozilla/5.0 (Macintosh; Intel Mac OS X 10_7_2) AppleWebKit/535.7 (KHTML, like Gecko) Chrome/16.0.912.63 Safari/535.7"
72.185.21.170 - - [04/Jan/2012:09:10:52 -0500] "GET /forums/picture_for_index.php?pictureid=2737&albumid=36 HTTP/1.1" 200 34241 "http://www.walleyecentral.com/forums/index.php" "Mozilla/5.0 (Macintosh; Intel Mac OS X 10_7_2) AppleWebKit/535.7 (KHTML, like Gecko) Chrome/16.0.912.63 Safari/535.7"
72.185.21.170 - - [04/Jan/2012:09:10:52 -0500] "GET /forums/picture_for_index.php?pictureid=4021&albumid=412 HTTP/1.1" 200 29126 "http://www.walleyecentral.com/forums/index.php" "Mozilla/5.0 (Macintosh; Intel Mac OS X 10_7_2) AppleWebKit/535.7 (KHTML, like Gecko) Chrome/16.0.912.63 Safari/535.7"
72.185.21.170 - - [04/Jan/2012:09:10:52 -0500] "GET /forums/picture_for_index.php?pictureid=5078&albumid=480 HTTP/1.1" 200 48715 "http://www.walleyecentral.com/forums/index.php" "Mozilla/5.0 (Macintosh; Intel Mac OS X 10_7_2) AppleWebKit/535.7 (KHTML, like Gecko) Chrome/16.0.912.63 Safari/535.7"
66.249.71.211 - - [04/Jan/2012:09:10:52 -0500] "GET /forums/archive/index.php/t-41782.html HTTP/1.1" 200 30616 "-" "Mozilla/5.0 (compatible; Googlebot/2.1; +http://www.google.com/bot.html)"
69.84.73.60 - - [04/Jan/2012:09:10:52 -0500] "GET /forums/images/buttons/reply.gif HTTP/1.1" 304 - "http://www.walleyecentral.com/forums/showthread.php?t=189233" "Mozilla/4.0 (compatible; MSIE 8.0; Windows NT 5.1; Trident/4.0; InfoPath.1; .NET CLR 2.0.50727)"
72.185.21.170 - - [04/Jan/2012:09:10:52 -0500] "GET /forums/images/buttons/collapse_tcat.gif HTTP/1.1" 200 642 "http://www.walleyecentral.com/forums/index.php" "Mozilla/5.0 (Macintosh; Intel Mac OS X 10_7_2) AppleWebKit/535.7 (KHTML, like Gecko) Chrome/16.0.912.63 Safari/535.7"
69.84.73.60 - - [04/Jan/2012:09:10:52 -0500] "GET /forums/images/statusicon/post_new.gif HTTP/1.1" 304 - "http://www.walleyecentral.com/forums/showthread.php?t=189233" "Mozilla/4.0 (compatible; MSIE 8.0; Windows NT 5.1; Trident/4.0; InfoPath.1; .NET CLR 2.0.50727)"
72.185.21.170 - - [04/Jan/2012:09:10:52 -0500] "GET /forums/images/statusicon/forum_link.gif HTTP/1.1" 200 1674 "http://www.walleyecentral.com/forums/index.php" "Mozilla/5.0 (Macintosh; Intel Mac OS X 10_7_2) AppleWebKit/535.7 (KHTML, like Gecko) Chrome/16.0.912.63 Safari/535.7"
72.185.21.170 - - [04/Jan/2012:09:10:52 -0500] "GET /forums/images/icons/icon1.gif HTTP/1.1" 200 1032 "http://www.walleyecentral.com/forums/index.php" "Mozilla/5.0 (Macintosh; Intel Mac OS X 10_7_2) AppleWebKit/535.7 (KHTML, like Gecko) Chrome/16.0.912.63 Safari/535.7"
72.185.21.170 - - [04/Jan/2012:09:10:52 -0500] "GET /forums/images/statusicon/forum_new.gif HTTP/1.1" 200 1623 "http://www.walleyecentral.com/forums/index.php" "Mozilla/5.0 (Macintosh; Intel Mac OS X 10_7_2) AppleWebKit/535.7 (KHTML, like Gecko) Chrome/16.0.912.63 Safari/535.7"
69.84.73.60 - - [04/Jan/2012:09:10:52 -0500] "GET /forums/images/statusicon/user_offline.gif HTTP/1.1" 304 - "http://www.walleyecentral.com/forums/showthread.php?t=189233" "Mozilla/4.0 (compatible; MSIE 8.0; Windows NT 5.1; Trident/4.0; InfoPath.1; .NET CLR 2.0.50727)"
69.84.73.60 - - [04/Jan/2012:09:10:52 -0500] "GET /openx/www/delivery/ai.php?filename=smoothmoves.jpg&contenttype=jpeg HTTP/1.1" 200 18980 "http://www.walleyecentral.com/forums/showthread.php?t=189233" "Mozilla/4.0 (compatible; MSIE 8.0; Windows NT 5.1; Trident/4.0; InfoPath.1; .NET CLR 2.0.50727)"
72.185.21.170 - - [04/Jan/2012:09:10:52 -0500] "GET /forums/images/buttons/lastpost.gif HTTP/1.1" 200 964 "http://www.walleyecentral.com/forums/index.php" "Mozilla/5.0 (Macintosh; Intel Mac OS X 10_7_2) AppleWebKit/535.7 (KHTML, like Gecko) Chrome/16.0.912.63 Safari/535.7"
72.185.21.170 - - [04/Jan/2012:09:10:52 -0500] "GET /forums/images/statusicon/forum_old.gif HTTP/1.1" 200 1628 "http://www.walleyecentral.com/forums/index.php" "Mozilla/5.0 (Macintosh; Intel Mac OS X 10_7_2) AppleWebKit/535.7 (KHTML, like Gecko) Chrome/16.0.912.63 Safari/535.7"
69.84.73.60 - - [04/Jan/2012:09:10:52 -0500] "GET /forums/images/buttons/quote.gif HTTP/1.1" 304 - "http://www.walleyecentral.com/forums/showthread.php?t=189233" "Mozilla/4.0 (compatible; MSIE 8.0; Windows NT 5.1; Trident/4.0; InfoPath.1; .NET CLR 2.0.50727)"
72.185.21.170 - - [04/Jan/2012:09:10:52 -0500] "GET /forums/images/icons/icon6.gif HTTP/1.1" 200 1043 "http://www.walleyecentral.com/forums/index.php" "Mozilla/5.0 (Macintosh; Intel Mac OS X 10_7_2) AppleWebKit/535.7 (KHTML, like Gecko) Chrome/16.0.912.63 Safari/535.7"
72.185.21.170 - - [04/Jan/2012:09:10:52 -0500] "GET /forums/images/misc/stats.gif HTTP/1.1" 200 1461 "http://www.walleyecentral.com/forums/index.php" "Mozilla/5.0 (Macintosh; Intel Mac OS X 10_7_2) AppleWebKit/535.7 (KHTML, like Gecko) Chrome/16.0.912.63 Safari/535.7"
72.185.21.170 - - [04/Jan/2012:09:10:52 -0500] "GET /forums/images/misc/birthday.gif HTTP/1.1" 200 1425 "http://www.walleyecentral.com/forums/index.php" "Mozilla/5.0 (Macintosh; Intel Mac OS X 10_7_2) AppleWebKit/535.7 (KHTML, like Gecko) Chrome/16.0.912.63 Safari/535.7"
69.84.73.60 - - [04/Jan/2012:09:10:52 -0500] "GET /forums/clientscript/vbulletin_lightbox.js?v=373 HTTP/1.1" 304 - "http://www.walleyecentral.com/forums/showthread.php?t=189233" "Mozilla/4.0 (compatible; MSIE 8.0; Windows NT 5.1; Trident/4.0; InfoPath.1; .NET CLR 2.0.50727)"
69.84.73.60 - - [04/Jan/2012:09:10:52 -0500] "GET /forums/images/statusicon/user_online.gif HTTP/1.1" 304 - "http://www.walleyecentral.com/forums/showthread.php?t=189233" "Mozilla/4.0 (compatible; MSIE 8.0; Windows NT 5.1; Trident/4.0; InfoPath.1; .NET CLR 2.0.50727)"
69.84.73.60 - - [04/Jan/2012:09:10:52 -0500] "GET /openx/www/delivery/lg.php?bannerid=97&campaignid=1&zoneid=98&loc=http%3A%2F%2Fwww.walleyecentral.com%2Fforums%2Fshowthread.php%3Ft%3D189233&referer=http%3A%2F%2Fwww.walleyecentral.com%2Fforums%2Fforumdisplay.php%3Ff%3D32&cb=a660e96c4c HTTP/1.1" 200 43 "http://www.walleyecentral.com/forums/showthread.php?t=189233" "Mozilla/4.0 (compatible; MSIE 8.0; Windows NT 5.1; Trident/4.0; InfoPath.1; .NET CLR 2.0.50727)"
72.185.21.170 - - [04/Jan/2012:09:10:52 -0500] "GET /forums/picture_for_index.php?pictureid=7415&albumid=809 HTTP/1.1" 200 41395 "http://www.walleyecentral.com/forums/index.php" "Mozilla/5.0 (Macintosh; Intel Mac OS X 10_7_2) AppleWebKit/535.7 (KHTML, like Gecko) Chrome/16.0.912.63 Safari/535.7"
69.84.73.60 - - [04/Jan/2012:09:10:52 -0500] "GET /forums/images/buttons/printer.gif HTTP/1.1" 304 - "http://www.walleyecentral.com/forums/showthread.php?t=189233" "Mozilla/4.0 (compatible; MSIE 8.0; Windows NT 5.1; Trident/4.0; InfoPath.1; .NET CLR 2.0.50727)"
69.84.73.60 - - [04/Jan/2012:09:10:52 -0500] "GET /forums/images/buttons/sendtofriend.gif HTTP/1.1" 304 - "http://www.walleyecentral.com/forums/showthread.php?t=189233" "Mozilla/4.0 (compatible; MSIE 8.0; Windows NT 5.1; Trident/4.0; InfoPath.1; .NET CLR 2.0.50727)"
69.84.73.60 - - [04/Jan/2012:09:10:52 -0500] "GET /forums/images/buttons/mode_linear.gif HTTP/1.1" 304 - "http://www.walleyecentral.com/forums/showthread.php?t=189233" "Mozilla/4.0 (compatible; MSIE 8.0; Windows NT 5.1; Trident/4.0; InfoPath.1; .NET CLR 2.0.50727)"
69.84.73.60 - - [04/Jan/2012:09:10:52 -0500] "GET /forums/images/buttons/mode_hybrid.gif HTTP/1.1" 304 - "http://www.walleyecentral.com/forums/showthread.php?t=189233" "Mozilla/4.0 (compatible; MSIE 8.0; Windows NT 5.1; Trident/4.0; InfoPath.1; .NET CLR 2.0.50727)"
69.84.73.60 - - [04/Jan/2012:09:10:52 -0500] "GET /forums/images/buttons/mode_threaded.gif HTTP/1.1" 304 - "http://www.walleyecentral.com/forums/showthread.php?t=189233" "Mozilla/4.0 (compatible; MSIE 8.0; Windows NT 5.1; Trident/4.0; InfoPath.1; .NET CLR 2.0.50727)"
72.185.21.170 - - [04/Jan/2012:09:10:52 -0500] "GET /openx/www/delivery/ai.php?filename=cabelas_8.jpg&contenttype=jpeg HTTP/1.1" 200 15831 "http://www.walleyecentral.com/forums/index.php" "Mozilla/5.0 (Macintosh; Intel Mac OS X 10_7_2) AppleWebKit/535.7 (KHTML, like Gecko) Chrome/16.0.912.63 Safari/535.7"
72.185.21.170 - - [04/Jan/2012:09:10:52 -0500] "GET /openx/www/delivery/lg.php?bannerid=6&campaignid=1&zoneid=1&channel_ids=,&loc=http%3A%2F%2Fwww.walleyecentral.com%2Fforums%2Findex.php&cb=71a2db28eb HTTP/1.1" 200 43 "http://www.walleyecentral.com/forums/index.php" "Mozilla/5.0 (Macintosh; Intel Mac OS X 10_7_2) AppleWebKit/535.7 (KHTML, like Gecko) Chrome/16.0.912.63 Safari/535.7"
205.134.249.170 - - [04/Jan/2012:09:10:53 -0500] "GET /weather.php?pands=58249 HTTP/1.1" 200 16166 "-" "PHP/5.2.17"
63.135.136.202 - - [04/Jan/2012:09:10:52 -0500] "GET /forums/showthread.php?t=189194&page=2 HTTP/1.1" 200 18302 "http://www.walleyecentral.com/forums/showthread.php?t=189194" "Mozilla/4.0 (compatible; MSIE 8.0; Windows NT 5.1; Trident/4.0; GTB7.2; .NET CLR 1.1.4322; .NET CLR 2.0.50727; InfoPath.2; .NET CLR 3.0.4506.2152; .NET CLR 3.5.30729)"
69.245.98.158 - - [04/Jan/2012:09:10:53 -0500] "GET /forums/search.php?do=getnew HTTP/1.1" 302 - "http://www.walleyecentral.com/forums/search.php?searchid=4437004" "Mozilla/5.0 (Windows NT 5.1; rv:9.0.1) Gecko/20100101 Firefox/9.0.1"
66.11.150.236 - - [04/Jan/2012:09:10:53 -0500] "GET /weather.php?pands=49931 HTTP/1.0" 200 24168 "-" "-"
63.135.136.202 - - [04/Jan/2012:09:10:53 -0500] "GET /openx/www/delivery/ajs.php?n=a5212870&zoneid=87&source=&exclude=,&r=144341531&loc=http%3A//www.walleyecentral.com/forums/showthread.php%3Ft%3D189194%26page%3D2&referer=http%3A//www.walleyecentral.com/forums/showthread.php%3Ft%3D189194 HTTP/1.1" 200 947 "http://www.walleyecentral.com/forums/showthread.php?t=189194&page=2" "Mozilla/4.0 (compatible; MSIE 8.0; Windows NT 5.1; Trident/4.0; GTB7.2; .NET CLR 1.1.4322; .NET CLR 2.0.50727; InfoPath.2; .NET CLR 3.0.4506.2152; .NET CLR 3.5.30729)"
65.52.108.198 - - [04/Jan/2012:09:10:53 -0500] "GET /forums/newreply.php?do=newreply&p=1237698 HTTP/1.1" 200 18352 "-" "Mozilla/5.0 (compatible; bingbot/2.0; +http://www.bing.com/bingbot.htm)"
66.11.150.236 - - [04/Jan/2012:09:10:53 -0500] "GET /weather.php?pands=51351 HTTP/1.0" 200 24176 "-" "-"
69.245.98.158 - - [04/Jan/2012:09:10:53 -0500] "GET /forums/clientscript/vbulletin_important.css?v=373 HTTP/1.1" 304 - "http://www.walleyecentral.com/forums/search.php?searchid=4437004" "Mozilla/5.0 (Windows NT 5.1; rv:9.0.1) Gecko/20100101 Firefox/9.0.1"
69.245.98.158 - - [04/Jan/2012:09:10:53 -0500] "GET /forums/clientscript/yui/yahoo-dom-event/yahoo-dom-event.js?v=373 HTTP/1.1" 304 - "http://www.walleyecentral.com/forums/search.php?searchid=4437004" "Mozilla/5.0 (Windows NT 5.1; rv:9.0.1) Gecko/20100101 Firefox/9.0.1"
69.245.98.158 - - [04/Jan/2012:09:10:53 -0500] "GET /forums/clientscript/yui/connection/connection-min.js?v=373 HTTP/1.1" 304 - "http://www.walleyecentral.com/forums/search.php?searchid=4437004" "Mozilla/5.0 (Windows NT 5.1; rv:9.0.1) Gecko/20100101 Firefox/9.0.1"
69.245.98.158 - - [04/Jan/2012:09:10:53 -0500] "GET /forums/clientscript/vbulletin_global.js?v=373 HTTP/1.1" 304 - "http://www.walleyecentral.com/forums/search.php?searchid=4437004" "Mozilla/5.0 (Windows NT 5.1; rv:9.0.1) Gecko/20100101 Firefox/9.0.1"
69.245.98.158 - - [04/Jan/2012:09:10:53 -0500] "GET /forums/clientscript/vbulletin_menu.js?v=373 HTTP/1.1" 304 - "http://www.walleyecentral.com/forums/search.php?searchid=4437004" "Mozilla/5.0 (Windows NT 5.1; rv:9.0.1) Gecko/20100101 Firefox/9.0.1"
205.134.249.170 - - [04/Jan/2012:09:10:53 -0500] "GET /weather.php?pands=Monterey%2C+C HTTP/1.1" 200 16166 "-" "PHP/5.2.17"
69.245.98.158 - - [04/Jan/2012:09:10:53 -0500] "GET /forums/search.php?searchid=4437004 HTTP/1.1" 200 20850 "http://www.walleyecentral.com/forums/search.php?searchid=4437004" "Mozilla/5.0 (Windows NT 5.1; rv:9.0.1) Gecko/20100101 Firefox/9.0.1"
69.245.98.158 - - [04/Jan/2012:09:10:53 -0500] "GET /openx/www/delivery/ajs.php?n=a5212870&zoneid=85&source=&exclude=,&r=147548351&loc=http%3A//www.walleyecentral.com/forums/search.php%3Fsearchid%3D4437004&referer=http%3A//www.walleyecentral.com/forums/search.php%3Fsearchid%3D4437004 HTTP/1.1" 200 1000 "http://www.walleyecentral.com/forums/search.php?searchid=4437004" "Mozilla/5.0 (Windows NT 5.1; rv:9.0.1) Gecko/20100101 Firefox/9.0.1"
174.252.196.194 - - [04/Jan/2012:09:10:53 -0500] "GET /forums/showthread.php?t=189220 HTTP/1.1" 200 21179 "http://www.walleyecentral.com/forums/forumdisplay.php?f=32" "Mozilla/5.0 (Linux; U; Android 2.2.3; en-us; Droid Build/FRK76) AppleWebKit/533.1 (KHTML, like Gecko) Version/4.0 Mobile Safari/533.1"
69.245.98.158 - - [04/Jan/2012:09:10:54 -0500] "GET /openx/www/delivery/ai.php?filename=jwfa_banner.jpg&contenttype=jpeg HTTP/1.1" 304 - "http://www.walleyecentral.com/forums/search.php?searchid=4437004" "Mozilla/5.0 (Windows NT 5.1; rv:9.0.1) Gecko/20100101 Firefox/9.0.1"
63.135.136.202 - - [04/Jan/2012:09:10:54 -0500] "GET /forums/images/smilies/smile.gif HTTP/1.1" 200 1061 "http://www.walleyecentral.com/forums/showthread.php?t=189194&page=2" "Mozilla/4.0 (compatible; MSIE 8.0; Windows NT 5.1; Trident/4.0; GTB7.2; .NET CLR 1.1.4322; .NET CLR 2.0.50727; InfoPath.2; .NET CLR 3.0.4506.2152; .NET CLR 3.5.30729)"
63.135.136.202 - - [04/Jan/2012:09:10:54 -0500] "GET /forums/image.php?u=4425&dateline=1216388444 HTTP/1.1" 200 2591 "http://www.walleyecentral.com/forums/showthread.php?t=189194&page=2" "Mozilla/4.0 (compatible; MSIE 8.0; Windows NT 5.1; Trident/4.0; GTB7.2; .NET CLR 1.1.4322; .NET CLR 2.0.50727; InfoPath.2; .NET CLR 3.0.4506.2152; .NET CLR 3.5.30729)"
63.135.136.202 - - [04/Jan/2012:09:10:54 -0500] "GET /forums/images/icons/icon10.gif HTTP/1.1" 200 1049 "http://www.walleyecentral.com/forums/showthread.php?t=189194&page=2" "Mozilla/4.0 (compatible; MSIE 8.0; Windows NT 5.1; Trident/4.0; GTB7.2; .NET CLR 1.1.4322; .NET CLR 2.0.50727; InfoPath.2; .NET CLR 3.0.4506.2152; .NET CLR 3.5.30729)"
69.245.98.158 - - [04/Jan/2012:09:10:54 -0500] "GET /openx/www/delivery/lg.php?bannerid=99&campaignid=1&zoneid=85&loc=http%3A%2F%2Fwww.walleyecentral.com%2Fforums%2Fsearch.php%3Fsearchid%3D4437004&referer=http%3A%2F%2Fwww.walleyecentral.com%2Fforums%2Fsearch.php%3Fsearchid%3D4437004&cb=051b564b8e HTTP/1.1" 200 43 "http://www.walleyecentral.com/forums/search.php?searchid=4437004" "Mozilla/5.0 (Windows NT 5.1; rv:9.0.1) Gecko/20100101 Firefox/9.0.1"
63.135.136.202 - - [04/Jan/2012:09:10:53 -0500] "GET /openx/www/delivery/lg.php?bannerid=98&campaignid=1&zoneid=87&loc=http%3A%2F%2Fwww.walleyecentral.com%2Fforums%2Fshowthread.php%3Ft%3D189194%26page%3D2&referer=http%3A%2F%2Fwww.walleyecentral.com%2Fforums%2Fshowthread.php%3Ft%3D189194&cb=62d481eb01 HTTP/1.1" 200 43 "http://www.walleyecentral.com/forums/showthread.php?t=189194&page=2" "Mozilla/4.0 (compatible; MSIE 8.0; Windows NT 5.1; Trident/4.0; GTB7.2; .NET CLR 1.1.4322; .NET CLR 2.0.50727; InfoPath.2; .NET CLR 3.0.4506.2152; .NET CLR 3.5.30729)"
63.135.136.202 - - [04/Jan/2012:09:10:53 -0500] "GET /openx/www/delivery/ai.php?filename=kidsbooks.png&contenttype=png HTTP/1.1" 200 19085 "http://www.walleyecentral.com/forums/showthread.php?t=189194&page=2" "Mozilla/4.0 (compatible; MSIE 8.0; Windows NT 5.1; Trident/4.0; GTB7.2; .NET CLR 1.1.4322; .NET CLR 2.0.50727; InfoPath.2; .NET CLR 3.0.4506.2152; .NET CLR 3.5.30729)"
180.76.5.172 - - [04/Jan/2012:09:10:54 -0500] "GET /forums/album.php?albumid=265&pictureid=2420 HTTP/1.1" 200 10656 "-" "Mozilla/5.0 (compatible; Baiduspider/2.0; +http://www.baidu.com/search/spider.html)"
205.134.249.170 - - [04/Jan/2012:09:10:55 -0500] "GET /weather.php?pands=50226 HTTP/1.1" 200 16166 "-" "PHP/5.2.17"
64.179.63.250 - - [04/Jan/2012:09:10:54 -0500] "GET /forums/album.php?albumid=423&pictureid=7612 HTTP/1.1" 200 39069 "http://www.walleyecentral.com/forums/album.php?albumid=423" "Mozilla/4.0 (compatible; MSIE 6.0; Windows NT 5.1; SV1; .NET CLR 1.1.4322; .NET CLR 2.0.50727; .NET CLR 3.0.4506.2152; .NET CLR 3.5.30729)"
66.11.150.236 - - [04/Jan/2012:09:10:55 -0500] "GET /weather.php?pands=54519 HTTP/1.0" 200 24177 "-" "-"
180.76.5.195 - - [04/Jan/2012:09:10:54 -0500] "GET /forums/showthread.php?t=175491 HTTP/1.1" 200 14007 "-" "Mozilla/5.0 (compatible; Baiduspider/2.0; +http://www.baidu.com/search/spider.html)"
174.252.196.194 - - [04/Jan/2012:09:10:55 -0500] "GET /openx/www/delivery/ajs.php?n=a5212870&zoneid=98&source=&exclude=,&r=488253261&loc=http%3A//www.walleyecentral.com/forums/showthread.php%3Ft%3D189220&referer=http%3A//www.walleyecentral.com/forums/forumdisplay.php%3Ff%3D32 HTTP/1.1" 200 1016 "http://www.walleyecentral.com/forums/showthread.php?t=189220" "Mozilla/5.0 (Linux; U; Android 2.2.3; en-us; Droid Build/FRK76) AppleWebKit/533.1 (KHTML, like Gecko) Version/4.0 Mobile Safari/533.1"
66.11.150.236 - - [04/Jan/2012:09:10:55 -0500] "GET /weather.php?pands=52327 HTTP/1.0" 200 24175 "-" "-"
64.179.63.250 - - [04/Jan/2012:09:10:55 -0500] "GET /openx/www/delivery/ajs.php?n=a5212870&zoneid=85&source=&exclude=,&r=876319261&loc=http%3A//www.walleyecentral.com/forums/album.php%3Falbumid%3D423%26pictureid%3D7612&referer=http%3A//www.walleyecentral.com/forums/album.php%3Falbumid%3D423 HTTP/1.1" 200 1007 "http://www.walleyecentral.com/forums/album.php?albumid=423&pictureid=7612" "Mozilla/4.0 (compatible; MSIE 6.0; Windows NT 5.1; SV1; .NET CLR 1.1.4322; .NET CLR 2.0.50727; .NET CLR 3.0.4506.2152; .NET CLR 3.5.30729)"
72.185.21.170 - - [04/Jan/2012:09:10:55 -0500] "GET /forums/search.php?do=getdaily HTTP/1.1" 302 - "http://www.walleyecentral.com/forums/index.php" "Mozilla/5.0 (Macintosh; Intel Mac OS X 10_7_2) AppleWebKit/535.7 (KHTML, like Gecko) Chrome/16.0.912.63 Safari/535.7"
205.134.249.170 - - [04/Jan/2012:09:10:55 -0500] "GET /weather.php?pands=80106 HTTP/1.1" 200 16166 "-" "PHP/5.2.17"
174.252.196.194 - - [04/Jan/2012:09:10:55 -0500] "GET /openx/www/delivery/ai.php?filename=ranger.jpg&contenttype=jpeg HTTP/1.1" 200 27520 "http://www.walleyecentral.com/forums/showthread.php?t=189220" "Mozilla/5.0 (Linux; U; Android 2.2.3; en-us; Droid Build/FRK76) AppleWebKit/533.1 (KHTML, like Gecko) Version/4.0 Mobile Safari/533.1"
64.179.63.250 - - [04/Jan/2012:09:10:55 -0500] "GET /openx/www/delivery/lg.php?bannerid=99&campaignid=1&zoneid=85&loc=http%3A%2F%2Fwww.walleyecentral.com%2Fforums%2Falbum.php%3Falbumid%3D423%26pictureid%3D7612&referer=http%3A%2F%2Fwww.walleyecentral.com%2Fforums%2Falbum.php%3Falbumid%3D423&cb=e3b7ffae12 HTTP/1.1" 200 43 "http://www.walleyecentral.com/forums/album.php?albumid=423&pictureid=7612" "Mozilla/4.0 (compatible; MSIE 6.0; Windows NT 5.1; SV1; .NET CLR 1.1.4322; .NET CLR 2.0.50727; .NET CLR 3.0.4506.2152; .NET CLR 3.5.30729)"
64.179.63.250 - - [04/Jan/2012:09:10:55 -0500] "GET /forums/picture.php?albumid=423&pictureid=7612 HTTP/1.1" 200 44876 "http://www.walleyecentral.com/forums/album.php?albumid=423&pictureid=7612" "Mozilla/4.0 (compatible; MSIE 6.0; Windows NT 5.1; SV1; .NET CLR 1.1.4322; .NET CLR 2.0.50727; .NET CLR 3.0.4506.2152; .NET CLR 3.5.30729)"
72.185.21.170 - - [04/Jan/2012:09:10:55 -0500] "GET /forums/search.php?searchid=4437010 HTTP/1.1" 200 20468 "http://www.walleyecentral.com/forums/index.php" "Mozilla/5.0 (Macintosh; Intel Mac OS X 10_7_2) AppleWebKit/535.7 (KHTML, like Gecko) Chrome/16.0.912.63 Safari/535.7"
65.52.108.198 - - [04/Jan/2012:09:10:56 -0500] "GET /forums/showthread.php?p=20021 HTTP/1.1" 200 13109 "-" "Mozilla/5.0 (compatible; bingbot/2.0; +http://www.bing.com/bingbot.htm)"
72.185.21.170 - - [04/Jan/2012:09:10:56 -0500] "GET /forums/images/misc/navbits_finallink_ltr.gif HTTP/1.1" 200 1035 "http://www.walleyecentral.com/forums/search.php?searchid=4437010" "Mozilla/5.0 (Macintosh; Intel Mac OS X 10_7_2) AppleWebKit/535.7 (KHTML, like Gecko) Chrome/16.0.912.63 Safari/535.7"
72.185.21.170 - - [04/Jan/2012:09:10:56 -0500] "GET /forums/images/statusicon/thread_new.gif HTTP/1.1" 200 1230 "http://www.walleyecentral.com/forums/search.php?searchid=4437010" "Mozilla/5.0 (Macintosh; Intel Mac OS X 10_7_2) AppleWebKit/535.7 (KHTML, like Gecko) Chrome/16.0.912.63 Safari/535.7"
72.185.21.170 - - [04/Jan/2012:09:10:56 -0500] "GET /forums/images/misc/paperclip.gif HTTP/1.1" 200 305 "http://www.walleyecentral.com/forums/search.php?searchid=4437010" "Mozilla/5.0 (Macintosh; Intel Mac OS X 10_7_2) AppleWebKit/535.7 (KHTML, like Gecko) Chrome/16.0.912.63 Safari/535.7"
72.185.21.170 - - [04/Jan/2012:09:10:56 -0500] "GET /forums/images/buttons/firstnew.gif HTTP/1.1" 200 561 "http://www.walleyecentral.com/forums/search.php?searchid=4437010" "Mozilla/5.0 (Macintosh; Intel Mac OS X 10_7_2) AppleWebKit/535.7 (KHTML, like Gecko) Chrome/16.0.912.63 Safari/535.7"
72.185.21.170 - - [04/Jan/2012:09:10:56 -0500] "GET /openx/www/delivery/ajs.php?n=a5212870&zoneid=85&source=&exclude=,&r=971505371&loc=http%3A//www.walleyecentral.com/forums/search.php%3Fsearchid%3D4437010&referer=http%3A//www.walleyecentral.com/forums/index.php HTTP/1.1" 200 966 "http://www.walleyecentral.com/forums/search.php?searchid=4437010" "Mozilla/5.0 (Macintosh; Intel Mac OS X 10_7_2) AppleWebKit/535.7 (KHTML, like Gecko) Chrome/16.0.912.63 Safari/535.7"
72.185.21.170 - - [04/Jan/2012:09:10:56 -0500] "GET /forums/images/statusicon/thread_hot_new.gif HTTP/1.1" 200 1224 "http://www.walleyecentral.com/forums/search.php?searchid=4437010" "Mozilla/5.0 (Macintosh; Intel Mac OS X 10_7_2) AppleWebKit/535.7 (KHTML, like Gecko) Chrome/16.0.912.63 Safari/535.7"
72.185.21.170 - - [04/Jan/2012:09:10:56 -0500] "GET /forums/images/misc/multipage.gif HTTP/1.1" 200 567 "http://www.walleyecentral.com/forums/search.php?searchid=4437010" "Mozilla/5.0 (Macintosh; Intel Mac OS X 10_7_2) AppleWebKit/535.7 (KHTML, like Gecko) Chrome/16.0.912.63 Safari/535.7"
72.185.21.170 - - [04/Jan/2012:09:10:56 -0500] "GET /forums/images/misc/trashcan_small.gif HTTP/1.1" 200 936 "http://www.walleyecentral.com/forums/search.php?searchid=4437010" "Mozilla/5.0 (Macintosh; Intel Mac OS X 10_7_2) AppleWebKit/535.7 (KHTML, like Gecko) Chrome/16.0.912.63 Safari/535.7"
72.185.21.170 - - [04/Jan/2012:09:10:56 -0500] "GET /forums/images/icons/icon7.gif HTTP/1.1" 200 1058 "http://www.walleyecentral.com/forums/search.php?searchid=4437010" "Mozilla/5.0 (Macintosh; Intel Mac OS X 10_7_2) AppleWebKit/535.7 (KHTML, like Gecko) Chrome/16.0.912.63 Safari/535.7"
72.185.21.170 - - [04/Jan/2012:09:10:56 -0500] "GET /openx/www/delivery/ai.php?filename=bannersketch-jpg.jpg&contenttype=jpeg HTTP/1.1" 200 11288 "http://www.walleyecentral.com/forums/search.php?searchid=4437010" "Mozilla/5.0 (Macintosh; Intel Mac OS X 10_7_2) AppleWebKit/535.7 (KHTML, like Gecko) Chrome/16.0.912.63 Safari/535.7"
174.252.196.194 - - [04/Jan/2012:09:10:56 -0500] "GET /openx/www/delivery/lg.php?bannerid=34&campaignid=1&zoneid=98&loc=http%3A%2F%2Fwww.walleyecentral.com%2Fforums%2Fshowthread.php%3Ft%3D189220&referer=http%3A%2F%2Fwww.walleyecentral.com%2Fforums%2Fforumdisplay.php%3Ff%3D32&cb=2061408e00 HTTP/1.1" 200 43 "http://www.walleyecentral.com/forums/showthread.php?t=189220" "Mozilla/5.0 (Linux; U; Android 2.2.3; en-us; Droid Build/FRK76) AppleWebKit/533.1 (KHTML, like Gecko) Version/4.0 Mobile Safari/533.1"
72.185.21.170 - - [04/Jan/2012:09:10:56 -0500] "GET /forums/images/misc/menu_open.gif HTTP/1.1" 200 279 "http://www.walleyecentral.com/forums/search.php?searchid=4437010" "Mozilla/5.0 (Macintosh; Intel Mac OS X 10_7_2) AppleWebKit/535.7 (KHTML, like Gecko) Chrome/16.0.912.63 Safari/535.7"
72.185.21.170 - - [04/Jan/2012:09:10:56 -0500] "GET /openx/www/delivery/lg.php?bannerid=100&campaignid=1&zoneid=85&loc=http%3A%2F%2Fwww.walleyecentral.com%2Fforums%2Fsearch.php%3Fsearchid%3D4437010&referer=http%3A%2F%2Fwww.walleyecentral.com%2Fforums%2Findex.php&cb=bffec89ebd HTTP/1.1" 200 43 "http://www.walleyecentral.com/forums/search.php?searchid=4437010" "Mozilla/5.0 (Macintosh; Intel Mac OS X 10_7_2) AppleWebKit/535.7 (KHTML, like Gecko) Chrome/16.0.912.63 Safari/535.7"
66.249.71.211 - - [04/Jan/2012:09:10:56 -0500] "GET /forums/archive/index.php/t-43394.html HTTP/1.1" 200 7889 "-" "Mozilla/5.0 (compatible; Googlebot/2.1; +http://www.google.com/bot.html)"
174.253.148.97 - - [04/Jan/2012:09:10:41 -0500] "GET /forums/forumdisplay.php?f=5 HTTP/1.1" 200 23941 "http://www.walleyecentral.com/forums/index.php" "Mozilla/5.0 (iPhone; U; CPU iPhone OS 4_2_6 like Mac OS X; en-us) AppleWebKit/533.17.9 (KHTML, like Gecko) Version/5.0.2 Mobile/8E200 Safari/6533.18.5"
66.11.150.236 - - [04/Jan/2012:09:10:57 -0500] "GET /weather.php?pands=Brookings%2C HTTP/1.0" 200 20836 "-" "-"
66.11.150.236 - - [04/Jan/2012:09:10:57 -0500] "GET /weather.php?pands=56386 HTTP/1.0" 200 24173 "-" "-"
205.134.249.170 - - [04/Jan/2012:09:10:57 -0500] "GET /weather.php?pands=waterloo%2C+I HTTP/1.1" 200 16166 "-" "PHP/5.2.17"
174.253.148.97 - - [04/Jan/2012:09:10:53 -0500] "GET /openx/www/delivery/ajs.php?n=a5212870&zoneid=86&source=&exclude=,&r=148955981&loc=http%3A//www.walleyecentral.com/forums/forumdisplay.php%3Ff%3D5&referer=http%3A//www.walleyecentral.com/forums/index.php HTTP/1.1" 200 990 "http://www.walleyecentral.com/forums/forumdisplay.php?f=5" "Mozilla/5.0 (iPhone; U; CPU iPhone OS 4_2_6 like Mac OS X; en-us) AppleWebKit/533.17.9 (KHTML, like Gecko) Version/5.0.2 Mobile/8E200 Safari/6533.18.5"
205.134.249.170 - - [04/Jan/2012:09:10:57 -0500] "GET /weather.php?pands=ely%2C+mn HTTP/1.1" 200 16166 "-" "PHP/5.2.17"
65.52.108.142 - - [04/Jan/2012:09:10:58 -0500] "GET /forums/showthread.php?mode=hybrid&t=514 HTTP/1.1" 200 15545 "-" "Mozilla/5.0 (compatible; bingbot/2.0; +http://www.bing.com/bingbot.htm)"
199.19.250.71 - - [04/Jan/2012:09:10:58 -0500] "GET / HTTP/1.1" 200 66159 "-" "Mozilla/4.0 (compatible; MSIE 8.0; Windows NT 6.1; WOW64; Trident/4.0; SLCC2; .NET CLR 2.0.50727; .NET CLR 3.5.30729; .NET CLR 3.0.30729; Media Center PC 6.0; InfoPath.2; .NET4.0C)"
199.19.250.71 - - [04/Jan/2012:09:10:59 -0500] "GET /themes/default/theme.css HTTP/1.1" 304 - "http://www.walleyecentral.com/" "Mozilla/4.0 (compatible; MSIE 8.0; Windows NT 6.1; WOW64; Trident/4.0; SLCC2; .NET CLR 2.0.50727; .NET CLR 3.5.30729; .NET CLR 3.0.30729; Media Center PC 6.0; InfoPath.2; .NET4.0C)"
65.52.108.198 - - [04/Jan/2012:09:10:58 -0500] "GET /forums/showthread.php?p=1202359&mode=linear HTTP/1.1" 200 14998 "-" "Mozilla/5.0 (compatible; bingbot/2.0; +http://www.bing.com/bingbot.htm)"
199.19.250.71 - - [04/Jan/2012:09:10:59 -0500] "GET /themes/default/common.css HTTP/1.1" 304 - "http://www.walleyecentral.com/" "Mozilla/4.0 (compatible; MSIE 8.0; Windows NT 6.1; WOW64; Trident/4.0; SLCC2; .NET CLR 2.0.50727; .NET CLR 3.5.30729; .NET CLR 3.0.30729; Media Center PC 6.0; InfoPath.2; .NET4.0C)"
199.19.250.71 - - [04/Jan/2012:09:10:59 -0500] "GET /forums/clientscript/vbulletin_md5.js?v=368 HTTP/1.1" 304 - "http://www.walleyecentral.com/" "Mozilla/4.0 (compatible; MSIE 8.0; Windows NT 6.1; WOW64; Trident/4.0; SLCC2; .NET CLR 2.0.50727; .NET CLR 3.5.30729; .NET CLR 3.0.30729; Media Center PC 6.0; InfoPath.2; .NET4.0C)"
199.19.250.71 - - [04/Jan/2012:09:10:59 -0500] "GET /themes/default/images/bullet.png HTTP/1.1" 304 - "http://www.walleyecentral.com/" "Mozilla/4.0 (compatible; MSIE 8.0; Windows NT 6.1; WOW64; Trident/4.0; SLCC2; .NET CLR 2.0.50727; .NET CLR 3.5.30729; .NET CLR 3.0.30729; Media Center PC 6.0; InfoPath.2; .NET4.0C)"
199.19.250.71 - - [04/Jan/2012:09:10:59 -0500] "GET /themes/default/images/headerlogo2.png HTTP/1.1" 304 - "http://www.walleyecentral.com/" "Mozilla/4.0 (compatible; MSIE 8.0; Windows NT 6.1; WOW64; Trident/4.0; SLCC2; .NET CLR 2.0.50727; .NET CLR 3.5.30729; .NET CLR 3.0.30729; Media Center PC 6.0; InfoPath.2; .NET4.0C)"
66.11.150.236 - - [04/Jan/2012:09:10:59 -0500] "GET /weather.php?pands=Lewis+and+C HTTP/1.0" 200 24223 "-" "-"
199.19.250.71 - - [04/Jan/2012:09:10:59 -0500] "GET /themes/default/images/topback.png HTTP/1.1" 304 - "http://www.walleyecentral.com/" "Mozilla/4.0 (compatible; MSIE 8.0; Windows NT 6.1; WOW64; Trident/4.0; SLCC2; .NET CLR 2.0.50727; .NET CLR 3.5.30729; .NET CLR 3.0.30729; Media Center PC 6.0; InfoPath.2; .NET4.0C)"
199.19.250.71 - - [04/Jan/2012:09:10:59 -0500] "GET /qnav/bullet_sq_sm_slateblue.gif HTTP/1.1" 304 - "http://www.walleyecentral.com/" "Mozilla/4.0 (compatible; MSIE 8.0; Windows NT 6.1; WOW64; Trident/4.0; SLCC2; .NET CLR 2.0.50727; .NET CLR 3.5.30729; .NET CLR 3.0.30729; Media Center PC 6.0; InfoPath.2; .NET4.0C)"
199.19.250.71 - - [04/Jan/2012:09:10:59 -0500] "GET /themes/default/images/x.gif HTTP/1.1" 304 - "http://www.walleyecentral.com/" "Mozilla/4.0 (compatible; MSIE 8.0; Windows NT 6.1; WOW64; Trident/4.0; SLCC2; .NET CLR 2.0.50727; .NET CLR 3.5.30729; .NET CLR 3.0.30729; Media Center PC 6.0; InfoPath.2; .NET4.0C)"
199.19.250.71 - - [04/Jan/2012:09:10:59 -0500] "GET /themes/default/images/ranger_icon.jpg HTTP/1.1" 304 - "http://www.walleyecentral.com/" "Mozilla/4.0 (compatible; MSIE 8.0; Windows NT 6.1; WOW64; Trident/4.0; SLCC2; .NET CLR 2.0.50727; .NET CLR 3.5.30729; .NET CLR 3.0.30729; Media Center PC 6.0; InfoPath.2; .NET4.0C)"
199.19.250.71 - - [04/Jan/2012:09:10:59 -0500] "GET /images/wc-hoodie.jpg HTTP/1.1" 304 - "http://www.walleyecentral.com/" "Mozilla/4.0 (compatible; MSIE 8.0; Windows NT 6.1; WOW64; Trident/4.0; SLCC2; .NET CLR 2.0.50727; .NET CLR 3.5.30729; .NET CLR 3.0.30729; Media Center PC 6.0; InfoPath.2; .NET4.0C)"
199.19.250.71 - - [04/Jan/2012:09:10:59 -0500] "GET /images/fishhuron.jpg HTTP/1.1" 304 - "http://www.walleyecentral.com/" "Mozilla/4.0 (compatible; MSIE 8.0; Windows NT 6.1; WOW64; Trident/4.0; SLCC2; .NET CLR 2.0.50727; .NET CLR 3.5.30729; .NET CLR 3.0.30729; Media Center PC 6.0; InfoPath.2; .NET4.0C)"
199.19.250.71 - - [04/Jan/2012:09:10:59 -0500] "GET /themes/default/images/edit.gif HTTP/1.1" 304 - "http://www.walleyecentral.com/" "Mozilla/4.0 (compatible; MSIE 8.0; Windows NT 6.1; WOW64; Trident/4.0; SLCC2; .NET CLR 2.0.50727; .NET CLR 3.5.30729; .NET CLR 3.0.30729; Media Center PC 6.0; InfoPath.2; .NET4.0C)"
205.134.249.170 - - [04/Jan/2012:09:10:59 -0500] "GET /weather.php?pands=Waerloo%2C+IA HTTP/1.1" 200 16166 "-" "PHP/5.2.17"
199.19.250.71 - - [04/Jan/2012:09:10:59 -0500] "GET /dbimages/articles-2011-12-20-231784295iconfile.jpg HTTP/1.1" 304 - "http://www.walleyecentral.com/" "Mozilla/4.0 (compatible; MSIE 8.0; Windows NT 6.1; WOW64; Trident/4.0; SLCC2; .NET CLR 2.0.50727; .NET CLR 3.5.30729; .NET CLR 3.0.30729; Media Center PC 6.0; InfoPath.2; .NET4.0C)"
199.19.250.71 - - [04/Jan/2012:09:10:59 -0500] "GET /dbimages/articles-2012-01-02-216201556iconfile.JPG HTTP/1.1" 304 - "http://www.walleyecentral.com/" "Mozilla/4.0 (compatible; MSIE 8.0; Windows NT 6.1; WOW64; Trident/4.0; SLCC2; .NET CLR 2.0.50727; .NET CLR 3.5.30729; .NET CLR 3.0.30729; Media Center PC 6.0; InfoPath.2; .NET4.0C)"
199.19.250.71 - - [04/Jan/2012:09:10:59 -0500] "GET /images/facebook.jpg HTTP/1.1" 304 - "http://www.walleyecentral.com/" "Mozilla/4.0 (compatible; MSIE 8.0; Windows NT 6.1; WOW64; Trident/4.0; SLCC2; .NET CLR 2.0.50727; .NET CLR 3.5.30729; .NET CLR 3.0.30729; Media Center PC 6.0; InfoPath.2; .NET4.0C)"
199.19.250.71 - - [04/Jan/2012:09:10:59 -0500] "GET /dbimages/articles-2011-12-20-429665774iconfile.jpg HTTP/1.1" 304 - "http://www.walleyecentral.com/" "Mozilla/4.0 (compatible; MSIE 8.0; Windows NT 6.1; WOW64; Trident/4.0; SLCC2; .NET CLR 2.0.50727; .NET CLR 3.5.30729; .NET CLR 3.0.30729; Media Center PC 6.0; InfoPath.2; .NET4.0C)"
199.19.250.71 - - [04/Jan/2012:09:10:59 -0500] "GET /dbimages/articles-2011-12-27-925807361iconfile.jpg HTTP/1.1" 304 - "http://www.walleyecentral.com/" "Mozilla/4.0 (compatible; MSIE 8.0; Windows NT 6.1; WOW64; Trident/4.0; SLCC2; .NET CLR 2.0.50727; .NET CLR 3.5.30729; .NET CLR 3.0.30729; Media Center PC 6.0; InfoPath.2; .NET4.0C)"
199.19.250.71 - - [04/Jan/2012:09:10:59 -0500] "GET /dbimages/articles-2011-12-20-993572124iconfile.jpg HTTP/1.1" 304 - "http://www.walleyecentral.com/" "Mozilla/4.0 (compatible; MSIE 8.0; Windows NT 6.1; WOW64; Trident/4.0; SLCC2; .NET CLR 2.0.50727; .NET CLR 3.5.30729; .NET CLR 3.0.30729; Media Center PC 6.0; InfoPath.2; .NET4.0C)"
66.11.150.236 - - [04/Jan/2012:09:10:59 -0500] "GET /weather.php?pands=52653 HTTP/1.0" 200 24181 "-" "-"
199.19.250.71 - - [04/Jan/2012:09:10:59 -0500] "GET /dbimages/articles-2011-09-29-923068202iconfile.jpg HTTP/1.1" 304 - "http://www.walleyecentral.com/" "Mozilla/4.0 (compatible; MSIE 8.0; Windows NT 6.1; WOW64; Trident/4.0; SLCC2; .NET CLR 2.0.50727; .NET CLR 3.5.30729; .NET CLR 3.0.30729; Media Center PC 6.0; InfoPath.2; .NET4.0C)"
199.19.250.71 - - [04/Jan/2012:09:10:59 -0500] "GET /dbimages/articles-2011-12-19-56677216iconfile.jpg HTTP/1.1" 304 - "http://www.walleyecentral.com/" "Mozilla/4.0 (compatible; MSIE 8.0; Windows NT 6.1; WOW64; Trident/4.0; SLCC2; .NET CLR 2.0.50727; .NET CLR 3.5.30729; .NET CLR 3.0.30729; Media Center PC 6.0; InfoPath.2; .NET4.0C)"
199.19.250.71 - - [04/Jan/2012:09:10:59 -0500] "GET /dbimages/articles-2011-12-19-992528775iconfile.jpg HTTP/1.1" 304 - "http://www.walleyecentral.com/" "Mozilla/4.0 (compatible; MSIE 8.0; Windows NT 6.1; WOW64; Trident/4.0; SLCC2; .NET CLR 2.0.50727; .NET CLR 3.5.30729; .NET CLR 3.0.30729; Media Center PC 6.0; InfoPath.2; .NET4.0C)"
199.19.250.71 - - [04/Jan/2012:09:10:59 -0500] "GET /dbimages/articles-2011-12-09-612515290iconfile.jpg HTTP/1.1" 304 - "http://www.walleyecentral.com/" "Mozilla/4.0 (compatible; MSIE 8.0; Windows NT 6.1; WOW64; Trident/4.0; SLCC2; .NET CLR 2.0.50727; .NET CLR 3.5.30729; .NET CLR 3.0.30729; Media Center PC 6.0; InfoPath.2; .NET4.0C)"
199.19.250.71 - - [04/Jan/2012:09:10:59 -0500] "GET /dbimages/articles-2011-12-05-541299785iconfile.jpg HTTP/1.1" 304 - "http://www.walleyecentral.com/" "Mozilla/4.0 (compatible; MSIE 8.0; Windows NT 6.1; WOW64; Trident/4.0; SLCC2; .NET CLR 2.0.50727; .NET CLR 3.5.30729; .NET CLR 3.0.30729; Media Center PC 6.0; InfoPath.2; .NET4.0C)"
173.11.41.33 - - [04/Jan/2012:09:10:59 -0500] "GET /forums/forumdisplay.php?f=15 HTTP/1.1" 200 22254 "http://www.walleyecentral.com/forums/showthread.php?t=189227" "Mozilla/4.0 (compatible; MSIE 8.0; Windows NT 5.1; Trident/4.0; InfoPath.1; .NET CLR 1.1.4322; .NET CLR 2.0.50727; .NET CLR 3.0.4506.2152; .NET CLR 3.5.30729)"
199.19.250.71 - - [04/Jan/2012:09:10:59 -0500] "GET /dbimages/tenpoundclub-2012-01-03-862352758thumbnail.jpg HTTP/1.1" 200 12900 "http://www.walleyecentral.com/" "Mozilla/4.0 (compatible; MSIE 8.0; Windows NT 6.1; WOW64; Trident/4.0; SLCC2; .NET CLR 2.0.50727; .NET CLR 3.5.30729; .NET CLR 3.0.30729; Media Center PC 6.0; InfoPath.2; .NET4.0C)"
199.19.250.71 - - [04/Jan/2012:09:10:59 -0500] "GET /wcvideo/video/20110925-150928.jpg HTTP/1.1" 304 - "http://www.walleyecentral.com/" "Mozilla/4.0 (compatible; MSIE 8.0; Windows NT 6.1; WOW64; Trident/4.0; SLCC2; .NET CLR 2.0.50727; .NET CLR 3.5.30729; .NET CLR 3.0.30729; Media Center PC 6.0; InfoPath.2; .NET4.0C)"
199.19.250.71 - - [04/Jan/2012:09:10:59 -0500] "GET /phpQJr/embedjr.php?pid=50&w=175&h=400 HTTP/1.1" 200 1036 "http://www.walleyecentral.com/" "Mozilla/4.0 (compatible; MSIE 8.0; Windows NT 6.1; WOW64; Trident/4.0; SLCC2; .NET CLR 2.0.50727; .NET CLR 3.5.30729; .NET CLR 3.0.30729; Media Center PC 6.0; InfoPath.2; .NET4.0C)"
173.11.41.33 - - [04/Jan/2012:09:10:59 -0500] "GET /openx/www/delivery/ajs.php?n=a5212870&zoneid=7&source=&exclude=,&r=279692491&loc=http%3A//www.walleyecentral.com/forums/forumdisplay.php%3Ff%3D15&referer=http%3A//www.walleyecentral.com/forums/showthread.php%3Ft%3D189227 HTTP/1.1" 200 986 "http://www.walleyecentral.com/forums/forumdisplay.php?f=15" "Mozilla/4.0 (compatible; MSIE 8.0; Windows NT 5.1; Trident/4.0; InfoPath.1; .NET CLR 1.1.4322; .NET CLR 2.0.50727; .NET CLR 3.0.4506.2152; .NET CLR 3.5.30729)"
199.19.250.71 - - [04/Jan/2012:09:11:00 -0500] "GET /dbimages/tenpoundclub-2011-12-23-141169268thumbnail.jpg HTTP/1.1" 304 - "http://www.walleyecentral.com/" "Mozilla/4.0 (compatible; MSIE 8.0; Windows NT 6.1; WOW64; Trident/4.0; SLCC2; .NET CLR 2.0.50727; .NET CLR 3.5.30729; .NET CLR 3.0.30729; Media Center PC 6.0; InfoPath.2; .NET4.0C)"
199.19.250.71 - - [04/Jan/2012:09:11:00 -0500] "GET /dbimages/tenpoundclub-2011-12-23-97306314thumbnail.jpg HTTP/1.1" 304 - "http://www.walleyecentral.com/" "Mozilla/4.0 (compatible; MSIE 8.0; Windows NT 6.1; WOW64; Trident/4.0; SLCC2; .NET CLR 2.0.50727; .NET CLR 3.5.30729; .NET CLR 3.0.30729; Media Center PC 6.0; InfoPath.2; .NET4.0C)"
199.19.250.71 - - [04/Jan/2012:09:11:00 -0500] "GET /wcvideo/video/20110918-060900.jpg HTTP/1.1" 304 - "http://www.walleyecentral.com/" "Mozilla/4.0 (compatible; MSIE 8.0; Windows NT 6.1; WOW64; Trident/4.0; SLCC2; .NET CLR 2.0.50727; .NET CLR 3.5.30729; .NET CLR 3.0.30729; Media Center PC 6.0; InfoPath.2; .NET4.0C)"
199.19.250.71 - - [04/Jan/2012:09:11:00 -0500] "GET /wcvideo/video/20110808-130818.jpg HTTP/1.1" 304 - "http://www.walleyecentral.com/" "Mozilla/4.0 (compatible; MSIE 8.0; Windows NT 6.1; WOW64; Trident/4.0; SLCC2; .NET CLR 2.0.50727; .NET CLR 3.5.30729; .NET CLR 3.0.30729; Media Center PC 6.0; InfoPath.2; .NET4.0C)"
205.134.249.170 - - [04/Jan/2012:09:11:00 -0500] "GET /weather.php?pands=55304 HTTP/1.1" 200 16166 "-" "PHP/5.2.17"
180.76.5.65 - - [04/Jan/2012:09:10:59 -0500] "GET /forums/showthread.php?t=17540 HTTP/1.1" 200 23416 "-" "Mozilla/5.0 (compatible; Baiduspider/2.0; +http://www.baidu.com/search/spider.html)"
173.11.41.33 - - [04/Jan/2012:09:11:00 -0500] "GET /openx/www/delivery/lg.php?bannerid=94&campaignid=1&zoneid=7&loc=http%3A%2F%2Fwww.walleyecentral.com%2Fforums%2Fforumdisplay.php%3Ff%3D15&referer=http%3A%2F%2Fwww.walleyecentral.com%2Fforums%2Fshowthread.php%3Ft%3D189227&cb=911cb4835b HTTP/1.1" 200 43 "http://www.walleyecentral.com/forums/forumdisplay.php?f=15" "Mozilla/4.0 (compatible; MSIE 8.0; Windows NT 5.1; Trident/4.0; InfoPath.1; .NET CLR 1.1.4322; .NET CLR 2.0.50727; .NET CLR 3.0.4506.2152; .NET CLR 3.5.30729)"
199.19.250.71 - - [04/Jan/2012:09:11:00 -0500] "GET /commonimages/blocks.png HTTP/1.1" 304 - "http://www.walleyecentral.com/" "Mozilla/4.0 (compatible; MSIE 8.0; Windows NT 6.1; WOW64; Trident/4.0; SLCC2; .NET CLR 2.0.50727; .NET CLR 3.5.30729; .NET CLR 3.0.30729; Media Center PC 6.0; InfoPath.2; .NET4.0C)"
199.19.250.71 - - [04/Jan/2012:09:11:00 -0500] "GET /phpQJr/poll.php?pid=50&url=http%3A//www.walleyecentral.com/ HTTP/1.1" 200 3982 "http://www.walleyecentral.com/" "Mozilla/4.0 (compatible; MSIE 8.0; Windows NT 6.1; WOW64; Trident/4.0; SLCC2; .NET CLR 2.0.50727; .NET CLR 3.5.30729; .NET CLR 3.0.30729; Media Center PC 6.0; InfoPath.2; .NET4.0C)"
199.19.250.71 - - [04/Jan/2012:09:11:00 -0500] "GET /themes/default/images/footerback.gif HTTP/1.1" 304 - "http://www.walleyecentral.com/" "Mozilla/4.0 (compatible; MSIE 8.0; Windows NT 6.1; WOW64; Trident/4.0; SLCC2; .NET CLR 2.0.50727; .NET CLR 3.5.30729; .NET CLR 3.0.30729; Media Center PC 6.0; InfoPath.2; .NET4.0C)"
96.3.62.194 - - [04/Jan/2012:09:11:00 -0500] "GET /classified/new/searchresults.jsp HTTP/1.1" 301 360 "http://www.walleyecentral.com/" "Mozilla/4.0 (compatible; MSIE 8.0; Windows NT 6.0; Trident/4.0; SLCC1; .NET CLR 2.0.50727; Media Center PC 5.0; .NET CLR 3.5.30729; WinNT-EVI 02.03.2010; .NET4.0C; .NET CLR 3.0.30729)"
199.19.250.71 - - [04/Jan/2012:09:11:00 -0500] "GET /images/shutup1.gif HTTP/1.1" 304 - "http://www.walleyecentral.com/" "Mozilla/4.0 (compatible; MSIE 8.0; Windows NT 6.1; WOW64; Trident/4.0; SLCC2; .NET CLR 2.0.50727; .NET CLR 3.5.30729; .NET CLR 3.0.30729; Media Center PC 6.0; InfoPath.2; .NET4.0C)"
199.19.250.71 - - [04/Jan/2012:09:11:00 -0500] "GET /images/navionics_app.jpg HTTP/1.1" 304 - "http://www.walleyecentral.com/" "Mozilla/4.0 (compatible; MSIE 8.0; Windows NT 6.1; WOW64; Trident/4.0; SLCC2; .NET CLR 2.0.50727; .NET CLR 3.5.30729; .NET CLR 3.0.30729; Media Center PC 6.0; InfoPath.2; .NET4.0C)"
199.19.250.71 - - [04/Jan/2012:09:11:01 -0500] "GET /phpQJr/inc/poll.js HTTP/1.1" 304 - "http://www.walleyecentral.com/phpQJr/poll.php?pid=50&url=http%3A//www.walleyecentral.com/" "Mozilla/4.0 (compatible; MSIE 8.0; Windows NT 6.1; WOW64; Trident/4.0; SLCC2; .NET CLR 2.0.50727; .NET CLR 3.5.30729; .NET CLR 3.0.30729; Media Center PC 6.0; InfoPath.2; .NET4.0C)"
66.249.71.211 - - [04/Jan/2012:09:11:01 -0500] "GET /forums/archive/index.php/t-43793.html HTTP/1.1" 200 6611 "-" "Mozilla/5.0 (compatible; Googlebot/2.1; +http://www.google.com/bot.html)"
66.11.150.236 - - [04/Jan/2012:09:11:01 -0500] "GET /weather.php?pands=othello%2C+wa HTTP/1.0" 200 24242 "-" "-"
66.11.150.236 - - [04/Jan/2012:09:11:01 -0500] "GET /weather.php?pands=83701 HTTP/1.0" 200 24263 "-" "-"
205.134.249.170 - - [04/Jan/2012:09:11:01 -0500] "GET /weather.php?pands=56686 HTTP/1.1" 200 16166 "-" "PHP/5.2.17"
205.134.249.170 - - [04/Jan/2012:09:11:02 -0500] "GET /weather.php?pands=50530 HTTP/1.1" 200 16166 "-" "PHP/5.2.17"
64.179.63.250 - - [04/Jan/2012:09:11:02 -0500] "GET /openx/www/delivery/ajs.php?n=a5212870&zoneid=85&source=&exclude=,&r=632873711&loc=http%3A//www.walleyecentral.com/forums/album.php%3Falbumid%3D423&referer=http%3A//www.walleyecentral.com/forums/index.php HTTP/1.1" 200 972 "http://www.walleyecentral.com/forums/album.php?albumid=423" "Mozilla/4.0 (compatible; MSIE 6.0; Windows NT 5.1; SV1; .NET CLR 1.1.4322; .NET CLR 2.0.50727; .NET CLR 3.0.4506.2152; .NET CLR 3.5.30729)"
65.52.108.198 - - [04/Jan/2012:09:11:02 -0500] "GET /forums/archive/index.php/t-41666.html HTTP/1.1" 200 10196 "-" "Mozilla/5.0 (compatible; bingbot/2.0; +http://www.bing.com/bingbot.htm)"
46.17.98.217 - - [04/Jan/2012:09:11:01 -0500] "GET /forums/newthread.php?do=newthread&f=5%2BResult:%2Btext%2Bcaptcha%2Bdecoded;%2Bchosen%2Bnickname%2B%2522 HTTP/1.0" 200 48585 "http://www.walleyecentral.com/forums/newthread.php?do=newthread&f=5%2BResult:%2Btext%2Bcaptcha%2Bdecoded;%2Bchosen%2Bnickname%2B%2522#xlimnick%255BSYSYSYSAYSYY%255D%2522;%2Bregistered;%2Blogged%2Bin;%2Bnofollow%2Bis%2Bfound;%2Bsuccess;%2BBB-code%2Bnot%2Bworking;+%5BPLM=0%5D%5BR%5D+GET+http://www.walleyecentral.com/forums/register.php+%5B0,29746,31022%5D+-%3E+%5BR%5D+POST+http://www.walleyecentral.com/forums/register.php?do=register+%5B0,39927,41088%5D+-%3E+%5BR%5D+POST+http://www.walleyecentral.com/forums/register.php?do=addmember+%5B0,0,0%5D+-%3E+%5BL%5D+GET+http://www.walleyecentral.com/classified/new/newadlogin.jsp+%5B0,19557,18915%5D+-%3E+%5BL%5D+POST+http://www.walleyecentral.com/classified/new/newadlogin.jsp+%5B0,0,0%5D+-%3E+%5BN%5D+GET+http://www.walleyecentral.com/forums/newthread.php?do=newthread&f=5%2BResult:%2Btext%2Bcaptcha%2Bdecoded;%2Bchosen%2Bnickname%2B%2522+%5B0,45854,48274%5D+-%3E+%5BN%5D+POST+http://www.walleyecentral.com/forums/newthread.php?do=postthread&f=5+%5B0,0,50476%5D" "Mozilla/4.79 [en] (Windows NT 5.0; U)"
64.179.63.250 - - [04/Jan/2012:09:11:02 -0500] "GET /openx/www/delivery/lg.php?bannerid=99&campaignid=1&zoneid=85&loc=http%3A%2F%2Fwww.walleyecentral.com%2Fforums%2Falbum.php%3Falbumid%3D423&referer=http%3A%2F%2Fwww.walleyecentral.com%2Fforums%2Findex.php&cb=bfe4083f4a HTTP/1.1" 200 43 "http://www.walleyecentral.com/forums/album.php?albumid=423" "Mozilla/4.0 (compatible; MSIE 6.0; Windows NT 5.1; SV1; .NET CLR 1.1.4322; .NET CLR 2.0.50727; .NET CLR 3.0.4506.2152; .NET CLR 3.5.30729)"
199.19.250.71 - - [04/Jan/2012:09:11:03 -0500] "GET /forums/forumdisplay.php?f=32 HTTP/1.1" 200 22198 "http://www.walleyecentral.com/" "Mozilla/4.0 (compatible; MSIE 8.0; Windows NT 6.1; WOW64; Trident/4.0; SLCC2; .NET CLR 2.0.50727; .NET CLR 3.5.30729; .NET CLR 3.0.30729; Media Center PC 6.0; InfoPath.2; .NET4.0C)"
66.11.150.236 - - [04/Jan/2012:09:11:03 -0500] "GET /weather.php?pands=98801 HTTP/1.0" 200 24171 "-" "-"
66.11.150.236 - - [04/Jan/2012:09:11:03 -0500] "GET /weather.php?pands=54763 HTTP/1.0" 200 24177 "-" "-"
199.19.250.71 - - [04/Jan/2012:09:11:03 -0500] "GET /forums/clientscript/yui/connection/connection-min.js?v=373 HTTP/1.1" 304 - "http://www.walleyecentral.com/forums/forumdisplay.php?f=32" "Mozilla/4.0 (compatible; MSIE 8.0; Windows NT 6.1; WOW64; Trident/4.0; SLCC2; .NET CLR 2.0.50727; .NET CLR 3.5.30729; .NET CLR 3.0.30729; Media Center PC 6.0; InfoPath.2; .NET4.0C)"
