24.51.133.94 - - [04/Jan/2012:09:13:48 -0500] "GET /dbimages/articles-2011-12-20-231784295iconfile.jpg HTTP/1.1" 200 1086 "http://www.walleyecentral.com/" "Mozilla/5.0 (Windows NT 6.1; WOW64) AppleWebKit/535.7 (KHTML, like Gecko) Chrome/16.0.912.63 Safari/535.7"
204.155.62.5 - - [04/Jan/2012:09:13:48 -0500] "GET /forums/images/misc/menu_open.gif HTTP/1.1" 304 - "http://www.walleyecentral.com/forums/search.php?searchid=4437003&pp=25&page=3" "Mozilla/4.0 (compatible; MSIE 8.0; Windows NT 5.2; Trident/4.0; .NET CLR 1.1.4322; .NET CLR 2.0.50727; .NET CLR 3.0.4506.2152; .NET CLR 3.5.30729)"
204.155.62.5 - - [04/Jan/2012:09:13:48 -0500] "GET /forums/images/misc/navbits_start.gif HTTP/1.1" 304 - "http://www.walleyecentral.com/forums/search.php?searchid=4437003&pp=25&page=3" "Mozilla/4.0 (compatible; MSIE 8.0; Windows NT 5.2; Trident/4.0; .NET CLR 1.1.4322; .NET CLR 2.0.50727; .NET CLR 3.0.4506.2152; .NET CLR 3.5.30729)"
204.155.62.5 - - [04/Jan/2012:09:13:48 -0500] "GET /forums/images/misc/navbits_finallink_ltr.gif HTTP/1.1" 304 - "http://www.walleyecentral.com/forums/search.php?searchid=4437003&pp=25&page=3" "Mozilla/4.0 (compatible; MSIE 8.0; Windows NT 5.2; Trident/4.0; .NET CLR 1.1.4322; .NET CLR 2.0.50727; .NET CLR 3.0.4506.2152; .NET CLR 3.5.30729)"
24.51.133.94 - - [04/Jan/2012:09:13:48 -0500] "GET /dbimages/articles-2011-12-27-925807361iconfile.jpg HTTP/1.1" 200 946 "http://www.walleyecentral.com/" "Mozilla/5.0 (Windows NT 6.1; WOW64) AppleWebKit/535.7 (KHTML, like Gecko) Chrome/16.0.912.63 Safari/535.7"
204.155.62.5 - - [04/Jan/2012:09:13:48 -0500] "GET /forums/images/statusicon/thread_hot_new.gif HTTP/1.1" 304 - "http://www.walleyecentral.com/forums/search.php?searchid=4437003&pp=25&page=3" "Mozilla/4.0 (compatible; MSIE 8.0; Windows NT 5.2; Trident/4.0; .NET CLR 1.1.4322; .NET CLR 2.0.50727; .NET CLR 3.0.4506.2152; .NET CLR 3.5.30729)"
24.51.133.94 - - [04/Jan/2012:09:13:48 -0500] "GET /dbimages/articles-2011-12-20-993572124iconfile.jpg HTTP/1.1" 200 1433 "http://www.walleyecentral.com/" "Mozilla/5.0 (Windows NT 6.1; WOW64) AppleWebKit/535.7 (KHTML, like Gecko) Chrome/16.0.912.63 Safari/535.7"
204.155.62.5 - - [04/Jan/2012:09:13:48 -0500] "GET /openx/www/delivery/ai.php?filename=jwfa_banner.jpg&contenttype=jpeg HTTP/1.1" 304 - "http://www.walleyecentral.com/forums/search.php?searchid=4437003&pp=25&page=3" "Mozilla/4.0 (compatible; MSIE 8.0; Windows NT 5.2; Trident/4.0; .NET CLR 1.1.4322; .NET CLR 2.0.50727; .NET CLR 3.0.4506.2152; .NET CLR 3.5.30729)"
96.31.5.118 - - [04/Jan/2012:09:13:48 -0500] "GET /forums/images/misc/navbits_start.gif HTTP/1.1" 200 1004 "http://www.walleyecentral.com/forums/index.php" "Mozilla/4.0 (compatible; MSIE 8.0; Windows NT 6.1; WOW64; Trident/4.0; SLCC2; .NET CLR 2.0.50727; .NET CLR 3.5.30729; .NET CLR 3.0.30729; Media Center PC 6.0; .NET4.0C)"
24.51.133.94 - - [04/Jan/2012:09:13:48 -0500] "GET /dbimages/articles-2011-12-20-429665774iconfile.jpg HTTP/1.1" 200 629 "http://www.walleyecentral.com/" "Mozilla/5.0 (Windows NT 6.1; WOW64) AppleWebKit/535.7 (KHTML, like Gecko) Chrome/16.0.912.63 Safari/535.7"
24.51.133.94 - - [04/Jan/2012:09:13:48 -0500] "GET /dbimages/articles-2011-12-19-56677216iconfile.jpg HTTP/1.1" 200 1844 "http://www.walleyecentral.com/" "Mozilla/5.0 (Windows NT 6.1; WOW64) AppleWebKit/535.7 (KHTML, like Gecko) Chrome/16.0.912.63 Safari/535.7"
96.31.5.118 - - [04/Jan/2012:09:13:48 -0500] "GET /forums/images/misc/whos_online.gif HTTP/1.1" 200 1440 "http://www.walleyecentral.com/forums/index.php" "Mozilla/4.0 (compatible; MSIE 8.0; Windows NT 6.1; WOW64; Trident/4.0; SLCC2; .NET CLR 2.0.50727; .NET CLR 3.5.30729; .NET CLR 3.0.30729; Media Center PC 6.0; .NET4.0C)"
24.51.133.94 - - [04/Jan/2012:09:13:48 -0500] "GET /dbimages/articles-2011-12-19-992528775iconfile.jpg HTTP/1.1" 200 1561 "http://www.walleyecentral.com/" "Mozilla/5.0 (Windows NT 6.1; WOW64) AppleWebKit/535.7 (KHTML, like Gecko) Chrome/16.0.912.63 Safari/535.7"
24.51.133.94 - - [04/Jan/2012:09:13:48 -0500] "GET /dbimages/articles-2011-12-09-612515290iconfile.jpg HTTP/1.1" 200 923 "http://www.walleyecentral.com/" "Mozilla/5.0 (Windows NT 6.1; WOW64) AppleWebKit/535.7 (KHTML, like Gecko) Chrome/16.0.912.63 Safari/535.7"
24.51.133.94 - - [04/Jan/2012:09:13:48 -0500] "GET /dbimages/articles-2011-12-05-541299785iconfile.jpg HTTP/1.1" 200 1567 "http://www.walleyecentral.com/" "Mozilla/5.0 (Windows NT 6.1; WOW64) AppleWebKit/535.7 (KHTML, like Gecko) Chrome/16.0.912.63 Safari/535.7"
96.31.5.118 - - [04/Jan/2012:09:13:48 -0500] "GET /openx/www/delivery/ai.php?filename=cabelas_8.jpg&contenttype=jpeg HTTP/1.1" 200 15831 "http://www.walleyecentral.com/forums/index.php" "Mozilla/4.0 (compatible; MSIE 8.0; Windows NT 6.1; WOW64; Trident/4.0; SLCC2; .NET CLR 2.0.50727; .NET CLR 3.5.30729; .NET CLR 3.0.30729; Media Center PC 6.0; .NET4.0C)"
24.51.133.94 - - [04/Jan/2012:09:13:48 -0500] "GET /dbimages/articles-2011-09-29-923068202iconfile.jpg HTTP/1.1" 200 1456 "http://www.walleyecentral.com/" "Mozilla/5.0 (Windows NT 6.1; WOW64) AppleWebKit/535.7 (KHTML, like Gecko) Chrome/16.0.912.63 Safari/535.7"
204.155.62.5 - - [04/Jan/2012:09:13:48 -0500] "GET /forums/images/icons/icon1.gif HTTP/1.1" 304 - "http://www.walleyecentral.com/forums/search.php?searchid=4437003&pp=25&page=3" "Mozilla/4.0 (compatible; MSIE 8.0; Windows NT 5.2; Trident/4.0; .NET CLR 1.1.4322; .NET CLR 2.0.50727; .NET CLR 3.0.4506.2152; .NET CLR 3.5.30729)"
204.155.62.5 - - [04/Jan/2012:09:13:48 -0500] "GET /forums/images/buttons/firstnew.gif HTTP/1.1" 304 - "http://www.walleyecentral.com/forums/search.php?searchid=4437003&pp=25&page=3" "Mozilla/4.0 (compatible; MSIE 8.0; Windows NT 5.2; Trident/4.0; .NET CLR 1.1.4322; .NET CLR 2.0.50727; .NET CLR 3.0.4506.2152; .NET CLR 3.5.30729)"
204.155.62.5 - - [04/Jan/2012:09:13:48 -0500] "GET /forums/images/misc/multipage.gif HTTP/1.1" 304 - "http://www.walleyecentral.com/forums/search.php?searchid=4437003&pp=25&page=3" "Mozilla/4.0 (compatible; MSIE 8.0; Windows NT 5.2; Trident/4.0; .NET CLR 1.1.4322; .NET CLR 2.0.50727; .NET CLR 3.0.4506.2152; .NET CLR 3.5.30729)"
96.31.5.118 - - [04/Jan/2012:09:13:48 -0500] "GET /openx/www/delivery/lg.php?bannerid=6&campaignid=1&zoneid=1&channel_ids=,&loc=http%3A%2F%2Fwww.walleyecentral.com%2Fforums%2Findex.php&referer=http%3A%2F%2Fwww.walleyecentral.com%2F&cb=55add4b9e3 HTTP/1.1" 200 43 "http://www.walleyecentral.com/forums/index.php" "Mozilla/4.0 (compatible; MSIE 8.0; Windows NT 6.1; WOW64; Trident/4.0; SLCC2; .NET CLR 2.0.50727; .NET CLR 3.5.30729; .NET CLR 3.0.30729; Media Center PC 6.0; .NET4.0C)"
24.51.133.94 - - [04/Jan/2012:09:13:48 -0500] "GET /phpQJr/poll.php?pid=50&url=http%3A//www.walleyecentral.com/ HTTP/1.1" 200 3982 "http://www.walleyecentral.com/" "Mozilla/5.0 (Windows NT 6.1; WOW64) AppleWebKit/535.7 (KHTML, like Gecko) Chrome/16.0.912.63 Safari/535.7"
204.155.62.5 - - [04/Jan/2012:09:13:48 -0500] "GET /forums/images/buttons/lastpost.gif HTTP/1.1" 304 - "http://www.walleyecentral.com/forums/search.php?searchid=4437003&pp=25&page=3" "Mozilla/4.0 (compatible; MSIE 8.0; Windows NT 5.2; Trident/4.0; .NET CLR 1.1.4322; .NET CLR 2.0.50727; .NET CLR 3.0.4506.2152; .NET CLR 3.5.30729)"
204.155.62.5 - - [04/Jan/2012:09:13:48 -0500] "GET /forums/images/statusicon/thread_new.gif HTTP/1.1" 304 - "http://www.walleyecentral.com/forums/search.php?searchid=4437003&pp=25&page=3" "Mozilla/4.0 (compatible; MSIE 8.0; Windows NT 5.2; Trident/4.0; .NET CLR 1.1.4322; .NET CLR 2.0.50727; .NET CLR 3.0.4506.2152; .NET CLR 3.5.30729)"
24.51.133.94 - - [04/Jan/2012:09:13:48 -0500] "GET /dbimages/tenpoundclub-2011-12-23-141169268thumbnail.jpg HTTP/1.1" 200 10939 "http://www.walleyecentral.com/" "Mozilla/5.0 (Windows NT 6.1; WOW64) AppleWebKit/535.7 (KHTML, like Gecko) Chrome/16.0.912.63 Safari/535.7"
24.51.133.94 - - [04/Jan/2012:09:13:48 -0500] "GET /wcvideo/video/20110925-150928.jpg HTTP/1.1" 200 8753 "http://www.walleyecentral.com/" "Mozilla/5.0 (Windows NT 6.1; WOW64) AppleWebKit/535.7 (KHTML, like Gecko) Chrome/16.0.912.63 Safari/535.7"
205.134.249.170 - - [04/Jan/2012:09:13:48 -0500] "GET /weather.php?pands=55431 HTTP/1.1" 200 16166 "-" "PHP/5.2.17"
24.51.133.94 - - [04/Jan/2012:09:13:48 -0500] "GET /dbimages/tenpoundclub-2011-12-23-97306314thumbnail.jpg HTTP/1.1" 200 9587 "http://www.walleyecentral.com/" "Mozilla/5.0 (Windows NT 6.1; WOW64) AppleWebKit/535.7 (KHTML, like Gecko) Chrome/16.0.912.63 Safari/535.7"
24.51.133.94 - - [04/Jan/2012:09:13:48 -0500] "GET /phpQJr/inc/poll.js HTTP/1.1" 200 897 "http://www.walleyecentral.com/phpQJr/poll.php?pid=50&url=http%3A//www.walleyecentral.com/" "Mozilla/5.0 (Windows NT 6.1; WOW64) AppleWebKit/535.7 (KHTML, like Gecko) Chrome/16.0.912.63 Safari/535.7"
204.155.62.5 - - [04/Jan/2012:09:13:48 -0500] "GET /forums/images/icons/icon5.gif HTTP/1.1" 304 - "http://www.walleyecentral.com/forums/search.php?searchid=4437003&pp=25&page=3" "Mozilla/4.0 (compatible; MSIE 8.0; Windows NT 5.2; Trident/4.0; .NET CLR 1.1.4322; .NET CLR 2.0.50727; .NET CLR 3.0.4506.2152; .NET CLR 3.5.30729)"
24.51.133.94 - - [04/Jan/2012:09:13:48 -0500] "GET /dbimages/tenpoundclub-2012-01-03-862352758thumbnail.jpg HTTP/1.1" 200 12900 "http://www.walleyecentral.com/" "Mozilla/5.0 (Windows NT 6.1; WOW64) AppleWebKit/535.7 (KHTML, like Gecko) Chrome/16.0.912.63 Safari/535.7"
96.31.5.118 - - [04/Jan/2012:09:13:48 -0500] "GET /forums/picture_for_index.php?pictureid=4112&albumid=138 HTTP/1.1" 200 36296 "http://www.walleyecentral.com/forums/index.php" "Mozilla/4.0 (compatible; MSIE 8.0; Windows NT 6.1; WOW64; Trident/4.0; SLCC2; .NET CLR 2.0.50727; .NET CLR 3.5.30729; .NET CLR 3.0.30729; Media Center PC 6.0; .NET4.0C)"
204.155.62.5 - - [04/Jan/2012:09:13:48 -0500] "GET /forums/images/statusicon/thread_hot.gif HTTP/1.1" 200 1125 "http://www.walleyecentral.com/forums/search.php?searchid=4437003&pp=25&page=3" "Mozilla/4.0 (compatible; MSIE 8.0; Windows NT 5.2; Trident/4.0; .NET CLR 1.1.4322; .NET CLR 2.0.50727; .NET CLR 3.0.4506.2152; .NET CLR 3.5.30729)"
204.155.62.5 - - [04/Jan/2012:09:13:48 -0500] "GET /forums/images/icons/icon13.gif HTTP/1.1" 304 - "http://www.walleyecentral.com/forums/search.php?searchid=4437003&pp=25&page=3" "Mozilla/4.0 (compatible; MSIE 8.0; Windows NT 5.2; Trident/4.0; .NET CLR 1.1.4322; .NET CLR 2.0.50727; .NET CLR 3.0.4506.2152; .NET CLR 3.5.30729)"
204.155.62.5 - - [04/Jan/2012:09:13:48 -0500] "GET /openx/www/delivery/lg.php?bannerid=99&campaignid=1&zoneid=85&loc=http%3A%2F%2Fwww.walleyecentral.com%2Fforums%2Fsearch.php%3Fsearchid%3D4437003%26pp%3D25%26page%3D3&referer=http%3A%2F%2Fwww.walleyecentral.com%2Fforums%2Fsearch.php%3Fsearchid%3D4437003%26pp%3D25%26page%3D2&cb=012438cef9 HTTP/1.1" 200 43 "http://www.walleyecentral.com/forums/search.php?searchid=4437003&pp=25&page=3" "Mozilla/4.0 (compatible; MSIE 8.0; Windows NT 5.2; Trident/4.0; .NET CLR 1.1.4322; .NET CLR 2.0.50727; .NET CLR 3.0.4506.2152; .NET CLR 3.5.30729)"
204.155.62.5 - - [04/Jan/2012:09:13:48 -0500] "GET /forums/images/misc/paperclip.gif HTTP/1.1" 304 - "http://www.walleyecentral.com/forums/search.php?searchid=4437003&pp=25&page=3" "Mozilla/4.0 (compatible; MSIE 8.0; Windows NT 5.2; Trident/4.0; .NET CLR 1.1.4322; .NET CLR 2.0.50727; .NET CLR 3.0.4506.2152; .NET CLR 3.5.30729)"
204.155.62.5 - - [04/Jan/2012:09:13:48 -0500] "GET /forums/clientscript/vbulletin_ajax_threadslist.js?v=373 HTTP/1.1" 304 - "http://www.walleyecentral.com/forums/search.php?searchid=4437003&pp=25&page=3" "Mozilla/4.0 (compatible; MSIE 8.0; Windows NT 5.2; Trident/4.0; .NET CLR 1.1.4322; .NET CLR 2.0.50727; .NET CLR 3.0.4506.2152; .NET CLR 3.5.30729)"
24.51.133.94 - - [04/Jan/2012:09:13:48 -0500] "GET /wcvideo/video/20110918-060900.jpg HTTP/1.1" 200 16164 "http://www.walleyecentral.com/" "Mozilla/5.0 (Windows NT 6.1; WOW64) AppleWebKit/535.7 (KHTML, like Gecko) Chrome/16.0.912.63 Safari/535.7"
24.51.133.94 - - [04/Jan/2012:09:13:48 -0500] "GET /commonimages/blocks.png HTTP/1.1" 200 3241 "http://www.walleyecentral.com/" "Mozilla/5.0 (Windows NT 6.1; WOW64) AppleWebKit/535.7 (KHTML, like Gecko) Chrome/16.0.912.63 Safari/535.7"
24.51.133.94 - - [04/Jan/2012:09:13:48 -0500] "GET /images/navionics_app.jpg HTTP/1.1" 200 3556 "http://www.walleyecentral.com/" "Mozilla/5.0 (Windows NT 6.1; WOW64) AppleWebKit/535.7 (KHTML, like Gecko) Chrome/16.0.912.63 Safari/535.7"
24.51.133.94 - - [04/Jan/2012:09:13:48 -0500] "GET /images/shutup1.gif HTTP/1.1" 200 635 "http://www.walleyecentral.com/" "Mozilla/5.0 (Windows NT 6.1; WOW64) AppleWebKit/535.7 (KHTML, like Gecko) Chrome/16.0.912.63 Safari/535.7"
96.31.5.118 - - [04/Jan/2012:09:13:48 -0500] "GET /forums/picture_for_index.php?pictureid=2211&albumid=250 HTTP/1.1" 200 38924 "http://www.walleyecentral.com/forums/index.php" "Mozilla/4.0 (compatible; MSIE 8.0; Windows NT 6.1; WOW64; Trident/4.0; SLCC2; .NET CLR 2.0.50727; .NET CLR 3.5.30729; .NET CLR 3.0.30729; Media Center PC 6.0; .NET4.0C)"
24.51.133.94 - - [04/Jan/2012:09:13:48 -0500] "GET /wcvideo/video/20110808-130818.jpg HTTP/1.1" 200 14547 "http://www.walleyecentral.com/" "Mozilla/5.0 (Windows NT 6.1; WOW64) AppleWebKit/535.7 (KHTML, like Gecko) Chrome/16.0.912.63 Safari/535.7"
24.51.133.94 - - [04/Jan/2012:09:13:48 -0500] "GET /themes/default/images/footerback.gif HTTP/1.1" 200 1309 "http://www.walleyecentral.com/" "Mozilla/5.0 (Windows NT 6.1; WOW64) AppleWebKit/535.7 (KHTML, like Gecko) Chrome/16.0.912.63 Safari/535.7"
96.31.5.118 - - [04/Jan/2012:09:13:48 -0500] "GET /forums/images/buttons/collapse_tcat.gif HTTP/1.1" 200 642 "http://www.walleyecentral.com/forums/index.php" "Mozilla/4.0 (compatible; MSIE 8.0; Windows NT 6.1; WOW64; Trident/4.0; SLCC2; .NET CLR 2.0.50727; .NET CLR 3.5.30729; .NET CLR 3.0.30729; Media Center PC 6.0; .NET4.0C)"
204.155.62.5 - - [04/Jan/2012:09:13:49 -0500] "GET /forums/clear.gif HTTP/1.1" 304 - "http://www.walleyecentral.com/forums/search.php?searchid=4437003&pp=25&page=3" "Mozilla/4.0 (compatible; MSIE 8.0; Windows NT 5.2; Trident/4.0; .NET CLR 1.1.4322; .NET CLR 2.0.50727; .NET CLR 3.0.4506.2152; .NET CLR 3.5.30729)"
96.31.5.118 - - [04/Jan/2012:09:13:48 -0500] "GET /forums/picture_for_index.php?pictureid=3353&albumid=369 HTTP/1.1" 200 38906 "http://www.walleyecentral.com/forums/index.php" "Mozilla/4.0 (compatible; MSIE 8.0; Windows NT 6.1; WOW64; Trident/4.0; SLCC2; .NET CLR 2.0.50727; .NET CLR 3.5.30729; .NET CLR 3.0.30729; Media Center PC 6.0; .NET4.0C)"
96.31.5.118 - - [04/Jan/2012:09:13:48 -0500] "GET /forums/picture_for_index.php?pictureid=6841&albumid=48 HTTP/1.1" 200 26196 "http://www.walleyecentral.com/forums/index.php" "Mozilla/4.0 (compatible; MSIE 8.0; Windows NT 6.1; WOW64; Trident/4.0; SLCC2; .NET CLR 2.0.50727; .NET CLR 3.5.30729; .NET CLR 3.0.30729; Media Center PC 6.0; .NET4.0C)"
96.31.5.118 - - [04/Jan/2012:09:13:48 -0500] "GET /forums/picture_for_index.php?pictureid=6933&albumid=438 HTTP/1.1" 200 40571 "http://www.walleyecentral.com/forums/index.php" "Mozilla/4.0 (compatible; MSIE 8.0; Windows NT 6.1; WOW64; Trident/4.0; SLCC2; .NET CLR 2.0.50727; .NET CLR 3.5.30729; .NET CLR 3.0.30729; Media Center PC 6.0; .NET4.0C)"
216.130.131.66 - - [04/Jan/2012:09:13:49 -0500] "GET /forums/clientscript/vbulletin_important.css?v=373 HTTP/1.1" 304 - "http://www.walleyecentral.com/forums/showthread.php?t=189053" "Mozilla/4.0 (compatible; MSIE 8.0; Windows NT 6.1; Win64; x64; Trident/4.0; .NET CLR 2.0.50727; SLCC2; .NET CLR 3.5.30729; .NET CLR 3.0.30729; .NET4.0C; .NET4.0E)"
216.130.131.66 - - [04/Jan/2012:09:13:49 -0500] "GET /themes/default/theme.css HTTP/1.1" 304 - "http://www.walleyecentral.com/forums/showthread.php?t=189053" "Mozilla/4.0 (compatible; MSIE 8.0; Windows NT 6.1; Win64; x64; Trident/4.0; .NET CLR 2.0.50727; SLCC2; .NET CLR 3.5.30729; .NET CLR 3.0.30729; .NET4.0C; .NET4.0E)"
216.130.131.66 - - [04/Jan/2012:09:13:49 -0500] "GET /forums/clientscript/yui/yahoo-dom-event/yahoo-dom-event.js?v=373 HTTP/1.1" 304 - "http://www.walleyecentral.com/forums/showthread.php?t=189053" "Mozilla/4.0 (compatible; MSIE 8.0; Windows NT 6.1; Win64; x64; Trident/4.0; .NET CLR 2.0.50727; SLCC2; .NET CLR 3.5.30729; .NET CLR 3.0.30729; .NET4.0C; .NET4.0E)"
216.130.131.66 - - [04/Jan/2012:09:13:49 -0500] "GET /forums/clientscript/yui/connection/connection-min.js?v=373 HTTP/1.1" 304 - "http://www.walleyecentral.com/forums/showthread.php?t=189053" "Mozilla/4.0 (compatible; MSIE 8.0; Windows NT 6.1; Win64; x64; Trident/4.0; .NET CLR 2.0.50727; SLCC2; .NET CLR 3.5.30729; .NET CLR 3.0.30729; .NET4.0C; .NET4.0E)"
96.31.5.118 - - [04/Jan/2012:09:13:49 -0500] "GET /forums/images/statusicon/forum_link.gif HTTP/1.1" 200 1674 "http://www.walleyecentral.com/forums/index.php" "Mozilla/4.0 (compatible; MSIE 8.0; Windows NT 6.1; WOW64; Trident/4.0; SLCC2; .NET CLR 2.0.50727; .NET CLR 3.5.30729; .NET CLR 3.0.30729; Media Center PC 6.0; .NET4.0C)"
96.31.5.118 - - [04/Jan/2012:09:13:48 -0500] "GET /forums/picture_for_index.php?pictureid=4660&albumid=527 HTTP/1.1" 200 44754 "http://www.walleyecentral.com/forums/index.php" "Mozilla/4.0 (compatible; MSIE 8.0; Windows NT 6.1; WOW64; Trident/4.0; SLCC2; .NET CLR 2.0.50727; .NET CLR 3.5.30729; .NET CLR 3.0.30729; Media Center PC 6.0; .NET4.0C)"
96.31.5.118 - - [04/Jan/2012:09:13:49 -0500] "GET /forums/images/statusicon/forum_new.gif HTTP/1.1" 200 1623 "http://www.walleyecentral.com/forums/index.php" "Mozilla/4.0 (compatible; MSIE 8.0; Windows NT 6.1; WOW64; Trident/4.0; SLCC2; .NET CLR 2.0.50727; .NET CLR 3.5.30729; .NET CLR 3.0.30729; Media Center PC 6.0; .NET4.0C)"
205.134.249.170 - - [04/Jan/2012:09:13:49 -0500] "GET /weather.php?pands=89015 HTTP/1.1" 200 16166 "-" "PHP/5.2.17"
66.11.150.236 - - [04/Jan/2012:09:13:48 -0500] "GET /weather.php?pands=47441 HTTP/1.0" 200 24171 "-" "-"
46.17.98.217 - - [04/Jan/2012:09:13:48 -0500] "GET /forums/newthread.php?do=newthread&f=5%2BResult:%2Btext%2Bcaptcha%2Bdecoded;%2Bchosen%2Bnickname%2B%2522 HTTP/1.0" 200 50084 "http://www.walleyecentral.com/forums/newthread.php?do=newthread&f=5%2BResult:%2Btext%2Bcaptcha%2Bdecoded;%2Bchosen%2Bnickname%2B%2522#xlimnick%255BSYSYSYSAYSYY%255D%2522;%2Bregistered;%2Blogged%2Bin;%2Bnofollow%2Bis%2Bfound;%2Bsuccess;%2BBB-code%2Bnot%2Bworking;+%5BPLM=0%5D%5BR%5D+GET+http://www.walleyecentral.com/forums/register.php+%5B0,29736,31354%5D+-%3E+%5BR%5D+POST+http://www.walleyecentral.com/forums/register.php?do=register+%5B0,40380,41199%5D+-%3E+%5BR%5D+POST+http://www.walleyecentral.com/forums/register.php?do=addmember+%5B0,41049,41868%5D+-%3E+%5BR%5D+POST+http://www.walleyecentral.com/forums/register.php?do=addmember+%5B0,41079,41898%5D+-%3E+%5BR%5D+POST+http://www.walleyecentral.com/forums/register.php?do=addmember+%5B0,41052,41871%5D+-%3E+%5BR%5D+POST+http://www.walleyecentral.com/forums/register.php?do=addmember+%5B0,41040,41859%5D+-%3E+%5BR%5D+POST+http://www.walleyecentral.com/forums/register.php?do=addmember+%5B0,0,0%5D+-%3E+%5BL%5D+GET+http://www.walleyecentral.com/classified/new/newadlogin.jsp+%5B0,19557,18915%5D+-%3E+%5BL%5D+POST+http://www.walleyecentral.com/classified/new/newadlogin.jsp+%5B0,0,18997%5D+-%3E+%5BN%5D+GET+http://www.walleyecentral.com/forums/newthread.php?do=newthread&f=5%2BResult:%2Btext%2Bcaptcha%2Bdecoded;%2Bchosen%2Bnickname%2B%2522+%5B0,47967,50385%5D+-%3E+%5BN%5D+POST+http://www.walleyecentral.com/forums/newthread.php?do=postthread&f=5+%5B0,0,52613%5D" "Mozilla/4.0 (compatible; MSIE 6.0; Windows NT 5.1; Maxthon; .NET CLR 1.1.4322)"
96.31.5.118 - - [04/Jan/2012:09:13:49 -0500] "GET /forums/images/icons/icon1.gif HTTP/1.1" 200 1032 "http://www.walleyecentral.com/forums/index.php" "Mozilla/4.0 (compatible; MSIE 8.0; Windows NT 6.1; WOW64; Trident/4.0; SLCC2; .NET CLR 2.0.50727; .NET CLR 3.5.30729; .NET CLR 3.0.30729; Media Center PC 6.0; .NET4.0C)"
96.31.5.118 - - [04/Jan/2012:09:13:49 -0500] "GET /forums/images/statusicon/forum_old.gif HTTP/1.1" 200 1628 "http://www.walleyecentral.com/forums/index.php" "Mozilla/4.0 (compatible; MSIE 8.0; Windows NT 6.1; WOW64; Trident/4.0; SLCC2; .NET CLR 2.0.50727; .NET CLR 3.5.30729; .NET CLR 3.0.30729; Media Center PC 6.0; .NET4.0C)"
96.31.5.118 - - [04/Jan/2012:09:13:49 -0500] "GET /forums/images/buttons/lastpost.gif HTTP/1.1" 200 964 "http://www.walleyecentral.com/forums/index.php" "Mozilla/4.0 (compatible; MSIE 8.0; Windows NT 6.1; WOW64; Trident/4.0; SLCC2; .NET CLR 2.0.50727; .NET CLR 3.5.30729; .NET CLR 3.0.30729; Media Center PC 6.0; .NET4.0C)"
216.130.131.66 - - [04/Jan/2012:09:13:48 -0500] "GET /forums/showthread.php?t=189053 HTTP/1.1" 200 24539 "http://www.walleyecentral.com/forums/forumdisplay.php?f=5&order=desc&page=2" "Mozilla/4.0 (compatible; MSIE 8.0; Windows NT 6.1; Win64; x64; Trident/4.0; .NET CLR 2.0.50727; SLCC2; .NET CLR 3.5.30729; .NET CLR 3.0.30729; .NET4.0C; .NET4.0E)"
96.31.5.118 - - [04/Jan/2012:09:13:49 -0500] "GET /forums/images/icons/icon6.gif HTTP/1.1" 200 1043 "http://www.walleyecentral.com/forums/index.php" "Mozilla/4.0 (compatible; MSIE 8.0; Windows NT 6.1; WOW64; Trident/4.0; SLCC2; .NET CLR 2.0.50727; .NET CLR 3.5.30729; .NET CLR 3.0.30729; Media Center PC 6.0; .NET4.0C)"
96.31.5.118 - - [04/Jan/2012:09:13:49 -0500] "GET /forums/clientscript/vbulletin_read_marker.js?v=373 HTTP/1.1" 200 3408 "http://www.walleyecentral.com/forums/index.php" "Mozilla/4.0 (compatible; MSIE 8.0; Windows NT 6.1; WOW64; Trident/4.0; SLCC2; .NET CLR 2.0.50727; .NET CLR 3.5.30729; .NET CLR 3.0.30729; Media Center PC 6.0; .NET4.0C)"
66.11.150.236 - - [04/Jan/2012:09:13:48 -0500] "GET /weather.php?pands=crystal+fal HTTP/1.0" 200 24181 "-" "-"
96.31.5.118 - - [04/Jan/2012:09:13:49 -0500] "GET /forums/images/buttons/collapse_thead.gif HTTP/1.1" 200 580 "http://www.walleyecentral.com/forums/index.php" "Mozilla/4.0 (compatible; MSIE 8.0; Windows NT 6.1; WOW64; Trident/4.0; SLCC2; .NET CLR 2.0.50727; .NET CLR 3.5.30729; .NET CLR 3.0.30729; Media Center PC 6.0; .NET4.0C)"
96.31.5.118 - - [04/Jan/2012:09:13:49 -0500] "GET /forums/images/misc/stats.gif HTTP/1.1" 200 1461 "http://www.walleyecentral.com/forums/index.php" "Mozilla/4.0 (compatible; MSIE 8.0; Windows NT 6.1; WOW64; Trident/4.0; SLCC2; .NET CLR 2.0.50727; .NET CLR 3.5.30729; .NET CLR 3.0.30729; Media Center PC 6.0; .NET4.0C)"
96.31.5.118 - - [04/Jan/2012:09:13:49 -0500] "GET /forums/images/misc/birthday.gif HTTP/1.1" 200 1425 "http://www.walleyecentral.com/forums/index.php" "Mozilla/4.0 (compatible; MSIE 8.0; Windows NT 6.1; WOW64; Trident/4.0; SLCC2; .NET CLR 2.0.50727; .NET CLR 3.5.30729; .NET CLR 3.0.30729; Media Center PC 6.0; .NET4.0C)"
96.31.5.118 - - [04/Jan/2012:09:13:49 -0500] "GET /forums/picture_for_index.php?pictureid=1290&albumid=152 HTTP/1.1" 200 31046 "http://www.walleyecentral.com/forums/index.php" "Mozilla/4.0 (compatible; MSIE 8.0; Windows NT 6.1; WOW64; Trident/4.0; SLCC2; .NET CLR 2.0.50727; .NET CLR 3.5.30729; .NET CLR 3.0.30729; Media Center PC 6.0; .NET4.0C)"
208.38.64.34 - - [04/Jan/2012:09:13:50 -0500] "GET /openx/www/delivery/ajs.php?n=a5212870&zoneid=97&source=&exclude=,&r=533692751&loc=http%3A//www.walleyecentral.com/forums/forumdisplay.php%3Ff%3D32&referer=http%3A//walleyecentral.com/ HTTP/1.1" 200 942 "http://www.walleyecentral.com/forums/forumdisplay.php?f=32" "Mozilla/5.0 (Windows NT 5.1) AppleWebKit/535.7 (KHTML, like Gecko) Chrome/16.0.912.63 Safari/535.7"
66.11.150.236 - - [04/Jan/2012:09:13:50 -0500] "GET /weather.php?pands=Red+lake%2C+o HTTP/1.0" 200 20837 "-" "-"
208.38.64.34 - - [04/Jan/2012:09:13:50 -0500] "GET /openx/www/delivery/ai.php?filename=wc-ranger_2.gif&contenttype=gif HTTP/1.1" 200 13505 "http://www.walleyecentral.com/forums/forumdisplay.php?f=32" "Mozilla/5.0 (Windows NT 5.1) AppleWebKit/535.7 (KHTML, like Gecko) Chrome/16.0.912.63 Safari/535.7"
205.134.249.170 - - [04/Jan/2012:09:13:50 -0500] "GET /weather.php?pands=mille+lacs HTTP/1.1" 200 16166 "-" "PHP/5.2.17"
208.38.64.34 - - [04/Jan/2012:09:13:50 -0500] "GET /openx/www/delivery/lg.php?bannerid=71&campaignid=1&zoneid=97&loc=http%3A%2F%2Fwww.walleyecentral.com%2Fforums%2Fforumdisplay.php%3Ff%3D32&referer=http%3A%2F%2Fwalleyecentral.com%2F&cb=31b20a174b HTTP/1.1" 200 43 "http://www.walleyecentral.com/forums/forumdisplay.php?f=32" "Mozilla/5.0 (Windows NT 5.1) AppleWebKit/535.7 (KHTML, like Gecko) Chrome/16.0.912.63 Safari/535.7"
66.249.71.211 - - [04/Jan/2012:09:13:51 -0500] "GET /forums/archive/index.php/t-46907.html HTTP/1.1" 200 9358 "-" "Mozilla/5.0 (compatible; Googlebot/2.1; +http://www.google.com/bot.html)"
216.130.131.66 - - [04/Jan/2012:09:13:51 -0500] "GET /themes/default/theme.css HTTP/1.1" 304 - "http://www.walleyecentral.com/forums/showthread.php?t=189177" "Mozilla/4.0 (compatible; MSIE 8.0; Windows NT 6.1; Win64; x64; Trident/4.0; .NET CLR 2.0.50727; SLCC2; .NET CLR 3.5.30729; .NET CLR 3.0.30729; .NET4.0C; .NET4.0E)"
216.130.131.66 - - [04/Jan/2012:09:13:51 -0500] "GET /forums/clientscript/vbulletin_important.css?v=373 HTTP/1.1" 304 - "http://www.walleyecentral.com/forums/showthread.php?t=189177" "Mozilla/4.0 (compatible; MSIE 8.0; Windows NT 6.1; Win64; x64; Trident/4.0; .NET CLR 2.0.50727; SLCC2; .NET CLR 3.5.30729; .NET CLR 3.0.30729; .NET4.0C; .NET4.0E)"
216.130.131.66 - - [04/Jan/2012:09:13:51 -0500] "GET /forums/clientscript/yui/yahoo-dom-event/yahoo-dom-event.js?v=373 HTTP/1.1" 304 - "http://www.walleyecentral.com/forums/showthread.php?t=189177" "Mozilla/4.0 (compatible; MSIE 8.0; Windows NT 6.1; Win64; x64; Trident/4.0; .NET CLR 2.0.50727; SLCC2; .NET CLR 3.5.30729; .NET CLR 3.0.30729; .NET4.0C; .NET4.0E)"
216.130.131.66 - - [04/Jan/2012:09:13:51 -0500] "GET /forums/clientscript/yui/connection/connection-min.js?v=373 HTTP/1.1" 304 - "http://www.walleyecentral.com/forums/showthread.php?t=189177" "Mozilla/4.0 (compatible; MSIE 8.0; Windows NT 6.1; Win64; x64; Trident/4.0; .NET CLR 2.0.50727; SLCC2; .NET CLR 3.5.30729; .NET CLR 3.0.30729; .NET4.0C; .NET4.0E)"
50.116.161.56 - - [04/Jan/2012:09:13:50 -0500] "GET /forums/showthread.php?t=189205 HTTP/1.1" 200 14817 "http://www.walleyecentral.com/forums/search.php?searchid=4436996&pp=25&page=3" "Mozilla/5.0 (compatible; MSIE 9.0; Windows NT 6.1; WOW64; Trident/5.0)"
216.130.131.66 - - [04/Jan/2012:09:13:51 -0500] "GET /forums/clientscript/vbulletin_menu.js?v=373 HTTP/1.1" 304 - "http://www.walleyecentral.com/forums/showthread.php?t=189177" "Mozilla/4.0 (compatible; MSIE 8.0; Windows NT 6.1; Win64; x64; Trident/4.0; .NET CLR 2.0.50727; SLCC2; .NET CLR 3.5.30729; .NET CLR 3.0.30729; .NET4.0C; .NET4.0E)"
216.130.131.66 - - [04/Jan/2012:09:13:51 -0500] "GET /forums/clientscript/vbulletin_global.js?v=373 HTTP/1.1" 304 - "http://www.walleyecentral.com/forums/showthread.php?t=189177" "Mozilla/4.0 (compatible; MSIE 8.0; Windows NT 6.1; Win64; x64; Trident/4.0; .NET CLR 2.0.50727; SLCC2; .NET CLR 3.5.30729; .NET CLR 3.0.30729; .NET4.0C; .NET4.0E)"
66.11.150.236 - - [04/Jan/2012:09:13:50 -0500] "GET /weather.php?pands=45801 HTTP/1.0" 200 24265 "-" "-"
205.134.249.170 - - [04/Jan/2012:09:13:51 -0500] "GET /weather.php?pands=13669 HTTP/1.1" 200 16166 "-" "PHP/5.2.17"
12.2.142.12 - - [04/Jan/2012:09:13:51 -0500] "GET /forums/clientscript/vbulletin_important.css?v=373 HTTP/1.1" 304 - "http://www.walleyecentral.com/forums/index.php" "Mozilla/4.0 (compatible; MSIE 8.0; Windows NT 6.1; WOW64; Trident/4.0; SLCC2; .NET CLR 2.0.50727; .NET CLR 3.5.30729; .NET CLR 3.0.30729; Media Center PC 6.0; .NET4.0C; .NET4.0E; InfoPath.2)"
216.130.131.66 - - [04/Jan/2012:09:13:50 -0500] "GET /forums/showthread.php?t=189177 HTTP/1.1" 200 22377 "http://www.walleyecentral.com/forums/forumdisplay.php?f=5&order=desc&page=2" "Mozilla/4.0 (compatible; MSIE 8.0; Windows NT 6.1; Win64; x64; Trident/4.0; .NET CLR 2.0.50727; SLCC2; .NET CLR 3.5.30729; .NET CLR 3.0.30729; .NET4.0C; .NET4.0E)"
12.2.142.12 - - [04/Jan/2012:09:13:51 -0500] "GET /forums/clientscript/yui/yahoo-dom-event/yahoo-dom-event.js?v=373 HTTP/1.1" 304 - "http://www.walleyecentral.com/forums/index.php" "Mozilla/4.0 (compatible; MSIE 8.0; Windows NT 6.1; WOW64; Trident/4.0; SLCC2; .NET CLR 2.0.50727; .NET CLR 3.5.30729; .NET CLR 3.0.30729; Media Center PC 6.0; .NET4.0C; .NET4.0E; InfoPath.2)"
12.2.142.12 - - [04/Jan/2012:09:13:51 -0500] "GET /forums/clientscript/yui/connection/connection-min.js?v=373 HTTP/1.1" 304 - "http://www.walleyecentral.com/forums/index.php" "Mozilla/4.0 (compatible; MSIE 8.0; Windows NT 6.1; WOW64; Trident/4.0; SLCC2; .NET CLR 2.0.50727; .NET CLR 3.5.30729; .NET CLR 3.0.30729; Media Center PC 6.0; .NET4.0C; .NET4.0E; InfoPath.2)"
12.2.142.12 - - [04/Jan/2012:09:13:51 -0500] "GET /forums/clientscript/vbulletin_global.js?v=373 HTTP/1.1" 304 - "http://www.walleyecentral.com/forums/index.php" "Mozilla/4.0 (compatible; MSIE 8.0; Windows NT 6.1; WOW64; Trident/4.0; SLCC2; .NET CLR 2.0.50727; .NET CLR 3.5.30729; .NET CLR 3.0.30729; Media Center PC 6.0; .NET4.0C; .NET4.0E; InfoPath.2)"
12.2.142.12 - - [04/Jan/2012:09:13:51 -0500] "GET /forums/clientscript/vbulletin_menu.js?v=373 HTTP/1.1" 304 - "http://www.walleyecentral.com/forums/index.php" "Mozilla/4.0 (compatible; MSIE 8.0; Windows NT 6.1; WOW64; Trident/4.0; SLCC2; .NET CLR 2.0.50727; .NET CLR 3.5.30729; .NET CLR 3.0.30729; Media Center PC 6.0; .NET4.0C; .NET4.0E; InfoPath.2)"
12.2.142.12 - - [04/Jan/2012:09:13:51 -0500] "GET /forums/index.php HTTP/1.1" 200 114417 "http://www.walleyecentral.com/" "Mozilla/4.0 (compatible; MSIE 8.0; Windows NT 6.1; WOW64; Trident/4.0; SLCC2; .NET CLR 2.0.50727; .NET CLR 3.5.30729; .NET CLR 3.0.30729; Media Center PC 6.0; .NET4.0C; .NET4.0E; InfoPath.2)"
216.130.131.66 - - [04/Jan/2012:09:13:51 -0500] "GET /qnav/bullet_sq_sm_slateblue.gif HTTP/1.1" 304 - "http://www.walleyecentral.com/forums/showthread.php?t=189177" "Mozilla/4.0 (compatible; MSIE 8.0; Windows NT 6.1; Win64; x64; Trident/4.0; .NET CLR 2.0.50727; SLCC2; .NET CLR 3.5.30729; .NET CLR 3.0.30729; .NET4.0C; .NET4.0E)"
216.130.131.66 - - [04/Jan/2012:09:13:51 -0500] "GET /forums/clientscript/vbulletin_editor.css?v=373 HTTP/1.1" 304 - "http://www.walleyecentral.com/forums/showthread.php?t=189177" "Mozilla/4.0 (compatible; MSIE 8.0; Windows NT 6.1; Win64; x64; Trident/4.0; .NET CLR 2.0.50727; SLCC2; .NET CLR 3.5.30729; .NET CLR 3.0.30729; .NET4.0C; .NET4.0E)"
216.130.131.66 - - [04/Jan/2012:09:13:51 -0500] "GET /forums/clientscript/vbulletin_post_loader.js?v=373 HTTP/1.1" 304 - "http://www.walleyecentral.com/forums/showthread.php?t=189177" "Mozilla/4.0 (compatible; MSIE 8.0; Windows NT 6.1; Win64; x64; Trident/4.0; .NET CLR 2.0.50727; SLCC2; .NET CLR 3.5.30729; .NET CLR 3.0.30729; .NET4.0C; .NET4.0E)"
12.2.142.12 - - [04/Jan/2012:09:13:51 -0500] "GET /openx/www/delivery/ajs.php?n=a5212870&zoneid=1&source=&exclude=,&r=410977031&loc=http%3A//www.walleyecentral.com/forums/index.php&referer=http%3A//www.walleyecentral.com/ HTTP/1.1" 200 955 "http://www.walleyecentral.com/forums/index.php" "Mozilla/4.0 (compatible; MSIE 8.0; Windows NT 6.1; WOW64; Trident/4.0; SLCC2; .NET CLR 2.0.50727; .NET CLR 3.5.30729; .NET CLR 3.0.30729; Media Center PC 6.0; .NET4.0C; .NET4.0E; InfoPath.2)"
12.2.142.12 - - [04/Jan/2012:09:13:51 -0500] "GET /openx/www/delivery/ai.php?filename=cabelas_8.jpg&contenttype=jpeg HTTP/1.1" 304 - "http://www.walleyecentral.com/forums/index.php" "Mozilla/4.0 (compatible; MSIE 8.0; Windows NT 6.1; WOW64; Trident/4.0; SLCC2; .NET CLR 2.0.50727; .NET CLR 3.5.30729; .NET CLR 3.0.30729; Media Center PC 6.0; .NET4.0C; .NET4.0E; InfoPath.2)"
46.17.98.217 - - [04/Jan/2012:09:13:50 -0500] "POST /forums/newthread.php?do=postthread&f=5 HTTP/1.0" 200 51107 "http://www.walleyecentral.com/forums/newthread.php?do=newthread&f=5%2BResult:%2Btext%2Bcaptcha%2Bdecoded;%2Bchosen%2Bnickname%2B%2522#xlimnick%255BSYSYSYSAYSYY%255D%2522;%2Bregistered;%2Blogged%2Bin;%2Bnofollow%2Bis%2Bfound;%2Bsuccess;%2BBB-code%2Bnot%2Bworking;+%5BPLM=0%5D%5BR%5D+GET+http://www.walleyecentral.com/forums/register.php+%5B0,29736,31354%5D+-%3E+%5BR%5D+POST+http://www.walleyecentral.com/forums/register.php?do=register+%5B0,40380,41199%5D+-%3E+%5BR%5D+POST+http://www.walleyecentral.com/forums/register.php?do=addmember+%5B0,41049,41868%5D+-%3E+%5BR%5D+POST+http://www.walleyecentral.com/forums/register.php?do=addmember+%5B0,41079,41898%5D+-%3E+%5BR%5D+POST+http://www.walleyecentral.com/forums/register.php?do=addmember+%5B0,41052,41871%5D+-%3E+%5BR%5D+POST+http://www.walleyecentral.com/forums/register.php?do=addmember+%5B0,41040,41859%5D+-%3E+%5BR%5D+POST+http://www.walleyecentral.com/forums/register.php?do=addmember+%5B0,0,0%5D+-%3E+%5BL%5D+GET+http://www.walleyecentral.com/classified/new/newadlogin.jsp+%5B0,19557,18915%5D+-%3E+%5BL%5D+POST+http://www.walleyecentral.com/classified/new/newadlogin.jsp+%5B0,0,18997%5D+-%3E+%5BN%5D+GET+http://www.walleyecentral.com/forums/newthread.php?do=newthread&f=5%2BResult:%2Btext%2Bcaptcha%2Bdecoded;%2Bchosen%2Bnickname%2B%2522+%5B0,47967,50385%5D+-%3E+%5BN%5D+POST+http://www.walleyecentral.com/forums/newthread.php?do=postthread&f=5+%5B0,0,52613%5D" "Mozilla/4.0 (compatible; MSIE 6.0; Windows NT 5.1; Maxthon; .NET CLR 1.1.4322)"
216.130.131.66 - - [04/Jan/2012:09:13:51 -0500] "GET /forums/images/misc/headerlogo2.png HTTP/1.1" 304 - "http://www.walleyecentral.com/forums/showthread.php?t=189177" "Mozilla/4.0 (compatible; MSIE 8.0; Windows NT 6.1; Win64; x64; Trident/4.0; .NET CLR 2.0.50727; SLCC2; .NET CLR 3.5.30729; .NET CLR 3.0.30729; .NET4.0C; .NET4.0E)"
216.130.131.66 - - [04/Jan/2012:09:13:51 -0500] "GET /openx/www/delivery/ajs.php?n=a5212870&zoneid=87&source=&exclude=,&r=593055521&loc=http%3A//www.walleyecentral.com/forums/showthread.php%3Ft%3D189177&referer=http%3A//www.walleyecentral.com/forums/forumdisplay.php%3Ff%3D5%26order%3Ddesc%26page%3D2 HTTP/1.1" 200 973 "http://www.walleyecentral.com/forums/showthread.php?t=189177" "Mozilla/4.0 (compatible; MSIE 8.0; Windows NT 6.1; Win64; x64; Trident/4.0; .NET CLR 2.0.50727; SLCC2; .NET CLR 3.5.30729; .NET CLR 3.0.30729; .NET4.0C; .NET4.0E)"
12.2.142.12 - - [04/Jan/2012:09:13:51 -0500] "GET /forums/picture_for_index.php?pictureid=6288&albumid=580 HTTP/1.1" 200 41784 "http://www.walleyecentral.com/forums/index.php" "Mozilla/4.0 (compatible; MSIE 8.0; Windows NT 6.1; WOW64; Trident/4.0; SLCC2; .NET CLR 2.0.50727; .NET CLR 3.5.30729; .NET CLR 3.0.30729; Media Center PC 6.0; .NET4.0C; .NET4.0E; InfoPath.2)"
12.2.142.12 - - [04/Jan/2012:09:13:51 -0500] "GET /forums/picture_for_index.php?pictureid=2728&albumid=294 HTTP/1.1" 200 55611 "http://www.walleyecentral.com/forums/index.php" "Mozilla/4.0 (compatible; MSIE 8.0; Windows NT 6.1; WOW64; Trident/4.0; SLCC2; .NET CLR 2.0.50727; .NET CLR 3.5.30729; .NET CLR 3.0.30729; Media Center PC 6.0; .NET4.0C; .NET4.0E; InfoPath.2)"
12.2.142.12 - - [04/Jan/2012:09:13:51 -0500] "GET /forums/picture_for_index.php?pictureid=4401&albumid=68 HTTP/1.1" 200 28627 "http://www.walleyecentral.com/forums/index.php" "Mozilla/4.0 (compatible; MSIE 8.0; Windows NT 6.1; WOW64; Trident/4.0; SLCC2; .NET CLR 2.0.50727; .NET CLR 3.5.30729; .NET CLR 3.0.30729; Media Center PC 6.0; .NET4.0C; .NET4.0E; InfoPath.2)"
12.2.142.12 - - [04/Jan/2012:09:13:51 -0500] "GET /forums/picture_for_index.php?pictureid=2161&albumid=243 HTTP/1.1" 200 40901 "http://www.walleyecentral.com/forums/index.php" "Mozilla/4.0 (compatible; MSIE 8.0; Windows NT 6.1; WOW64; Trident/4.0; SLCC2; .NET CLR 2.0.50727; .NET CLR 3.5.30729; .NET CLR 3.0.30729; Media Center PC 6.0; .NET4.0C; .NET4.0E; InfoPath.2)"
12.2.142.12 - - [04/Jan/2012:09:13:51 -0500] "GET /forums/picture_for_index.php?pictureid=814&albumid=103 HTTP/1.1" 200 60151 "http://www.walleyecentral.com/forums/index.php" "Mozilla/4.0 (compatible; MSIE 8.0; Windows NT 6.1; WOW64; Trident/4.0; SLCC2; .NET CLR 2.0.50727; .NET CLR 3.5.30729; .NET CLR 3.0.30729; Media Center PC 6.0; .NET4.0C; .NET4.0E; InfoPath.2)"
50.116.161.56 - - [04/Jan/2012:09:13:51 -0500] "GET /openx/www/delivery/ajs.php?n=a5212870&zoneid=98&source=&exclude=,&r=639657741&loc=http%3A//www.walleyecentral.com/forums/showthread.php%3Ft%3D189205&referer=http%3A//www.walleyecentral.com/forums/search.php%3Fsearchid%3D4436996%26pp%3D25%26page%3D3 HTTP/1.1" 200 1043 "http://www.walleyecentral.com/forums/showthread.php?t=189205" "Mozilla/5.0 (compatible; MSIE 9.0; Windows NT 6.1; WOW64; Trident/5.0)"
216.130.131.66 - - [04/Jan/2012:09:13:51 -0500] "GET /forums/images/misc/menu_open.gif HTTP/1.1" 304 - "http://www.walleyecentral.com/forums/showthread.php?t=189177" "Mozilla/4.0 (compatible; MSIE 8.0; Windows NT 6.1; Win64; x64; Trident/4.0; .NET CLR 2.0.50727; SLCC2; .NET CLR 3.5.30729; .NET CLR 3.0.30729; .NET4.0C; .NET4.0E)"
216.130.131.66 - - [04/Jan/2012:09:13:51 -0500] "GET /forums/images/buttons/firstnew.gif HTTP/1.1" 304 - "http://www.walleyecentral.com/forums/showthread.php?t=189177" "Mozilla/4.0 (compatible; MSIE 8.0; Windows NT 6.1; Win64; x64; Trident/4.0; .NET CLR 2.0.50727; SLCC2; .NET CLR 3.5.30729; .NET CLR 3.0.30729; .NET4.0C; .NET4.0E)"
216.130.131.66 - - [04/Jan/2012:09:13:52 -0500] "GET /forums/images/buttons/report.gif HTTP/1.1" 304 - "http://www.walleyecentral.com/forums/showthread.php?t=189177" "Mozilla/4.0 (compatible; MSIE 8.0; Windows NT 6.1; Win64; x64; Trident/4.0; .NET CLR 2.0.50727; SLCC2; .NET CLR 3.5.30729; .NET CLR 3.0.30729; .NET4.0C; .NET4.0E)"
216.130.131.66 - - [04/Jan/2012:09:13:52 -0500] "GET /forums/images/statusicon/post_old.gif HTTP/1.1" 304 - "http://www.walleyecentral.com/forums/showthread.php?t=189177" "Mozilla/4.0 (compatible; MSIE 8.0; Windows NT 6.1; Win64; x64; Trident/4.0; .NET CLR 2.0.50727; SLCC2; .NET CLR 3.5.30729; .NET CLR 3.0.30729; .NET4.0C; .NET4.0E)"
216.130.131.66 - - [04/Jan/2012:09:13:52 -0500] "GET /forums/images/statusicon/user_offline.gif HTTP/1.1" 304 - "http://www.walleyecentral.com/forums/showthread.php?t=189177" "Mozilla/4.0 (compatible; MSIE 8.0; Windows NT 6.1; Win64; x64; Trident/4.0; .NET CLR 2.0.50727; SLCC2; .NET CLR 3.5.30729; .NET CLR 3.0.30729; .NET4.0C; .NET4.0E)"
12.2.142.12 - - [04/Jan/2012:09:13:52 -0500] "GET /forums/images/icons/icon6.gif HTTP/1.1" 304 - "http://www.walleyecentral.com/forums/index.php" "Mozilla/4.0 (compatible; MSIE 8.0; Windows NT 6.1; WOW64; Trident/4.0; SLCC2; .NET CLR 2.0.50727; .NET CLR 3.5.30729; .NET CLR 3.0.30729; Media Center PC 6.0; .NET4.0C; .NET4.0E; InfoPath.2)"
12.2.142.12 - - [04/Jan/2012:09:13:51 -0500] "GET /openx/www/delivery/lg.php?bannerid=6&campaignid=1&zoneid=1&channel_ids=,&loc=http%3A%2F%2Fwww.walleyecentral.com%2Fforums%2Findex.php&referer=http%3A%2F%2Fwww.walleyecentral.com%2F&cb=b1bd4b99d5 HTTP/1.1" 200 43 "http://www.walleyecentral.com/forums/index.php" "Mozilla/4.0 (compatible; MSIE 8.0; Windows NT 6.1; WOW64; Trident/4.0; SLCC2; .NET CLR 2.0.50727; .NET CLR 3.5.30729; .NET CLR 3.0.30729; Media Center PC 6.0; .NET4.0C; .NET4.0E; InfoPath.2)"
12.2.142.12 - - [04/Jan/2012:09:13:52 -0500] "GET /forums/clientscript/vbulletin_read_marker.js?v=373 HTTP/1.1" 304 - "http://www.walleyecentral.com/forums/index.php" "Mozilla/4.0 (compatible; MSIE 8.0; Windows NT 6.1; WOW64; Trident/4.0; SLCC2; .NET CLR 2.0.50727; .NET CLR 3.5.30729; .NET CLR 3.0.30729; Media Center PC 6.0; .NET4.0C; .NET4.0E; InfoPath.2)"
12.2.142.12 - - [04/Jan/2012:09:13:51 -0500] "GET /forums/picture_for_index.php?pictureid=3598&albumid=408 HTTP/1.1" 200 34912 "http://www.walleyecentral.com/forums/index.php" "Mozilla/4.0 (compatible; MSIE 8.0; Windows NT 6.1; WOW64; Trident/4.0; SLCC2; .NET CLR 2.0.50727; .NET CLR 3.5.30729; .NET CLR 3.0.30729; Media Center PC 6.0; .NET4.0C; .NET4.0E; InfoPath.2)"
12.2.142.12 - - [04/Jan/2012:09:13:51 -0500] "GET /forums/picture_for_index.php?pictureid=542&albumid=68 HTTP/1.1" 200 28349 "http://www.walleyecentral.com/forums/index.php" "Mozilla/4.0 (compatible; MSIE 8.0; Windows NT 6.1; WOW64; Trident/4.0; SLCC2; .NET CLR 2.0.50727; .NET CLR 3.5.30729; .NET CLR 3.0.30729; Media Center PC 6.0; .NET4.0C; .NET4.0E; InfoPath.2)"
216.130.131.66 - - [04/Jan/2012:09:13:52 -0500] "GET /forums/clientscript/vbulletin_menu.js?v=373 HTTP/1.1" 304 - "http://www.walleyecentral.com/forums/showthread.php?t=189053" "Mozilla/4.0 (compatible; MSIE 8.0; Windows NT 6.1; Win64; x64; Trident/4.0; .NET CLR 2.0.50727; SLCC2; .NET CLR 3.5.30729; .NET CLR 3.0.30729; .NET4.0C; .NET4.0E)"
216.130.131.66 - - [04/Jan/2012:09:13:52 -0500] "GET /forums/clientscript/vbulletin_global.js?v=373 HTTP/1.1" 304 - "http://www.walleyecentral.com/forums/showthread.php?t=189053" "Mozilla/4.0 (compatible; MSIE 8.0; Windows NT 6.1; Win64; x64; Trident/4.0; .NET CLR 2.0.50727; SLCC2; .NET CLR 3.5.30729; .NET CLR 3.0.30729; .NET4.0C; .NET4.0E)"
216.130.131.66 - - [04/Jan/2012:09:13:52 -0500] "GET /forums/images/buttons/quote.gif HTTP/1.1" 304 - "http://www.walleyecentral.com/forums/showthread.php?t=189177" "Mozilla/4.0 (compatible; MSIE 8.0; Windows NT 6.1; Win64; x64; Trident/4.0; .NET CLR 2.0.50727; SLCC2; .NET CLR 3.5.30729; .NET CLR 3.0.30729; .NET4.0C; .NET4.0E)"
216.130.131.66 - - [04/Jan/2012:09:13:52 -0500] "GET /forums/images/buttons/multiquote_off.gif HTTP/1.1" 304 - "http://www.walleyecentral.com/forums/showthread.php?t=189177" "Mozilla/4.0 (compatible; MSIE 8.0; Windows NT 6.1; Win64; x64; Trident/4.0; .NET CLR 2.0.50727; SLCC2; .NET CLR 3.5.30729; .NET CLR 3.0.30729; .NET4.0C; .NET4.0E)"
216.130.131.66 - - [04/Jan/2012:09:13:52 -0500] "GET /forums/images/buttons/quickreply.gif HTTP/1.1" 304 - "http://www.walleyecentral.com/forums/showthread.php?t=189177" "Mozilla/4.0 (compatible; MSIE 8.0; Windows NT 6.1; Win64; x64; Trident/4.0; .NET CLR 2.0.50727; SLCC2; .NET CLR 3.5.30729; .NET CLR 3.0.30729; .NET4.0C; .NET4.0E)"
216.130.131.66 - - [04/Jan/2012:09:13:52 -0500] "GET /forums/images/avatars/greenbay.jpg HTTP/1.1" 304 - "http://www.walleyecentral.com/forums/showthread.php?t=189177" "Mozilla/4.0 (compatible; MSIE 8.0; Windows NT 6.1; Win64; x64; Trident/4.0; .NET CLR 2.0.50727; SLCC2; .NET CLR 3.5.30729; .NET CLR 3.0.30729; .NET4.0C; .NET4.0E)"
216.130.131.66 - - [04/Jan/2012:09:13:52 -0500] "GET /forums/clientscript/vbulletin_multi_quote.js?v=373 HTTP/1.1" 304 - "http://www.walleyecentral.com/forums/showthread.php?t=189177" "Mozilla/4.0 (compatible; MSIE 8.0; Windows NT 6.1; Win64; x64; Trident/4.0; .NET CLR 2.0.50727; SLCC2; .NET CLR 3.5.30729; .NET CLR 3.0.30729; .NET4.0C; .NET4.0E)"
216.130.131.66 - - [04/Jan/2012:09:13:51 -0500] "GET /openx/www/delivery/lg.php?bannerid=74&campaignid=1&zoneid=87&loc=http%3A%2F%2Fwww.walleyecentral.com%2Fforums%2Fshowthread.php%3Ft%3D189177&referer=http%3A%2F%2Fwww.walleyecentral.com%2Fforums%2Fforumdisplay.php%3Ff%3D5%26order%3Ddesc%26page%3D2&cb=9554cc7b1a HTTP/1.1" 200 43 "http://www.walleyecentral.com/forums/showthread.php?t=189177" "Mozilla/4.0 (compatible; MSIE 8.0; Windows NT 6.1; Win64; x64; Trident/4.0; .NET CLR 2.0.50727; SLCC2; .NET CLR 3.5.30729; .NET CLR 3.0.30729; .NET4.0C; .NET4.0E)"
216.130.131.66 - - [04/Jan/2012:09:13:52 -0500] "GET /forums/clientscript/vbulletin_quick_edit.js?v=373 HTTP/1.1" 304 - "http://www.walleyecentral.com/forums/showthread.php?t=189177" "Mozilla/4.0 (compatible; MSIE 8.0; Windows NT 6.1; Win64; x64; Trident/4.0; .NET CLR 2.0.50727; SLCC2; .NET CLR 3.5.30729; .NET CLR 3.0.30729; .NET4.0C; .NET4.0E)"
216.130.131.66 - - [04/Jan/2012:09:13:52 -0500] "GET /forums/clientscript/vbulletin_quick_reply.js?v=373 HTTP/1.1" 304 - "http://www.walleyecentral.com/forums/showthread.php?t=189177" "Mozilla/4.0 (compatible; MSIE 8.0; Windows NT 6.1; Win64; x64; Trident/4.0; .NET CLR 2.0.50727; SLCC2; .NET CLR 3.5.30729; .NET CLR 3.0.30729; .NET4.0C; .NET4.0E)"
216.130.131.66 - - [04/Jan/2012:09:13:52 -0500] "GET /forums/clientscript/vbulletin_textedit.js?v=373 HTTP/1.1" 304 - "http://www.walleyecentral.com/forums/showthread.php?t=189177" "Mozilla/4.0 (compatible; MSIE 8.0; Windows NT 6.1; Win64; x64; Trident/4.0; .NET CLR 2.0.50727; SLCC2; .NET CLR 3.5.30729; .NET CLR 3.0.30729; .NET4.0C; .NET4.0E)"
216.130.131.66 - - [04/Jan/2012:09:13:52 -0500] "GET /forums/images/statusicon/post_new.gif HTTP/1.1" 304 - "http://www.walleyecentral.com/forums/showthread.php?t=189177" "Mozilla/4.0 (compatible; MSIE 8.0; Windows NT 6.1; Win64; x64; Trident/4.0; .NET CLR 2.0.50727; SLCC2; .NET CLR 3.5.30729; .NET CLR 3.0.30729; .NET4.0C; .NET4.0E)"
216.130.131.66 - - [04/Jan/2012:09:13:52 -0500] "GET /openx/www/delivery/ajs.php?n=a5212870&zoneid=87&source=&exclude=,&r=479064781&loc=http%3A//www.walleyecentral.com/forums/showthread.php%3Ft%3D189053&referer=http%3A//www.walleyecentral.com/forums/forumdisplay.php%3Ff%3D5%26order%3Ddesc%26page%3D2 HTTP/1.1" 200 973 "http://www.walleyecentral.com/forums/showthread.php?t=189053" "Mozilla/4.0 (compatible; MSIE 8.0; Windows NT 6.1; Win64; x64; Trident/4.0; .NET CLR 2.0.50727; SLCC2; .NET CLR 3.5.30729; .NET CLR 3.0.30729; .NET4.0C; .NET4.0E)"
216.130.131.66 - - [04/Jan/2012:09:13:52 -0500] "GET /forums/images/misc/11x11progress.gif HTTP/1.1" 304 - "http://www.walleyecentral.com/forums/showthread.php?t=189177" "Mozilla/4.0 (compatible; MSIE 8.0; Windows NT 6.1; Win64; x64; Trident/4.0; .NET CLR 2.0.50727; SLCC2; .NET CLR 3.5.30729; .NET CLR 3.0.30729; .NET4.0C; .NET4.0E)"
180.76.5.136 - - [04/Jan/2012:09:13:52 -0500] "GET /forums/search.php?searchid=4400569 HTTP/1.1" 200 10521 "-" "Mozilla/5.0 (compatible; Baiduspider/2.0; +http://www.baidu.com/search/spider.html)"
216.130.131.66 - - [04/Jan/2012:09:13:52 -0500] "GET /forums/clientscript/vbulletin_ajax_taglist.js?v=373 HTTP/1.1" 304 - "http://www.walleyecentral.com/forums/showthread.php?t=189177" "Mozilla/4.0 (compatible; MSIE 8.0; Windows NT 6.1; Win64; x64; Trident/4.0; .NET CLR 2.0.50727; SLCC2; .NET CLR 3.5.30729; .NET CLR 3.0.30729; .NET4.0C; .NET4.0E)"
216.130.131.66 - - [04/Jan/2012:09:13:52 -0500] "GET /forums/clientscript/vbulletin_ajax_tagsugg.js?v=373 HTTP/1.1" 304 - "http://www.walleyecentral.com/forums/showthread.php?t=189177" "Mozilla/4.0 (compatible; MSIE 8.0; Windows NT 6.1; Win64; x64; Trident/4.0; .NET CLR 2.0.50727; SLCC2; .NET CLR 3.5.30729; .NET CLR 3.0.30729; .NET4.0C; .NET4.0E)"
216.130.131.66 - - [04/Jan/2012:09:13:52 -0500] "GET /forums/images/misc/navbits_start.gif HTTP/1.1" 304 - "http://www.walleyecentral.com/forums/showthread.php?t=189053" "Mozilla/4.0 (compatible; MSIE 8.0; Windows NT 6.1; Win64; x64; Trident/4.0; .NET CLR 2.0.50727; SLCC2; .NET CLR 3.5.30729; .NET CLR 3.0.30729; .NET4.0C; .NET4.0E)"
216.130.131.66 - - [04/Jan/2012:09:13:52 -0500] "GET /forums/images/misc/navbits_finallink_ltr.gif HTTP/1.1" 304 - "http://www.walleyecentral.com/forums/showthread.php?t=189053" "Mozilla/4.0 (compatible; MSIE 8.0; Windows NT 6.1; Win64; x64; Trident/4.0; .NET CLR 2.0.50727; SLCC2; .NET CLR 3.5.30729; .NET CLR 3.0.30729; .NET4.0C; .NET4.0E)"
216.130.131.66 - - [04/Jan/2012:09:13:52 -0500] "GET /openx/www/delivery/ai.php?filename=lureparts_2.gif&contenttype=gif HTTP/1.1" 304 - "http://www.walleyecentral.com/forums/showthread.php?t=189053" "Mozilla/4.0 (compatible; MSIE 8.0; Windows NT 6.1; Win64; x64; Trident/4.0; .NET CLR 2.0.50727; SLCC2; .NET CLR 3.5.30729; .NET CLR 3.0.30729; .NET4.0C; .NET4.0E)"
216.130.131.66 - - [04/Jan/2012:09:13:52 -0500] "GET /forums/images/buttons/reply.gif HTTP/1.1" 304 - "http://www.walleyecentral.com/forums/showthread.php?t=189053" "Mozilla/4.0 (compatible; MSIE 8.0; Windows NT 6.1; Win64; x64; Trident/4.0; .NET CLR 2.0.50727; SLCC2; .NET CLR 3.5.30729; .NET CLR 3.0.30729; .NET4.0C; .NET4.0E)"
216.130.131.66 - - [04/Jan/2012:09:13:52 -0500] "GET /forums/images/statusicon/user_online.gif HTTP/1.1" 304 - "http://www.walleyecentral.com/forums/showthread.php?t=189053" "Mozilla/4.0 (compatible; MSIE 8.0; Windows NT 6.1; Win64; x64; Trident/4.0; .NET CLR 2.0.50727; SLCC2; .NET CLR 3.5.30729; .NET CLR 3.0.30729; .NET4.0C; .NET4.0E)"
216.130.131.66 - - [04/Jan/2012:09:13:52 -0500] "GET /forums/images/icons/icon1.gif HTTP/1.1" 304 - "http://www.walleyecentral.com/forums/showthread.php?t=189053" "Mozilla/4.0 (compatible; MSIE 8.0; Windows NT 6.1; Win64; x64; Trident/4.0; .NET CLR 2.0.50727; SLCC2; .NET CLR 3.5.30729; .NET CLR 3.0.30729; .NET4.0C; .NET4.0E)"
216.130.131.66 - - [04/Jan/2012:09:13:52 -0500] "GET /forums/clientscript/vbulletin_lightbox.js?v=373 HTTP/1.1" 304 - "http://www.walleyecentral.com/forums/showthread.php?t=189177" "Mozilla/4.0 (compatible; MSIE 8.0; Windows NT 6.1; Win64; x64; Trident/4.0; .NET CLR 2.0.50727; SLCC2; .NET CLR 3.5.30729; .NET CLR 3.0.30729; .NET4.0C; .NET4.0E)"
216.130.131.66 - - [04/Jan/2012:09:13:52 -0500] "GET /forums/attachment.php?attachmentid=12882&stc=1&thumb=1&d=1325255458 HTTP/1.1" 200 2682 "http://www.walleyecentral.com/forums/showthread.php?t=189053" "Mozilla/4.0 (compatible; MSIE 8.0; Windows NT 6.1; Win64; x64; Trident/4.0; .NET CLR 2.0.50727; SLCC2; .NET CLR 3.5.30729; .NET CLR 3.0.30729; .NET4.0C; .NET4.0E)"
216.130.131.66 - - [04/Jan/2012:09:13:52 -0500] "GET /forums/image.php?u=28776&dateline=1323916942 HTTP/1.1" 200 1874 "http://www.walleyecentral.com/forums/showthread.php?t=189053" "Mozilla/4.0 (compatible; MSIE 8.0; Windows NT 6.1; Win64; x64; Trident/4.0; .NET CLR 2.0.50727; SLCC2; .NET CLR 3.5.30729; .NET CLR 3.0.30729; .NET4.0C; .NET4.0E)"
216.130.131.66 - - [04/Jan/2012:09:13:52 -0500] "GET /forums/attachment.php?attachmentid=12883&stc=1&thumb=1&d=1325255458 HTTP/1.1" 200 3574 "http://www.walleyecentral.com/forums/showthread.php?t=189053" "Mozilla/4.0 (compatible; MSIE 8.0; Windows NT 6.1; Win64; x64; Trident/4.0; .NET CLR 2.0.50727; SLCC2; .NET CLR 3.5.30729; .NET CLR 3.0.30729; .NET4.0C; .NET4.0E)"
50.116.161.56 - - [04/Jan/2012:09:13:52 -0500] "GET /openx/www/delivery/lg.php?bannerid=34&campaignid=1&zoneid=98&loc=http%3A%2F%2Fwww.walleyecentral.com%2Fforums%2Fshowthread.php%3Ft%3D189205&referer=http%3A%2F%2Fwww.walleyecentral.com%2Fforums%2Fsearch.php%3Fsearchid%3D4436996%26pp%3D25%26page%3D3&cb=b8f1d4c844 HTTP/1.1" 200 43 "http://www.walleyecentral.com/forums/showthread.php?t=189205" "Mozilla/5.0 (compatible; MSIE 9.0; Windows NT 6.1; WOW64; Trident/5.0)"
216.130.131.66 - - [04/Jan/2012:09:13:52 -0500] "GET /forums/images/smilies/driver.gif HTTP/1.1" 200 1699 "http://www.walleyecentral.com/forums/showthread.php?t=189053" "Mozilla/4.0 (compatible; MSIE 8.0; Windows NT 6.1; Win64; x64; Trident/4.0; .NET CLR 2.0.50727; SLCC2; .NET CLR 3.5.30729; .NET CLR 3.0.30729; .NET4.0C; .NET4.0E)"
