128.205.154.101 - - [04/Jan/2012:09:17:19 -0500] "GET /forums/clientscript/vbulletin_post_loader.js?v=373 HTTP/1.1" 304 - "http://www.walleyecentral.com/forums/showthread.php?t=188887" "Mozilla/4.0 (compatible; MSIE 8.0; Windows NT 5.1; Trident/4.0; .NET CLR 1.1.4322; InfoPath.2)"
128.205.154.101 - - [04/Jan/2012:09:17:19 -0500] "GET /forums/clientscript/vbulletin_editor.css?v=373 HTTP/1.1" 304 - "http://www.walleyecentral.com/forums/showthread.php?t=188887" "Mozilla/4.0 (compatible; MSIE 8.0; Windows NT 5.1; Trident/4.0; .NET CLR 1.1.4322; InfoPath.2)"
66.11.150.236 - - [04/Jan/2012:09:17:19 -0500] "GET /weather.php?pands=46902 HTTP/1.0" 200 24176 "-" "-"
128.205.154.101 - - [04/Jan/2012:09:17:19 -0500] "GET /openx/www/delivery/ajs.php?n=a5212870&zoneid=87&source=&exclude=,&r=318990251&loc=http%3A//www.walleyecentral.com/forums/showthread.php%3Ft%3D188887&referer=http%3A//www.walleyecentral.com/forums/forumdisplay.php%3Ff%3D5 HTTP/1.1" 200 933 "http://www.walleyecentral.com/forums/showthread.php?t=188887" "Mozilla/4.0 (compatible; MSIE 8.0; Windows NT 5.1; Trident/4.0; .NET CLR 1.1.4322; InfoPath.2)"
63.135.136.202 - - [04/Jan/2012:09:17:19 -0500] "GET /forums/forumdisplay.php?f=32 HTTP/1.1" 200 21756 "http://www.walleyecentral.com/forums/forumdisplay.php?f=34" "Mozilla/4.0 (compatible; MSIE 8.0; Windows NT 5.1; Trident/4.0; GTB7.2; .NET CLR 1.1.4322; .NET CLR 2.0.50727; InfoPath.2; .NET CLR 3.0.4506.2152; .NET CLR 3.5.30729)"
128.205.154.101 - - [04/Jan/2012:09:17:19 -0500] "GET /openx/www/delivery/ai.php?filename=kidsbooks.png&contenttype=png HTTP/1.1" 304 - "http://www.walleyecentral.com/forums/showthread.php?t=188887" "Mozilla/4.0 (compatible; MSIE 8.0; Windows NT 5.1; Trident/4.0; .NET CLR 1.1.4322; InfoPath.2)"
128.205.154.101 - - [04/Jan/2012:09:17:20 -0500] "GET /forums/image.php?u=45742&dateline=1324491236 HTTP/1.1" 200 2092 "http://www.walleyecentral.com/forums/showthread.php?t=188887" "Mozilla/4.0 (compatible; MSIE 8.0; Windows NT 5.1; Trident/4.0; .NET CLR 1.1.4322; InfoPath.2)"
128.205.154.101 - - [04/Jan/2012:09:17:20 -0500] "GET /forums/clientscript/vbulletin_ajax_taglist.js?v=373 HTTP/1.1" 304 - "http://www.walleyecentral.com/forums/showthread.php?t=188887" "Mozilla/4.0 (compatible; MSIE 8.0; Windows NT 5.1; Trident/4.0; .NET CLR 1.1.4322; InfoPath.2)"
128.205.154.101 - - [04/Jan/2012:09:17:20 -0500] "GET /forums/clientscript/vbulletin_ajax_tagsugg.js?v=373 HTTP/1.1" 304 - "http://www.walleyecentral.com/forums/showthread.php?t=188887" "Mozilla/4.0 (compatible; MSIE 8.0; Windows NT 5.1; Trident/4.0; .NET CLR 1.1.4322; InfoPath.2)"
128.205.154.101 - - [04/Jan/2012:09:17:20 -0500] "GET /forums/clientscript/vbulletin_lightbox.js?v=373 HTTP/1.1" 304 - "http://www.walleyecentral.com/forums/showthread.php?t=188887" "Mozilla/4.0 (compatible; MSIE 8.0; Windows NT 5.1; Trident/4.0; .NET CLR 1.1.4322; InfoPath.2)"
128.205.154.101 - - [04/Jan/2012:09:17:20 -0500] "GET /forums/clientscript/vbulletin_multi_quote.js?v=373 HTTP/1.1" 304 - "http://www.walleyecentral.com/forums/showthread.php?t=188887" "Mozilla/4.0 (compatible; MSIE 8.0; Windows NT 5.1; Trident/4.0; .NET CLR 1.1.4322; InfoPath.2)"
128.205.154.101 - - [04/Jan/2012:09:17:20 -0500] "GET /forums/clientscript/vbulletin_textedit.js?v=373 HTTP/1.1" 304 - "http://www.walleyecentral.com/forums/showthread.php?t=188887" "Mozilla/4.0 (compatible; MSIE 8.0; Windows NT 5.1; Trident/4.0; .NET CLR 1.1.4322; InfoPath.2)"
128.205.154.101 - - [04/Jan/2012:09:17:20 -0500] "GET /forums/clientscript/vbulletin_quick_edit.js?v=373 HTTP/1.1" 304 - "http://www.walleyecentral.com/forums/showthread.php?t=188887" "Mozilla/4.0 (compatible; MSIE 8.0; Windows NT 5.1; Trident/4.0; .NET CLR 1.1.4322; InfoPath.2)"
128.205.154.101 - - [04/Jan/2012:09:17:20 -0500] "GET /forums/clientscript/vbulletin_quick_reply.js?v=373 HTTP/1.1" 304 - "http://www.walleyecentral.com/forums/showthread.php?t=188887" "Mozilla/4.0 (compatible; MSIE 8.0; Windows NT 5.1; Trident/4.0; .NET CLR 1.1.4322; InfoPath.2)"
63.135.136.202 - - [04/Jan/2012:09:17:20 -0500] "GET /openx/www/delivery/ajs.php?n=a5212870&zoneid=97&source=&exclude=,&r=659593191&loc=http%3A//www.walleyecentral.com/forums/forumdisplay.php%3Ff%3D32&referer=http%3A//www.walleyecentral.com/forums/forumdisplay.php%3Ff%3D34 HTTP/1.1" 200 1014 "http://www.walleyecentral.com/forums/forumdisplay.php?f=32" "Mozilla/4.0 (compatible; MSIE 8.0; Windows NT 5.1; Trident/4.0; GTB7.2; .NET CLR 1.1.4322; .NET CLR 2.0.50727; InfoPath.2; .NET CLR 3.0.4506.2152; .NET CLR 3.5.30729)"
205.134.249.170 - - [04/Jan/2012:09:17:20 -0500] "GET /weather.php?pands=44622 HTTP/1.1" 200 16166 "-" "PHP/5.2.17"
205.134.249.170 - - [04/Jan/2012:09:17:20 -0500] "GET /weather.php?pands=61547 HTTP/1.1" 200 16166 "-" "PHP/5.2.17"
128.205.154.101 - - [04/Jan/2012:09:17:19 -0500] "GET /openx/www/delivery/lg.php?bannerid=98&campaignid=1&zoneid=87&loc=http%3A%2F%2Fwww.walleyecentral.com%2Fforums%2Fshowthread.php%3Ft%3D188887&referer=http%3A%2F%2Fwww.walleyecentral.com%2Fforums%2Fforumdisplay.php%3Ff%3D5&cb=18c85a2d3b HTTP/1.1" 200 43 "http://www.walleyecentral.com/forums/showthread.php?t=188887" "Mozilla/4.0 (compatible; MSIE 8.0; Windows NT 5.1; Trident/4.0; .NET CLR 1.1.4322; InfoPath.2)"
63.135.136.202 - - [04/Jan/2012:09:17:20 -0500] "GET /openx/www/delivery/lg.php?bannerid=34&campaignid=1&zoneid=97&loc=http%3A%2F%2Fwww.walleyecentral.com%2Fforums%2Fforumdisplay.php%3Ff%3D32&referer=http%3A%2F%2Fwww.walleyecentral.com%2Fforums%2Fforumdisplay.php%3Ff%3D34&cb=f901f00f25 HTTP/1.1" 200 43 "http://www.walleyecentral.com/forums/forumdisplay.php?f=32" "Mozilla/4.0 (compatible; MSIE 8.0; Windows NT 5.1; Trident/4.0; GTB7.2; .NET CLR 1.1.4322; .NET CLR 2.0.50727; InfoPath.2; .NET CLR 3.0.4506.2152; .NET CLR 3.5.30729)"
50.37.45.200 - - [04/Jan/2012:09:17:20 -0500] "GET /openx/www/delivery/ajs.php?n=a5212870&zoneid=56&source=&exclude=,&r=588493411&loc=http%3A//www.walleyecentral.com/forums/forumdisplay.php%3Ff%3D22&referer=http%3A//www.walleyecentral.com/forums/forumdisplay.php%3Ff%3D15 HTTP/1.1" 200 976 "http://www.walleyecentral.com/forums/forumdisplay.php?f=22" "Mozilla/5.0 (compatible; MSIE 9.0; Windows NT 6.0; Trident/5.0)"
205.134.249.170 - - [04/Jan/2012:09:17:20 -0500] "GET /weather.php?pands=58501 HTTP/1.1" 200 16166 "-" "PHP/5.2.17"
50.28.14.53 - - [04/Jan/2012:09:17:20 -0500] "GET /forums/newreply.php?s=105ada3b70b6a5adcf5927ae6fa31495&do=newreply&noquote=1&p=1347549 HTTP/1.1" 200 54126 "-" "Mozilla/4.0 (compatible; MSIE 7.0; Windows NT 5.2; .NET CLR 2.0;)"
65.52.108.198 - - [04/Jan/2012:09:17:20 -0500] "GET /forums/showthread.php?t=43359&page=3 HTTP/1.1" 200 19251 "-" "Mozilla/5.0 (compatible; bingbot/2.0; +http://www.bing.com/bingbot.htm)"
24.118.103.210 - - [04/Jan/2012:09:17:21 -0500] "GET /phpQJr/poll.php?pid=50&url=http%3A//www.walleyecentral.com/ HTTP/1.1" 200 3982 "http://www.walleyecentral.com/" "Mozilla/4.0 (compatible; MSIE 7.0; Windows NT 5.1; .NET CLR 1.0.3705; .NET CLR 1.1.4322; Media Center PC 4.0; .NET CLR 2.0.50727; .NET CLR 3.0.4506.2152; .NET CLR 3.5.30729; eMusic DLM/4)"
213.27.232.210 - - [04/Jan/2012:09:17:20 -0500] "POST /forums/register.php?do=addmember HTTP/1.1" 200 41577 "http://www.walleyecentral.com/forums/register.php" "Mozilla/4.0 (compatible; MSIE 6.0; Windows NT 5.1)"
50.37.45.200 - - [04/Jan/2012:09:17:20 -0500] "GET /openx/www/delivery/lg.php?bannerid=100&campaignid=1&zoneid=56&loc=http%3A%2F%2Fwww.walleyecentral.com%2Fforums%2Fforumdisplay.php%3Ff%3D22&referer=http%3A%2F%2Fwww.walleyecentral.com%2Fforums%2Fforumdisplay.php%3Ff%3D15&cb=9572b4076c HTTP/1.1" 200 43 "http://www.walleyecentral.com/forums/forumdisplay.php?f=22" "Mozilla/5.0 (compatible; MSIE 9.0; Windows NT 6.0; Trident/5.0)"
99.157.224.150 - - [04/Jan/2012:09:17:20 -0500] "GET /forums/forumdisplay.php?f=33 HTTP/1.1" 200 22235 "http://www.walleyecentral.com/forums/index.php" "Mozilla/4.0 (compatible; MSIE 8.0; Windows NT 6.1; WOW64; Trident/4.0; SLCC2; .NET CLR 2.0.50727; .NET CLR 3.5.30729; .NET CLR 3.0.30729; Media Center PC 6.0; CPNTDF; BRI/1; BRI/2; .NET4.0C; .NAP 1.1)"
66.249.71.211 - - [04/Jan/2012:09:17:21 -0500] "GET /forums/archive/index.php/t-51656.html HTTP/1.1" 200 2542 "-" "Mozilla/5.0 (compatible; Googlebot/2.1; +http://www.google.com/bot.html)"
99.157.224.150 - - [04/Jan/2012:09:17:21 -0500] "GET /openx/www/delivery/ajs.php?n=a5212870&zoneid=101&source=&exclude=,&r=184921661&loc=http%3A//www.walleyecentral.com/forums/forumdisplay.php%3Ff%3D33&referer=http%3A//www.walleyecentral.com/forums/index.php HTTP/1.1" 200 930 "http://www.walleyecentral.com/forums/forumdisplay.php?f=33" "Mozilla/4.0 (compatible; MSIE 8.0; Windows NT 6.1; WOW64; Trident/4.0; SLCC2; .NET CLR 2.0.50727; .NET CLR 3.5.30729; .NET CLR 3.0.30729; Media Center PC 6.0; CPNTDF; BRI/1; BRI/2; .NET4.0C; .NAP 1.1)"
66.11.150.236 - - [04/Jan/2012:09:17:21 -0500] "GET /weather.php?pands=53520 HTTP/1.0" 200 24171 "-" "-"
63.135.136.202 - - [04/Jan/2012:09:17:20 -0500] "GET /openx/www/delivery/ai.php?filename=ranger.jpg&contenttype=jpeg HTTP/1.1" 200 27520 "http://www.walleyecentral.com/forums/forumdisplay.php?f=32" "Mozilla/4.0 (compatible; MSIE 8.0; Windows NT 5.1; Trident/4.0; GTB7.2; .NET CLR 1.1.4322; .NET CLR 2.0.50727; InfoPath.2; .NET CLR 3.0.4506.2152; .NET CLR 3.5.30729)"
46.17.96.43 - - [04/Jan/2012:09:17:20 -0500] "POST /forums/register.php?do=addmember HTTP/1.0" 200 41682 "http://www.walleyecentral.com/forums/register.php?s=eb96c66e1ba642eb0d354a3ccd61ae58" "Mozilla/4.0 (compatible; MSIE 6.0; MSIE 5.5; Windows NT 5.0) Opera 7.02 Bork-edition [en]"
66.11.150.236 - - [04/Jan/2012:09:17:21 -0500] "GET /weather.php?pands=ironwood+mi HTTP/1.0" 200 24266 "-" "-"
99.157.224.150 - - [04/Jan/2012:09:17:21 -0500] "GET /openx/www/delivery/ai.php?filename=brainerd_props_2.jpg&contenttype=jpeg HTTP/1.1" 200 20007 "http://www.walleyecentral.com/forums/forumdisplay.php?f=33" "Mozilla/4.0 (compatible; MSIE 8.0; Windows NT 6.1; WOW64; Trident/4.0; SLCC2; .NET CLR 2.0.50727; .NET CLR 3.5.30729; .NET CLR 3.0.30729; Media Center PC 6.0; CPNTDF; BRI/1; BRI/2; .NET4.0C; .NAP 1.1)"
65.52.110.147 - - [04/Jan/2012:09:17:21 -0500] "GET /forums/showthread.php?t=135469 HTTP/1.1" 200 15316 "-" "Mozilla/5.0 (compatible; bingbot/2.0; +http://www.bing.com/bingbot.htm)"
180.76.5.93 - - [04/Jan/2012:09:17:21 -0500] "GET /forums/showthread.php?t=166202&page=2 HTTP/1.1" 200 19949 "-" "Mozilla/5.0 (compatible; Baiduspider/2.0; +http://www.baidu.com/search/spider.html)"
99.157.224.150 - - [04/Jan/2012:09:17:21 -0500] "GET /openx/www/delivery/lg.php?bannerid=80&campaignid=1&zoneid=101&loc=http%3A%2F%2Fwww.walleyecentral.com%2Fforums%2Fforumdisplay.php%3Ff%3D33&referer=http%3A%2F%2Fwww.walleyecentral.com%2Fforums%2Findex.php&cb=260f6de29d HTTP/1.1" 200 43 "http://www.walleyecentral.com/forums/forumdisplay.php?f=33" "Mozilla/4.0 (compatible; MSIE 8.0; Windows NT 6.1; WOW64; Trident/4.0; SLCC2; .NET CLR 2.0.50727; .NET CLR 3.5.30729; .NET CLR 3.0.30729; Media Center PC 6.0; CPNTDF; BRI/1; BRI/2; .NET4.0C; .NAP 1.1)"
205.134.249.170 - - [04/Jan/2012:09:17:22 -0500] "GET /weather.php?pands=onamia HTTP/1.1" 200 16166 "-" "PHP/5.2.17"
205.134.249.170 - - [04/Jan/2012:09:17:22 -0500] "GET /weather.php?pands=82716 HTTP/1.1" 200 16166 "-" "PHP/5.2.17"
207.46.199.44 - - [04/Jan/2012:09:17:22 -0500] "GET /forums/archive/index.php/t-136875.html HTTP/1.1" 200 5217 "-" "Mozilla/5.0 (compatible; bingbot/2.0; +http://www.bing.com/bingbot.htm)"
24.118.103.210 - - [04/Jan/2012:09:17:22 -0500] "GET /classified/wecIndex.html HTTP/1.1" 301 352 "http://www.walleyecentral.com/" "Mozilla/4.0 (compatible; MSIE 7.0; Windows NT 5.1; .NET CLR 1.0.3705; .NET CLR 1.1.4322; Media Center PC 4.0; .NET CLR 2.0.50727; .NET CLR 3.0.4506.2152; .NET CLR 3.5.30729; eMusic DLM/4)"
205.134.249.170 - - [04/Jan/2012:09:17:22 -0500] "GET /weather.php?pands=46582 HTTP/1.1" 200 16166 "-" "PHP/5.2.17"
74.50.250.81 - - [04/Jan/2012:09:17:22 -0500] "GET /forums/showthread.php?t=188792 HTTP/1.1" 200 26079 "http://www.walleyecentral.com/forums/forumdisplay.php?f=16&order=desc&page=3" "Mozilla/5.0 (compatible; MSIE 9.0; Windows NT 6.1; WOW64; Trident/5.0)"
74.50.250.81 - - [04/Jan/2012:09:17:23 -0500] "GET /openx/www/delivery/ajs.php?n=a5212870&zoneid=15&source=&exclude=,&r=770690301&loc=http%3A//www.walleyecentral.com/forums/showthread.php%3Ft%3D188792&referer=http%3A//www.walleyecentral.com/forums/forumdisplay.php%3Ff%3D16%26order%3Ddesc%26page%3D3 HTTP/1.1" 200 961 "http://www.walleyecentral.com/forums/showthread.php?t=188792" "Mozilla/5.0 (compatible; MSIE 9.0; Windows NT 6.1; WOW64; Trident/5.0)"
46.17.96.43 - - [04/Jan/2012:09:17:22 -0500] "POST /forums/register.php?do=addmember HTTP/1.0" 200 41671 "http://www.walleyecentral.com/forums/register.php?s=eb96c66e1ba642eb0d354a3ccd61ae58" "Mozilla/4.0 (compatible; MSIE 6.0; MSIE 5.5; Windows NT 5.0) Opera 7.02 Bork-edition [en]"
74.50.250.81 - - [04/Jan/2012:09:17:23 -0500] "GET /forums/images/smilies/thumbsup.gif HTTP/1.1" 200 139 "http://www.walleyecentral.com/forums/showthread.php?t=188792" "Mozilla/5.0 (compatible; MSIE 9.0; Windows NT 6.1; WOW64; Trident/5.0)"
74.50.250.81 - - [04/Jan/2012:09:17:23 -0500] "GET /forums/image.php?u=44029&dateline=1317640393 HTTP/1.1" 200 2068 "http://www.walleyecentral.com/forums/showthread.php?t=188792" "Mozilla/5.0 (compatible; MSIE 9.0; Windows NT 6.1; WOW64; Trident/5.0)"
74.50.250.81 - - [04/Jan/2012:09:17:23 -0500] "GET /forums/image.php?u=44029&type=sigpic&dateline=1317640231 HTTP/1.1" 200 2979 "http://www.walleyecentral.com/forums/showthread.php?t=188792" "Mozilla/5.0 (compatible; MSIE 9.0; Windows NT 6.1; WOW64; Trident/5.0)"
65.52.108.198 - - [04/Jan/2012:09:17:23 -0500] "GET /forums/showthread.php?t=41869 HTTP/1.1" 200 14559 "-" "Mozilla/5.0 (compatible; bingbot/2.0; +http://www.bing.com/bingbot.htm)"
74.50.250.81 - - [04/Jan/2012:09:17:23 -0500] "GET /forums/images/smilies/raisin.gif HTTP/1.1" 200 1235 "http://www.walleyecentral.com/forums/showthread.php?t=188792" "Mozilla/5.0 (compatible; MSIE 9.0; Windows NT 6.1; WOW64; Trident/5.0)"
74.50.250.81 - - [04/Jan/2012:09:17:23 -0500] "GET /forums/images/smilies/cool.gif HTTP/1.1" 200 1063 "http://www.walleyecentral.com/forums/showthread.php?t=188792" "Mozilla/5.0 (compatible; MSIE 9.0; Windows NT 6.1; WOW64; Trident/5.0)"
74.50.250.81 - - [04/Jan/2012:09:17:23 -0500] "GET /forums/image.php?u=33796&dateline=1323219625 HTTP/1.1" 200 1795 "http://www.walleyecentral.com/forums/showthread.php?t=188792" "Mozilla/5.0 (compatible; MSIE 9.0; Windows NT 6.1; WOW64; Trident/5.0)"
65.52.108.26 - - [04/Jan/2012:09:17:23 -0500] "GET /forums/showthread.php?t=125590 HTTP/1.1" 200 17005 "-" "Mozilla/5.0 (compatible; bingbot/2.0; +http://www.bing.com/bingbot.htm)"
66.11.150.236 - - [04/Jan/2012:09:17:23 -0500] "GET /weather.php?pands=56573 HTTP/1.0" 200 16166 "-" "-"
66.11.150.236 - - [04/Jan/2012:09:17:23 -0500] "GET /weather.php?pands=48150 HTTP/1.0" 200 24171 "-" "-"
74.50.250.81 - - [04/Jan/2012:09:17:23 -0500] "GET /openx/www/delivery/lg.php?bannerid=47&campaignid=1&zoneid=15&loc=http%3A%2F%2Fwww.walleyecentral.com%2Fforums%2Fshowthread.php%3Ft%3D188792&referer=http%3A%2F%2Fwww.walleyecentral.com%2Fforums%2Fforumdisplay.php%3Ff%3D16%26order%3Ddesc%26page%3D3&cb=fa875093e9 HTTP/1.1" 200 43 "http://www.walleyecentral.com/forums/showthread.php?t=188792" "Mozilla/5.0 (compatible; MSIE 9.0; Windows NT 6.1; WOW64; Trident/5.0)"
205.134.249.170 - - [04/Jan/2012:09:17:24 -0500] "GET /weather.php?pands=55434 HTTP/1.1" 200 16166 "-" "PHP/5.2.17"
205.134.249.170 - - [04/Jan/2012:09:17:24 -0500] "GET /weather.php?pands=55069 HTTP/1.1" 200 16166 "-" "PHP/5.2.17"
205.172.134.23 - - [04/Jan/2012:09:17:24 -0500] "GET /dbimages/articles-2011-12-05-541299785iconfile.jpg HTTP/1.1" 304 - "-" "Mozilla/4.0 (compatible;)"
46.17.96.43 - - [04/Jan/2012:09:17:23 -0500] "POST /forums/register.php?do=addmember HTTP/1.0" 200 41709 "http://www.walleyecentral.com/forums/register.php?s=eb96c66e1ba642eb0d354a3ccd61ae58" "Mozilla/4.0 (compatible; MSIE 6.0; MSIE 5.5; Windows NT 5.0) Opera 7.02 Bork-edition [en]"
205.134.249.170 - - [04/Jan/2012:09:17:25 -0500] "GET /weather.php?pands=44089 HTTP/1.1" 200 16166 "-" "PHP/5.2.17"
24.106.10.146 - - [04/Jan/2012:09:17:24 -0500] "GET /forums/forumdisplay.php?f=16 HTTP/1.1" 200 21904 "http://www.walleyecentral.com/forums/forumdisplay.php?f=5" "Mozilla/4.0 (compatible; MSIE 8.0; Windows NT 5.1; Trident/4.0; GTB7.2; .NET CLR 1.1.4322; .NET CLR 2.0.50727; .NET CLR 3.0.4506.2152; .NET CLR 3.5.30729)"
65.52.108.198 - - [04/Jan/2012:09:17:25 -0500] "GET /forums/showthread.php?t=27650 HTTP/1.1" 200 13520 "-" "Mozilla/5.0 (compatible; bingbot/2.0; +http://www.bing.com/bingbot.htm)"
24.106.10.146 - - [04/Jan/2012:09:17:25 -0500] "GET /openx/www/delivery/ajs.php?n=a5212870&zoneid=12&source=&exclude=,&r=407764111&loc=http%3A//www.walleyecentral.com/forums/forumdisplay.php%3Ff%3D16&referer=http%3A//www.walleyecentral.com/forums/forumdisplay.php%3Ff%3D5 HTTP/1.1" 200 942 "http://www.walleyecentral.com/forums/forumdisplay.php?f=16" "Mozilla/4.0 (compatible; MSIE 8.0; Windows NT 5.1; Trident/4.0; GTB7.2; .NET CLR 1.1.4322; .NET CLR 2.0.50727; .NET CLR 3.0.4506.2152; .NET CLR 3.5.30729)"
213.27.232.210 - - [04/Jan/2012:09:17:24 -0500] "POST /forums/register.php?do=addmember HTTP/1.1" 200 41582 "http://www.walleyecentral.com/forums/register.php" "Mozilla/4.0 (compatible; MSIE 6.0; Windows NT 5.1)"
24.106.10.146 - - [04/Jan/2012:09:17:25 -0500] "GET /openx/www/delivery/ai.php?filename=grandpa_joe.gif&contenttype=gif HTTP/1.1" 200 18057 "http://www.walleyecentral.com/forums/forumdisplay.php?f=16" "Mozilla/4.0 (compatible; MSIE 8.0; Windows NT 5.1; Trident/4.0; GTB7.2; .NET CLR 1.1.4322; .NET CLR 2.0.50727; .NET CLR 3.0.4506.2152; .NET CLR 3.5.30729)"
66.249.71.211 - - [04/Jan/2012:09:17:25 -0500] "GET /forums/archive/index.php/t-50025.html HTTP/1.1" 200 2224 "-" "Mozilla/5.0 (compatible; Googlebot/2.1; +http://www.google.com/bot.html)"
24.106.10.146 - - [04/Jan/2012:09:17:25 -0500] "GET /openx/www/delivery/lg.php?bannerid=78&campaignid=1&zoneid=12&loc=http%3A%2F%2Fwww.walleyecentral.com%2Fforums%2Fforumdisplay.php%3Ff%3D16&referer=http%3A%2F%2Fwww.walleyecentral.com%2Fforums%2Fforumdisplay.php%3Ff%3D5&cb=7116000872 HTTP/1.1" 200 43 "http://www.walleyecentral.com/forums/forumdisplay.php?f=16" "Mozilla/4.0 (compatible; MSIE 8.0; Windows NT 5.1; Trident/4.0; GTB7.2; .NET CLR 1.1.4322; .NET CLR 2.0.50727; .NET CLR 3.0.4506.2152; .NET CLR 3.5.30729)"
66.11.150.236 - - [04/Jan/2012:09:17:25 -0500] "GET /weather.php?pands=60544 HTTP/1.0" 200 24184 "-" "-"
66.11.150.236 - - [04/Jan/2012:09:17:25 -0500] "GET /weather.php?pands=Mount+Cleme HTTP/1.0" 200 24179 "-" "-"
65.52.110.147 - - [04/Jan/2012:09:17:26 -0500] "GET /forums/archive/index.php/t-46141.html HTTP/1.1" 200 10559 "-" "Mozilla/5.0 (compatible; bingbot/2.0; +http://www.bing.com/bingbot.htm)"
99.157.224.150 - - [04/Jan/2012:09:17:26 -0500] "GET /forums/showthread.php?t=189222&page=2 HTTP/1.1" 200 14376 "http://www.walleyecentral.com/forums/forumdisplay.php?f=33" "Mozilla/4.0 (compatible; MSIE 8.0; Windows NT 6.1; WOW64; Trident/4.0; SLCC2; .NET CLR 2.0.50727; .NET CLR 3.5.30729; .NET CLR 3.0.30729; Media Center PC 6.0; CPNTDF; BRI/1; BRI/2; .NET4.0C; .NAP 1.1)"
99.157.224.150 - - [04/Jan/2012:09:17:26 -0500] "GET /openx/www/delivery/ajs.php?n=a5212870&zoneid=102&source=&exclude=,&r=915386471&loc=http%3A//www.walleyecentral.com/forums/showthread.php%3Ft%3D189222%26page%3D2&referer=http%3A//www.walleyecentral.com/forums/forumdisplay.php%3Ff%3D33 HTTP/1.1" 200 979 "http://www.walleyecentral.com/forums/showthread.php?t=189222&page=2" "Mozilla/4.0 (compatible; MSIE 8.0; Windows NT 6.1; WOW64; Trident/4.0; SLCC2; .NET CLR 2.0.50727; .NET CLR 3.5.30729; .NET CLR 3.0.30729; Media Center PC 6.0; CPNTDF; BRI/1; BRI/2; .NET4.0C; .NAP 1.1)"
205.134.249.170 - - [04/Jan/2012:09:17:26 -0500] "GET /weather.php?pands=14810 HTTP/1.1" 200 16166 "-" "PHP/5.2.17"
205.134.249.170 - - [04/Jan/2012:09:17:26 -0500] "GET /weather.php?pands=oak+harbor%2C HTTP/1.1" 200 16166 "-" "PHP/5.2.17"
162.40.64.101 - - [04/Jan/2012:09:17:23 -0500] "GET /forums/showthread.php?t=189016 HTTP/1.1" 200 25777 "http://www.walleyecentral.com/forums/forumdisplay.php?f=32&order=desc&page=2" "Mozilla/4.0 (compatible; MSIE 8.0; Windows NT 6.0; Trident/4.0; SLCC1; .NET CLR 2.0.50727; .NET CLR 3.5.30729; .NET4.0C; .NET CLR 3.0.30729)"
180.76.5.53 - - [04/Jan/2012:09:17:26 -0500] "GET /forums/showthread.php?t=166060&page=2 HTTP/1.1" 200 14143 "-" "Mozilla/5.0 (compatible; Baiduspider/2.0; +http://www.baidu.com/search/spider.html)"
99.157.224.150 - - [04/Jan/2012:09:17:26 -0500] "GET /openx/www/delivery/ai.php?filename=mercury_2.jpg&contenttype=jpeg HTTP/1.1" 200 17944 "http://www.walleyecentral.com/forums/showthread.php?t=189222&page=2" "Mozilla/4.0 (compatible; MSIE 8.0; Windows NT 6.1; WOW64; Trident/4.0; SLCC2; .NET CLR 2.0.50727; .NET CLR 3.5.30729; .NET CLR 3.0.30729; Media Center PC 6.0; CPNTDF; BRI/1; BRI/2; .NET4.0C; .NAP 1.1)"
99.157.224.150 - - [04/Jan/2012:09:17:26 -0500] "GET /openx/www/delivery/lg.php?bannerid=35&campaignid=1&zoneid=102&loc=http%3A%2F%2Fwww.walleyecentral.com%2Fforums%2Fshowthread.php%3Ft%3D189222%26page%3D2&referer=http%3A%2F%2Fwww.walleyecentral.com%2Fforums%2Fforumdisplay.php%3Ff%3D33&cb=3e87b7cf70 HTTP/1.1" 200 43 "http://www.walleyecentral.com/forums/showthread.php?t=189222&page=2" "Mozilla/4.0 (compatible; MSIE 8.0; Windows NT 6.1; WOW64; Trident/4.0; SLCC2; .NET CLR 2.0.50727; .NET CLR 3.5.30729; .NET CLR 3.0.30729; Media Center PC 6.0; CPNTDF; BRI/1; BRI/2; .NET4.0C; .NAP 1.1)"
46.17.96.43 - - [04/Jan/2012:09:17:25 -0500] "POST /forums/register.php?do=addmember HTTP/1.0" 200 41697 "http://www.walleyecentral.com/forums/register.php?s=eb96c66e1ba642eb0d354a3ccd61ae58" "Mozilla/4.0 (compatible; MSIE 6.0; MSIE 5.5; Windows NT 5.0) Opera 7.02 Bork-edition [en]"
162.40.64.101 - - [04/Jan/2012:09:17:27 -0500] "GET /openx/www/delivery/ajs.php?n=a5212870&zoneid=98&source=&exclude=,&r=361204421&loc=http%3A//www.walleyecentral.com/forums/showthread.php%3Ft%3D189016&referer=http%3A//www.walleyecentral.com/forums/forumdisplay.php%3Ff%3D32%26order%3Ddesc%26page%3D2 HTTP/1.1" 200 979 "http://www.walleyecentral.com/forums/showthread.php?t=189016" "Mozilla/4.0 (compatible; MSIE 8.0; Windows NT 6.0; Trident/4.0; SLCC1; .NET CLR 2.0.50727; .NET CLR 3.5.30729; .NET4.0C; .NET CLR 3.0.30729)"
199.189.229.8 - - [04/Jan/2012:09:17:25 -0500] "GET / HTTP/1.1" 200 64598 "http://www.walleyecentral.com/customize.php" "Mozilla/5.0 (compatible; MSIE 9.0; Windows NT 6.1; WOW64; Trident/5.0)"
205.134.249.170 - - [04/Jan/2012:09:17:27 -0500] "GET /weather.php?pands=woodslandin HTTP/1.1" 200 16166 "-" "PHP/5.2.17"
65.52.108.26 - - [04/Jan/2012:09:17:27 -0500] "GET /forums/archive/index.php/t-37196.html HTTP/1.1" 200 6191 "-" "Mozilla/5.0 (compatible; bingbot/2.0; +http://www.bing.com/bingbot.htm)"
12.3.223.129 - - [04/Jan/2012:09:17:27 -0500] "GET /forums/showthread.php?t=170490&page=2 HTTP/1.1" 200 19372 "http://www.walleyecentral.com/forums/showthread.php?t=170490&page=3" "Mozilla/4.0 (compatible; MSIE 6.0; Windows NT 5.1; SV1; GTB7.2; .NET CLR 2.0.50727)"
65.52.108.198 - - [04/Jan/2012:09:17:27 -0500] "GET /forums/memberlist.php?ltr=I&order=desc&sort=username&pp=30&page=11 HTTP/1.1" 200 12804 "-" "Mozilla/5.0 (compatible; bingbot/2.0; +http://www.bing.com/bingbot.htm)"
12.3.223.129 - - [04/Jan/2012:09:17:27 -0500] "GET /openx/www/delivery/ajs.php?n=a5212870&zoneid=19&source=&exclude=,&r=358279381&loc=http%3A//www.walleyecentral.com/forums/showthread.php%3Ft%3D170490%26page%3D2&referer=http%3A//www.walleyecentral.com/forums/showthread.php%3Ft%3D170490%26page%3D3 HTTP/1.1" 200 949 "http://www.walleyecentral.com/forums/showthread.php?t=170490&page=2" "Mozilla/4.0 (compatible; MSIE 6.0; Windows NT 5.1; SV1; GTB7.2; .NET CLR 2.0.50727)"
184.6.103.113 - - [04/Jan/2012:09:17:27 -0500] "GET /openx/www/delivery/ajs.php?n=a5212870&zoneid=97&source=&exclude=,&r=661397421&loc=http%3A//www.walleyecentral.com/forums/forumdisplay.php%3Ff%3D32&referer=http%3A//www.walleyecentral.com/forums/index.php HTTP/1.1" 200 1001 "http://www.walleyecentral.com/forums/forumdisplay.php?f=32" "Mozilla/5.0 (Linux; U; Android 3.2.1; en-us; A500 Build/HTK55D) AppleWebKit/534.13 (KHTML, like Gecko) Version/4.0 Safari/534.13"
12.3.223.129 - - [04/Jan/2012:09:17:27 -0500] "GET /forums/images/smilies/biggrin.gif HTTP/1.1" 200 1052 "http://www.walleyecentral.com/forums/showthread.php?t=170490&page=2" "Mozilla/4.0 (compatible; MSIE 6.0; Windows NT 5.1; SV1; GTB7.2; .NET CLR 2.0.50727)"
199.189.229.8 - - [04/Jan/2012:09:17:27 -0500] "GET /phpQJr/embedjr.php?pid=50&w=175&h=400 HTTP/1.1" 200 1036 "http://www.walleyecentral.com/" "Mozilla/5.0 (compatible; MSIE 9.0; Windows NT 6.1; WOW64; Trident/5.0)"
66.11.150.236 - - [04/Jan/2012:09:17:27 -0500] "GET /weather.php?pands=56623 HTTP/1.0" 200 24180 "-" "-"
12.3.223.129 - - [04/Jan/2012:09:17:27 -0500] "GET /openx/www/delivery/lg.php?bannerid=93&campaignid=1&zoneid=19&loc=http%3A%2F%2Fwww.walleyecentral.com%2Fforums%2Fshowthread.php%3Ft%3D170490%26page%3D2&referer=http%3A%2F%2Fwww.walleyecentral.com%2Fforums%2Fshowthread.php%3Ft%3D170490%26page%3D3&cb=ecbe3b191c HTTP/1.1" 200 43 "http://www.walleyecentral.com/forums/showthread.php?t=170490&page=2" "Mozilla/4.0 (compatible; MSIE 6.0; Windows NT 5.1; SV1; GTB7.2; .NET CLR 2.0.50727)"
66.11.150.236 - - [04/Jan/2012:09:17:27 -0500] "GET /weather.php?pands=Monroe%2C+Mi HTTP/1.0" 200 24240 "-" "-"
199.189.229.8 - - [04/Jan/2012:09:17:28 -0500] "GET /phpQJr/poll.php?pid=50&url=http%3A//www.walleyecentral.com/ HTTP/1.1" 200 3982 "http://www.walleyecentral.com/" "Mozilla/5.0 (compatible; MSIE 9.0; Windows NT 6.1; WOW64; Trident/5.0)"
184.6.103.113 - - [04/Jan/2012:09:17:28 -0500] "GET /openx/www/delivery/lg.php?bannerid=65&campaignid=1&zoneid=97&loc=http%3A%2F%2Fwww.walleyecentral.com%2Fforums%2Fforumdisplay.php%3Ff%3D32&referer=http%3A%2F%2Fwww.walleyecentral.com%2Fforums%2Findex.php&cb=7027562a63 HTTP/1.1" 200 43 "http://www.walleyecentral.com/forums/forumdisplay.php?f=32" "Mozilla/5.0 (Linux; U; Android 3.2.1; en-us; A500 Build/HTK55D) AppleWebKit/534.13 (KHTML, like Gecko) Version/4.0 Safari/534.13"
46.17.96.43 - - [04/Jan/2012:09:17:27 -0500] "POST /forums/register.php?do=addmember HTTP/1.0" 200 41697 "http://www.walleyecentral.com/forums/register.php?s=eb96c66e1ba642eb0d354a3ccd61ae58" "Mozilla/4.0 (compatible; MSIE 6.0; MSIE 5.5; Windows NT 5.0) Opera 7.02 Bork-edition [en]"
205.134.249.170 - - [04/Jan/2012:09:17:28 -0500] "GET /weather.php?pands=61401 HTTP/1.1" 200 16166 "-" "PHP/5.2.17"
12.3.223.129 - - [04/Jan/2012:09:17:28 -0500] "GET /forums/image.php?u=9467&dateline=1292120269 HTTP/1.1" 200 2029 "http://www.walleyecentral.com/forums/showthread.php?t=170490&page=2" "Mozilla/4.0 (compatible; MSIE 6.0; Windows NT 5.1; SV1; GTB7.2; .NET CLR 2.0.50727)"
205.134.249.170 - - [04/Jan/2012:09:17:28 -0500] "GET /weather.php?pands=Lodge+Grass HTTP/1.1" 200 16166 "-" "PHP/5.2.17"
12.3.223.129 - - [04/Jan/2012:09:17:28 -0500] "GET /forums/attachment.php?attachmentid=5894&stc=1&thumb=1&d=1282563905 HTTP/1.1" 200 1257 "http://www.walleyecentral.com/forums/showthread.php?t=170490&page=2" "Mozilla/4.0 (compatible; MSIE 6.0; Windows NT 5.1; SV1; GTB7.2; .NET CLR 2.0.50727)"
12.3.223.129 - - [04/Jan/2012:09:17:28 -0500] "GET /forums/attachment.php?attachmentid=5895&stc=1&thumb=1&d=1282563918 HTTP/1.1" 200 1729 "http://www.walleyecentral.com/forums/showthread.php?t=170490&page=2" "Mozilla/4.0 (compatible; MSIE 6.0; Windows NT 5.1; SV1; GTB7.2; .NET CLR 2.0.50727)"
12.3.223.129 - - [04/Jan/2012:09:17:28 -0500] "GET /forums/attachment.php?attachmentid=5896&stc=1&thumb=1&d=1282563974 HTTP/1.1" 200 1678 "http://www.walleyecentral.com/forums/showthread.php?t=170490&page=2" "Mozilla/4.0 (compatible; MSIE 6.0; Windows NT 5.1; SV1; GTB7.2; .NET CLR 2.0.50727)"
12.3.223.129 - - [04/Jan/2012:09:17:29 -0500] "GET /forums/attachment.php?attachmentid=5909&stc=1&thumb=1&d=1282601140 HTTP/1.1" 200 4116 "http://www.walleyecentral.com/forums/showthread.php?t=170490&page=2" "Mozilla/4.0 (compatible; MSIE 6.0; Windows NT 5.1; SV1; GTB7.2; .NET CLR 2.0.50727)"
63.135.136.202 - - [04/Jan/2012:09:17:29 -0500] "GET /forums/showthread.php?t=189114 HTTP/1.1" 200 16478 "http://www.walleyecentral.com/forums/forumdisplay.php?f=32" "Mozilla/4.0 (compatible; MSIE 8.0; Windows NT 5.1; Trident/4.0; GTB7.2; .NET CLR 1.1.4322; .NET CLR 2.0.50727; InfoPath.2; .NET CLR 3.0.4506.2152; .NET CLR 3.5.30729)"
205.134.249.170 - - [04/Jan/2012:09:17:29 -0500] "GET /weather.php?pands=55317 HTTP/1.1" 200 16166 "-" "PHP/5.2.17"
63.135.136.202 - - [04/Jan/2012:09:17:29 -0500] "GET /openx/www/delivery/ajs.php?n=a5212870&zoneid=98&source=&exclude=,&r=93854161&loc=http%3A//www.walleyecentral.com/forums/showthread.php%3Ft%3D189114&referer=http%3A//www.walleyecentral.com/forums/forumdisplay.php%3Ff%3D32 HTTP/1.1" 200 953 "http://www.walleyecentral.com/forums/showthread.php?t=189114" "Mozilla/4.0 (compatible; MSIE 8.0; Windows NT 5.1; Trident/4.0; GTB7.2; .NET CLR 1.1.4322; .NET CLR 2.0.50727; InfoPath.2; .NET CLR 3.0.4506.2152; .NET CLR 3.5.30729)"
162.40.64.101 - - [04/Jan/2012:09:17:29 -0500] "GET /openx/www/delivery/lg.php?bannerid=97&campaignid=1&zoneid=98&loc=http%3A%2F%2Fwww.walleyecentral.com%2Fforums%2Fshowthread.php%3Ft%3D189016&referer=http%3A%2F%2Fwww.walleyecentral.com%2Fforums%2Fforumdisplay.php%3Ff%3D32%26order%3Ddesc%26page%3D2&cb=862a46cdd3 HTTP/1.1" 200 43 "http://www.walleyecentral.com/forums/showthread.php?t=189016" "Mozilla/4.0 (compatible; MSIE 8.0; Windows NT 6.0; Trident/4.0; SLCC1; .NET CLR 2.0.50727; .NET CLR 3.5.30729; .NET4.0C; .NET CLR 3.0.30729)"
63.135.136.202 - - [04/Jan/2012:09:17:30 -0500] "GET /forums/image.php?u=24625&dateline=1279823694 HTTP/1.1" 200 1969 "http://www.walleyecentral.com/forums/showthread.php?t=189114" "Mozilla/4.0 (compatible; MSIE 8.0; Windows NT 5.1; Trident/4.0; GTB7.2; .NET CLR 1.1.4322; .NET CLR 2.0.50727; InfoPath.2; .NET CLR 3.0.4506.2152; .NET CLR 3.5.30729)"
162.40.64.101 - - [04/Jan/2012:09:17:30 -0500] "GET /forums/image.php?u=14507&dateline=1282747585 HTTP/1.1" 200 1621 "http://www.walleyecentral.com/forums/showthread.php?t=189016" "Mozilla/4.0 (compatible; MSIE 8.0; Windows NT 6.0; Trident/4.0; SLCC1; .NET CLR 2.0.50727; .NET CLR 3.5.30729; .NET4.0C; .NET CLR 3.0.30729)"
63.135.136.202 - - [04/Jan/2012:09:17:30 -0500] "GET /openx/www/delivery/lg.php?bannerid=97&campaignid=1&zoneid=98&loc=http%3A%2F%2Fwww.walleyecentral.com%2Fforums%2Fshowthread.php%3Ft%3D189114&referer=http%3A%2F%2Fwww.walleyecentral.com%2Fforums%2Fforumdisplay.php%3Ff%3D32&cb=9f49f96988 HTTP/1.1" 200 43 "http://www.walleyecentral.com/forums/showthread.php?t=189114" "Mozilla/4.0 (compatible; MSIE 8.0; Windows NT 5.1; Trident/4.0; GTB7.2; .NET CLR 1.1.4322; .NET CLR 2.0.50727; InfoPath.2; .NET CLR 3.0.4506.2152; .NET CLR 3.5.30729)"
66.249.71.211 - - [04/Jan/2012:09:17:30 -0500] "GET /forums/archive/index.php/t-51203.html HTTP/1.1" 200 2082 "-" "Mozilla/5.0 (compatible; Googlebot/2.1; +http://www.google.com/bot.html)"
66.11.150.236 - - [04/Jan/2012:09:17:29 -0500] "GET /weather.php?pands=13850 HTTP/1.0" 200 24171 "-" "-"
66.11.150.236 - - [04/Jan/2012:09:17:29 -0500] "GET /weather.php?pands=16025 HTTP/1.0" 200 24172 "-" "-"
46.17.96.43 - - [04/Jan/2012:09:17:29 -0500] "POST /forums/register.php?do=addmember HTTP/1.0" 200 41695 "http://www.walleyecentral.com/forums/register.php?s=eb96c66e1ba642eb0d354a3ccd61ae58" "Mozilla/4.0 (compatible; MSIE 6.0; MSIE 5.5; Windows NT 5.0) Opera 7.02 Bork-edition [en]"
63.135.136.202 - - [04/Jan/2012:09:17:30 -0500] "GET /openx/www/delivery/ai.php?filename=smoothmoves.jpg&contenttype=jpeg HTTP/1.1" 200 18980 "http://www.walleyecentral.com/forums/showthread.php?t=189114" "Mozilla/4.0 (compatible; MSIE 8.0; Windows NT 5.1; Trident/4.0; GTB7.2; .NET CLR 1.1.4322; .NET CLR 2.0.50727; InfoPath.2; .NET CLR 3.0.4506.2152; .NET CLR 3.5.30729)"
162.40.64.101 - - [04/Jan/2012:09:17:30 -0500] "GET /forums/image.php?u=31652&dateline=1281921087 HTTP/1.1" 200 3668 "http://www.walleyecentral.com/forums/showthread.php?t=189016" "Mozilla/4.0 (compatible; MSIE 8.0; Windows NT 6.0; Trident/4.0; SLCC1; .NET CLR 2.0.50727; .NET CLR 3.5.30729; .NET4.0C; .NET CLR 3.0.30729)"
207.46.194.118 - - [04/Jan/2012:09:17:30 -0500] "GET /robots.txt HTTP/1.1" 404 297 "-" "msnbot-media/1.1 (+http://search.msn.com/msnbot.htm)"
65.52.108.26 - - [04/Jan/2012:09:17:30 -0500] "GET /tournaments/tournament_view.php?t_id=36 HTTP/1.1" 200 25131 "-" "Mozilla/5.0 (compatible; bingbot/2.0; +http://www.bing.com/bingbot.htm)"
207.46.194.118 - - [04/Jan/2012:09:17:30 -0500] "GET /forums/picture.php?s=f6a8cf56072ecea35d1915b87e946be2&pictureid=257&albumid=20&dl=1217895284&thumb=1 HTTP/1.1" 200 4888 "-" "msnbot-media/1.1 (+http://search.msn.com/msnbot.htm)"
205.134.249.170 - - [04/Jan/2012:09:17:30 -0500] "GET /weather.php?pands=58366 HTTP/1.1" 200 16166 "-" "PHP/5.2.17"
205.134.249.170 - - [04/Jan/2012:09:17:30 -0500] "GET /weather.php?pands=59050 HTTP/1.1" 200 16166 "-" "PHP/5.2.17"
50.37.45.200 - - [04/Jan/2012:09:17:30 -0500] "GET /forums/showthread.php?t=189047 HTTP/1.1" 200 15047 "http://www.walleyecentral.com/forums/forumdisplay.php?f=22" "Mozilla/5.0 (compatible; MSIE 9.0; Windows NT 6.0; Trident/5.0)"
207.46.194.118 - - [04/Jan/2012:09:17:30 -0500] "GET /forums/album.php?albumid=20 HTTP/1.1" 200 10716 "-" "msnbot-media/1.1 (+http://search.msn.com/msnbot.htm)"
50.37.45.200 - - [04/Jan/2012:09:17:31 -0500] "GET /openx/www/delivery/ajs.php?n=a5212870&zoneid=59&source=&exclude=,&r=778581081&loc=http%3A//www.walleyecentral.com/forums/showthread.php%3Ft%3D189047&referer=http%3A//www.walleyecentral.com/forums/forumdisplay.php%3Ff%3D22 HTTP/1.1" 200 978 "http://www.walleyecentral.com/forums/showthread.php?t=189047" "Mozilla/5.0 (compatible; MSIE 9.0; Windows NT 6.0; Trident/5.0)"
180.76.5.90 - - [04/Jan/2012:09:17:31 -0500] "GET /forums/album.php?albumid=72&pictureid=839 HTTP/1.1" 200 10647 "-" "Mozilla/5.0 (compatible; Baiduspider/2.0; +http://www.baidu.com/search/spider.html)"
180.76.6.29 - - [04/Jan/2012:09:17:30 -0500] "GET /forums/showthread.php?t=16589 HTTP/1.1" 200 12982 "-" "Mozilla/5.0 (compatible; Baiduspider/2.0; +http://www.baidu.com/search/spider.html)"
205.134.249.170 - - [04/Jan/2012:09:17:31 -0500] "GET /weather.php?pands=Bena%2CMN HTTP/1.1" 200 16166 "-" "PHP/5.2.17"
65.52.108.198 - - [04/Jan/2012:09:17:29 -0500] "GET /forums/forumdisplay.php?f=5&order=desc&page=2874 HTTP/1.1" 200 22680 "-" "Mozilla/5.0 (compatible; bingbot/2.0; +http://www.bing.com/bingbot.htm)"
50.37.45.200 - - [04/Jan/2012:09:17:31 -0500] "GET /openx/www/delivery/lg.php?bannerid=100&campaignid=1&zoneid=59&loc=http%3A%2F%2Fwww.walleyecentral.com%2Fforums%2Fshowthread.php%3Ft%3D189047&referer=http%3A%2F%2Fwww.walleyecentral.com%2Fforums%2Fforumdisplay.php%3Ff%3D22&cb=2feb65ca4e HTTP/1.1" 200 43 "http://www.walleyecentral.com/forums/showthread.php?t=189047" "Mozilla/5.0 (compatible; MSIE 9.0; Windows NT 6.0; Trident/5.0)"
162.40.64.101 - - [04/Jan/2012:09:17:31 -0500] "GET /forums/images/smilies/smirk.gif HTTP/1.1" 200 247 "http://www.walleyecentral.com/forums/showthread.php?t=189016" "Mozilla/4.0 (compatible; MSIE 8.0; Windows NT 6.0; Trident/4.0; SLCC1; .NET CLR 2.0.50727; .NET CLR 3.5.30729; .NET4.0C; .NET CLR 3.0.30729)"
46.17.96.43 - - [04/Jan/2012:09:17:31 -0500] "POST /forums/register.php?do=addmember HTTP/1.0" 200 41679 "http://www.walleyecentral.com/forums/register.php?s=eb96c66e1ba642eb0d354a3ccd61ae58" "Mozilla/4.0 (compatible; MSIE 6.0; MSIE 5.5; Windows NT 5.0) Opera 7.02 Bork-edition [en]"
66.11.150.236 - - [04/Jan/2012:09:17:31 -0500] "GET /weather.php?pands=51501 HTTP/1.0" 200 24197 "-" "-"
207.46.199.55 - - [04/Jan/2012:09:17:31 -0500] "GET /forums/showthread.php?p=221628 HTTP/1.1" 200 18503 "-" "Mozilla/5.0 (compatible; bingbot/2.0; +http://www.bing.com/bingbot.htm)"
162.40.64.101 - - [04/Jan/2012:09:17:32 -0500] "GET /forums/attachment.php?attachmentid=12887&stc=1&thumb=1&d=1325293967 HTTP/1.1" 200 3736 "http://www.walleyecentral.com/forums/showthread.php?t=189016" "Mozilla/4.0 (compatible; MSIE 8.0; Windows NT 6.0; Trident/4.0; SLCC1; .NET CLR 2.0.50727; .NET CLR 3.5.30729; .NET4.0C; .NET CLR 3.0.30729)"
213.27.232.210 - - [04/Jan/2012:09:17:31 -0500] "POST /forums/register.php?do=addmember HTTP/1.1" 200 41597 "http://www.walleyecentral.com/forums/register.php" "Mozilla/4.0 (compatible; MSIE 6.0; Windows NT 5.1)"
66.11.150.236 - - [04/Jan/2012:09:17:32 -0500] "GET /weather.php?pands=59457 HTTP/1.0" 200 24179 "-" "-"
205.134.249.170 - - [04/Jan/2012:09:17:33 -0500] "GET /weather.php?pands=73644 HTTP/1.1" 200 16166 "-" "PHP/5.2.17"
205.134.249.170 - - [04/Jan/2012:09:17:33 -0500] "GET /weather.php?pands=49047 HTTP/1.1" 200 16166 "-" "PHP/5.2.17"
205.134.249.170 - - [04/Jan/2012:09:17:33 -0500] "GET /weather.php?pands=55378 HTTP/1.1" 200 16166 "-" "PHP/5.2.17"
46.17.96.43 - - [04/Jan/2012:09:17:32 -0500] "POST /forums/register.php?do=addmember HTTP/1.0" 200 41682 "http://www.walleyecentral.com/forums/register.php?s=eb96c66e1ba642eb0d354a3ccd61ae58" "Mozilla/4.0 (compatible; MSIE 6.0; MSIE 5.5; Windows NT 5.0) Opera 7.02 Bork-edition [en]"
63.232.194.234 - - [04/Jan/2012:09:17:33 -0500] "GET /forums/showthread.php?t=156315 HTTP/1.1" 200 18891 "http://www.google.com/url?sa=t&rct=j&q=2050%20ranger%20reata%20weight%20on%20trailer&source=web&cd=4&ved=0CEQQrAIoAzAD&url=http%3A%2F%2Fwww.walleyecentral.com%2Fforums%2Fshowthread.php%3Ft%3D156315&ei=lV4ET_SKEYX0sQKh1-GQCg&usg=AFQjCNEdUQZN8g9hiCwz4YIjIsEcCjNMEw" "Mozilla/4.0 (compatible; MSIE 8.0; Windows NT 5.1; Trident/4.0; GTB7.2; .NET CLR 2.0.50727; .NET CLR 3.0.4506.2152; .NET CLR 3.5.30729; WinNT-A8I 09.04.2011; IE0006_ver1;EN_US)"
63.232.194.234 - - [04/Jan/2012:09:17:34 -0500] "GET /openx/www/delivery/ajs.php?n=a5212870&zoneid=98&source=&exclude=,&r=459551&loc=http%3A//www.walleyecentral.com/forums/showthread.php%3Ft%3D156315&referer=http%3A//www.google.com/url%3Fsa%3Dt%26rct%3Dj%26q%3D2050%2520ranger%2520reata%2520weight%2520on%2520trailer%26source%3Dweb%26cd%3D4%26ved%3D0CEQQrAIoAzAD%26url%3Dhttp%253A%252F%252Fwww.walleyecentral.com%252Fforums%252Fshowthread.php%253Ft%253D156315%26ei%3DlV4ET_SKEYX0sQKh1-GQCg%26usg%3DAFQjCNEdUQZN8g9hiCwz4YIjIsEcCjNMEw HTTP/1.1" 200 1211 "http://www.walleyecentral.com/forums/showthread.php?t=156315" "Mozilla/4.0 (compatible; MSIE 8.0; Windows NT 5.1; Trident/4.0; GTB7.2; .NET CLR 2.0.50727; .NET CLR 3.0.4506.2152; .NET CLR 3.5.30729; WinNT-A8I 09.04.2011; IE0006_ver1;EN_US)"
66.11.150.236 - - [04/Jan/2012:09:17:33 -0500] "GET /weather.php?pands=13037 HTTP/1.0" 200 24183 "-" "-"
66.11.150.236 - - [04/Jan/2012:09:17:34 -0500] "GET /weather.php?pands=59261 HTTP/1.0" 200 24263 "-" "-"
63.232.194.234 - - [04/Jan/2012:09:17:34 -0500] "GET /forums/image.php?u=14858&dateline=1217451366 HTTP/1.1" 200 1774 "http://www.walleyecentral.com/forums/showthread.php?t=156315" "Mozilla/4.0 (compatible; MSIE 8.0; Windows NT 5.1; Trident/4.0; GTB7.2; .NET CLR 2.0.50727; .NET CLR 3.0.4506.2152; .NET CLR 3.5.30729; WinNT-A8I 09.04.2011; IE0006_ver1;EN_US)"
208.107.80.53 - - [04/Jan/2012:09:17:34 -0500] "GET /forums/showthread.php?t=38018 HTTP/1.1" 200 17762 "http://www.google.com/url?sa=t&rct=j&q=&esrc=s&frm=1&source=web&cd=5&ved=0CG4QrAIoATAE&url=http%3A%2F%2Fwww.walleyecentral.com%2Fforums%2Fshowthread.php%3Ft%3D38018&ei=6VsET8P_AYznggfG_823Ag&usg=AFQjCNFuc7-rxx_TmN_erOx-mJD0QhXNtA&sig2=kb5y8ozZa56Y3_qXnYmJpA" "Mozilla/5.0 (compatible; MSIE 9.0; Windows NT 6.1; WOW64; Trident/5.0)"
63.232.194.234 - - [04/Jan/2012:09:17:34 -0500] "GET /forums/image.php?u=21186&dateline=1241906064 HTTP/1.1" 200 2526 "http://www.walleyecentral.com/forums/showthread.php?t=156315" "Mozilla/4.0 (compatible; MSIE 8.0; Windows NT 5.1; Trident/4.0; GTB7.2; .NET CLR 2.0.50727; .NET CLR 3.0.4506.2152; .NET CLR 3.5.30729; WinNT-A8I 09.04.2011; IE0006_ver1;EN_US)"
208.107.80.53 - - [04/Jan/2012:09:17:34 -0500] "GET /openx/www/delivery/ajs.php?n=a5212870&zoneid=87&source=&exclude=,&r=313089421&loc=http%3A//www.walleyecentral.com/forums/showthread.php%3Ft%3D38018&referer=http%3A//www.google.com/url%3Fsa%3Dt%26rct%3Dj%26q%3D%26esrc%3Ds%26frm%3D1%26source%3Dweb%26cd%3D5%26ved%3D0CG4QrAIoATAE%26url%3Dhttp%253A%252F%252Fwww.walleyecentral.com%252Fforums%252Fshowthread.php%253Ft%253D38018%26ei%3D6VsET8P_AYznggfG_823Ag%26usg%3DAFQjCNFuc7-rxx_TmN_erOx-mJD0QhXNtA%26sig2%3Dkb5y8ozZa56Y3_qXnYmJpA HTTP/1.1" 200 1202 "http://www.walleyecentral.com/forums/showthread.php?t=38018" "Mozilla/5.0 (compatible; MSIE 9.0; Windows NT 6.1; WOW64; Trident/5.0)"
208.107.80.53 - - [04/Jan/2012:09:17:34 -0500] "GET /openx/www/delivery/ai.php?filename=lureparts_2.gif&contenttype=gif HTTP/1.1" 200 11524 "http://www.walleyecentral.com/forums/showthread.php?t=38018" "Mozilla/5.0 (compatible; MSIE 9.0; Windows NT 6.1; WOW64; Trident/5.0)"
63.232.194.234 - - [04/Jan/2012:09:17:34 -0500] "GET /openx/www/delivery/lg.php?bannerid=97&campaignid=1&zoneid=98&loc=http%3A%2F%2Fwww.walleyecentral.com%2Fforums%2Fshowthread.php%3Ft%3D156315&referer=http%3A%2F%2Fwww.google.com%2Furl%3Fsa%3Dt%26rct%3Dj%26q%3D2050%2520ranger%2520reata%2520weight%2520on%2520trailer%26source%3Dweb%26cd%3D4%26ved%3D0CEQQrAIoAzAD%26url%3Dhttp%253A%252F%252Fwww.walleyecentral.com%252Fforums%252Fshowthread.php%253Ft%253D156315%26ei%3DlV4ET_SKEYX0sQKh1-GQCg%26usg%3DAFQjCNEdUQZN8g9hiCwz4YIjIsEcCjNMEw&cb=cfd4fdc8f7 HTTP/1.1" 200 43 "http://www.walleyecentral.com/forums/showthread.php?t=156315" "Mozilla/4.0 (compatible; MSIE 8.0; Windows NT 5.1; Trident/4.0; GTB7.2; .NET CLR 2.0.50727; .NET CLR 3.0.4506.2152; .NET CLR 3.5.30729; WinNT-A8I 09.04.2011; IE0006_ver1;EN_US)"
66.249.71.211 - - [04/Jan/2012:09:17:34 -0500] "GET /forums/archive/index.php/t-50091.html HTTP/1.1" 200 2520 "-" "Mozilla/5.0 (compatible; Googlebot/2.1; +http://www.google.com/bot.html)"
170.97.167.69 - - [04/Jan/2012:09:17:34 -0500] "GET /forums/forumdisplay.php?f=13 HTTP/1.1" 200 21380 "http://www.walleyecentral.com/" "Mozilla/4.0 (compatible; MSIE 7.0; Windows NT 5.1; .NET CLR 2.0.50727; InfoPath.2; .NET CLR 3.0.4506.2152; .NET CLR 3.5.30729; MS-RTC LM 8)"
65.52.108.198 - - [04/Jan/2012:09:17:34 -0500] "GET /forums/showthread.php?mode=hybrid&t=7647 HTTP/1.1" 200 14495 "-" "Mozilla/5.0 (compatible; bingbot/2.0; +http://www.bing.com/bingbot.htm)"
207.46.12.235 - - [04/Jan/2012:09:17:34 -0500] "GET / HTTP/1.1" 200 66159 "-" "msnbot-UDiscovery/2.0b (+http://search.msn.com/msnbot.htm)"
208.107.80.53 - - [04/Jan/2012:09:17:34 -0500] "GET /openx/www/delivery/lg.php?bannerid=74&campaignid=1&zoneid=87&loc=http%3A%2F%2Fwww.walleyecentral.com%2Fforums%2Fshowthread.php%3Ft%3D38018&referer=http%3A%2F%2Fwww.google.com%2Furl%3Fsa%3Dt%26rct%3Dj%26q%3D%26esrc%3Ds%26frm%3D1%26source%3Dweb%26cd%3D5%26ved%3D0CG4QrAIoATAE%26url%3Dhttp%253A%252F%252Fwww.walleyecentral.com%252Fforums%252Fshowthread.php%253Ft%253D38018%26ei%3D6VsET8P_AYznggfG_823Ag%26usg%3DAFQjCNFuc7-rxx_TmN_erOx-mJD0QhXNtA%26sig2%3Dkb5y8ozZa56Y3_qXnYmJpA&cb=6c977964a3 HTTP/1.1" 200 43 "http://www.walleyecentral.com/forums/showthread.php?t=38018" "Mozilla/5.0 (compatible; MSIE 9.0; Windows NT 6.1; WOW64; Trident/5.0)"
205.134.249.170 - - [04/Jan/2012:09:17:35 -0500] "GET /weather.php?pands=53095 HTTP/1.1" 200 16166 "-" "PHP/5.2.17"
205.134.249.170 - - [04/Jan/2012:09:17:35 -0500] "GET /weather.php?pands=82801 HTTP/1.1" 200 16166 "-" "PHP/5.2.17"
50.28.14.61 - - [04/Jan/2012:09:17:35 -0500] "GET /dbimages/uploaded-2006-07-25-398846881.jpg HTTP/1.1" 200 42755 "-" "Mozilla/4.0 (compatible; MSIE 7.0; Windows NT 5.2; .NET CLR 2.0;)"
67.53.78.87 - - [04/Jan/2012:09:17:35 -0500] "GET /openx/www/delivery/ajs.php?n=a5212870&zoneid=86&source=&exclude=,&r=126483821&loc=http%3A//www.walleyecentral.com/forums/forumdisplay.php%3Ff%3D5&referer=http%3A//www.walleyecentral.com/forums/index.php HTTP/1.1" 200 990 "http://www.walleyecentral.com/forums/forumdisplay.php?f=5" "Mozilla/4.0 (compatible; MSIE 8.0; Windows NT 5.1; Trident/4.0; GTB6; .NET CLR 1.1.4322; .NET CLR 2.0.50727; .NET CLR 3.0.4506.2152; .NET CLR 3.5.30729)"
205.134.249.170 - - [04/Jan/2012:09:17:35 -0500] "GET /weather.php?pands=54961 HTTP/1.1" 200 16166 "-" "PHP/5.2.17"
180.76.5.188 - - [04/Jan/2012:09:17:35 -0500] "GET /forums/showthread.php?t=165547 HTTP/1.1" 200 16696 "-" "Mozilla/5.0 (compatible; Baiduspider/2.0; +http://www.baidu.com/search/spider.html)"
66.11.150.236 - - [04/Jan/2012:09:17:36 -0500] "GET /weather.php?pands=59223 HTTP/1.0" 200 24179 "-" "-"
65.52.108.26 - - [04/Jan/2012:09:17:35 -0500] "GET /forums/showthread.php?p=1279505&mode=threaded HTTP/1.1" 200 20617 "-" "Mozilla/5.0 (compatible; bingbot/2.0; +http://www.bing.com/bingbot.htm)"
170.97.167.69 - - [04/Jan/2012:09:17:36 -0500] "GET /openx/www/delivery/ajs.php?n=a5212870&zoneid=52&source=&exclude=,&r=679595141&loc=http%3A//www.walleyecentral.com/forums/forumdisplay.php%3Ff%3D13&referer=http%3A//www.walleyecentral.com/ HTTP/1.1" 200 974 "http://www.walleyecentral.com/forums/forumdisplay.php?f=13" "Mozilla/4.0 (compatible; MSIE 7.0; Windows NT 5.1; .NET CLR 2.0.50727; InfoPath.2; .NET CLR 3.0.4506.2152; .NET CLR 3.5.30729; MS-RTC LM 8)"
67.53.78.87 - - [04/Jan/2012:09:17:36 -0500] "GET /openx/www/delivery/lg.php?bannerid=6&campaignid=1&zoneid=86&channel_ids=,&loc=http%3A%2F%2Fwww.walleyecentral.com%2Fforums%2Fforumdisplay.php%3Ff%3D5&referer=http%3A%2F%2Fwww.walleyecentral.com%2Fforums%2Findex.php&cb=11669b42bf HTTP/1.1" 200 43 "http://www.walleyecentral.com/forums/forumdisplay.php?f=5" "Mozilla/4.0 (compatible; MSIE 8.0; Windows NT 5.1; Trident/4.0; GTB6; .NET CLR 1.1.4322; .NET CLR 2.0.50727; .NET CLR 3.0.4506.2152; .NET CLR 3.5.30729)"
170.97.167.69 - - [04/Jan/2012:09:17:36 -0500] "GET /openx/www/delivery/ai.php?filename=cj-banner.jpg&contenttype=jpeg HTTP/1.1" 200 16224 "http://www.walleyecentral.com/forums/forumdisplay.php?f=13" "Mozilla/4.0 (compatible; MSIE 7.0; Windows NT 5.1; .NET CLR 2.0.50727; InfoPath.2; .NET CLR 3.0.4506.2152; .NET CLR 3.5.30729; MS-RTC LM 8)"
63.232.194.234 - - [04/Jan/2012:09:17:36 -0500] "GET /forums/member.php?u=14858 HTTP/1.1" 200 15188 "http://www.walleyecentral.com/forums/showthread.php?t=156315" "Mozilla/4.0 (compatible; MSIE 8.0; Windows NT 5.1; Trident/4.0; GTB7.2; .NET CLR 2.0.50727; .NET CLR 3.0.4506.2152; .NET CLR 3.5.30729; WinNT-A8I 09.04.2011; IE0006_ver1;EN_US)"
170.97.167.69 - - [04/Jan/2012:09:17:36 -0500] "GET /openx/www/delivery/lg.php?bannerid=70&campaignid=1&zoneid=52&loc=http%3A%2F%2Fwww.walleyecentral.com%2Fforums%2Fforumdisplay.php%3Ff%3D13&referer=http%3A%2F%2Fwww.walleyecentral.com%2F&cb=fafdd53028 HTTP/1.1" 200 43 "http://www.walleyecentral.com/forums/forumdisplay.php?f=13" "Mozilla/4.0 (compatible; MSIE 7.0; Windows NT 5.1; .NET CLR 2.0.50727; InfoPath.2; .NET CLR 3.0.4506.2152; .NET CLR 3.5.30729; MS-RTC LM 8)"
170.97.167.69 - - [04/Jan/2012:09:17:36 -0500] "GET /forums/images/statusicon/announcement_old.gif HTTP/1.1" 200 1099 "http://www.walleyecentral.com/forums/forumdisplay.php?f=13" "Mozilla/4.0 (compatible; MSIE 7.0; Windows NT 5.1; .NET CLR 2.0.50727; InfoPath.2; .NET CLR 3.0.4506.2152; .NET CLR 3.5.30729; MS-RTC LM 8)"
66.11.150.236 - - [04/Jan/2012:09:17:35 -0500] "GET /weather.php?pands=69301 HTTP/1.0" 200 24172 "-" "-"
63.232.194.234 - - [04/Jan/2012:09:17:37 -0500] "GET /forums/clientscript/vbulletin_tabctrl.js?v=373 HTTP/1.1" 200 8332 "http://www.walleyecentral.com/forums/member.php?u=14858" "Mozilla/4.0 (compatible; MSIE 8.0; Windows NT 5.1; Trident/4.0; GTB7.2; .NET CLR 2.0.50727; .NET CLR 3.0.4506.2152; .NET CLR 3.5.30729; WinNT-A8I 09.04.2011; IE0006_ver1;EN_US)"
63.232.194.234 - - [04/Jan/2012:09:17:37 -0500] "GET /forums/clientscript/vbulletin_tabctrl.css?v=373 HTTP/1.1" 200 1373 "http://www.walleyecentral.com/forums/member.php?u=14858" "Mozilla/4.0 (compatible; MSIE 8.0; Windows NT 5.1; Trident/4.0; GTB7.2; .NET CLR 2.0.50727; .NET CLR 3.0.4506.2152; .NET CLR 3.5.30729; WinNT-A8I 09.04.2011; IE0006_ver1;EN_US)"
63.232.194.234 - - [04/Jan/2012:09:17:37 -0500] "GET /openx/www/delivery/ajs.php?n=a5212870&zoneid=85&source=&exclude=,&r=556010991&loc=http%3A//www.walleyecentral.com/forums/member.php%3Fu%3D14858&referer=http%3A//www.walleyecentral.com/forums/showthread.php%3Ft%3D156315 HTTP/1.1" 200 987 "http://www.walleyecentral.com/forums/member.php?u=14858" "Mozilla/4.0 (compatible; MSIE 8.0; Windows NT 5.1; Trident/4.0; GTB7.2; .NET CLR 2.0.50727; .NET CLR 3.0.4506.2152; .NET CLR 3.5.30729; WinNT-A8I 09.04.2011; IE0006_ver1;EN_US)"
205.134.249.170 - - [04/Jan/2012:09:17:37 -0500] "GET /weather.php?pands=Linesville HTTP/1.1" 200 16166 "-" "PHP/5.2.17"
205.134.249.170 - - [04/Jan/2012:09:17:37 -0500] "GET /weather.php?pands=49829 HTTP/1.1" 200 16166 "-" "PHP/5.2.17"
63.232.194.234 - - [04/Jan/2012:09:17:37 -0500] "GET /forums/images/buttons/collapse_generic.gif HTTP/1.1" 200 86 "http://www.walleyecentral.com/forums/member.php?u=14858" "Mozilla/4.0 (compatible; MSIE 8.0; Windows NT 5.1; Trident/4.0; GTB7.2; .NET CLR 2.0.50727; .NET CLR 3.0.4506.2152; .NET CLR 3.5.30729; WinNT-A8I 09.04.2011; IE0006_ver1;EN_US)"
63.232.194.234 - - [04/Jan/2012:09:17:37 -0500] "GET /forums/images/misc/unknown.gif HTTP/1.1" 200 1814 "http://www.walleyecentral.com/forums/member.php?u=14858" "Mozilla/4.0 (compatible; MSIE 8.0; Windows NT 5.1; Trident/4.0; GTB7.2; .NET CLR 2.0.50727; .NET CLR 3.0.4506.2152; .NET CLR 3.5.30729; WinNT-A8I 09.04.2011; IE0006_ver1;EN_US)"
63.232.194.234 - - [04/Jan/2012:09:17:37 -0500] "GET /forums/images/statusicon/user_online.gif HTTP/1.1" 200 1026 "http://www.walleyecentral.com/forums/member.php?u=14858" "Mozilla/4.0 (compatible; MSIE 8.0; Windows NT 5.1; Trident/4.0; GTB7.2; .NET CLR 2.0.50727; .NET CLR 3.0.4506.2152; .NET CLR 3.5.30729; WinNT-A8I 09.04.2011; IE0006_ver1;EN_US)"
