173.189.207.31 - - [04/Jan/2012:09:12:06 -0500] "GET /forums/clientscript/vbulletin_md5.js?v=373 HTTP/1.1" 304 - "http://www.walleyecentral.com/forums/forumdisplay.php?s=&daysprune=&f=32" "Mozilla/5.0 (Windows NT 5.1; rv:8.0) Gecko/20100101 Firefox/8.0"
174.253.3.28 - - [04/Jan/2012:09:12:06 -0500] "GET /phpQJr/inc/poll.js HTTP/1.1" 200 897 "http://www.walleyecentral.com/phpQJr/poll.php?pid=50&url=http%3A//www.walleyecentral.com/" "Mozilla/5.0 (Linux; U; Android 2.3.5; en-us; SCH-I500 Build/GINGERBREAD) AppleWebKit/533.1 (KHTML, like Gecko) Version/4.0 Mobile Safari/533.1"
24.111.18.138 - - [04/Jan/2012:09:12:06 -0500] "GET /forums/forumdisplay.php?f=32 HTTP/1.1" 200 22200 "http://walleyecentral.com/" "Mozilla/4.0 (compatible; MSIE 8.0; Windows NT 5.1; Trident/4.0; GTB7.2; Mozilla/4.0 (compatible; MSIE 6.0; Windows NT 5.1; SV1) ; .NET CLR 1.1.4322; .NET CLR 2.0.50727; .NET CLR 3.0.04506.30; .NET CLR 3.0.04506.648; .NET CLR 3.0.4506.2152; .NET CLR 3.5.30729; OfficeLiveConnector.1.3; OfficeLivePatch.0.0; .NET4.0C; .NET4.0E)"
205.134.249.170 - - [04/Jan/2012:09:12:06 -0500] "GET /weather.php?pands=54471 HTTP/1.1" 200 16166 "-" "PHP/5.2.17"
141.105.65.151 - - [04/Jan/2012:09:12:04 -0500] "POST /forums/register.php?do=addmember HTTP/1.0" 200 41597 "http://www.walleyecentral.com/forums/register.php?s=5b38f18bfdaba8d94884192f4a261efe" "Mozilla/4.0 (compatible; MSIE 6.0; Windows NT 5.0; APC; .NET CLR 1.0.3705; .NET CLR 1.1.4322; .NET CLR 2.0.50215; InfoPath.1)"
173.189.207.31 - - [04/Jan/2012:09:12:06 -0500] "GET /forums/clientscript/vbulletin_read_marker.js?v=373 HTTP/1.1" 304 - "http://www.walleyecentral.com/forums/forumdisplay.php?s=&daysprune=&f=32" "Mozilla/5.0 (Windows NT 5.1; rv:8.0) Gecko/20100101 Firefox/8.0"
173.189.207.31 - - [04/Jan/2012:09:12:06 -0500] "GET /openx/www/delivery/ajs.php?n=a5212870&zoneid=97&source=&exclude=,&r=728551461&loc=http%3A//www.walleyecentral.com/forums/forumdisplay.php%3Fs%3D%26daysprune%3D%26f%3D32 HTTP/1.1" 200 954 "http://www.walleyecentral.com/forums/forumdisplay.php?s=&daysprune=&f=32" "Mozilla/5.0 (Windows NT 5.1; rv:8.0) Gecko/20100101 Firefox/8.0"
80.232.109.179 - - [04/Jan/2012:09:12:06 -0500] "GET /forums/clientscript/vbulletin_important.css?v=373 HTTP/1.1" 200 1687 "http://translate.googleusercontent.com/translate_c?hl=no&langpair=en%7Cno&rurl=translate.google.no&twu=1&u=http://www.walleyecentral.com/forums/showthread.php%3Ft%3D182480&usg=ALkJrhhUC_sWW5a3Te-Hy6ymWUkmIm-3tw" "Mozilla/5.0 (Windows NT 5.1; rv:9.0.1) Gecko/20100101 Firefox/9.0.1"
80.232.109.179 - - [04/Jan/2012:09:12:06 -0500] "GET /forums/clientscript/vbulletin_post_loader.js?v=373 HTTP/1.1" 200 2037 "http://translate.googleusercontent.com/translate_c?hl=no&langpair=en%7Cno&rurl=translate.google.no&twu=1&u=http://www.walleyecentral.com/forums/showthread.php%3Ft%3D182480&usg=ALkJrhhUC_sWW5a3Te-Hy6ymWUkmIm-3tw" "Mozilla/5.0 (Windows NT 5.1; rv:9.0.1) Gecko/20100101 Firefox/9.0.1"
80.232.109.179 - - [04/Jan/2012:09:12:06 -0500] "GET /themes/default/theme.css HTTP/1.1" 200 6726 "http://translate.googleusercontent.com/translate_c?hl=no&langpair=en%7Cno&rurl=translate.google.no&twu=1&u=http://www.walleyecentral.com/forums/showthread.php%3Ft%3D182480&usg=ALkJrhhUC_sWW5a3Te-Hy6ymWUkmIm-3tw" "Mozilla/5.0 (Windows NT 5.1; rv:9.0.1) Gecko/20100101 Firefox/9.0.1"
173.189.207.31 - - [04/Jan/2012:09:12:07 -0500] "GET /openx/www/delivery/ai.php?filename=ranger-dreamrig2.jpg&contenttype=jpeg HTTP/1.1" 304 - "http://www.walleyecentral.com/forums/forumdisplay.php?s=&daysprune=&f=32" "Mozilla/5.0 (Windows NT 5.1; rv:8.0) Gecko/20100101 Firefox/8.0"
24.111.18.138 - - [04/Jan/2012:09:12:07 -0500] "GET /forums/clientscript/vbulletin_important.css?v=373 HTTP/1.1" 200 1687 "http://www.walleyecentral.com/forums/forumdisplay.php?f=32" "Mozilla/4.0 (compatible; MSIE 8.0; Windows NT 5.1; Trident/4.0; GTB7.2; Mozilla/4.0 (compatible; MSIE 6.0; Windows NT 5.1; SV1) ; .NET CLR 1.1.4322; .NET CLR 2.0.50727; .NET CLR 3.0.04506.30; .NET CLR 3.0.04506.648; .NET CLR 3.0.4506.2152; .NET CLR 3.5.30729; OfficeLiveConnector.1.3; OfficeLivePatch.0.0; .NET4.0C; .NET4.0E)"
24.111.18.138 - - [04/Jan/2012:09:12:07 -0500] "GET /themes/default/theme.css HTTP/1.1" 200 6726 "http://www.walleyecentral.com/forums/forumdisplay.php?f=32" "Mozilla/4.0 (compatible; MSIE 8.0; Windows NT 5.1; Trident/4.0; GTB7.2; Mozilla/4.0 (compatible; MSIE 6.0; Windows NT 5.1; SV1) ; .NET CLR 1.1.4322; .NET CLR 2.0.50727; .NET CLR 3.0.04506.30; .NET CLR 3.0.04506.648; .NET CLR 3.0.4506.2152; .NET CLR 3.5.30729; OfficeLiveConnector.1.3; OfficeLivePatch.0.0; .NET4.0C; .NET4.0E)"
173.189.207.31 - - [04/Jan/2012:09:12:07 -0500] "GET /openx/www/delivery/lg.php?bannerid=65&campaignid=1&zoneid=97&loc=http%3A%2F%2Fwww.walleyecentral.com%2Fforums%2Fforumdisplay.php%3Fs%3D%26daysprune%3D%26f%3D32&cb=82efa157c5 HTTP/1.1" 200 43 "http://www.walleyecentral.com/forums/forumdisplay.php?s=&daysprune=&f=32" "Mozilla/5.0 (Windows NT 5.1; rv:8.0) Gecko/20100101 Firefox/8.0"
24.111.18.138 - - [04/Jan/2012:09:12:07 -0500] "GET /forums/clientscript/vbulletin_menu.js?v=373 HTTP/1.1" 200 9389 "http://www.walleyecentral.com/forums/forumdisplay.php?f=32" "Mozilla/4.0 (compatible; MSIE 8.0; Windows NT 5.1; Trident/4.0; GTB7.2; Mozilla/4.0 (compatible; MSIE 6.0; Windows NT 5.1; SV1) ; .NET CLR 1.1.4322; .NET CLR 2.0.50727; .NET CLR 3.0.04506.30; .NET CLR 3.0.04506.648; .NET CLR 3.0.4506.2152; .NET CLR 3.5.30729; OfficeLiveConnector.1.3; OfficeLivePatch.0.0; .NET4.0C; .NET4.0E)"
80.232.109.179 - - [04/Jan/2012:09:12:06 -0500] "GET /forums/clientscript/yui/connection/connection-min.js?v=373 HTTP/1.1" 200 14349 "http://translate.googleusercontent.com/translate_c?hl=no&langpair=en%7Cno&rurl=translate.google.no&twu=1&u=http://www.walleyecentral.com/forums/showthread.php%3Ft%3D182480&usg=ALkJrhhUC_sWW5a3Te-Hy6ymWUkmIm-3tw" "Mozilla/5.0 (Windows NT 5.1; rv:9.0.1) Gecko/20100101 Firefox/9.0.1"
80.232.109.179 - - [04/Jan/2012:09:12:07 -0500] "GET /forums/clientscript/vbulletin_lightbox.js?v=373 HTTP/1.1" 200 10260 "http://translate.googleusercontent.com/translate_c?hl=no&langpair=en%7Cno&rurl=translate.google.no&twu=1&u=http://www.walleyecentral.com/forums/showthread.php%3Ft%3D182480&usg=ALkJrhhUC_sWW5a3Te-Hy6ymWUkmIm-3tw" "Mozilla/5.0 (Windows NT 5.1; rv:9.0.1) Gecko/20100101 Firefox/9.0.1"
80.232.109.179 - - [04/Jan/2012:09:12:07 -0500] "GET /forums/clientscript/vbulletin_md5.js?v=373 HTTP/1.1" 200 5464 "http://translate.googleusercontent.com/translate_c?hl=no&langpair=en%7Cno&rurl=translate.google.no&twu=1&u=http://www.walleyecentral.com/forums/showthread.php%3Ft%3D182480&usg=ALkJrhhUC_sWW5a3Te-Hy6ymWUkmIm-3tw" "Mozilla/5.0 (Windows NT 5.1; rv:9.0.1) Gecko/20100101 Firefox/9.0.1"
80.232.109.179 - - [04/Jan/2012:09:12:07 -0500] "GET /forums/images/misc/navbits_finallink_ltr.gif HTTP/1.1" 200 1035 "http://translate.googleusercontent.com/translate_c?hl=no&langpair=en%7Cno&rurl=translate.google.no&twu=1&u=http://www.walleyecentral.com/forums/showthread.php%3Ft%3D182480&usg=ALkJrhhUC_sWW5a3Te-Hy6ymWUkmIm-3tw" "Mozilla/5.0 (Windows NT 5.1; rv:9.0.1) Gecko/20100101 Firefox/9.0.1"
80.232.109.179 - - [04/Jan/2012:09:12:07 -0500] "GET /forums/images/misc/navbits_start.gif HTTP/1.1" 200 1004 "http://translate.googleusercontent.com/translate_c?hl=no&langpair=en%7Cno&rurl=translate.google.no&twu=1&u=http://www.walleyecentral.com/forums/showthread.php%3Ft%3D182480&usg=ALkJrhhUC_sWW5a3Te-Hy6ymWUkmIm-3tw" "Mozilla/5.0 (Windows NT 5.1; rv:9.0.1) Gecko/20100101 Firefox/9.0.1"
174.29.240.220 - - [04/Jan/2012:09:12:07 -0500] "GET /openx/www/delivery/ajs.php?n=a5212870&zoneid=86&source=&exclude=,&r=910589861&loc=http%3A//www.walleyecentral.com/forums/forumdisplay.php%3Ff%3D5&referer=http%3A//www.walleyecentral.com/forums/forumdisplay.php%3Ff%3D16 HTTP/1.1" 200 1006 "http://www.walleyecentral.com/forums/forumdisplay.php?f=5" "Mozilla/5.0 (compatible; MSIE 9.0; Windows NT 6.0; WOW64; Trident/5.0)"
24.111.18.138 - - [04/Jan/2012:09:12:07 -0500] "GET /forums/clientscript/yui/connection/connection-min.js?v=373 HTTP/1.1" 200 14349 "http://www.walleyecentral.com/forums/forumdisplay.php?f=32" "Mozilla/4.0 (compatible; MSIE 8.0; Windows NT 5.1; Trident/4.0; GTB7.2; Mozilla/4.0 (compatible; MSIE 6.0; Windows NT 5.1; SV1) ; .NET CLR 1.1.4322; .NET CLR 2.0.50727; .NET CLR 3.0.04506.30; .NET CLR 3.0.04506.648; .NET CLR 3.0.4506.2152; .NET CLR 3.5.30729; OfficeLiveConnector.1.3; OfficeLivePatch.0.0; .NET4.0C; .NET4.0E)"
208.126.173.26 - - [04/Jan/2012:09:12:07 -0500] "GET /forums/showthread.php?t=189225 HTTP/1.1" 200 15999 "http://www.walleyecentral.com/forums/forumdisplay.php?f=16" "Mozilla/4.0 (compatible; MSIE 8.0; Windows NT 6.1; WOW64; Trident/4.0; GTB7.2; SLCC2; .NET CLR 2.0.50727; .NET CLR 3.5.30729; .NET CLR 3.0.30729; Media Center PC 6.0; InfoPath.2; .NET4.0C)"
24.111.18.138 - - [04/Jan/2012:09:12:07 -0500] "GET /forums/clientscript/vbulletin_global.js?v=373 HTTP/1.1" 200 25057 "http://www.walleyecentral.com/forums/forumdisplay.php?f=32" "Mozilla/4.0 (compatible; MSIE 8.0; Windows NT 5.1; Trident/4.0; GTB7.2; Mozilla/4.0 (compatible; MSIE 6.0; Windows NT 5.1; SV1) ; .NET CLR 1.1.4322; .NET CLR 2.0.50727; .NET CLR 3.0.04506.30; .NET CLR 3.0.04506.648; .NET CLR 3.0.4506.2152; .NET CLR 3.5.30729; OfficeLiveConnector.1.3; OfficeLivePatch.0.0; .NET4.0C; .NET4.0E)"
24.111.18.138 - - [04/Jan/2012:09:12:07 -0500] "GET /forums/clientscript/yui/yahoo-dom-event/yahoo-dom-event.js?v=373 HTTP/1.1" 200 31100 "http://www.walleyecentral.com/forums/forumdisplay.php?f=32" "Mozilla/4.0 (compatible; MSIE 8.0; Windows NT 5.1; Trident/4.0; GTB7.2; Mozilla/4.0 (compatible; MSIE 6.0; Windows NT 5.1; SV1) ; .NET CLR 1.1.4322; .NET CLR 2.0.50727; .NET CLR 3.0.04506.30; .NET CLR 3.0.04506.648; .NET CLR 3.0.4506.2152; .NET CLR 3.5.30729; OfficeLiveConnector.1.3; OfficeLivePatch.0.0; .NET4.0C; .NET4.0E)"
80.232.109.179 - - [04/Jan/2012:09:12:06 -0500] "GET /forums/clientscript/yui/yahoo-dom-event/yahoo-dom-event.js?v=373 HTTP/1.1" 200 31100 "http://translate.googleusercontent.com/translate_c?hl=no&langpair=en%7Cno&rurl=translate.google.no&twu=1&u=http://www.walleyecentral.com/forums/showthread.php%3Ft%3D182480&usg=ALkJrhhUC_sWW5a3Te-Hy6ymWUkmIm-3tw" "Mozilla/5.0 (Windows NT 5.1; rv:9.0.1) Gecko/20100101 Firefox/9.0.1"
80.232.109.179 - - [04/Jan/2012:09:12:07 -0500] "GET /forums/images/misc/headerlogo2.png HTTP/1.1" 200 11496 "http://translate.googleusercontent.com/translate_c?hl=no&langpair=en%7Cno&rurl=translate.google.no&twu=1&u=http://www.walleyecentral.com/forums/showthread.php%3Ft%3D182480&usg=ALkJrhhUC_sWW5a3Te-Hy6ymWUkmIm-3tw" "Mozilla/5.0 (Windows NT 5.1; rv:9.0.1) Gecko/20100101 Firefox/9.0.1"
80.232.109.179 - - [04/Jan/2012:09:12:07 -0500] "GET /forums/images/statusicon/post_old.gif HTTP/1.1" 200 522 "http://translate.googleusercontent.com/translate_c?hl=no&langpair=en%7Cno&rurl=translate.google.no&twu=1&u=http://www.walleyecentral.com/forums/showthread.php%3Ft%3D182480&usg=ALkJrhhUC_sWW5a3Te-Hy6ymWUkmIm-3tw" "Mozilla/5.0 (Windows NT 5.1; rv:9.0.1) Gecko/20100101 Firefox/9.0.1"
80.232.109.179 - - [04/Jan/2012:09:12:06 -0500] "GET /forums/clientscript/vbulletin_global.js?v=373 HTTP/1.1" 200 25057 "http://translate.googleusercontent.com/translate_c?hl=no&langpair=en%7Cno&rurl=translate.google.no&twu=1&u=http://www.walleyecentral.com/forums/showthread.php%3Ft%3D182480&usg=ALkJrhhUC_sWW5a3Te-Hy6ymWUkmIm-3tw" "Mozilla/5.0 (Windows NT 5.1; rv:9.0.1) Gecko/20100101 Firefox/9.0.1"
80.232.109.179 - - [04/Jan/2012:09:12:07 -0500] "GET /forums/images/icons/icon1.gif HTTP/1.1" 200 1032 "http://translate.googleusercontent.com/translate_c?hl=no&langpair=en%7Cno&rurl=translate.google.no&twu=1&u=http://www.walleyecentral.com/forums/showthread.php%3Ft%3D182480&usg=ALkJrhhUC_sWW5a3Te-Hy6ymWUkmIm-3tw" "Mozilla/5.0 (Windows NT 5.1; rv:9.0.1) Gecko/20100101 Firefox/9.0.1"
80.232.109.179 - - [04/Jan/2012:09:12:07 -0500] "GET /forums/images/statusicon/user_offline.gif HTTP/1.1" 200 1026 "http://translate.googleusercontent.com/translate_c?hl=no&langpair=en%7Cno&rurl=translate.google.no&twu=1&u=http://www.walleyecentral.com/forums/showthread.php%3Ft%3D182480&usg=ALkJrhhUC_sWW5a3Te-Hy6ymWUkmIm-3tw" "Mozilla/5.0 (Windows NT 5.1; rv:9.0.1) Gecko/20100101 Firefox/9.0.1"
80.232.109.179 - - [04/Jan/2012:09:12:07 -0500] "GET /forums/images/buttons/collapse_thead.gif HTTP/1.1" 200 580 "http://translate.googleusercontent.com/translate_c?hl=no&langpair=en%7Cno&rurl=translate.google.no&twu=1&u=http://www.walleyecentral.com/forums/showthread.php%3Ft%3D182480&usg=ALkJrhhUC_sWW5a3Te-Hy6ymWUkmIm-3tw" "Mozilla/5.0 (Windows NT 5.1; rv:9.0.1) Gecko/20100101 Firefox/9.0.1"
208.126.173.26 - - [04/Jan/2012:09:12:07 -0500] "GET /openx/www/delivery/ajs.php?n=a5212870&zoneid=15&source=&exclude=,&r=729323801&loc=http%3A//www.walleyecentral.com/forums/showthread.php%3Ft%3D189225&referer=http%3A//www.walleyecentral.com/forums/forumdisplay.php%3Ff%3D16 HTTP/1.1" 200 935 "http://www.walleyecentral.com/forums/showthread.php?t=189225" "Mozilla/4.0 (compatible; MSIE 8.0; Windows NT 6.1; WOW64; Trident/4.0; GTB7.2; SLCC2; .NET CLR 2.0.50727; .NET CLR 3.5.30729; .NET CLR 3.0.30729; Media Center PC 6.0; InfoPath.2; .NET4.0C)"
80.232.109.179 - - [04/Jan/2012:09:12:07 -0500] "GET /forums/image.php?u=9467&dateline=1292120269 HTTP/1.1" 200 2029 "http://translate.googleusercontent.com/translate_c?hl=no&langpair=en%7Cno&rurl=translate.google.no&twu=1&u=http://www.walleyecentral.com/forums/showthread.php%3Ft%3D182480&usg=ALkJrhhUC_sWW5a3Te-Hy6ymWUkmIm-3tw" "Mozilla/5.0 (Windows NT 5.1; rv:9.0.1) Gecko/20100101 Firefox/9.0.1"
174.29.240.220 - - [04/Jan/2012:09:12:07 -0500] "GET /openx/www/delivery/lg.php?bannerid=6&campaignid=1&zoneid=86&channel_ids=,&loc=http%3A%2F%2Fwww.walleyecentral.com%2Fforums%2Fforumdisplay.php%3Ff%3D5&referer=http%3A%2F%2Fwww.walleyecentral.com%2Fforums%2Fforumdisplay.php%3Ff%3D16&cb=b7c4c9d789 HTTP/1.1" 200 43 "http://www.walleyecentral.com/forums/forumdisplay.php?f=5" "Mozilla/5.0 (compatible; MSIE 9.0; Windows NT 6.0; WOW64; Trident/5.0)"
24.111.18.138 - - [04/Jan/2012:09:12:07 -0500] "GET /forums/clientscript/vbulletin_md5.js?v=373 HTTP/1.1" 200 5464 "http://www.walleyecentral.com/forums/forumdisplay.php?f=32" "Mozilla/4.0 (compatible; MSIE 8.0; Windows NT 5.1; Trident/4.0; GTB7.2; Mozilla/4.0 (compatible; MSIE 6.0; Windows NT 5.1; SV1) ; .NET CLR 1.1.4322; .NET CLR 2.0.50727; .NET CLR 3.0.04506.30; .NET CLR 3.0.04506.648; .NET CLR 3.0.4506.2152; .NET CLR 3.5.30729; OfficeLiveConnector.1.3; OfficeLivePatch.0.0; .NET4.0C; .NET4.0E)"
24.111.18.138 - - [04/Jan/2012:09:12:07 -0500] "GET /forums/images/misc/headerlogo2.png HTTP/1.1" 200 11496 "http://www.walleyecentral.com/forums/forumdisplay.php?f=32" "Mozilla/4.0 (compatible; MSIE 8.0; Windows NT 5.1; Trident/4.0; GTB7.2; Mozilla/4.0 (compatible; MSIE 6.0; Windows NT 5.1; SV1) ; .NET CLR 1.1.4322; .NET CLR 2.0.50727; .NET CLR 3.0.04506.30; .NET CLR 3.0.04506.648; .NET CLR 3.0.4506.2152; .NET CLR 3.5.30729; OfficeLiveConnector.1.3; OfficeLivePatch.0.0; .NET4.0C; .NET4.0E)"
24.111.18.138 - - [04/Jan/2012:09:12:07 -0500] "GET /qnav/bullet_sq_sm_slateblue.gif HTTP/1.1" 200 820 "http://www.walleyecentral.com/forums/forumdisplay.php?f=32" "Mozilla/4.0 (compatible; MSIE 8.0; Windows NT 5.1; Trident/4.0; GTB7.2; Mozilla/4.0 (compatible; MSIE 6.0; Windows NT 5.1; SV1) ; .NET CLR 1.1.4322; .NET CLR 2.0.50727; .NET CLR 3.0.04506.30; .NET CLR 3.0.04506.648; .NET CLR 3.0.4506.2152; .NET CLR 3.5.30729; OfficeLiveConnector.1.3; OfficeLivePatch.0.0; .NET4.0C; .NET4.0E)"
24.111.18.138 - - [04/Jan/2012:09:12:07 -0500] "GET /openx/www/delivery/ajs.php?n=a5212870&zoneid=97&source=&exclude=,&r=613256531&loc=http%3A//www.walleyecentral.com/forums/forumdisplay.php%3Ff%3D32&referer=http%3A//walleyecentral.com/ HTTP/1.1" 200 979 "http://www.walleyecentral.com/forums/forumdisplay.php?f=32" "Mozilla/4.0 (compatible; MSIE 8.0; Windows NT 5.1; Trident/4.0; GTB7.2; Mozilla/4.0 (compatible; MSIE 6.0; Windows NT 5.1; SV1) ; .NET CLR 1.1.4322; .NET CLR 2.0.50727; .NET CLR 3.0.04506.30; .NET CLR 3.0.04506.648; .NET CLR 3.0.4506.2152; .NET CLR 3.5.30729; OfficeLiveConnector.1.3; OfficeLivePatch.0.0; .NET4.0C; .NET4.0E)"
46.17.98.217 - - [04/Jan/2012:09:12:06 -0500] "POST /forums/register.php?do=addmember HTTP/1.0" 200 41563 "http://www.walleyecentral.com/forums/register.php" "Opera/8.00 (Windows NT 5.1; U; en)"
208.126.173.26 - - [04/Jan/2012:09:12:07 -0500] "GET /forums/image.php?u=9467&dateline=1292120269 HTTP/1.1" 200 2029 "http://www.walleyecentral.com/forums/showthread.php?t=189225" "Mozilla/4.0 (compatible; MSIE 8.0; Windows NT 6.1; WOW64; Trident/4.0; GTB7.2; SLCC2; .NET CLR 2.0.50727; .NET CLR 3.5.30729; .NET CLR 3.0.30729; Media Center PC 6.0; InfoPath.2; .NET4.0C)"
66.11.150.236 - - [04/Jan/2012:09:12:07 -0500] "GET /weather.php?pands=ear+falls+o HTTP/1.0" 200 20837 "-" "-"
174.253.3.28 - - [04/Jan/2012:09:12:07 -0500] "GET /favicon.ico HTTP/1.1" 200 822 "http://www.walleyecentral.com/" "Mozilla/5.0 (Linux; U; Android 2.3.5; en-us; SCH-I500 Build/GINGERBREAD) AppleWebKit/533.1 (KHTML, like Gecko) Version/4.0 Mobile Safari/533.1"
66.11.150.236 - - [04/Jan/2012:09:12:07 -0500] "GET /weather.php?pands=L2R2Y3 HTTP/1.0" 200 20832 "-" "-"
80.232.109.179 - - [04/Jan/2012:09:12:08 -0500] "GET /qnav/bullet_sq_sm_slateblue.gif HTTP/1.1" 200 820 "http://www.walleyecentral.com/themes/default/theme.css" "Mozilla/5.0 (Windows NT 5.1; rv:9.0.1) Gecko/20100101 Firefox/9.0.1"
24.111.18.138 - - [04/Jan/2012:09:12:08 -0500] "GET /forums/images/misc/navbits_finallink_ltr.gif HTTP/1.1" 200 1035 "http://www.walleyecentral.com/forums/forumdisplay.php?f=32" "Mozilla/4.0 (compatible; MSIE 8.0; Windows NT 5.1; Trident/4.0; GTB7.2; Mozilla/4.0 (compatible; MSIE 6.0; Windows NT 5.1; SV1) ; .NET CLR 1.1.4322; .NET CLR 2.0.50727; .NET CLR 3.0.04506.30; .NET CLR 3.0.04506.648; .NET CLR 3.0.4506.2152; .NET CLR 3.5.30729; OfficeLiveConnector.1.3; OfficeLivePatch.0.0; .NET4.0C; .NET4.0E)"
24.111.18.138 - - [04/Jan/2012:09:12:08 -0500] "GET /forums/images/misc/navbits_start.gif HTTP/1.1" 200 1004 "http://www.walleyecentral.com/forums/forumdisplay.php?f=32" "Mozilla/4.0 (compatible; MSIE 8.0; Windows NT 5.1; Trident/4.0; GTB7.2; Mozilla/4.0 (compatible; MSIE 6.0; Windows NT 5.1; SV1) ; .NET CLR 1.1.4322; .NET CLR 2.0.50727; .NET CLR 3.0.04506.30; .NET CLR 3.0.04506.648; .NET CLR 3.0.4506.2152; .NET CLR 3.5.30729; OfficeLiveConnector.1.3; OfficeLivePatch.0.0; .NET4.0C; .NET4.0E)"
24.111.18.138 - - [04/Jan/2012:09:12:08 -0500] "GET /openx/www/delivery/ai.php?filename=ranger-dreamrig2.jpg&contenttype=jpeg HTTP/1.1" 200 12025 "http://www.walleyecentral.com/forums/forumdisplay.php?f=32" "Mozilla/4.0 (compatible; MSIE 8.0; Windows NT 5.1; Trident/4.0; GTB7.2; Mozilla/4.0 (compatible; MSIE 6.0; Windows NT 5.1; SV1) ; .NET CLR 1.1.4322; .NET CLR 2.0.50727; .NET CLR 3.0.04506.30; .NET CLR 3.0.04506.648; .NET CLR 3.0.4506.2152; .NET CLR 3.5.30729; OfficeLiveConnector.1.3; OfficeLivePatch.0.0; .NET4.0C; .NET4.0E)"
80.232.109.179 - - [04/Jan/2012:09:12:08 -0500] "GET /openx/www/delivery/ajs.php?n=a5212870&zoneid=102&source=&exclude=,&r=7260411&loc=http%3A//translate.googleusercontent.com/translate_c%3Fhl%3Dno%26langpair%3Den%257Cno%26rurl%3Dtranslate.google.no%26twu%3D1%26u%3Dhttp%3A//www.walleyecentral.com/forums/showthread.php%253Ft%253D182480%26usg%3DALkJrhhUC_sWW5a3Te-Hy6ymWUkmIm-3tw HTTP/1.1" 200 1067 "http://translate.googleusercontent.com/translate_c?hl=no&langpair=en%7Cno&rurl=translate.google.no&twu=1&u=http://www.walleyecentral.com/forums/showthread.php%3Ft%3D182480&usg=ALkJrhhUC_sWW5a3Te-Hy6ymWUkmIm-3tw" "Mozilla/5.0 (Windows NT 5.1; rv:9.0.1) Gecko/20100101 Firefox/9.0.1"
146.0.73.220 - - [04/Jan/2012:09:12:07 -0500] "GET /forums/showthread.php?s=dde5ccb531cd4d74bdcd1317a5dfa605&p=1378456 HTTP/1.0" 200 56590 "http://www.walleyecentral.com/showthread.php?s=dde5ccb531cd4d74bdcd1317a5dfa605&p=1378456" "Opera/9.00 (Windows NT 5.1; U; en)"
24.111.18.138 - - [04/Jan/2012:09:12:08 -0500] "GET /forums/images/buttons/newthread.gif HTTP/1.1" 200 3151 "http://www.walleyecentral.com/forums/forumdisplay.php?f=32" "Mozilla/4.0 (compatible; MSIE 8.0; Windows NT 5.1; Trident/4.0; GTB7.2; Mozilla/4.0 (compatible; MSIE 6.0; Windows NT 5.1; SV1) ; .NET CLR 1.1.4322; .NET CLR 2.0.50727; .NET CLR 3.0.04506.30; .NET CLR 3.0.04506.648; .NET CLR 3.0.4506.2152; .NET CLR 3.5.30729; OfficeLiveConnector.1.3; OfficeLivePatch.0.0; .NET4.0C; .NET4.0E)"
208.126.173.26 - - [04/Jan/2012:09:12:07 -0500] "GET /openx/www/delivery/lg.php?bannerid=47&campaignid=1&zoneid=15&loc=http%3A%2F%2Fwww.walleyecentral.com%2Fforums%2Fshowthread.php%3Ft%3D189225&referer=http%3A%2F%2Fwww.walleyecentral.com%2Fforums%2Fforumdisplay.php%3Ff%3D16&cb=e59e2b75f2 HTTP/1.1" 200 43 "http://www.walleyecentral.com/forums/showthread.php?t=189225" "Mozilla/4.0 (compatible; MSIE 8.0; Windows NT 6.1; WOW64; Trident/4.0; GTB7.2; SLCC2; .NET CLR 2.0.50727; .NET CLR 3.5.30729; .NET CLR 3.0.30729; Media Center PC 6.0; InfoPath.2; .NET4.0C)"
24.111.18.138 - - [04/Jan/2012:09:12:08 -0500] "GET /forums/images/misc/menu_open.gif HTTP/1.1" 200 279 "http://www.walleyecentral.com/forums/forumdisplay.php?f=32" "Mozilla/4.0 (compatible; MSIE 8.0; Windows NT 5.1; Trident/4.0; GTB7.2; Mozilla/4.0 (compatible; MSIE 6.0; Windows NT 5.1; SV1) ; .NET CLR 1.1.4322; .NET CLR 2.0.50727; .NET CLR 3.0.04506.30; .NET CLR 3.0.04506.648; .NET CLR 3.0.4506.2152; .NET CLR 3.5.30729; OfficeLiveConnector.1.3; OfficeLivePatch.0.0; .NET4.0C; .NET4.0E)"
208.126.173.26 - - [04/Jan/2012:09:12:08 -0500] "GET /forums/image.php?u=18310&dateline=1256735017 HTTP/1.1" 200 2287 "http://www.walleyecentral.com/forums/showthread.php?t=189225" "Mozilla/4.0 (compatible; MSIE 8.0; Windows NT 6.1; WOW64; Trident/4.0; GTB7.2; SLCC2; .NET CLR 2.0.50727; .NET CLR 3.5.30729; .NET CLR 3.0.30729; Media Center PC 6.0; InfoPath.2; .NET4.0C)"
205.134.249.170 - - [04/Jan/2012:09:12:08 -0500] "GET /weather.php?pands=16134 HTTP/1.1" 200 16166 "-" "PHP/5.2.17"
208.126.173.26 - - [04/Jan/2012:09:12:07 -0500] "GET /openx/www/delivery/ai.php?filename=pamps.gif&contenttype=gif HTTP/1.1" 200 30776 "http://www.walleyecentral.com/forums/showthread.php?t=189225" "Mozilla/4.0 (compatible; MSIE 8.0; Windows NT 6.1; WOW64; Trident/4.0; GTB7.2; SLCC2; .NET CLR 2.0.50727; .NET CLR 3.5.30729; .NET CLR 3.0.30729; Media Center PC 6.0; InfoPath.2; .NET4.0C)"
66.249.71.211 - - [04/Jan/2012:09:12:08 -0500] "GET /forums/archive/index.php/t-45401.html HTTP/1.1" 200 4781 "-" "Mozilla/5.0 (compatible; Googlebot/2.1; +http://www.google.com/bot.html)"
24.111.18.138 - - [04/Jan/2012:09:12:08 -0500] "GET /forums/images/buttons/sortasc.gif HTTP/1.1" 200 561 "http://www.walleyecentral.com/forums/forumdisplay.php?f=32" "Mozilla/4.0 (compatible; MSIE 8.0; Windows NT 5.1; Trident/4.0; GTB7.2; Mozilla/4.0 (compatible; MSIE 6.0; Windows NT 5.1; SV1) ; .NET CLR 1.1.4322; .NET CLR 2.0.50727; .NET CLR 3.0.04506.30; .NET CLR 3.0.04506.648; .NET CLR 3.0.4506.2152; .NET CLR 3.5.30729; OfficeLiveConnector.1.3; OfficeLivePatch.0.0; .NET4.0C; .NET4.0E)"
24.111.18.138 - - [04/Jan/2012:09:12:08 -0500] "GET /forums/images/misc/trashcan_small.gif HTTP/1.1" 200 936 "http://www.walleyecentral.com/forums/forumdisplay.php?f=32" "Mozilla/4.0 (compatible; MSIE 8.0; Windows NT 5.1; Trident/4.0; GTB7.2; Mozilla/4.0 (compatible; MSIE 6.0; Windows NT 5.1; SV1) ; .NET CLR 1.1.4322; .NET CLR 2.0.50727; .NET CLR 3.0.04506.30; .NET CLR 3.0.04506.648; .NET CLR 3.0.4506.2152; .NET CLR 3.5.30729; OfficeLiveConnector.1.3; OfficeLivePatch.0.0; .NET4.0C; .NET4.0E)"
24.111.18.138 - - [04/Jan/2012:09:12:08 -0500] "GET /forums/images/statusicon/thread_hot_new.gif HTTP/1.1" 200 1224 "http://www.walleyecentral.com/forums/forumdisplay.php?f=32" "Mozilla/4.0 (compatible; MSIE 8.0; Windows NT 5.1; Trident/4.0; GTB7.2; Mozilla/4.0 (compatible; MSIE 6.0; Windows NT 5.1; SV1) ; .NET CLR 1.1.4322; .NET CLR 2.0.50727; .NET CLR 3.0.04506.30; .NET CLR 3.0.04506.648; .NET CLR 3.0.4506.2152; .NET CLR 3.5.30729; OfficeLiveConnector.1.3; OfficeLivePatch.0.0; .NET4.0C; .NET4.0E)"
24.111.18.138 - - [04/Jan/2012:09:12:08 -0500] "GET /forums/images/misc/sticky.gif HTTP/1.1" 200 521 "http://www.walleyecentral.com/forums/forumdisplay.php?f=32" "Mozilla/4.0 (compatible; MSIE 8.0; Windows NT 5.1; Trident/4.0; GTB7.2; Mozilla/4.0 (compatible; MSIE 6.0; Windows NT 5.1; SV1) ; .NET CLR 1.1.4322; .NET CLR 2.0.50727; .NET CLR 3.0.04506.30; .NET CLR 3.0.04506.648; .NET CLR 3.0.4506.2152; .NET CLR 3.5.30729; OfficeLiveConnector.1.3; OfficeLivePatch.0.0; .NET4.0C; .NET4.0E)"
31.184.236.61 - - [04/Jan/2012:09:12:07 -0500] "POST /forums/register.php?do=addmember HTTP/1.0" 200 41501 "http://www.walleyecentral.com/forums/register.php" "Mozilla/4.0 (compatible; MSIE 5.0; Windows 3.1)"
24.111.18.138 - - [04/Jan/2012:09:12:08 -0500] "GET /openx/www/delivery/lg.php?bannerid=65&campaignid=1&zoneid=97&loc=http%3A%2F%2Fwww.walleyecentral.com%2Fforums%2Fforumdisplay.php%3Ff%3D32&referer=http%3A%2F%2Fwalleyecentral.com%2F&cb=8ac6b3fb41 HTTP/1.1" 200 43 "http://www.walleyecentral.com/forums/forumdisplay.php?f=32" "Mozilla/4.0 (compatible; MSIE 8.0; Windows NT 5.1; Trident/4.0; GTB7.2; Mozilla/4.0 (compatible; MSIE 6.0; Windows NT 5.1; SV1) ; .NET CLR 1.1.4322; .NET CLR 2.0.50727; .NET CLR 3.0.04506.30; .NET CLR 3.0.04506.648; .NET CLR 3.0.4506.2152; .NET CLR 3.5.30729; OfficeLiveConnector.1.3; OfficeLivePatch.0.0; .NET4.0C; .NET4.0E)"
24.111.18.138 - - [04/Jan/2012:09:12:08 -0500] "GET /forums/images/misc/paperclip.gif HTTP/1.1" 200 305 "http://www.walleyecentral.com/forums/forumdisplay.php?f=32" "Mozilla/4.0 (compatible; MSIE 8.0; Windows NT 5.1; Trident/4.0; GTB7.2; Mozilla/4.0 (compatible; MSIE 6.0; Windows NT 5.1; SV1) ; .NET CLR 1.1.4322; .NET CLR 2.0.50727; .NET CLR 3.0.04506.30; .NET CLR 3.0.04506.648; .NET CLR 3.0.4506.2152; .NET CLR 3.5.30729; OfficeLiveConnector.1.3; OfficeLivePatch.0.0; .NET4.0C; .NET4.0E)"
24.111.18.138 - - [04/Jan/2012:09:12:08 -0500] "GET /forums/images/icons/icon1.gif HTTP/1.1" 200 1032 "http://www.walleyecentral.com/forums/forumdisplay.php?f=32" "Mozilla/4.0 (compatible; MSIE 8.0; Windows NT 5.1; Trident/4.0; GTB7.2; Mozilla/4.0 (compatible; MSIE 6.0; Windows NT 5.1; SV1) ; .NET CLR 1.1.4322; .NET CLR 2.0.50727; .NET CLR 3.0.04506.30; .NET CLR 3.0.04506.648; .NET CLR 3.0.4506.2152; .NET CLR 3.5.30729; OfficeLiveConnector.1.3; OfficeLivePatch.0.0; .NET4.0C; .NET4.0E)"
80.232.109.179 - - [04/Jan/2012:09:12:08 -0500] "GET /openx/www/delivery/lg.php?bannerid=35&campaignid=1&zoneid=102&loc=http%3A%2F%2Ftranslate.googleusercontent.com%2Ftranslate_c%3Fhl%3Dno%26langpair%3Den%257Cno%26rurl%3Dtranslate.google.no%26twu%3D1%26u%3Dhttp%3A%2F%2Fwww.walleyecentral.com%2Fforums%2Fshowthread.php%253Ft%253D182480%26usg%3DALkJrhhUC_sWW5a3Te-Hy6ymWUkmIm-3tw&cb=a3ce17112e HTTP/1.1" 200 43 "http://translate.googleusercontent.com/translate_c?hl=no&langpair=en%7Cno&rurl=translate.google.no&twu=1&u=http://www.walleyecentral.com/forums/showthread.php%3Ft%3D182480&usg=ALkJrhhUC_sWW5a3Te-Hy6ymWUkmIm-3tw" "Mozilla/5.0 (Windows NT 5.1; rv:9.0.1) Gecko/20100101 Firefox/9.0.1"
24.111.18.138 - - [04/Jan/2012:09:12:08 -0500] "GET /forums/images/misc/multipage.gif HTTP/1.1" 200 567 "http://www.walleyecentral.com/forums/forumdisplay.php?f=32" "Mozilla/4.0 (compatible; MSIE 8.0; Windows NT 5.1; Trident/4.0; GTB7.2; Mozilla/4.0 (compatible; MSIE 6.0; Windows NT 5.1; SV1) ; .NET CLR 1.1.4322; .NET CLR 2.0.50727; .NET CLR 3.0.04506.30; .NET CLR 3.0.04506.648; .NET CLR 3.0.4506.2152; .NET CLR 3.5.30729; OfficeLiveConnector.1.3; OfficeLivePatch.0.0; .NET4.0C; .NET4.0E)"
24.111.18.138 - - [04/Jan/2012:09:12:08 -0500] "GET /forums/images/buttons/firstnew.gif HTTP/1.1" 200 561 "http://www.walleyecentral.com/forums/forumdisplay.php?f=32" "Mozilla/4.0 (compatible; MSIE 8.0; Windows NT 5.1; Trident/4.0; GTB7.2; Mozilla/4.0 (compatible; MSIE 6.0; Windows NT 5.1; SV1) ; .NET CLR 1.1.4322; .NET CLR 2.0.50727; .NET CLR 3.0.04506.30; .NET CLR 3.0.04506.648; .NET CLR 3.0.4506.2152; .NET CLR 3.5.30729; OfficeLiveConnector.1.3; OfficeLivePatch.0.0; .NET4.0C; .NET4.0E)"
216.67.156.3 - - [04/Jan/2012:09:12:08 -0500] "GET /forums/clientscript/vbulletin_important.css?v=373 HTTP/1.1" 200 1687 "http://www.walleyecentral.com/forums/forumdisplay.php?f=15" "Mozilla/4.0 (compatible; MSIE 8.0; Windows NT 6.1; WOW64; Trident/4.0; SLCC2; .NET CLR 2.0.50727; .NET CLR 3.5.30729; .NET CLR 3.0.30729; Media Center PC 6.0; .NET4.0C; .NET4.0E)"
216.67.156.3 - - [04/Jan/2012:09:12:08 -0500] "GET /forums/clientscript/vbulletin_menu.js?v=373 HTTP/1.1" 200 9389 "http://www.walleyecentral.com/forums/forumdisplay.php?f=15" "Mozilla/4.0 (compatible; MSIE 8.0; Windows NT 6.1; WOW64; Trident/4.0; SLCC2; .NET CLR 2.0.50727; .NET CLR 3.5.30729; .NET CLR 3.0.30729; Media Center PC 6.0; .NET4.0C; .NET4.0E)"
80.232.109.179 - - [04/Jan/2012:09:12:08 -0500] "GET /openx/www/delivery/ai.php?filename=mercury_2.jpg&contenttype=jpeg HTTP/1.1" 200 17944 "http://translate.googleusercontent.com/translate_c?hl=no&langpair=en%7Cno&rurl=translate.google.no&twu=1&u=http://www.walleyecentral.com/forums/showthread.php%3Ft%3D182480&usg=ALkJrhhUC_sWW5a3Te-Hy6ymWUkmIm-3tw" "Mozilla/5.0 (Windows NT 5.1; rv:9.0.1) Gecko/20100101 Firefox/9.0.1"
216.67.156.3 - - [04/Jan/2012:09:12:08 -0500] "GET /forums/forumdisplay.php?f=15 HTTP/1.1" 200 22287 "http://www.walleyecentral.com/" "Mozilla/4.0 (compatible; MSIE 8.0; Windows NT 6.1; WOW64; Trident/4.0; SLCC2; .NET CLR 2.0.50727; .NET CLR 3.5.30729; .NET CLR 3.0.30729; Media Center PC 6.0; .NET4.0C; .NET4.0E)"
24.111.18.138 - - [04/Jan/2012:09:12:08 -0500] "GET /forums/images/buttons/lastpost.gif HTTP/1.1" 200 964 "http://www.walleyecentral.com/forums/forumdisplay.php?f=32" "Mozilla/4.0 (compatible; MSIE 8.0; Windows NT 5.1; Trident/4.0; GTB7.2; Mozilla/4.0 (compatible; MSIE 6.0; Windows NT 5.1; SV1) ; .NET CLR 1.1.4322; .NET CLR 2.0.50727; .NET CLR 3.0.04506.30; .NET CLR 3.0.04506.648; .NET CLR 3.0.4506.2152; .NET CLR 3.5.30729; OfficeLiveConnector.1.3; OfficeLivePatch.0.0; .NET4.0C; .NET4.0E)"
24.111.18.138 - - [04/Jan/2012:09:12:08 -0500] "GET /forums/images/statusicon/thread_new.gif HTTP/1.1" 200 1230 "http://www.walleyecentral.com/forums/forumdisplay.php?f=32" "Mozilla/4.0 (compatible; MSIE 8.0; Windows NT 5.1; Trident/4.0; GTB7.2; Mozilla/4.0 (compatible; MSIE 6.0; Windows NT 5.1; SV1) ; .NET CLR 1.1.4322; .NET CLR 2.0.50727; .NET CLR 3.0.04506.30; .NET CLR 3.0.04506.648; .NET CLR 3.0.4506.2152; .NET CLR 3.5.30729; OfficeLiveConnector.1.3; OfficeLivePatch.0.0; .NET4.0C; .NET4.0E)"
205.134.249.170 - - [04/Jan/2012:09:12:08 -0500] "GET /weather.php?pands=49931 HTTP/1.1" 200 16166 "-" "PHP/5.2.17"
24.111.18.138 - - [04/Jan/2012:09:12:09 -0500] "GET /forums/images/icons/icon5.gif HTTP/1.1" 200 1057 "http://www.walleyecentral.com/forums/forumdisplay.php?f=32" "Mozilla/4.0 (compatible; MSIE 8.0; Windows NT 5.1; Trident/4.0; GTB7.2; Mozilla/4.0 (compatible; MSIE 6.0; Windows NT 5.1; SV1) ; .NET CLR 1.1.4322; .NET CLR 2.0.50727; .NET CLR 3.0.04506.30; .NET CLR 3.0.04506.648; .NET CLR 3.0.4506.2152; .NET CLR 3.5.30729; OfficeLiveConnector.1.3; OfficeLivePatch.0.0; .NET4.0C; .NET4.0E)"
24.111.18.138 - - [04/Jan/2012:09:12:09 -0500] "GET /forums/clientscript/vbulletin_read_marker.js?v=373 HTTP/1.1" 200 3408 "http://www.walleyecentral.com/forums/forumdisplay.php?f=32" "Mozilla/4.0 (compatible; MSIE 8.0; Windows NT 5.1; Trident/4.0; GTB7.2; Mozilla/4.0 (compatible; MSIE 6.0; Windows NT 5.1; SV1) ; .NET CLR 1.1.4322; .NET CLR 2.0.50727; .NET CLR 3.0.04506.30; .NET CLR 3.0.04506.648; .NET CLR 3.0.4506.2152; .NET CLR 3.5.30729; OfficeLiveConnector.1.3; OfficeLivePatch.0.0; .NET4.0C; .NET4.0E)"
216.67.156.3 - - [04/Jan/2012:09:12:08 -0500] "GET /forums/clientscript/yui/connection/connection-min.js?v=373 HTTP/1.1" 200 14349 "http://www.walleyecentral.com/forums/forumdisplay.php?f=15" "Mozilla/4.0 (compatible; MSIE 8.0; Windows NT 6.1; WOW64; Trident/4.0; SLCC2; .NET CLR 2.0.50727; .NET CLR 3.5.30729; .NET CLR 3.0.30729; Media Center PC 6.0; .NET4.0C; .NET4.0E)"
216.67.156.3 - - [04/Jan/2012:09:12:08 -0500] "GET /forums/clientscript/vbulletin_global.js?v=373 HTTP/1.1" 200 25057 "http://www.walleyecentral.com/forums/forumdisplay.php?f=15" "Mozilla/4.0 (compatible; MSIE 8.0; Windows NT 6.1; WOW64; Trident/4.0; SLCC2; .NET CLR 2.0.50727; .NET CLR 3.5.30729; .NET CLR 3.0.30729; Media Center PC 6.0; .NET4.0C; .NET4.0E)"
24.111.18.138 - - [04/Jan/2012:09:12:09 -0500] "GET /forums/images/statusicon/thread.gif HTTP/1.1" 200 1125 "http://www.walleyecentral.com/forums/forumdisplay.php?f=32" "Mozilla/4.0 (compatible; MSIE 8.0; Windows NT 5.1; Trident/4.0; GTB7.2; Mozilla/4.0 (compatible; MSIE 6.0; Windows NT 5.1; SV1) ; .NET CLR 1.1.4322; .NET CLR 2.0.50727; .NET CLR 3.0.04506.30; .NET CLR 3.0.04506.648; .NET CLR 3.0.4506.2152; .NET CLR 3.5.30729; OfficeLiveConnector.1.3; OfficeLivePatch.0.0; .NET4.0C; .NET4.0E)"
24.111.18.138 - - [04/Jan/2012:09:12:09 -0500] "GET /forums/images/buttons/collapse_thead.gif HTTP/1.1" 200 580 "http://www.walleyecentral.com/forums/forumdisplay.php?f=32" "Mozilla/4.0 (compatible; MSIE 8.0; Windows NT 5.1; Trident/4.0; GTB7.2; Mozilla/4.0 (compatible; MSIE 6.0; Windows NT 5.1; SV1) ; .NET CLR 1.1.4322; .NET CLR 2.0.50727; .NET CLR 3.0.04506.30; .NET CLR 3.0.04506.648; .NET CLR 3.0.4506.2152; .NET CLR 3.5.30729; OfficeLiveConnector.1.3; OfficeLivePatch.0.0; .NET4.0C; .NET4.0E)"
24.111.18.138 - - [04/Jan/2012:09:12:09 -0500] "GET /forums/images/statusicon/thread_hot.gif HTTP/1.1" 200 1125 "http://www.walleyecentral.com/forums/forumdisplay.php?f=32" "Mozilla/4.0 (compatible; MSIE 8.0; Windows NT 5.1; Trident/4.0; GTB7.2; Mozilla/4.0 (compatible; MSIE 6.0; Windows NT 5.1; SV1) ; .NET CLR 1.1.4322; .NET CLR 2.0.50727; .NET CLR 3.0.04506.30; .NET CLR 3.0.04506.648; .NET CLR 3.0.4506.2152; .NET CLR 3.5.30729; OfficeLiveConnector.1.3; OfficeLivePatch.0.0; .NET4.0C; .NET4.0E)"
24.111.18.138 - - [04/Jan/2012:09:12:09 -0500] "GET /forums/images/statusicon/thread_lock.gif HTTP/1.1" 200 1156 "http://www.walleyecentral.com/forums/forumdisplay.php?f=32" "Mozilla/4.0 (compatible; MSIE 8.0; Windows NT 5.1; Trident/4.0; GTB7.2; Mozilla/4.0 (compatible; MSIE 6.0; Windows NT 5.1; SV1) ; .NET CLR 1.1.4322; .NET CLR 2.0.50727; .NET CLR 3.0.04506.30; .NET CLR 3.0.04506.648; .NET CLR 3.0.4506.2152; .NET CLR 3.5.30729; OfficeLiveConnector.1.3; OfficeLivePatch.0.0; .NET4.0C; .NET4.0E)"
216.67.156.3 - - [04/Jan/2012:09:12:08 -0500] "GET /forums/clientscript/yui/yahoo-dom-event/yahoo-dom-event.js?v=373 HTTP/1.1" 200 31100 "http://www.walleyecentral.com/forums/forumdisplay.php?f=15" "Mozilla/4.0 (compatible; MSIE 8.0; Windows NT 6.1; WOW64; Trident/4.0; SLCC2; .NET CLR 2.0.50727; .NET CLR 3.5.30729; .NET CLR 3.0.30729; Media Center PC 6.0; .NET4.0C; .NET4.0E)"
216.67.156.3 - - [04/Jan/2012:09:12:09 -0500] "GET /forums/images/misc/headerlogo2.png HTTP/1.1" 200 11496 "http://www.walleyecentral.com/forums/forumdisplay.php?f=15" "Mozilla/4.0 (compatible; MSIE 8.0; Windows NT 6.1; WOW64; Trident/4.0; SLCC2; .NET CLR 2.0.50727; .NET CLR 3.5.30729; .NET CLR 3.0.30729; Media Center PC 6.0; .NET4.0C; .NET4.0E)"
216.67.156.3 - - [04/Jan/2012:09:12:09 -0500] "GET /forums/clientscript/vbulletin_md5.js?v=373 HTTP/1.1" 200 5464 "http://www.walleyecentral.com/forums/forumdisplay.php?f=15" "Mozilla/4.0 (compatible; MSIE 8.0; Windows NT 6.1; WOW64; Trident/4.0; SLCC2; .NET CLR 2.0.50727; .NET CLR 3.5.30729; .NET CLR 3.0.30729; Media Center PC 6.0; .NET4.0C; .NET4.0E)"
216.67.156.3 - - [04/Jan/2012:09:12:09 -0500] "GET /openx/www/delivery/ajs.php?n=a5212870&zoneid=7&source=&exclude=,&r=865756441&loc=http%3A//www.walleyecentral.com/forums/forumdisplay.php%3Ff%3D15&referer=http%3A//www.walleyecentral.com/ HTTP/1.1" 200 950 "http://www.walleyecentral.com/forums/forumdisplay.php?f=15" "Mozilla/4.0 (compatible; MSIE 8.0; Windows NT 6.1; WOW64; Trident/4.0; SLCC2; .NET CLR 2.0.50727; .NET CLR 3.5.30729; .NET CLR 3.0.30729; Media Center PC 6.0; .NET4.0C; .NET4.0E)"
74.6.18.247 - - [04/Jan/2012:09:11:09 -0500] "GET /forums/index.php HTTP/1.1" 200 17414 "-" "Mozilla/5.0 (compatible; Yahoo! Slurp/3.0; http://help.yahoo.com/help/us/ysearch/slurp)"
146.0.73.220 - - [04/Jan/2012:09:12:09 -0500] "GET /forums/newreply.php?do=newreply&p=1378456 HTTP/1.0" 200 52696 "http://www.walleyecentral.com/newreply.php?do=newreply&p=1378456" "Opera/9.00 (Windows NT 5.1; U; en)"
66.11.150.236 - - [04/Jan/2012:09:12:09 -0500] "GET /weather.php?pands=St.+Catheri HTTP/1.0" 200 20837 "-" "-"
216.67.156.3 - - [04/Jan/2012:09:12:10 -0500] "GET /forums/images/misc/navbits_start.gif HTTP/1.1" 200 1004 "http://www.walleyecentral.com/forums/forumdisplay.php?f=15" "Mozilla/4.0 (compatible; MSIE 8.0; Windows NT 6.1; WOW64; Trident/4.0; SLCC2; .NET CLR 2.0.50727; .NET CLR 3.5.30729; .NET CLR 3.0.30729; Media Center PC 6.0; .NET4.0C; .NET4.0E)"
216.67.156.3 - - [04/Jan/2012:09:12:10 -0500] "GET /forums/images/misc/navbits_finallink_ltr.gif HTTP/1.1" 200 1035 "http://www.walleyecentral.com/forums/forumdisplay.php?f=15" "Mozilla/4.0 (compatible; MSIE 8.0; Windows NT 6.1; WOW64; Trident/4.0; SLCC2; .NET CLR 2.0.50727; .NET CLR 3.5.30729; .NET CLR 3.0.30729; Media Center PC 6.0; .NET4.0C; .NET4.0E)"
141.105.65.151 - - [04/Jan/2012:09:12:08 -0500] "POST /forums/register.php?do=addmember HTTP/1.0" 200 41610 "http://www.walleyecentral.com/forums/register.php?s=5b38f18bfdaba8d94884192f4a261efe" "Mozilla/4.0 (compatible; MSIE 6.0; Windows NT 5.0; APC; .NET CLR 1.0.3705; .NET CLR 1.1.4322; .NET CLR 2.0.50215; InfoPath.1)"
46.17.98.217 - - [04/Jan/2012:09:12:08 -0500] "POST /forums/register.php?do=addmember HTTP/1.0" 200 41577 "http://www.walleyecentral.com/forums/register.php" "Opera/8.00 (Windows NT 5.1; U; en)"
216.67.156.3 - - [04/Jan/2012:09:12:10 -0500] "GET /forums/images/buttons/newthread.gif HTTP/1.1" 200 3151 "http://www.walleyecentral.com/forums/forumdisplay.php?f=15" "Mozilla/4.0 (compatible; MSIE 8.0; Windows NT 6.1; WOW64; Trident/4.0; SLCC2; .NET CLR 2.0.50727; .NET CLR 3.5.30729; .NET CLR 3.0.30729; Media Center PC 6.0; .NET4.0C; .NET4.0E)"
216.67.156.3 - - [04/Jan/2012:09:12:10 -0500] "GET /forums/images/misc/menu_open.gif HTTP/1.1" 200 279 "http://www.walleyecentral.com/forums/forumdisplay.php?f=15" "Mozilla/4.0 (compatible; MSIE 8.0; Windows NT 6.1; WOW64; Trident/4.0; SLCC2; .NET CLR 2.0.50727; .NET CLR 3.5.30729; .NET CLR 3.0.30729; Media Center PC 6.0; .NET4.0C; .NET4.0E)"
216.67.156.3 - - [04/Jan/2012:09:12:10 -0500] "GET /forums/images/buttons/sortasc.gif HTTP/1.1" 200 561 "http://www.walleyecentral.com/forums/forumdisplay.php?f=15" "Mozilla/4.0 (compatible; MSIE 8.0; Windows NT 6.1; WOW64; Trident/4.0; SLCC2; .NET CLR 2.0.50727; .NET CLR 3.5.30729; .NET CLR 3.0.30729; Media Center PC 6.0; .NET4.0C; .NET4.0E)"
216.67.156.3 - - [04/Jan/2012:09:12:10 -0500] "GET /forums/images/statusicon/thread_hot_new.gif HTTP/1.1" 200 1224 "http://www.walleyecentral.com/forums/forumdisplay.php?f=15" "Mozilla/4.0 (compatible; MSIE 8.0; Windows NT 6.1; WOW64; Trident/4.0; SLCC2; .NET CLR 2.0.50727; .NET CLR 3.5.30729; .NET CLR 3.0.30729; Media Center PC 6.0; .NET4.0C; .NET4.0E)"
216.67.156.3 - - [04/Jan/2012:09:12:10 -0500] "GET /forums/images/icons/icon1.gif HTTP/1.1" 200 1032 "http://www.walleyecentral.com/forums/forumdisplay.php?f=15" "Mozilla/4.0 (compatible; MSIE 8.0; Windows NT 6.1; WOW64; Trident/4.0; SLCC2; .NET CLR 2.0.50727; .NET CLR 3.5.30729; .NET CLR 3.0.30729; Media Center PC 6.0; .NET4.0C; .NET4.0E)"
205.134.249.170 - - [04/Jan/2012:09:12:10 -0500] "GET /weather.php?pands=50225 HTTP/1.1" 200 16166 "-" "PHP/5.2.17"
216.67.156.3 - - [04/Jan/2012:09:12:10 -0500] "GET /openx/www/delivery/ai.php?filename=alumacraft.jpg&contenttype=jpeg HTTP/1.1" 200 18786 "http://www.walleyecentral.com/forums/forumdisplay.php?f=15" "Mozilla/4.0 (compatible; MSIE 8.0; Windows NT 6.1; WOW64; Trident/4.0; SLCC2; .NET CLR 2.0.50727; .NET CLR 3.5.30729; .NET CLR 3.0.30729; Media Center PC 6.0; .NET4.0C; .NET4.0E)"
216.67.156.3 - - [04/Jan/2012:09:12:10 -0500] "GET /openx/www/delivery/lg.php?bannerid=94&campaignid=1&zoneid=7&loc=http%3A%2F%2Fwww.walleyecentral.com%2Fforums%2Fforumdisplay.php%3Ff%3D15&referer=http%3A%2F%2Fwww.walleyecentral.com%2F&cb=b9449841dc HTTP/1.1" 200 43 "http://www.walleyecentral.com/forums/forumdisplay.php?f=15" "Mozilla/4.0 (compatible; MSIE 8.0; Windows NT 6.1; WOW64; Trident/4.0; SLCC2; .NET CLR 2.0.50727; .NET CLR 3.5.30729; .NET CLR 3.0.30729; Media Center PC 6.0; .NET4.0C; .NET4.0E)"
216.67.156.3 - - [04/Jan/2012:09:12:10 -0500] "GET /forums/images/misc/sticky.gif HTTP/1.1" 200 521 "http://www.walleyecentral.com/forums/forumdisplay.php?f=15" "Mozilla/4.0 (compatible; MSIE 8.0; Windows NT 6.1; WOW64; Trident/4.0; SLCC2; .NET CLR 2.0.50727; .NET CLR 3.5.30729; .NET CLR 3.0.30729; Media Center PC 6.0; .NET4.0C; .NET4.0E)"
216.67.156.3 - - [04/Jan/2012:09:12:10 -0500] "GET /forums/images/misc/trashcan_small.gif HTTP/1.1" 200 936 "http://www.walleyecentral.com/forums/forumdisplay.php?f=15" "Mozilla/4.0 (compatible; MSIE 8.0; Windows NT 6.1; WOW64; Trident/4.0; SLCC2; .NET CLR 2.0.50727; .NET CLR 3.5.30729; .NET CLR 3.0.30729; Media Center PC 6.0; .NET4.0C; .NET4.0E)"
216.67.156.3 - - [04/Jan/2012:09:12:10 -0500] "GET /forums/images/buttons/firstnew.gif HTTP/1.1" 200 561 "http://www.walleyecentral.com/forums/forumdisplay.php?f=15" "Mozilla/4.0 (compatible; MSIE 8.0; Windows NT 6.1; WOW64; Trident/4.0; SLCC2; .NET CLR 2.0.50727; .NET CLR 3.5.30729; .NET CLR 3.0.30729; Media Center PC 6.0; .NET4.0C; .NET4.0E)"
216.67.156.3 - - [04/Jan/2012:09:12:10 -0500] "GET /forums/images/buttons/lastpost.gif HTTP/1.1" 200 964 "http://www.walleyecentral.com/forums/forumdisplay.php?f=15" "Mozilla/4.0 (compatible; MSIE 8.0; Windows NT 6.1; WOW64; Trident/4.0; SLCC2; .NET CLR 2.0.50727; .NET CLR 3.5.30729; .NET CLR 3.0.30729; Media Center PC 6.0; .NET4.0C; .NET4.0E)"
216.67.156.3 - - [04/Jan/2012:09:12:10 -0500] "GET /forums/images/statusicon/thread_hot.gif HTTP/1.1" 200 1125 "http://www.walleyecentral.com/forums/forumdisplay.php?f=15" "Mozilla/4.0 (compatible; MSIE 8.0; Windows NT 6.1; WOW64; Trident/4.0; SLCC2; .NET CLR 2.0.50727; .NET CLR 3.5.30729; .NET CLR 3.0.30729; Media Center PC 6.0; .NET4.0C; .NET4.0E)"
216.67.156.3 - - [04/Jan/2012:09:12:10 -0500] "GET /forums/images/statusicon/thread_hot_lock.gif HTTP/1.1" 200 1156 "http://www.walleyecentral.com/forums/forumdisplay.php?f=15" "Mozilla/4.0 (compatible; MSIE 8.0; Windows NT 6.1; WOW64; Trident/4.0; SLCC2; .NET CLR 2.0.50727; .NET CLR 3.5.30729; .NET CLR 3.0.30729; Media Center PC 6.0; .NET4.0C; .NET4.0E)"
216.67.156.3 - - [04/Jan/2012:09:12:10 -0500] "GET /forums/images/icons/icon10.gif HTTP/1.1" 200 1049 "http://www.walleyecentral.com/forums/forumdisplay.php?f=15" "Mozilla/4.0 (compatible; MSIE 8.0; Windows NT 6.1; WOW64; Trident/4.0; SLCC2; .NET CLR 2.0.50727; .NET CLR 3.5.30729; .NET CLR 3.0.30729; Media Center PC 6.0; .NET4.0C; .NET4.0E)"
216.67.156.3 - - [04/Jan/2012:09:12:10 -0500] "GET /forums/images/statusicon/thread_new.gif HTTP/1.1" 200 1230 "http://www.walleyecentral.com/forums/forumdisplay.php?f=15" "Mozilla/4.0 (compatible; MSIE 8.0; Windows NT 6.1; WOW64; Trident/4.0; SLCC2; .NET CLR 2.0.50727; .NET CLR 3.5.30729; .NET CLR 3.0.30729; Media Center PC 6.0; .NET4.0C; .NET4.0E)"
216.67.156.3 - - [04/Jan/2012:09:12:10 -0500] "GET /forums/images/misc/multipage.gif HTTP/1.1" 200 567 "http://www.walleyecentral.com/forums/forumdisplay.php?f=15" "Mozilla/4.0 (compatible; MSIE 8.0; Windows NT 6.1; WOW64; Trident/4.0; SLCC2; .NET CLR 2.0.50727; .NET CLR 3.5.30729; .NET CLR 3.0.30729; Media Center PC 6.0; .NET4.0C; .NET4.0E)"
216.67.156.3 - - [04/Jan/2012:09:12:10 -0500] "GET /forums/images/misc/paperclip.gif HTTP/1.1" 200 305 "http://www.walleyecentral.com/forums/forumdisplay.php?f=15" "Mozilla/4.0 (compatible; MSIE 8.0; Windows NT 6.1; WOW64; Trident/4.0; SLCC2; .NET CLR 2.0.50727; .NET CLR 3.5.30729; .NET CLR 3.0.30729; Media Center PC 6.0; .NET4.0C; .NET4.0E)"
216.67.156.3 - - [04/Jan/2012:09:12:10 -0500] "GET /forums/clientscript/vbulletin_read_marker.js?v=373 HTTP/1.1" 200 3408 "http://www.walleyecentral.com/forums/forumdisplay.php?f=15" "Mozilla/4.0 (compatible; MSIE 8.0; Windows NT 6.1; WOW64; Trident/4.0; SLCC2; .NET CLR 2.0.50727; .NET CLR 3.5.30729; .NET CLR 3.0.30729; Media Center PC 6.0; .NET4.0C; .NET4.0E)"
50.116.161.56 - - [04/Jan/2012:09:12:10 -0500] "GET /openx/www/delivery/ajs.php?n=a5212870&zoneid=110&source=&exclude=,&r=269561961&loc=http%3A//www.walleyecentral.com/forums/showthread.php%3Ft%3D188368&referer=http%3A//www.walleyecentral.com/forums/search.php%3Fsearchid%3D4436996%26pp%3D25%26page%3D2 HTTP/1.1" 200 961 "http://www.walleyecentral.com/forums/showthread.php?t=188368" "Mozilla/5.0 (compatible; MSIE 9.0; Windows NT 6.1; WOW64; Trident/5.0)"
207.46.199.44 - - [04/Jan/2012:09:12:10 -0500] "GET /forums/showthread.php?p=1132739 HTTP/1.1" 200 19880 "-" "Mozilla/5.0 (compatible; bingbot/2.0; +http://www.bing.com/bingbot.htm)"
66.11.150.236 - - [04/Jan/2012:09:12:09 -0500] "GET /weather.php?pands=80649 HTTP/1.0" 200 24177 "-" "-"
205.134.249.170 - - [04/Jan/2012:09:12:11 -0500] "GET /weather.php?pands=54519 HTTP/1.1" 200 16166 "-" "PHP/5.2.17"
216.67.156.3 - - [04/Jan/2012:09:12:11 -0500] "GET /forums/images/statusicon/thread_lock.gif HTTP/1.1" 200 1156 "http://www.walleyecentral.com/forums/forumdisplay.php?f=15" "Mozilla/4.0 (compatible; MSIE 8.0; Windows NT 6.1; WOW64; Trident/4.0; SLCC2; .NET CLR 2.0.50727; .NET CLR 3.5.30729; .NET CLR 3.0.30729; Media Center PC 6.0; .NET4.0C; .NET4.0E)"
216.67.156.3 - - [04/Jan/2012:09:12:11 -0500] "GET /forums/images/statusicon/thread.gif HTTP/1.1" 200 1125 "http://www.walleyecentral.com/forums/forumdisplay.php?f=15" "Mozilla/4.0 (compatible; MSIE 8.0; Windows NT 6.1; WOW64; Trident/4.0; SLCC2; .NET CLR 2.0.50727; .NET CLR 3.5.30729; .NET CLR 3.0.30729; Media Center PC 6.0; .NET4.0C; .NET4.0E)"
216.67.156.3 - - [04/Jan/2012:09:12:11 -0500] "GET /forums/images/buttons/collapse_thead.gif HTTP/1.1" 200 580 "http://www.walleyecentral.com/forums/forumdisplay.php?f=15" "Mozilla/4.0 (compatible; MSIE 8.0; Windows NT 6.1; WOW64; Trident/4.0; SLCC2; .NET CLR 2.0.50727; .NET CLR 3.5.30729; .NET CLR 3.0.30729; Media Center PC 6.0; .NET4.0C; .NET4.0E)"
46.17.98.217 - - [04/Jan/2012:09:12:10 -0500] "POST /forums/register.php?do=addmember HTTP/1.0" 200 41538 "http://www.walleyecentral.com/forums/register.php" "Opera/8.00 (Windows NT 5.1; U; en)"
66.11.150.236 - - [04/Jan/2012:09:12:11 -0500] "GET /weather.php?pands=49301 HTTP/1.0" 200 16166 "-" "-"
66.11.150.236 - - [04/Jan/2012:09:12:11 -0500] "GET /weather.php?pands=hillrose+%2C HTTP/1.0" 200 20836 "-" "-"
174.29.240.220 - - [04/Jan/2012:09:12:11 -0500] "GET /forums/showthread.php?goto=newpost&t=189221 HTTP/1.1" 302 - "http://www.walleyecentral.com/forums/forumdisplay.php?f=5" "Mozilla/5.0 (compatible; MSIE 9.0; Windows NT 6.0; WOW64; Trident/5.0)"
50.116.161.56 - - [04/Jan/2012:09:12:12 -0500] "GET /openx/www/delivery/lg.php?bannerid=63&campaignid=1&zoneid=110&loc=http%3A%2F%2Fwww.walleyecentral.com%2Fforums%2Fshowthread.php%3Ft%3D188368&referer=http%3A%2F%2Fwww.walleyecentral.com%2Fforums%2Fsearch.php%3Fsearchid%3D4436996%26pp%3D25%26page%3D2&cb=5d971e2bca HTTP/1.1" 200 43 "http://www.walleyecentral.com/forums/showthread.php?t=188368" "Mozilla/5.0 (compatible; MSIE 9.0; Windows NT 6.1; WOW64; Trident/5.0)"
205.134.249.170 - - [04/Jan/2012:09:12:12 -0500] "GET /weather.php?pands=69101 HTTP/1.1" 200 16166 "-" "PHP/5.2.17"
174.29.240.220 - - [04/Jan/2012:09:12:12 -0500] "GET /forums/showthread.php?p=1379045 HTTP/1.1" 200 23310 "http://www.walleyecentral.com/forums/forumdisplay.php?f=5" "Mozilla/5.0 (compatible; MSIE 9.0; Windows NT 6.0; WOW64; Trident/5.0)"
66.249.71.211 - - [04/Jan/2012:09:12:12 -0500] "GET /forums/archive/index.php/t-45449.html HTTP/1.1" 200 8192 "-" "Mozilla/5.0 (compatible; Googlebot/2.1; +http://www.google.com/bot.html)"
174.29.240.220 - - [04/Jan/2012:09:12:12 -0500] "GET /openx/www/delivery/ajs.php?n=a5212870&zoneid=89&source=&exclude=,&r=785626261&loc=http%3A//www.walleyecentral.com/forums/showthread.php%3Fp%3D1379045%23post1379045&referer=http%3A//www.walleyecentral.com/forums/forumdisplay.php%3Ff%3D5 HTTP/1.1" 200 1086 "http://www.walleyecentral.com/forums/showthread.php?p=1379045#post1379045" "Mozilla/5.0 (compatible; MSIE 9.0; Windows NT 6.0; WOW64; Trident/5.0)"
205.134.249.170 - - [04/Jan/2012:09:12:13 -0500] "GET /weather.php?pands=56386 HTTP/1.1" 200 16166 "-" "PHP/5.2.17"
174.29.240.220 - - [04/Jan/2012:09:12:13 -0500] "GET /openx/www/delivery/lg.php?bannerid=50&campaignid=1&zoneid=89&loc=http%3A%2F%2Fwww.walleyecentral.com%2Fforums%2Fshowthread.php%3Fp%3D1379045%23post1379045&referer=http%3A%2F%2Fwww.walleyecentral.com%2Fforums%2Fforumdisplay.php%3Ff%3D5&cb=08b19b767a HTTP/1.1" 200 43 "http://www.walleyecentral.com/forums/showthread.php?p=1379045#post1379045" "Mozilla/5.0 (compatible; MSIE 9.0; Windows NT 6.0; WOW64; Trident/5.0)"
50.116.161.56 - - [04/Jan/2012:09:12:13 -0500] "GET /openx/www/delivery/ajs.php?n=a5212870&zoneid=85&source=&exclude=,&r=818810421&loc=http%3A//www.walleyecentral.com/forums/search.php%3Fsearchid%3D4436996%26pp%3D25%26page%3D2&referer=http%3A//www.walleyecentral.com/forums/search.php%3Fsearchid%3D4436996 HTTP/1.1" 200 1021 "http://www.walleyecentral.com/forums/search.php?searchid=4436996&pp=25&page=2" "Mozilla/5.0 (compatible; MSIE 9.0; Windows NT 6.1; WOW64; Trident/5.0)"
31.184.236.61 - - [04/Jan/2012:09:12:12 -0500] "POST /forums/register.php?do=addmember HTTP/1.0" 200 41506 "http://www.walleyecentral.com/forums/register.php" "Mozilla/4.0 (compatible; MSIE 5.0; Windows 3.1)"
66.11.150.236 - - [04/Jan/2012:09:12:13 -0500] "GET /weather.php?pands=sterling%2C+c HTTP/1.0" 200 20837 "-" "-"
66.11.150.236 - - [04/Jan/2012:09:12:13 -0500] "GET /weather.php?pands=Saline+MI HTTP/1.0" 200 24239 "-" "-"
