63.232.194.234 - - [04/Jan/2012:09:17:37 -0500] "GET /forums/image.php?u=19622&dateline=1278991516&type=thumb HTTP/1.1" 200 1719 "http://www.walleyecentral.com/forums/member.php?u=14858" "Mozilla/4.0 (compatible; MSIE 8.0; Windows NT 5.1; Trident/4.0; GTB7.2; .NET CLR 2.0.50727; .NET CLR 3.0.4506.2152; .NET CLR 3.5.30729; WinNT-A8I 09.04.2011; IE0006_ver1;EN_US)"
63.232.194.234 - - [04/Jan/2012:09:17:37 -0500] "GET /openx/www/delivery/ai.php?filename=jwfa_banner.jpg&contenttype=jpeg HTTP/1.1" 200 18580 "http://www.walleyecentral.com/forums/member.php?u=14858" "Mozilla/4.0 (compatible; MSIE 8.0; Windows NT 5.1; Trident/4.0; GTB7.2; .NET CLR 2.0.50727; .NET CLR 3.0.4506.2152; .NET CLR 3.5.30729; WinNT-A8I 09.04.2011; IE0006_ver1;EN_US)"
63.232.194.234 - - [04/Jan/2012:09:17:37 -0500] "GET /forums/image.php?u=14858&dateline=1217451366&type=thumb HTTP/1.1" 200 1432 "http://www.walleyecentral.com/forums/member.php?u=14858" "Mozilla/4.0 (compatible; MSIE 8.0; Windows NT 5.1; Trident/4.0; GTB7.2; .NET CLR 2.0.50727; .NET CLR 3.0.4506.2152; .NET CLR 3.5.30729; WinNT-A8I 09.04.2011; IE0006_ver1;EN_US)"
63.232.194.234 - - [04/Jan/2012:09:17:37 -0500] "GET /forums/picture.php?pictureid=6964&albumid=774&dl=1315698759&thumb=1 HTTP/1.1" 200 6872 "http://www.walleyecentral.com/forums/member.php?u=14858" "Mozilla/4.0 (compatible; MSIE 8.0; Windows NT 5.1; Trident/4.0; GTB7.2; .NET CLR 2.0.50727; .NET CLR 3.0.4506.2152; .NET CLR 3.5.30729; WinNT-A8I 09.04.2011; IE0006_ver1;EN_US)"
63.232.194.234 - - [04/Jan/2012:09:17:37 -0500] "GET /forums/picture.php?pictureid=6958&albumid=773&dl=1315698350&thumb=1 HTTP/1.1" 200 4669 "http://www.walleyecentral.com/forums/member.php?u=14858" "Mozilla/4.0 (compatible; MSIE 8.0; Windows NT 5.1; Trident/4.0; GTB7.2; .NET CLR 2.0.50727; .NET CLR 3.0.4506.2152; .NET CLR 3.5.30729; WinNT-A8I 09.04.2011; IE0006_ver1;EN_US)"
63.232.194.234 - - [04/Jan/2012:09:17:37 -0500] "GET /openx/www/delivery/lg.php?bannerid=99&campaignid=1&zoneid=85&loc=http%3A%2F%2Fwww.walleyecentral.com%2Fforums%2Fmember.php%3Fu%3D14858&referer=http%3A%2F%2Fwww.walleyecentral.com%2Fforums%2Fshowthread.php%3Ft%3D156315&cb=c9b619976d HTTP/1.1" 200 43 "http://www.walleyecentral.com/forums/member.php?u=14858" "Mozilla/4.0 (compatible; MSIE 8.0; Windows NT 5.1; Trident/4.0; GTB7.2; .NET CLR 2.0.50727; .NET CLR 3.0.4506.2152; .NET CLR 3.5.30729; WinNT-A8I 09.04.2011; IE0006_ver1;EN_US)"
66.11.150.236 - - [04/Jan/2012:09:17:37 -0500] "GET /weather.php?pands=R2N4H5 HTTP/1.0" 200 20832 "-" "-"
205.134.249.170 - - [04/Jan/2012:09:17:37 -0500] "GET /weather.php?pands=43050 HTTP/1.1" 200 16166 "-" "PHP/5.2.17"
157.55.17.195 - - [04/Jan/2012:09:17:38 -0500] "GET /forums/archive/index.php/t-121811.html HTTP/1.1" 200 1689 "-" "Mozilla/5.0 (compatible; bingbot/2.0; +http://www.bing.com/bingbot.htm)"
66.11.150.236 - - [04/Jan/2012:09:17:38 -0500] "GET /weather.php?pands=51106 HTTP/1.0" 200 24181 "-" "-"
65.52.108.198 - - [04/Jan/2012:09:17:38 -0500] "GET /forums/showthread.php?t=70890 HTTP/1.1" 200 12820 "-" "Mozilla/5.0 (compatible; bingbot/2.0; +http://www.bing.com/bingbot.htm)"
12.3.223.129 - - [04/Jan/2012:09:17:38 -0500] "GET /forums/showthread.php?t=170490 HTTP/1.1" 200 20026 "http://www.walleyecentral.com/forums/showthread.php?t=170490&page=2" "Mozilla/4.0 (compatible; MSIE 6.0; Windows NT 5.1; SV1; GTB7.2; .NET CLR 2.0.50727)"
12.3.223.129 - - [04/Jan/2012:09:17:38 -0500] "GET /openx/www/delivery/ajs.php?n=a5212870&zoneid=19&source=&exclude=,&r=436947881&loc=http%3A//www.walleyecentral.com/forums/showthread.php%3Ft%3D170490&referer=http%3A//www.walleyecentral.com/forums/showthread.php%3Ft%3D170490%26page%3D2 HTTP/1.1" 200 938 "http://www.walleyecentral.com/forums/showthread.php?t=170490" "Mozilla/4.0 (compatible; MSIE 6.0; Windows NT 5.1; SV1; GTB7.2; .NET CLR 2.0.50727)"
12.3.223.129 - - [04/Jan/2012:09:17:38 -0500] "GET /forums/attachment.php?attachmentid=5849&stc=1&thumb=1&d=1282246394 HTTP/1.1" 200 2821 "http://www.walleyecentral.com/forums/showthread.php?t=170490" "Mozilla/4.0 (compatible; MSIE 6.0; Windows NT 5.1; SV1; GTB7.2; .NET CLR 2.0.50727)"
12.3.223.129 - - [04/Jan/2012:09:17:38 -0500] "GET /forums/image.php?u=18714&dateline=1281900594 HTTP/1.1" 200 1932 "http://www.walleyecentral.com/forums/showthread.php?t=170490" "Mozilla/4.0 (compatible; MSIE 6.0; Windows NT 5.1; SV1; GTB7.2; .NET CLR 2.0.50727)"
12.3.223.129 - - [04/Jan/2012:09:17:38 -0500] "GET /forums/attachment.php?attachmentid=5866&stc=1&thumb=1&d=1282286813 HTTP/1.1" 200 2904 "http://www.walleyecentral.com/forums/showthread.php?t=170490" "Mozilla/4.0 (compatible; MSIE 6.0; Windows NT 5.1; SV1; GTB7.2; .NET CLR 2.0.50727)"
12.3.223.129 - - [04/Jan/2012:09:17:38 -0500] "GET /forums/images/smilies/howdy.gif HTTP/1.1" 200 655 "http://www.walleyecentral.com/forums/showthread.php?t=170490" "Mozilla/4.0 (compatible; MSIE 6.0; Windows NT 5.1; SV1; GTB7.2; .NET CLR 2.0.50727)"
12.3.223.129 - - [04/Jan/2012:09:17:38 -0500] "GET /openx/www/delivery/lg.php?bannerid=93&campaignid=1&zoneid=19&loc=http%3A%2F%2Fwww.walleyecentral.com%2Fforums%2Fshowthread.php%3Ft%3D170490&referer=http%3A%2F%2Fwww.walleyecentral.com%2Fforums%2Fshowthread.php%3Ft%3D170490%26page%3D2&cb=cc97fe94af HTTP/1.1" 200 43 "http://www.walleyecentral.com/forums/showthread.php?t=170490" "Mozilla/4.0 (compatible; MSIE 6.0; Windows NT 5.1; SV1; GTB7.2; .NET CLR 2.0.50727)"
66.249.71.211 - - [04/Jan/2012:09:17:39 -0500] "GET /forums/archive/index.php/t-52013.html HTTP/1.1" 200 3322 "-" "Mozilla/5.0 (compatible; Googlebot/2.1; +http://www.google.com/bot.html)"
46.17.96.43 - - [04/Jan/2012:09:17:37 -0500] "GET /forums/index.php HTTP/1.0" 200 111565 "http://www.walleyecentral.com/forums/index.php" "Mozilla/4.0 (compatible; MSIE 6.0; MSIE 5.5; Windows NT 5.0) Opera 7.02 Bork-edition [en]"
205.134.249.170 - - [04/Jan/2012:09:17:39 -0500] "GET /weather.php?pands=59474 HTTP/1.1" 200 16166 "-" "PHP/5.2.17"
205.134.249.170 - - [04/Jan/2012:09:17:39 -0500] "GET /weather.php?pands=wARREN+mICH HTTP/1.1" 200 16166 "-" "PHP/5.2.17"
205.134.249.170 - - [04/Jan/2012:09:17:40 -0500] "GET /weather.php?pands=44889 HTTP/1.1" 200 16166 "-" "PHP/5.2.17"
66.11.150.236 - - [04/Jan/2012:09:17:40 -0500] "GET /weather.php?pands=55038 HTTP/1.0" 200 24173 "-" "-"
66.11.150.236 - - [04/Jan/2012:09:17:39 -0500] "GET /weather.php?pands=43558 HTTP/1.0" 200 24177 "-" "-"
184.6.103.113 - - [04/Jan/2012:09:17:40 -0500] "GET /forums/showthread.php?t=189201 HTTP/1.1" 200 19237 "http://www.walleyecentral.com/forums/forumdisplay.php?f=32" "Mozilla/5.0 (Linux; U; Android 3.2.1; en-us; A500 Build/HTK55D) AppleWebKit/534.13 (KHTML, like Gecko) Version/4.0 Safari/534.13"
184.6.103.113 - - [04/Jan/2012:09:17:40 -0500] "GET /openx/www/delivery/ajs.php?n=a5212870&zoneid=98&source=&exclude=,&r=506736101&loc=http%3A//www.walleyecentral.com/forums/showthread.php%3Ft%3D189201&referer=http%3A//www.walleyecentral.com/forums/forumdisplay.php%3Ff%3D32 HTTP/1.1" 200 1016 "http://www.walleyecentral.com/forums/showthread.php?t=189201" "Mozilla/5.0 (Linux; U; Android 3.2.1; en-us; A500 Build/HTK55D) AppleWebKit/534.13 (KHTML, like Gecko) Version/4.0 Safari/534.13"
184.6.103.113 - - [04/Jan/2012:09:17:40 -0500] "GET /forums/image.php?u=13959&dateline=1297081663 HTTP/1.1" 200 2357 "http://www.walleyecentral.com/forums/showthread.php?t=189201" "Mozilla/5.0 (Linux; U; Android 3.2.1; en-us; A500 Build/HTK55D) AppleWebKit/534.13 (KHTML, like Gecko) Version/4.0 Safari/534.13"
184.6.103.113 - - [04/Jan/2012:09:17:40 -0500] "GET /forums/image.php?u=304&dateline=1297429439 HTTP/1.1" 200 1906 "http://www.walleyecentral.com/forums/showthread.php?t=189201" "Mozilla/5.0 (Linux; U; Android 3.2.1; en-us; A500 Build/HTK55D) AppleWebKit/534.13 (KHTML, like Gecko) Version/4.0 Safari/534.13"
180.76.6.224 - - [04/Jan/2012:09:17:40 -0500] "GET /forums/showthread.php?t=165354 HTTP/1.1" 200 15707 "-" "Mozilla/5.0 (compatible; Baiduspider/2.0; +http://www.baidu.com/search/spider.html)"
46.17.96.43 - - [04/Jan/2012:09:17:40 -0500] "GET /forums/showthread.php?s=eb96c66e1ba642eb0d354a3ccd61ae58&p=1379050 HTTP/1.0" 200 71440 "http://www.walleyecentral.com/showthread.php?s=eb96c66e1ba642eb0d354a3ccd61ae58&p=1379050" "Mozilla/4.0 (compatible; MSIE 6.0; MSIE 5.5; Windows NT 5.0) Opera 7.02 Bork-edition [en]"
184.6.103.113 - - [04/Jan/2012:09:17:40 -0500] "GET /openx/www/delivery/lg.php?bannerid=34&campaignid=1&zoneid=98&loc=http%3A%2F%2Fwww.walleyecentral.com%2Fforums%2Fshowthread.php%3Ft%3D189201&referer=http%3A%2F%2Fwww.walleyecentral.com%2Fforums%2Fforumdisplay.php%3Ff%3D32&cb=4b030c6717 HTTP/1.1" 200 43 "http://www.walleyecentral.com/forums/showthread.php?t=189201" "Mozilla/5.0 (Linux; U; Android 3.2.1; en-us; A500 Build/HTK55D) AppleWebKit/534.13 (KHTML, like Gecko) Version/4.0 Safari/534.13"
24.118.103.210 - - [04/Jan/2012:09:17:41 -0500] "GET /forums/index.php HTTP/1.1" 200 21695 "-" "Mozilla/4.0 (compatible; MSIE 7.0; Windows NT 5.1; .NET CLR 1.0.3705; .NET CLR 1.1.4322; Media Center PC 4.0; .NET CLR 2.0.50727; .NET CLR 3.0.4506.2152; .NET CLR 3.5.30729; eMusic DLM/4)"
199.64.0.252 - - [04/Jan/2012:09:17:41 -0500] "GET /wcvideo/video/20110918-060900.jpg HTTP/1.1" 304 - "-" "Mozilla/4.0 (compatible;)"
65.52.108.198 - - [04/Jan/2012:09:17:41 -0500] "GET /forums/showthread.php?p=1249480&mode=threaded HTTP/1.1" 200 25157 "-" "Mozilla/5.0 (compatible; bingbot/2.0; +http://www.bing.com/bingbot.htm)"
24.118.103.210 - - [04/Jan/2012:09:17:41 -0500] "GET /openx/www/delivery/ajs.php?n=a5212870&zoneid=1&source=&exclude=,&r=705406011&loc=http%3A//www.walleyecentral.com/forums/index.php HTTP/1.1" 200 904 "http://www.walleyecentral.com/forums/index.php" "Mozilla/4.0 (compatible; MSIE 7.0; Windows NT 5.1; .NET CLR 1.0.3705; .NET CLR 1.1.4322; Media Center PC 4.0; .NET CLR 2.0.50727; .NET CLR 3.0.4506.2152; .NET CLR 3.5.30729; eMusic DLM/4)"
205.134.249.170 - - [04/Jan/2012:09:17:41 -0500] "GET /weather.php?pands=48001 HTTP/1.1" 200 16166 "-" "PHP/5.2.17"
205.134.249.170 - - [04/Jan/2012:09:17:41 -0500] "GET /weather.php?pands=marinette%2Cw HTTP/1.1" 200 16166 "-" "PHP/5.2.17"
24.118.103.210 - - [04/Jan/2012:09:17:41 -0500] "GET /forums/picture_for_index.php?pictureid=193&albumid=30 HTTP/1.1" 200 9838 "http://www.walleyecentral.com/forums/index.php" "Mozilla/4.0 (compatible; MSIE 7.0; Windows NT 5.1; .NET CLR 1.0.3705; .NET CLR 1.1.4322; Media Center PC 4.0; .NET CLR 2.0.50727; .NET CLR 3.0.4506.2152; .NET CLR 3.5.30729; eMusic DLM/4)"
24.118.103.210 - - [04/Jan/2012:09:17:41 -0500] "GET /openx/www/delivery/lg.php?bannerid=6&campaignid=1&zoneid=1&channel_ids=,&loc=http%3A%2F%2Fwww.walleyecentral.com%2Fforums%2Findex.php&cb=fbf92e426a HTTP/1.1" 200 43 "http://www.walleyecentral.com/forums/index.php" "Mozilla/4.0 (compatible; MSIE 7.0; Windows NT 5.1; .NET CLR 1.0.3705; .NET CLR 1.1.4322; Media Center PC 4.0; .NET CLR 2.0.50727; .NET CLR 3.0.4506.2152; .NET CLR 3.5.30729; eMusic DLM/4)"
157.55.17.195 - - [04/Jan/2012:09:17:41 -0500] "GET /forums/showthread.php?t=75582 HTTP/1.1" 200 13302 "-" "Mozilla/5.0 (compatible; bingbot/2.0; +http://www.bing.com/bingbot.htm)"
24.118.103.210 - - [04/Jan/2012:09:17:41 -0500] "GET /forums/picture_for_index.php?pictureid=5059&albumid=560 HTTP/1.1" 200 45193 "http://www.walleyecentral.com/forums/index.php" "Mozilla/4.0 (compatible; MSIE 7.0; Windows NT 5.1; .NET CLR 1.0.3705; .NET CLR 1.1.4322; Media Center PC 4.0; .NET CLR 2.0.50727; .NET CLR 3.0.4506.2152; .NET CLR 3.5.30729; eMusic DLM/4)"
24.118.103.210 - - [04/Jan/2012:09:17:41 -0500] "GET /forums/picture_for_index.php?pictureid=5728&albumid=620 HTTP/1.1" 200 49942 "http://www.walleyecentral.com/forums/index.php" "Mozilla/4.0 (compatible; MSIE 7.0; Windows NT 5.1; .NET CLR 1.0.3705; .NET CLR 1.1.4322; Media Center PC 4.0; .NET CLR 2.0.50727; .NET CLR 3.0.4506.2152; .NET CLR 3.5.30729; eMusic DLM/4)"
66.11.150.236 - - [04/Jan/2012:09:17:41 -0500] "GET /weather.php?pands=54935 HTTP/1.0" 200 24178 "-" "-"
65.52.108.26 - - [04/Jan/2012:09:17:42 -0500] "GET /forums/showthread.php?p=1086679 HTTP/1.1" 200 15368 "-" "Mozilla/5.0 (compatible; bingbot/2.0; +http://www.bing.com/bingbot.htm)"
166.249.101.106 - - [04/Jan/2012:09:17:39 -0500] "GET / HTTP/1.1" 200 66159 "-" "Mozilla/5.0 (Linux; U; Android 2.3.4; en-us; ADR6400L 4G Build/GRJ22) AppleWebKit/533.1 (KHTML, like Gecko) Version/4.0 Mobile Safari/533.1"
24.118.103.210 - - [04/Jan/2012:09:17:42 -0500] "GET /forums/picture_for_index.php?pictureid=3789&albumid=68 HTTP/1.1" 200 44967 "http://www.walleyecentral.com/forums/index.php" "Mozilla/4.0 (compatible; MSIE 7.0; Windows NT 5.1; .NET CLR 1.0.3705; .NET CLR 1.1.4322; Media Center PC 4.0; .NET CLR 2.0.50727; .NET CLR 3.0.4506.2152; .NET CLR 3.5.30729; eMusic DLM/4)"
205.134.249.170 - - [04/Jan/2012:09:17:42 -0500] "GET /weather.php?pands=44276 HTTP/1.1" 200 16166 "-" "PHP/5.2.17"
24.118.103.210 - - [04/Jan/2012:09:17:42 -0500] "GET /forums/picture_for_index.php?pictureid=281&albumid=36 HTTP/1.1" 200 46399 "http://www.walleyecentral.com/forums/index.php" "Mozilla/4.0 (compatible; MSIE 7.0; Windows NT 5.1; .NET CLR 1.0.3705; .NET CLR 1.1.4322; Media Center PC 4.0; .NET CLR 2.0.50727; .NET CLR 3.0.4506.2152; .NET CLR 3.5.30729; eMusic DLM/4)"
24.118.103.210 - - [04/Jan/2012:09:17:42 -0500] "GET /forums/images/icons/icon6.gif HTTP/1.1" 304 - "http://www.walleyecentral.com/forums/index.php" "Mozilla/4.0 (compatible; MSIE 7.0; Windows NT 5.1; .NET CLR 1.0.3705; .NET CLR 1.1.4322; Media Center PC 4.0; .NET CLR 2.0.50727; .NET CLR 3.0.4506.2152; .NET CLR 3.5.30729; eMusic DLM/4)"
24.118.103.210 - - [04/Jan/2012:09:17:42 -0500] "GET /forums/picture_for_index.php?pictureid=5033&albumid=556 HTTP/1.1" 200 38085 "http://www.walleyecentral.com/forums/index.php" "Mozilla/4.0 (compatible; MSIE 7.0; Windows NT 5.1; .NET CLR 1.0.3705; .NET CLR 1.1.4322; Media Center PC 4.0; .NET CLR 2.0.50727; .NET CLR 3.0.4506.2152; .NET CLR 3.5.30729; eMusic DLM/4)"
24.118.103.210 - - [04/Jan/2012:09:17:42 -0500] "GET /forums/picture_for_index.php?pictureid=5292&albumid=580 HTTP/1.1" 200 37064 "http://www.walleyecentral.com/forums/index.php" "Mozilla/4.0 (compatible; MSIE 7.0; Windows NT 5.1; .NET CLR 1.0.3705; .NET CLR 1.1.4322; Media Center PC 4.0; .NET CLR 2.0.50727; .NET CLR 3.0.4506.2152; .NET CLR 3.5.30729; eMusic DLM/4)"
66.11.150.236 - - [04/Jan/2012:09:17:42 -0500] "GET /weather.php?pands=52804 HTTP/1.0" 200 24173 "-" "-"
63.232.194.234 - - [04/Jan/2012:09:17:42 -0500] "GET /openx/www/delivery/ajs.php?n=a5212870&zoneid=98&source=&exclude=,&r=800521951&loc=http%3A//www.walleyecentral.com/forums/showthread.php%3Ft%3D156315&referer=http%3A//www.google.com/url%3Fsa%3Dt%26rct%3Dj%26q%3D2050%2520ranger%2520reata%2520weight%2520on%2520trailer%26source%3Dweb%26cd%3D4%26ved%3D0CEQQrAIoAzAD%26url%3Dhttp%253A%252F%252Fwww.walleyecentral.com%252Fforums%252Fshowthread.php%253Ft%253D156315%26ei%3DlV4ET_SKEYX0sQKh1-GQCg%26usg%3DAFQjCNEdUQZN8g9hiCwz4YIjIsEcCjNMEw HTTP/1.1" 200 1274 "http://www.walleyecentral.com/forums/showthread.php?t=156315" "Mozilla/4.0 (compatible; MSIE 8.0; Windows NT 5.1; Trident/4.0; GTB7.2; .NET CLR 2.0.50727; .NET CLR 3.0.4506.2152; .NET CLR 3.5.30729; WinNT-A8I 09.04.2011; IE0006_ver1;EN_US)"
46.17.96.43 - - [04/Jan/2012:09:17:41 -0500] "GET /forums/newreply.php?do=newreply&p=1379049 HTTP/1.0" 200 56533 "http://www.walleyecentral.com/newreply.php?do=newreply&p=1379049" "Mozilla/4.0 (compatible; MSIE 6.0; MSIE 5.5; Windows NT 5.0) Opera 7.02 Bork-edition [en]"
63.232.194.234 - - [04/Jan/2012:09:17:42 -0500] "GET /openx/www/delivery/lg.php?bannerid=34&campaignid=1&zoneid=98&loc=http%3A%2F%2Fwww.walleyecentral.com%2Fforums%2Fshowthread.php%3Ft%3D156315&referer=http%3A%2F%2Fwww.google.com%2Furl%3Fsa%3Dt%26rct%3Dj%26q%3D2050%2520ranger%2520reata%2520weight%2520on%2520trailer%26source%3Dweb%26cd%3D4%26ved%3D0CEQQrAIoAzAD%26url%3Dhttp%253A%252F%252Fwww.walleyecentral.com%252Fforums%252Fshowthread.php%253Ft%253D156315%26ei%3DlV4ET_SKEYX0sQKh1-GQCg%26usg%3DAFQjCNEdUQZN8g9hiCwz4YIjIsEcCjNMEw&cb=08a3ae372f HTTP/1.1" 200 43 "http://www.walleyecentral.com/forums/showthread.php?t=156315" "Mozilla/4.0 (compatible; MSIE 8.0; Windows NT 5.1; Trident/4.0; GTB7.2; .NET CLR 2.0.50727; .NET CLR 3.0.4506.2152; .NET CLR 3.5.30729; WinNT-A8I 09.04.2011; IE0006_ver1;EN_US)"
66.249.71.211 - - [04/Jan/2012:09:17:43 -0500] "GET /forums/archive/index.php/t-51707.html HTTP/1.1" 200 3545 "-" "Mozilla/5.0 (compatible; Googlebot/2.1; +http://www.google.com/bot.html)"
205.134.249.170 - - [04/Jan/2012:09:17:43 -0500] "GET /weather.php?pands=Hubbard%2C+mn HTTP/1.1" 200 16166 "-" "PHP/5.2.17"
205.134.249.170 - - [04/Jan/2012:09:17:43 -0500] "GET /weather.php?pands=43081 HTTP/1.1" 200 16166 "-" "PHP/5.2.17"
166.249.101.106 - - [04/Jan/2012:09:17:44 -0500] "GET /phpQJr/embedjr.php?pid=50&w=175&h=400 HTTP/1.1" 200 1036 "http://www.walleyecentral.com/" "Mozilla/5.0 (Linux; U; Android 2.3.4; en-us; ADR6400L 4G Build/GRJ22) AppleWebKit/533.1 (KHTML, like Gecko) Version/4.0 Mobile Safari/533.1"
66.11.150.236 - - [04/Jan/2012:09:17:44 -0500] "GET /weather.php?pands=57201 HTTP/1.0" 200 24177 "-" "-"
65.52.108.198 - - [04/Jan/2012:09:17:44 -0500] "GET /forums/showthread.php?p=772902&mode=threaded HTTP/1.1" 200 17205 "-" "Mozilla/5.0 (compatible; bingbot/2.0; +http://www.bing.com/bingbot.htm)"
66.11.150.236 - - [04/Jan/2012:09:17:44 -0500] "GET /weather.php?pands=54603 HTTP/1.0" 200 24180 "-" "-"
205.134.249.170 - - [04/Jan/2012:09:17:44 -0500] "GET /weather.php?pands=54113 HTTP/1.1" 200 16166 "-" "PHP/5.2.17"
46.17.96.43 - - [04/Jan/2012:09:17:43 -0500] "POST /forums/newreply.php?do=postreply&t=189236 HTTP/1.0" 200 56346 "http://www.walleyecentral.com/forums/newreply.php?do=newreply&p=1379049" "Mozilla/4.0 (compatible; MSIE 6.0; MSIE 5.5; Windows NT 5.0) Opera 7.02 Bork-edition [en]"
180.76.5.178 - - [04/Jan/2012:09:17:44 -0500] "GET /forums/search.php?searchid=4404887 HTTP/1.1" 200 10520 "-" "Mozilla/5.0 (compatible; Baiduspider/2.0; +http://www.baidu.com/search/spider.html)"
166.249.101.106 - - [04/Jan/2012:09:17:44 -0500] "GET /phpQJr/poll.php?pid=50&url=http%3A//www.walleyecentral.com/ HTTP/1.1" 200 3982 "http://www.walleyecentral.com/" "Mozilla/5.0 (Linux; U; Android 2.3.4; en-us; ADR6400L 4G Build/GRJ22) AppleWebKit/533.1 (KHTML, like Gecko) Version/4.0 Mobile Safari/533.1"
180.76.5.154 - - [04/Jan/2012:09:17:44 -0500] "GET /forums/showthread.php?t=165330&page=3 HTTP/1.1" 200 20658 "-" "Mozilla/5.0 (compatible; Baiduspider/2.0; +http://www.baidu.com/search/spider.html)"
205.134.249.170 - - [04/Jan/2012:09:17:45 -0500] "GET /weather.php?pands=baudette%2C+m HTTP/1.1" 200 16166 "-" "PHP/5.2.17"
205.134.249.170 - - [04/Jan/2012:09:17:45 -0500] "GET /weather.php?pands=44460 HTTP/1.1" 200 16166 "-" "PHP/5.2.17"
66.11.150.236 - - [04/Jan/2012:09:17:46 -0500] "GET /weather.php?pands=66535 HTTP/1.0" 200 24183 "-" "-"
66.11.150.236 - - [04/Jan/2012:09:17:46 -0500] "GET /weather.php?pands=40769 HTTP/1.0" 200 24184 "-" "-"
205.134.249.170 - - [04/Jan/2012:09:17:46 -0500] "GET /weather.php?pands=57350 HTTP/1.1" 200 16166 "-" "PHP/5.2.17"
170.97.167.69 - - [04/Jan/2012:09:17:46 -0500] "GET /forums/index.php HTTP/1.1" 200 21176 "http://www.walleyecentral.com/" "Mozilla/4.0 (compatible; MSIE 7.0; Windows NT 5.1; .NET CLR 2.0.50727; InfoPath.2; .NET CLR 3.0.4506.2152; .NET CLR 3.5.30729; MS-RTC LM 8)"
67.53.78.87 - - [04/Jan/2012:09:17:46 -0500] "GET /forums/showthread.php?t=12492&page=2 HTTP/1.1" 200 26089 "http://www.walleyecentral.com/forums/forumdisplay.php?f=5" "Mozilla/4.0 (compatible; MSIE 8.0; Windows NT 5.1; Trident/4.0; GTB6; .NET CLR 1.1.4322; .NET CLR 2.0.50727; .NET CLR 3.0.4506.2152; .NET CLR 3.5.30729)"
67.53.78.87 - - [04/Jan/2012:09:17:47 -0500] "GET /openx/www/delivery/ajs.php?n=a5212870&zoneid=87&source=&exclude=,&r=877204551&loc=http%3A//www.walleyecentral.com/forums/showthread.php%3Ft%3D12492%26page%3D2&referer=http%3A//www.walleyecentral.com/forums/forumdisplay.php%3Ff%3D5 HTTP/1.1" 200 957 "http://www.walleyecentral.com/forums/showthread.php?t=12492&page=2" "Mozilla/4.0 (compatible; MSIE 8.0; Windows NT 5.1; Trident/4.0; GTB6; .NET CLR 1.1.4322; .NET CLR 2.0.50727; .NET CLR 3.0.4506.2152; .NET CLR 3.5.30729)"
65.52.108.198 - - [04/Jan/2012:09:17:47 -0500] "GET /forums/showthread.php?p=1119703 HTTP/1.1" 200 18991 "-" "Mozilla/5.0 (compatible; bingbot/2.0; +http://www.bing.com/bingbot.htm)"
67.53.78.87 - - [04/Jan/2012:09:17:47 -0500] "GET /forums/image.php?u=30006&dateline=1269725988 HTTP/1.1" 200 1692 "http://www.walleyecentral.com/forums/showthread.php?t=12492&page=2" "Mozilla/4.0 (compatible; MSIE 8.0; Windows NT 5.1; Trident/4.0; GTB6; .NET CLR 1.1.4322; .NET CLR 2.0.50727; .NET CLR 3.0.4506.2152; .NET CLR 3.5.30729)"
67.53.78.87 - - [04/Jan/2012:09:17:47 -0500] "GET /forums/image.php?u=3674&dateline=1235864625 HTTP/1.1" 200 1532 "http://www.walleyecentral.com/forums/showthread.php?t=12492&page=2" "Mozilla/4.0 (compatible; MSIE 8.0; Windows NT 5.1; Trident/4.0; GTB6; .NET CLR 1.1.4322; .NET CLR 2.0.50727; .NET CLR 3.0.4506.2152; .NET CLR 3.5.30729)"
65.52.108.26 - - [04/Jan/2012:09:17:47 -0500] "GET /forums/showthread.php?p=52011 HTTP/1.1" 200 13438 "-" "Mozilla/5.0 (compatible; bingbot/2.0; +http://www.bing.com/bingbot.htm)"
170.97.167.69 - - [04/Jan/2012:09:17:47 -0500] "GET /openx/www/delivery/ajs.php?n=a5212870&zoneid=1&source=&exclude=,&r=757237311&loc=http%3A//www.walleyecentral.com/forums/index.php&referer=http%3A//www.walleyecentral.com/ HTTP/1.1" 200 955 "http://www.walleyecentral.com/forums/index.php" "Mozilla/4.0 (compatible; MSIE 7.0; Windows NT 5.1; .NET CLR 2.0.50727; InfoPath.2; .NET CLR 3.0.4506.2152; .NET CLR 3.5.30729; MS-RTC LM 8)"
67.53.78.87 - - [04/Jan/2012:09:17:47 -0500] "GET /openx/www/delivery/lg.php?bannerid=74&campaignid=1&zoneid=87&loc=http%3A%2F%2Fwww.walleyecentral.com%2Fforums%2Fshowthread.php%3Ft%3D12492%26page%3D2&referer=http%3A%2F%2Fwww.walleyecentral.com%2Fforums%2Fforumdisplay.php%3Ff%3D5&cb=57d66df772 HTTP/1.1" 200 43 "http://www.walleyecentral.com/forums/showthread.php?t=12492&page=2" "Mozilla/4.0 (compatible; MSIE 8.0; Windows NT 5.1; Trident/4.0; GTB6; .NET CLR 1.1.4322; .NET CLR 2.0.50727; .NET CLR 3.0.4506.2152; .NET CLR 3.5.30729)"
66.11.150.236 - - [04/Jan/2012:09:17:48 -0500] "GET /weather.php?pands=51201 HTTP/1.0" 200 24176 "-" "-"
170.97.167.69 - - [04/Jan/2012:09:17:47 -0500] "GET /forums/picture_for_index.php?pictureid=2956&albumid=167 HTTP/1.1" 200 44690 "http://www.walleyecentral.com/forums/index.php" "Mozilla/4.0 (compatible; MSIE 7.0; Windows NT 5.1; .NET CLR 2.0.50727; InfoPath.2; .NET CLR 3.0.4506.2152; .NET CLR 3.5.30729; MS-RTC LM 8)"
205.134.249.170 - - [04/Jan/2012:09:17:48 -0500] "GET /weather.php?pands=garrison%2C+m HTTP/1.1" 200 16166 "-" "PHP/5.2.17"
205.134.249.170 - - [04/Jan/2012:09:17:48 -0500] "GET /weather.php?pands=56377 HTTP/1.1" 200 16166 "-" "PHP/5.2.17"
66.249.71.211 - - [04/Jan/2012:09:17:48 -0500] "GET /forums/archive/index.php/t-5014.html HTTP/1.1" 200 5982 "-" "Mozilla/5.0 (compatible; Googlebot/2.1; +http://www.google.com/bot.html)"
170.97.167.69 - - [04/Jan/2012:09:17:47 -0500] "GET /openx/www/delivery/lg.php?bannerid=6&campaignid=1&zoneid=1&channel_ids=,&loc=http%3A%2F%2Fwww.walleyecentral.com%2Fforums%2Findex.php&referer=http%3A%2F%2Fwww.walleyecentral.com%2F&cb=93406ea60c HTTP/1.1" 200 43 "http://www.walleyecentral.com/forums/index.php" "Mozilla/4.0 (compatible; MSIE 7.0; Windows NT 5.1; .NET CLR 2.0.50727; InfoPath.2; .NET CLR 3.0.4506.2152; .NET CLR 3.5.30729; MS-RTC LM 8)"
166.249.101.106 - - [04/Jan/2012:09:17:48 -0500] "GET /classified/wecIndex.html HTTP/1.1" 301 352 "http://www.walleyecentral.com/" "Mozilla/5.0 (Linux; U; Android 2.3.4; en-us; ADR6400L 4G Build/GRJ22) AppleWebKit/533.1 (KHTML, like Gecko) Version/4.0 Mobile Safari/533.1"
170.97.167.69 - - [04/Jan/2012:09:17:48 -0500] "GET /forums/picture_for_index.php?pictureid=6981&albumid=775 HTTP/1.1" 200 29655 "http://www.walleyecentral.com/forums/index.php" "Mozilla/4.0 (compatible; MSIE 7.0; Windows NT 5.1; .NET CLR 2.0.50727; InfoPath.2; .NET CLR 3.0.4506.2152; .NET CLR 3.5.30729; MS-RTC LM 8)"
170.97.167.69 - - [04/Jan/2012:09:17:48 -0500] "GET /forums/picture_for_index.php?pictureid=1616&albumid=194 HTTP/1.1" 200 56678 "http://www.walleyecentral.com/forums/index.php" "Mozilla/4.0 (compatible; MSIE 7.0; Windows NT 5.1; .NET CLR 2.0.50727; InfoPath.2; .NET CLR 3.0.4506.2152; .NET CLR 3.5.30729; MS-RTC LM 8)"
170.97.167.69 - - [04/Jan/2012:09:17:48 -0500] "GET /forums/picture_for_index.php?pictureid=336&albumid=47 HTTP/1.1" 200 42885 "http://www.walleyecentral.com/forums/index.php" "Mozilla/4.0 (compatible; MSIE 7.0; Windows NT 5.1; .NET CLR 2.0.50727; InfoPath.2; .NET CLR 3.0.4506.2152; .NET CLR 3.5.30729; MS-RTC LM 8)"
66.11.150.236 - - [04/Jan/2012:09:17:48 -0500] "GET /weather.php?pands=52310 HTTP/1.0" 200 24178 "-" "-"
205.134.249.170 - - [04/Jan/2012:09:17:48 -0500] "GET /weather.php?pands=60805 HTTP/1.1" 200 16166 "-" "PHP/5.2.17"
170.97.167.69 - - [04/Jan/2012:09:17:48 -0500] "GET /forums/picture_for_index.php?pictureid=3153&albumid=341 HTTP/1.1" 200 53861 "http://www.walleyecentral.com/forums/index.php" "Mozilla/4.0 (compatible; MSIE 7.0; Windows NT 5.1; .NET CLR 2.0.50727; InfoPath.2; .NET CLR 3.0.4506.2152; .NET CLR 3.5.30729; MS-RTC LM 8)"
170.97.167.69 - - [04/Jan/2012:09:17:49 -0500] "GET /forums/picture_for_index.php?pictureid=1585&albumid=187 HTTP/1.1" 200 14017 "http://www.walleyecentral.com/forums/index.php" "Mozilla/4.0 (compatible; MSIE 7.0; Windows NT 5.1; .NET CLR 2.0.50727; InfoPath.2; .NET CLR 3.0.4506.2152; .NET CLR 3.5.30729; MS-RTC LM 8)"
76.199.12.144 - - [04/Jan/2012:09:17:49 -0500] "GET /openx/www/delivery/ajs.php?n=a5212870&zoneid=47&source=&exclude=,&r=746279841&loc=http%3A//www.walleyecentral.com/forums/showthread.php%3Ft%3D189105%26page%3D3&referer=http%3A//www.walleyecentral.com/forums/forumdisplay.php%3Ff%3D7 HTTP/1.1" 200 973 "http://www.walleyecentral.com/forums/showthread.php?t=189105&page=3" "Mozilla/5.0 (compatible; MSIE 9.0; Windows NT 6.1; WOW64; Trident/5.0)"
213.27.232.210 - - [04/Jan/2012:09:17:48 -0500] "GET /forums/register.php HTTP/1.1" 200 30700 "http://www.walleyecentral.com/forums/register.php" "Mozilla/4.0 (compatible; MSIE 6.0; Windows NT 5.1)"
207.46.13.160 - - [04/Jan/2012:09:17:49 -0500] "GET /forums/showthread.php?p=26865 HTTP/1.1" 200 14362 "-" "Mozilla/5.0 (compatible; bingbot/2.0; +http://www.bing.com/bingbot.htm)"
170.97.167.69 - - [04/Jan/2012:09:17:49 -0500] "GET /forums/picture_for_index.php?pictureid=4643&albumid=412 HTTP/1.1" 200 41398 "http://www.walleyecentral.com/forums/index.php" "Mozilla/4.0 (compatible; MSIE 7.0; Windows NT 5.1; .NET CLR 2.0.50727; InfoPath.2; .NET CLR 3.0.4506.2152; .NET CLR 3.5.30729; MS-RTC LM 8)"
76.199.12.144 - - [04/Jan/2012:09:17:49 -0500] "GET /openx/www/delivery/lg.php?bannerid=102&campaignid=1&zoneid=47&loc=http%3A%2F%2Fwww.walleyecentral.com%2Fforums%2Fshowthread.php%3Ft%3D189105%26page%3D3&referer=http%3A%2F%2Fwww.walleyecentral.com%2Fforums%2Fforumdisplay.php%3Ff%3D7&cb=2e406a2724 HTTP/1.1" 200 43 "http://www.walleyecentral.com/forums/showthread.php?t=189105&page=3" "Mozilla/5.0 (compatible; MSIE 9.0; Windows NT 6.1; WOW64; Trident/5.0)"
24.118.103.210 - - [04/Jan/2012:09:17:49 -0500] "GET /forums/forumdisplay.php?f=32 HTTP/1.1" 200 22715 "http://www.walleyecentral.com/forums/index.php" "Mozilla/4.0 (compatible; MSIE 7.0; Windows NT 5.1; .NET CLR 1.0.3705; .NET CLR 1.1.4322; Media Center PC 4.0; .NET CLR 2.0.50727; .NET CLR 3.0.4506.2152; .NET CLR 3.5.30729; eMusic DLM/4)"
170.97.167.69 - - [04/Jan/2012:09:17:49 -0500] "GET /forums/images/misc/birthday.gif HTTP/1.1" 200 1425 "http://www.walleyecentral.com/forums/index.php" "Mozilla/4.0 (compatible; MSIE 7.0; Windows NT 5.1; .NET CLR 2.0.50727; InfoPath.2; .NET CLR 3.0.4506.2152; .NET CLR 3.5.30729; MS-RTC LM 8)"
24.118.103.210 - - [04/Jan/2012:09:17:49 -0500] "GET /openx/www/delivery/ajs.php?n=a5212870&zoneid=97&source=&exclude=,&r=89458461&loc=http%3A//www.walleyecentral.com/forums/forumdisplay.php%3Ff%3D32&referer=http%3A//www.walleyecentral.com/forums/index.php HTTP/1.1" 200 1001 "http://www.walleyecentral.com/forums/forumdisplay.php?f=32" "Mozilla/4.0 (compatible; MSIE 7.0; Windows NT 5.1; .NET CLR 1.0.3705; .NET CLR 1.1.4322; Media Center PC 4.0; .NET CLR 2.0.50727; .NET CLR 3.0.4506.2152; .NET CLR 3.5.30729; eMusic DLM/4)"
180.76.6.231 - - [04/Jan/2012:09:17:49 -0500] "GET /forums/showthread.php?t=164973 HTTP/1.1" 200 13854 "-" "Mozilla/5.0 (compatible; Baiduspider/2.0; +http://www.baidu.com/search/spider.html)"
65.52.108.198 - - [04/Jan/2012:09:17:49 -0500] "GET /forums/archive/index.php/t-7890.html HTTP/1.1" 200 18296 "-" "Mozilla/5.0 (compatible; bingbot/2.0; +http://www.bing.com/bingbot.htm)"
24.118.103.210 - - [04/Jan/2012:09:17:50 -0500] "GET /openx/www/delivery/ai.php?filename=ranger-dreamrig2.jpg&contenttype=jpeg HTTP/1.1" 304 - "http://www.walleyecentral.com/forums/forumdisplay.php?f=32" "Mozilla/4.0 (compatible; MSIE 7.0; Windows NT 5.1; .NET CLR 1.0.3705; .NET CLR 1.1.4322; Media Center PC 4.0; .NET CLR 2.0.50727; .NET CLR 3.0.4506.2152; .NET CLR 3.5.30729; eMusic DLM/4)"
66.11.150.236 - - [04/Jan/2012:09:17:50 -0500] "GET /weather.php?pands=51360 HTTP/1.0" 200 24172 "-" "-"
205.134.249.170 - - [04/Jan/2012:09:17:50 -0500] "GET /weather.php?pands=reeder%2C+nd HTTP/1.1" 200 16166 "-" "PHP/5.2.17"
205.134.249.170 - - [04/Jan/2012:09:17:50 -0500] "GET /weather.php?pands=51031 HTTP/1.1" 200 16166 "-" "PHP/5.2.17"
24.118.103.210 - - [04/Jan/2012:09:17:50 -0500] "GET /openx/www/delivery/lg.php?bannerid=65&campaignid=1&zoneid=97&loc=http%3A%2F%2Fwww.walleyecentral.com%2Fforums%2Fforumdisplay.php%3Ff%3D32&referer=http%3A%2F%2Fwww.walleyecentral.com%2Fforums%2Findex.php&cb=3aa8f67aff HTTP/1.1" 200 43 "http://www.walleyecentral.com/forums/forumdisplay.php?f=32" "Mozilla/4.0 (compatible; MSIE 7.0; Windows NT 5.1; .NET CLR 1.0.3705; .NET CLR 1.1.4322; Media Center PC 4.0; .NET CLR 2.0.50727; .NET CLR 3.0.4506.2152; .NET CLR 3.5.30729; eMusic DLM/4)"
66.11.150.236 - - [04/Jan/2012:09:17:50 -0500] "GET /weather.php?pands=67230 HTTP/1.0" 200 24178 "-" "-"
72.14.202.87 - - [04/Jan/2012:09:17:50 -0500] "GET /forums/archive/index.php/t-148103.html HTTP/1.1" 200 25034 "-" "Mozilla/5.0 (X11; Linux x86_64) AppleWebKit/534.51 (KHTML, like Gecko; Google Web Preview) Chrome/12.0.742 Safari/534.51"
205.134.249.170 - - [04/Jan/2012:09:17:50 -0500] "GET /weather.php?pands=59044 HTTP/1.1" 200 16166 "-" "PHP/5.2.17"
76.199.12.144 - - [04/Jan/2012:09:17:51 -0500] "GET /openx/www/delivery/ajs.php?n=a5212870&zoneid=44&source=&exclude=,&r=479436321&loc=http%3A//www.walleyecentral.com/forums/forumdisplay.php%3Ff%3D7 HTTP/1.1" 200 844 "http://www.walleyecentral.com/forums/forumdisplay.php?f=7" "Mozilla/5.0 (compatible; MSIE 9.0; Windows NT 6.1; WOW64; Trident/5.0)"
76.199.12.144 - - [04/Jan/2012:09:17:51 -0500] "GET /openx/www/delivery/lg.php?bannerid=43&campaignid=1&zoneid=44&loc=http%3A%2F%2Fwww.walleyecentral.com%2Fforums%2Fforumdisplay.php%3Ff%3D7&cb=d74e2ac174 HTTP/1.1" 200 43 "http://www.walleyecentral.com/forums/forumdisplay.php?f=7" "Mozilla/5.0 (compatible; MSIE 9.0; Windows NT 6.1; WOW64; Trident/5.0)"
66.11.150.236 - - [04/Jan/2012:09:17:52 -0500] "GET /weather.php?pands=Huron+OH HTTP/1.0" 200 24228 "-" "-"
66.11.150.236 - - [04/Jan/2012:09:17:52 -0500] "GET /weather.php?pands=56166 HTTP/1.0" 200 24273 "-" "-"
205.134.249.170 - - [04/Jan/2012:09:17:52 -0500] "GET /weather.php?pands=isabella%2C+m HTTP/1.1" 200 16166 "-" "PHP/5.2.17"
205.134.249.170 - - [04/Jan/2012:09:17:52 -0500] "GET /weather.php?pands=51003 HTTP/1.1" 200 16166 "-" "PHP/5.2.17"
65.52.108.198 - - [04/Jan/2012:09:17:52 -0500] "GET /forums/showthread.php?p=832193&mode=threaded HTTP/1.1" 200 14622 "-" "Mozilla/5.0 (compatible; bingbot/2.0; +http://www.bing.com/bingbot.htm)"
66.249.71.211 - - [04/Jan/2012:09:17:52 -0500] "GET /forums/archive/index.php/t-50587.html HTTP/1.1" 200 2800 "-" "Mozilla/5.0 (compatible; Googlebot/2.1; +http://www.google.com/bot.html)"
65.52.108.26 - - [04/Jan/2012:09:17:52 -0500] "GET /forums/misc.php?do=whoposted&t=51258 HTTP/1.1" 200 7232 "-" "Mozilla/5.0 (compatible; bingbot/2.0; +http://www.bing.com/bingbot.htm)"
205.134.249.170 - - [04/Jan/2012:09:17:52 -0500] "GET /weather.php?pands=60611 HTTP/1.1" 200 16166 "-" "PHP/5.2.17"
216.16.67.98 - - [04/Jan/2012:09:17:53 -0500] "GET /forums/forumdisplay.php?f=6 HTTP/1.1" 200 22351 "http://www.walleyecentral.com/" "Mozilla/4.0 (compatible; MSIE 8.0; Windows NT 5.1; Trident/4.0; GTB7.2)"
66.11.150.236 - - [04/Jan/2012:09:17:54 -0500] "GET /weather.php?pands=48446 HTTP/1.0" 200 24172 "-" "-"
199.59.149.45 - - [04/Jan/2012:09:17:54 -0500] "HEAD /forums/index.php HTTP/1.1" 200 - "-" "Twitterbot/0.1"
66.11.150.236 - - [04/Jan/2012:09:17:54 -0500] "GET /weather.php?pands=44113 HTTP/1.0" 200 24177 "-" "-"
216.16.67.98 - - [04/Jan/2012:09:17:54 -0500] "GET /openx/www/delivery/ajs.php?n=a5212870&zoneid=16&source=&exclude=,&r=645387991&loc=http%3A//www.walleyecentral.com/forums/forumdisplay.php%3Ff%3D6&referer=http%3A//www.walleyecentral.com/ HTTP/1.1" 200 998 "http://www.walleyecentral.com/forums/forumdisplay.php?f=6" "Mozilla/4.0 (compatible; MSIE 8.0; Windows NT 5.1; Trident/4.0; GTB7.2)"
180.76.5.103 - - [04/Jan/2012:09:17:53 -0500] "GET /forums/showthread.php?t=164696 HTTP/1.1" 200 13506 "-" "Mozilla/5.0 (compatible; Baiduspider/2.0; +http://www.baidu.com/search/spider.html)"
216.16.67.98 - - [04/Jan/2012:09:17:54 -0500] "GET /openx/www/delivery/ai.php?filename=fleet-farm.gif&contenttype=gif HTTP/1.1" 304 - "http://www.walleyecentral.com/forums/forumdisplay.php?f=6" "Mozilla/4.0 (compatible; MSIE 8.0; Windows NT 5.1; Trident/4.0; GTB7.2)"
205.134.249.170 - - [04/Jan/2012:09:17:54 -0500] "GET /weather.php?pands=45503 HTTP/1.1" 200 16166 "-" "PHP/5.2.17"
205.134.249.170 - - [04/Jan/2012:09:17:54 -0500] "GET /weather.php?pands=54002 HTTP/1.1" 200 16166 "-" "PHP/5.2.17"
216.16.67.98 - - [04/Jan/2012:09:17:54 -0500] "GET /openx/www/delivery/lg.php?bannerid=89&campaignid=1&zoneid=16&loc=http%3A%2F%2Fwww.walleyecentral.com%2Fforums%2Fforumdisplay.php%3Ff%3D6&referer=http%3A%2F%2Fwww.walleyecentral.com%2F&cb=ad1f68a649 HTTP/1.1" 200 43 "http://www.walleyecentral.com/forums/forumdisplay.php?f=6" "Mozilla/4.0 (compatible; MSIE 8.0; Windows NT 5.1; Trident/4.0; GTB7.2)"
65.52.108.198 - - [04/Jan/2012:09:17:54 -0500] "GET /articles/?a=2178 HTTP/1.1" 200 26620 "-" "Mozilla/5.0 (compatible; bingbot/2.0; +http://www.bing.com/bingbot.htm)"
205.134.249.170 - - [04/Jan/2012:09:17:55 -0500] "GET /weather.php?pands=56359 HTTP/1.1" 200 16166 "-" "PHP/5.2.17"
66.11.150.236 - - [04/Jan/2012:09:17:56 -0500] "GET /weather.php?pands=54956 HTTP/1.0" 200 24172 "-" "-"
184.6.103.113 - - [04/Jan/2012:09:17:56 -0500] "GET /openx/www/delivery/ajs.php?n=a5212870&zoneid=97&source=&exclude=,&r=642156491&loc=http%3A//www.walleyecentral.com/forums/forumdisplay.php%3Ff%3D32&referer=http%3A//www.walleyecentral.com/forums/index.php HTTP/1.1" 200 964 "http://www.walleyecentral.com/forums/forumdisplay.php?f=32" "Mozilla/5.0 (Linux; U; Android 3.2.1; en-us; A500 Build/HTK55D) AppleWebKit/534.13 (KHTML, like Gecko) Version/4.0 Safari/534.13"
66.11.150.236 - - [04/Jan/2012:09:17:56 -0500] "GET /weather.php?pands=50644 HTTP/1.0" 200 24182 "-" "-"
205.134.249.170 - - [04/Jan/2012:09:17:56 -0500] "GET /weather.php?pands=61761 HTTP/1.1" 200 16166 "-" "PHP/5.2.17"
205.134.249.170 - - [04/Jan/2012:09:17:56 -0500] "GET /weather.php?pands=54016 HTTP/1.1" 200 16166 "-" "PHP/5.2.17"
66.249.71.211 - - [04/Jan/2012:09:17:57 -0500] "GET /forums/archive/index.php/t-53266.html HTTP/1.1" 200 3618 "-" "Mozilla/5.0 (compatible; Googlebot/2.1; +http://www.google.com/bot.html)"
184.6.103.113 - - [04/Jan/2012:09:17:56 -0500] "GET /openx/www/delivery/lg.php?bannerid=71&campaignid=1&zoneid=97&loc=http%3A%2F%2Fwww.walleyecentral.com%2Fforums%2Fforumdisplay.php%3Ff%3D32&referer=http%3A%2F%2Fwww.walleyecentral.com%2Fforums%2Findex.php&cb=e383c07523 HTTP/1.1" 200 43 "http://www.walleyecentral.com/forums/forumdisplay.php?f=32" "Mozilla/5.0 (Linux; U; Android 3.2.1; en-us; A500 Build/HTK55D) AppleWebKit/534.13 (KHTML, like Gecko) Version/4.0 Safari/534.13"
205.134.249.170 - - [04/Jan/2012:09:17:57 -0500] "GET /weather.php?pands=53081 HTTP/1.1" 200 16166 "-" "PHP/5.2.17"
65.52.108.198 - - [04/Jan/2012:09:17:57 -0500] "GET /forums/showthread.php?p=1190&page=2 HTTP/1.1" 200 19503 "-" "Mozilla/5.0 (compatible; bingbot/2.0; +http://www.bing.com/bingbot.htm)"
65.52.108.26 - - [04/Jan/2012:09:17:57 -0500] "GET /forums/search.php?do=finduser&u=45673&starteronly=1 HTTP/1.1" 200 10533 "-" "Mozilla/5.0 (compatible; bingbot/2.0; +http://www.bing.com/bingbot.htm)"
205.134.249.170 - - [04/Jan/2012:09:17:58 -0500] "GET /weather.php?pands=56636 HTTP/1.1" 200 16166 "-" "PHP/5.2.17"
180.76.5.98 - - [04/Jan/2012:09:17:58 -0500] "GET /forums/showthread.php?t=164667 HTTP/1.1" 200 13687 "-" "Mozilla/5.0 (compatible; Baiduspider/2.0; +http://www.baidu.com/search/spider.html)"
180.76.5.66 - - [04/Jan/2012:09:17:58 -0500] "GET /forums/search.php?searchid=4405826 HTTP/1.1" 200 10526 "-" "Mozilla/5.0 (compatible; Baiduspider/2.0; +http://www.baidu.com/search/spider.html)"
205.134.249.170 - - [04/Jan/2012:09:17:59 -0500] "GET /weather.php?pands=55303 HTTP/1.1" 200 16166 "-" "PHP/5.2.17"
66.11.150.236 - - [04/Jan/2012:09:17:58 -0500] "GET /weather.php?pands=80920 HTTP/1.0" 200 24218 "-" "-"
66.11.150.236 - - [04/Jan/2012:09:17:58 -0500] "GET /weather.php?pands=43062 HTTP/1.0" 200 24181 "-" "-"
66.11.150.236 - - [04/Jan/2012:09:18:00 -0500] "GET /weather.php?pands=68136 HTTP/1.0" 200 24271 "-" "-"
170.97.167.69 - - [04/Jan/2012:09:17:58 -0500] "GET /forums/forumdisplay.php?f=5 HTTP/1.1" 200 23932 "http://www.walleyecentral.com/forums/index.php" "Mozilla/4.0 (compatible; MSIE 7.0; Windows NT 5.1; .NET CLR 2.0.50727; InfoPath.2; .NET CLR 3.0.4506.2152; .NET CLR 3.5.30729; MS-RTC LM 8)"
66.11.150.236 - - [04/Jan/2012:09:18:00 -0500] "GET /weather.php?pands=54772 HTTP/1.0" 200 24179 "-" "-"
170.97.167.69 - - [04/Jan/2012:09:18:01 -0500] "GET /openx/www/delivery/ajs.php?n=a5212870&zoneid=86&source=&exclude=,&r=278094991&loc=http%3A//www.walleyecentral.com/forums/forumdisplay.php%3Ff%3D5&referer=http%3A//www.walleyecentral.com/forums/index.php HTTP/1.1" 200 990 "http://www.walleyecentral.com/forums/forumdisplay.php?f=5" "Mozilla/4.0 (compatible; MSIE 7.0; Windows NT 5.1; .NET CLR 2.0.50727; InfoPath.2; .NET CLR 3.0.4506.2152; .NET CLR 3.5.30729; MS-RTC LM 8)"
184.6.103.113 - - [04/Jan/2012:09:18:00 -0500] "GET /forums/showthread.php?t=188287 HTTP/1.1" 200 20583 "http://www.walleyecentral.com/forums/forumdisplay.php?f=32" "Mozilla/5.0 (Linux; U; Android 3.2.1; en-us; A500 Build/HTK55D) AppleWebKit/534.13 (KHTML, like Gecko) Version/4.0 Safari/534.13"
205.134.249.170 - - [04/Jan/2012:09:18:00 -0500] "GET /weather.php?pands=52214 HTTP/1.1" 200 16166 "-" "PHP/5.2.17"
184.6.103.113 - - [04/Jan/2012:09:18:01 -0500] "GET /openx/www/delivery/ajs.php?n=a5212870&zoneid=98&source=&exclude=,&r=961688721&loc=http%3A//www.walleyecentral.com/forums/showthread.php%3Ft%3D188287&referer=http%3A//www.walleyecentral.com/forums/forumdisplay.php%3Ff%3D32 HTTP/1.1" 200 953 "http://www.walleyecentral.com/forums/showthread.php?t=188287" "Mozilla/5.0 (Linux; U; Android 3.2.1; en-us; A500 Build/HTK55D) AppleWebKit/534.13 (KHTML, like Gecko) Version/4.0 Safari/534.13"
95.211.74.85 - - [04/Jan/2012:09:18:00 -0500] "GET /forums/showthread.php?s=23bc4ac68e521611af9fa6e5347053ea&t=186796&goto=nextnewest HTTP/1.1" 200 71460 "-" "Mozilla/4.0 (compatible; MSIE 7.0; Windows NT 5.2; .NET CLR 2.0;)"
184.6.103.113 - - [04/Jan/2012:09:18:01 -0500] "GET /forums/images/smilies/smile.gif HTTP/1.1" 200 1061 "http://www.walleyecentral.com/forums/showthread.php?t=188287" "Mozilla/5.0 (Linux; U; Android 3.2.1; en-us; A500 Build/HTK55D) AppleWebKit/534.13 (KHTML, like Gecko) Version/4.0 Safari/534.13"
184.6.103.113 - - [04/Jan/2012:09:18:01 -0500] "GET /forums/images/icons/icon10.gif HTTP/1.1" 200 1049 "http://www.walleyecentral.com/forums/showthread.php?t=188287" "Mozilla/5.0 (Linux; U; Android 3.2.1; en-us; A500 Build/HTK55D) AppleWebKit/534.13 (KHTML, like Gecko) Version/4.0 Safari/534.13"
184.6.103.113 - - [04/Jan/2012:09:18:01 -0500] "GET /forums/image.php?u=7512&dateline=1237644329 HTTP/1.1" 200 7246 "http://www.walleyecentral.com/forums/showthread.php?t=188287" "Mozilla/5.0 (Linux; U; Android 3.2.1; en-us; A500 Build/HTK55D) AppleWebKit/534.13 (KHTML, like Gecko) Version/4.0 Safari/534.13"
170.97.167.69 - - [04/Jan/2012:09:18:01 -0500] "GET /openx/www/delivery/lg.php?bannerid=6&campaignid=1&zoneid=86&channel_ids=,&loc=http%3A%2F%2Fwww.walleyecentral.com%2Fforums%2Fforumdisplay.php%3Ff%3D5&referer=http%3A%2F%2Fwww.walleyecentral.com%2Fforums%2Findex.php&cb=90cb5d7292 HTTP/1.1" 200 43 "http://www.walleyecentral.com/forums/forumdisplay.php?f=5" "Mozilla/4.0 (compatible; MSIE 7.0; Windows NT 5.1; .NET CLR 2.0.50727; InfoPath.2; .NET CLR 3.0.4506.2152; .NET CLR 3.5.30729; MS-RTC LM 8)"
66.249.71.211 - - [04/Jan/2012:09:18:01 -0500] "GET /forums/archive/index.php/t-52886.html HTTP/1.1" 200 2005 "-" "Mozilla/5.0 (compatible; Googlebot/2.1; +http://www.google.com/bot.html)"
184.6.103.113 - - [04/Jan/2012:09:18:01 -0500] "GET /forums/attachment.php?attachmentid=12563&stc=1&thumb=1&d=1323122730 HTTP/1.1" 200 3573 "http://www.walleyecentral.com/forums/showthread.php?t=188287" "Mozilla/5.0 (Linux; U; Android 3.2.1; en-us; A500 Build/HTK55D) AppleWebKit/534.13 (KHTML, like Gecko) Version/4.0 Safari/534.13"
205.134.249.170 - - [04/Jan/2012:09:18:01 -0500] "GET /weather.php?pands=83251 HTTP/1.1" 200 16166 "-" "PHP/5.2.17"
184.6.103.113 - - [04/Jan/2012:09:18:01 -0500] "GET /openx/www/delivery/lg.php?bannerid=97&campaignid=1&zoneid=98&loc=http%3A%2F%2Fwww.walleyecentral.com%2Fforums%2Fshowthread.php%3Ft%3D188287&referer=http%3A%2F%2Fwww.walleyecentral.com%2Fforums%2Fforumdisplay.php%3Ff%3D32&cb=831b606977 HTTP/1.1" 200 43 "http://www.walleyecentral.com/forums/showthread.php?t=188287" "Mozilla/5.0 (Linux; U; Android 3.2.1; en-us; A500 Build/HTK55D) AppleWebKit/534.13 (KHTML, like Gecko) Version/4.0 Safari/534.13"
66.11.150.236 - - [04/Jan/2012:09:18:02 -0500] "GET /weather.php?pands=Platte%2C+SD HTTP/1.0" 200 24240 "-" "-"
66.11.150.236 - - [04/Jan/2012:09:18:02 -0500] "GET /weather.php?pands=50801 HTTP/1.0" 200 24176 "-" "-"
205.134.249.170 - - [04/Jan/2012:09:18:03 -0500] "GET /weather.php?pands=central+cit HTTP/1.1" 200 16166 "-" "PHP/5.2.17"
24.118.103.210 - - [04/Jan/2012:09:18:03 -0500] "GET /forums/forumdisplay.php?f=33 HTTP/1.1" 200 22536 "http://www.walleyecentral.com/forums/forumdisplay.php?f=32" "Mozilla/4.0 (compatible; MSIE 7.0; Windows NT 5.1; .NET CLR 1.0.3705; .NET CLR 1.1.4322; Media Center PC 4.0; .NET CLR 2.0.50727; .NET CLR 3.0.4506.2152; .NET CLR 3.5.30729; eMusic DLM/4)"
24.118.103.210 - - [04/Jan/2012:09:18:03 -0500] "GET /openx/www/delivery/ajs.php?n=a5212870&zoneid=101&source=&exclude=,&r=549048081&loc=http%3A//www.walleyecentral.com/forums/forumdisplay.php%3Ff%3D33&referer=http%3A//www.walleyecentral.com/forums/forumdisplay.php%3Ff%3D32 HTTP/1.1" 200 946 "http://www.walleyecentral.com/forums/forumdisplay.php?f=33" "Mozilla/4.0 (compatible; MSIE 7.0; Windows NT 5.1; .NET CLR 1.0.3705; .NET CLR 1.1.4322; Media Center PC 4.0; .NET CLR 2.0.50727; .NET CLR 3.0.4506.2152; .NET CLR 3.5.30729; eMusic DLM/4)"
180.76.5.110 - - [04/Jan/2012:09:18:03 -0500] "GET /forums/showthread.php?t=16464 HTTP/1.1" 200 13683 "-" "Mozilla/5.0 (compatible; Baiduspider/2.0; +http://www.baidu.com/search/spider.html)"
24.118.103.210 - - [04/Jan/2012:09:18:03 -0500] "GET /openx/www/delivery/ai.php?filename=brainerd_props_2.jpg&contenttype=jpeg HTTP/1.1" 304 - "http://www.walleyecentral.com/forums/forumdisplay.php?f=33" "Mozilla/4.0 (compatible; MSIE 7.0; Windows NT 5.1; .NET CLR 1.0.3705; .NET CLR 1.1.4322; Media Center PC 4.0; .NET CLR 2.0.50727; .NET CLR 3.0.4506.2152; .NET CLR 3.5.30729; eMusic DLM/4)"
24.118.103.210 - - [04/Jan/2012:09:18:03 -0500] "GET /forums/images/icons/icon8.gif HTTP/1.1" 304 - "http://www.walleyecentral.com/forums/forumdisplay.php?f=33" "Mozilla/4.0 (compatible; MSIE 7.0; Windows NT 5.1; .NET CLR 1.0.3705; .NET CLR 1.1.4322; Media Center PC 4.0; .NET CLR 2.0.50727; .NET CLR 3.0.4506.2152; .NET CLR 3.5.30729; eMusic DLM/4)"
205.134.249.170 - - [04/Jan/2012:09:18:03 -0500] "GET /weather.php?pands=53520 HTTP/1.1" 200 16166 "-" "PHP/5.2.17"
24.118.103.210 - - [04/Jan/2012:09:18:03 -0500] "GET /openx/www/delivery/lg.php?bannerid=80&campaignid=1&zoneid=101&loc=http%3A%2F%2Fwww.walleyecentral.com%2Fforums%2Fforumdisplay.php%3Ff%3D33&referer=http%3A%2F%2Fwww.walleyecentral.com%2Fforums%2Fforumdisplay.php%3Ff%3D32&cb=02b0bf5e81 HTTP/1.1" 200 43 "http://www.walleyecentral.com/forums/forumdisplay.php?f=33" "Mozilla/4.0 (compatible; MSIE 7.0; Windows NT 5.1; .NET CLR 1.0.3705; .NET CLR 1.1.4322; Media Center PC 4.0; .NET CLR 2.0.50727; .NET CLR 3.0.4506.2152; .NET CLR 3.5.30729; eMusic DLM/4)"
66.11.150.236 - - [04/Jan/2012:09:18:04 -0500] "GET /weather.php?pands=52722 HTTP/1.0" 200 24181 "-" "-"
66.11.150.236 - - [04/Jan/2012:09:18:04 -0500] "GET /weather.php?pands=44811 HTTP/1.0" 200 24168 "-" "-"
216.16.67.98 - - [04/Jan/2012:09:18:04 -0500] "GET /forums/forumdisplay.php?f=7 HTTP/1.1" 200 23127 "http://www.walleyecentral.com/" "Mozilla/4.0 (compatible; MSIE 8.0; Windows NT 5.1; Trident/4.0; GTB7.2)"
216.16.67.98 - - [04/Jan/2012:09:18:05 -0500] "GET /openx/www/delivery/ajs.php?n=a5212870&zoneid=44&source=&exclude=,&r=818901021&loc=http%3A//www.walleyecentral.com/forums/forumdisplay.php%3Ff%3D7&referer=http%3A//www.walleyecentral.com/ HTTP/1.1" 200 895 "http://www.walleyecentral.com/forums/forumdisplay.php?f=7" "Mozilla/4.0 (compatible; MSIE 8.0; Windows NT 5.1; Trident/4.0; GTB7.2)"
205.134.249.170 - - [04/Jan/2012:09:18:05 -0500] "GET /weather.php?pands=56669 HTTP/1.1" 200 16166 "-" "PHP/5.2.17"
216.16.67.98 - - [04/Jan/2012:09:18:05 -0500] "GET /openx/www/delivery/ai.php?filename=obab_camp.jpg&contenttype=jpeg HTTP/1.1" 304 - "http://www.walleyecentral.com/forums/forumdisplay.php?f=7" "Mozilla/4.0 (compatible; MSIE 8.0; Windows NT 5.1; Trident/4.0; GTB7.2)"
216.16.67.98 - - [04/Jan/2012:09:18:05 -0500] "GET /forums/images/icons/icon4.gif HTTP/1.1" 304 - "http://www.walleyecentral.com/forums/forumdisplay.php?f=7" "Mozilla/4.0 (compatible; MSIE 8.0; Windows NT 5.1; Trident/4.0; GTB7.2)"
216.16.67.98 - - [04/Jan/2012:09:18:05 -0500] "GET /forums/images/icons/icon5.gif HTTP/1.1" 304 - "http://www.walleyecentral.com/forums/forumdisplay.php?f=7" "Mozilla/4.0 (compatible; MSIE 8.0; Windows NT 5.1; Trident/4.0; GTB7.2)"
216.16.67.98 - - [04/Jan/2012:09:18:05 -0500] "GET /openx/www/delivery/lg.php?bannerid=43&campaignid=1&zoneid=44&loc=http%3A%2F%2Fwww.walleyecentral.com%2Fforums%2Fforumdisplay.php%3Ff%3D7&referer=http%3A%2F%2Fwww.walleyecentral.com%2F&cb=e975b7a693 HTTP/1.1" 200 43 "http://www.walleyecentral.com/forums/forumdisplay.php?f=7" "Mozilla/4.0 (compatible; MSIE 8.0; Windows NT 5.1; Trident/4.0; GTB7.2)"
205.134.249.170 - - [04/Jan/2012:09:18:05 -0500] "GET /weather.php?pands=48150 HTTP/1.1" 200 16166 "-" "PHP/5.2.17"
66.249.71.211 - - [04/Jan/2012:09:18:06 -0500] "GET /forums/archive/index.php/t-53149.html HTTP/1.1" 200 1886 "-" "Mozilla/5.0 (compatible; Googlebot/2.1; +http://www.google.com/bot.html)"
99.157.224.150 - - [04/Jan/2012:09:18:06 -0500] "GET /openx/www/delivery/ajs.php?n=a5212870&zoneid=101&source=&exclude=,&r=937256891&loc=http%3A//www.walleyecentral.com/forums/forumdisplay.php%3Ff%3D33&referer=http%3A//www.walleyecentral.com/forums/index.php HTTP/1.1" 200 930 "http://www.walleyecentral.com/forums/forumdisplay.php?f=33" "Mozilla/4.0 (compatible; MSIE 8.0; Windows NT 6.1; WOW64; Trident/4.0; SLCC2; .NET CLR 2.0.50727; .NET CLR 3.5.30729; .NET CLR 3.0.30729; Media Center PC 6.0; CPNTDF; BRI/1; BRI/2; .NET4.0C; .NAP 1.1)"
66.11.150.236 - - [04/Jan/2012:09:18:06 -0500] "GET /weather.php?pands=56308 HTTP/1.0" 200 24183 "-" "-"
66.11.150.236 - - [04/Jan/2012:09:18:06 -0500] "GET /weather.php?pands=backus%2C+MN HTTP/1.0" 200 24240 "-" "-"
99.157.224.150 - - [04/Jan/2012:09:18:06 -0500] "GET /openx/www/delivery/lg.php?bannerid=80&campaignid=1&zoneid=101&loc=http%3A%2F%2Fwww.walleyecentral.com%2Fforums%2Fforumdisplay.php%3Ff%3D33&referer=http%3A%2F%2Fwww.walleyecentral.com%2Fforums%2Findex.php&cb=1d9d87b41d HTTP/1.1" 200 43 "http://www.walleyecentral.com/forums/forumdisplay.php?f=33" "Mozilla/4.0 (compatible; MSIE 8.0; Windows NT 6.1; WOW64; Trident/4.0; SLCC2; .NET CLR 2.0.50727; .NET CLR 3.5.30729; .NET CLR 3.0.30729; Media Center PC 6.0; CPNTDF; BRI/1; BRI/2; .NET4.0C; .NAP 1.1)"
205.134.249.170 - - [04/Jan/2012:09:18:07 -0500] "GET /weather.php?pands=58104 HTTP/1.1" 200 16166 "-" "PHP/5.2.17"
205.134.249.170 - - [04/Jan/2012:09:18:08 -0500] "GET /weather.php?pands=Mount+Cleme HTTP/1.1" 200 16166 "-" "PHP/5.2.17"
66.11.150.236 - - [04/Jan/2012:09:18:08 -0500] "GET /weather.php?pands=801017 HTTP/1.0" 200 20832 "-" "-"
180.76.5.91 - - [04/Jan/2012:09:18:07 -0500] "GET /forums/showthread.php?t=164616 HTTP/1.1" 200 14321 "-" "Mozilla/5.0 (compatible; Baiduspider/2.0; +http://www.baidu.com/search/spider.html)"
66.11.150.236 - - [04/Jan/2012:09:18:08 -0500] "GET /weather.php?pands=64155 HTTP/1.0" 200 24176 "-" "-"
208.248.109.132 - - [04/Jan/2012:09:18:08 -0500] "GET /themes/default/theme.css HTTP/1.1" 200 6726 "http://www.walleyecentral.com/" "Mozilla/5.0 (compatible; MSIE 9.0; Windows NT 6.1; WOW64; Trident/5.0)"
208.248.109.132 - - [04/Jan/2012:09:18:08 -0500] "GET /themes/default/common.css HTTP/1.1" 200 688 "http://www.walleyecentral.com/" "Mozilla/5.0 (compatible; MSIE 9.0; Windows NT 6.1; WOW64; Trident/5.0)"
208.248.109.132 - - [04/Jan/2012:09:18:08 -0500] "GET /themes/default/common.css HTTP/1.1" 200 688 "http://www.walleyecentral.com/" "Mozilla/5.0 (compatible; MSIE 9.0; Windows NT 6.1; WOW64; Trident/5.0)"
