184.100.67.172 - - [04/Jan/2012:09:16:27 -0500] "GET /themes/default/images/x.gif HTTP/1.1" 304 - "http://walleyecentral.com/" "Mozilla/4.0 (compatible; MSIE 8.0; Windows NT 6.1; WOW64; Trident/4.0; GTB7.2; SLCC2; .NET CLR 2.0.50727; .NET CLR 3.5.30729; .NET CLR 3.0.30729; Media Center PC 6.0; .NET4.0C)"
184.100.67.172 - - [04/Jan/2012:09:16:27 -0500] "GET /themes/default/images/ranger_icon.jpg HTTP/1.1" 304 - "http://walleyecentral.com/" "Mozilla/4.0 (compatible; MSIE 8.0; Windows NT 6.1; WOW64; Trident/4.0; GTB7.2; SLCC2; .NET CLR 2.0.50727; .NET CLR 3.5.30729; .NET CLR 3.0.30729; Media Center PC 6.0; .NET4.0C)"
184.100.67.172 - - [04/Jan/2012:09:16:27 -0500] "GET /images/wc-hoodie.jpg HTTP/1.1" 304 - "http://walleyecentral.com/" "Mozilla/4.0 (compatible; MSIE 8.0; Windows NT 6.1; WOW64; Trident/4.0; GTB7.2; SLCC2; .NET CLR 2.0.50727; .NET CLR 3.5.30729; .NET CLR 3.0.30729; Media Center PC 6.0; .NET4.0C)"
184.100.67.172 - - [04/Jan/2012:09:16:27 -0500] "GET /images/fishhuron.jpg HTTP/1.1" 304 - "http://walleyecentral.com/" "Mozilla/4.0 (compatible; MSIE 8.0; Windows NT 6.1; WOW64; Trident/4.0; GTB7.2; SLCC2; .NET CLR 2.0.50727; .NET CLR 3.5.30729; .NET CLR 3.0.30729; Media Center PC 6.0; .NET4.0C)"
184.100.67.172 - - [04/Jan/2012:09:16:27 -0500] "GET /themes/default/images/edit.gif HTTP/1.1" 304 - "http://walleyecentral.com/" "Mozilla/4.0 (compatible; MSIE 8.0; Windows NT 6.1; WOW64; Trident/4.0; GTB7.2; SLCC2; .NET CLR 2.0.50727; .NET CLR 3.5.30729; .NET CLR 3.0.30729; Media Center PC 6.0; .NET4.0C)"
184.100.67.172 - - [04/Jan/2012:09:16:27 -0500] "GET /images/facebook.jpg HTTP/1.1" 304 - "http://walleyecentral.com/" "Mozilla/4.0 (compatible; MSIE 8.0; Windows NT 6.1; WOW64; Trident/4.0; GTB7.2; SLCC2; .NET CLR 2.0.50727; .NET CLR 3.5.30729; .NET CLR 3.0.30729; Media Center PC 6.0; .NET4.0C)"
184.100.67.172 - - [04/Jan/2012:09:16:27 -0500] "GET /dbimages/tenpoundclub-2011-12-23-141169268thumbnail.jpg HTTP/1.1" 304 - "http://walleyecentral.com/" "Mozilla/4.0 (compatible; MSIE 8.0; Windows NT 6.1; WOW64; Trident/4.0; GTB7.2; SLCC2; .NET CLR 2.0.50727; .NET CLR 3.5.30729; .NET CLR 3.0.30729; Media Center PC 6.0; .NET4.0C)"
199.189.229.8 - - [04/Jan/2012:09:16:27 -0500] "GET /wcvideo/video/20110925-150928.jpg HTTP/1.1" 200 8753 "http://www.walleyecentral.com/" "Mozilla/5.0 (compatible; MSIE 9.0; Windows NT 6.1; WOW64; Trident/5.0)"
184.100.67.172 - - [04/Jan/2012:09:16:27 -0500] "GET /dbimages/tenpoundclub-2011-12-23-97306314thumbnail.jpg HTTP/1.1" 304 - "http://walleyecentral.com/" "Mozilla/4.0 (compatible; MSIE 8.0; Windows NT 6.1; WOW64; Trident/4.0; GTB7.2; SLCC2; .NET CLR 2.0.50727; .NET CLR 3.5.30729; .NET CLR 3.0.30729; Media Center PC 6.0; .NET4.0C)"
184.100.67.172 - - [04/Jan/2012:09:16:27 -0500] "GET /dbimages/articles-2012-01-02-216201556iconfile.JPG HTTP/1.1" 304 - "http://walleyecentral.com/" "Mozilla/4.0 (compatible; MSIE 8.0; Windows NT 6.1; WOW64; Trident/4.0; GTB7.2; SLCC2; .NET CLR 2.0.50727; .NET CLR 3.5.30729; .NET CLR 3.0.30729; Media Center PC 6.0; .NET4.0C)"
184.100.67.172 - - [04/Jan/2012:09:16:27 -0500] "GET /dbimages/articles-2011-12-20-429665774iconfile.jpg HTTP/1.1" 304 - "http://walleyecentral.com/" "Mozilla/4.0 (compatible; MSIE 8.0; Windows NT 6.1; WOW64; Trident/4.0; GTB7.2; SLCC2; .NET CLR 2.0.50727; .NET CLR 3.5.30729; .NET CLR 3.0.30729; Media Center PC 6.0; .NET4.0C)"
184.100.67.172 - - [04/Jan/2012:09:16:27 -0500] "GET /dbimages/articles-2011-12-20-993572124iconfile.jpg HTTP/1.1" 304 - "http://walleyecentral.com/" "Mozilla/4.0 (compatible; MSIE 8.0; Windows NT 6.1; WOW64; Trident/4.0; GTB7.2; SLCC2; .NET CLR 2.0.50727; .NET CLR 3.5.30729; .NET CLR 3.0.30729; Media Center PC 6.0; .NET4.0C)"
184.100.67.172 - - [04/Jan/2012:09:16:27 -0500] "GET /dbimages/articles-2011-12-20-231784295iconfile.jpg HTTP/1.1" 304 - "http://walleyecentral.com/" "Mozilla/4.0 (compatible; MSIE 8.0; Windows NT 6.1; WOW64; Trident/4.0; GTB7.2; SLCC2; .NET CLR 2.0.50727; .NET CLR 3.5.30729; .NET CLR 3.0.30729; Media Center PC 6.0; .NET4.0C)"
184.100.67.172 - - [04/Jan/2012:09:16:27 -0500] "GET /dbimages/articles-2011-12-05-541299785iconfile.jpg HTTP/1.1" 304 - "http://walleyecentral.com/" "Mozilla/4.0 (compatible; MSIE 8.0; Windows NT 6.1; WOW64; Trident/4.0; GTB7.2; SLCC2; .NET CLR 2.0.50727; .NET CLR 3.5.30729; .NET CLR 3.0.30729; Media Center PC 6.0; .NET4.0C)"
184.100.67.172 - - [04/Jan/2012:09:16:27 -0500] "GET /dbimages/articles-2011-12-19-992528775iconfile.jpg HTTP/1.1" 304 - "http://walleyecentral.com/" "Mozilla/4.0 (compatible; MSIE 8.0; Windows NT 6.1; WOW64; Trident/4.0; GTB7.2; SLCC2; .NET CLR 2.0.50727; .NET CLR 3.5.30729; .NET CLR 3.0.30729; Media Center PC 6.0; .NET4.0C)"
184.100.67.172 - - [04/Jan/2012:09:16:27 -0500] "GET /dbimages/articles-2011-12-09-612515290iconfile.jpg HTTP/1.1" 304 - "http://walleyecentral.com/" "Mozilla/4.0 (compatible; MSIE 8.0; Windows NT 6.1; WOW64; Trident/4.0; GTB7.2; SLCC2; .NET CLR 2.0.50727; .NET CLR 3.5.30729; .NET CLR 3.0.30729; Media Center PC 6.0; .NET4.0C)"
66.249.71.211 - - [04/Jan/2012:09:16:27 -0500] "GET /forums/archive/index.php/t-49451.html HTTP/1.1" 200 3371 "-" "Mozilla/5.0 (compatible; Googlebot/2.1; +http://www.google.com/bot.html)"
184.100.67.172 - - [04/Jan/2012:09:16:27 -0500] "GET /dbimages/articles-2011-09-29-923068202iconfile.jpg HTTP/1.1" 304 - "http://walleyecentral.com/" "Mozilla/4.0 (compatible; MSIE 8.0; Windows NT 6.1; WOW64; Trident/4.0; GTB7.2; SLCC2; .NET CLR 2.0.50727; .NET CLR 3.5.30729; .NET CLR 3.0.30729; Media Center PC 6.0; .NET4.0C)"
184.100.67.172 - - [04/Jan/2012:09:16:27 -0500] "GET /dbimages/articles-2011-12-27-925807361iconfile.jpg HTTP/1.1" 304 - "http://walleyecentral.com/" "Mozilla/4.0 (compatible; MSIE 8.0; Windows NT 6.1; WOW64; Trident/4.0; GTB7.2; SLCC2; .NET CLR 2.0.50727; .NET CLR 3.5.30729; .NET CLR 3.0.30729; Media Center PC 6.0; .NET4.0C)"
184.100.67.172 - - [04/Jan/2012:09:16:27 -0500] "GET /dbimages/articles-2011-12-19-56677216iconfile.jpg HTTP/1.1" 304 - "http://walleyecentral.com/" "Mozilla/4.0 (compatible; MSIE 8.0; Windows NT 6.1; WOW64; Trident/4.0; GTB7.2; SLCC2; .NET CLR 2.0.50727; .NET CLR 3.5.30729; .NET CLR 3.0.30729; Media Center PC 6.0; .NET4.0C)"
184.100.67.172 - - [04/Jan/2012:09:16:27 -0500] "GET /wcvideo/video/20110925-150928.jpg HTTP/1.1" 304 - "http://walleyecentral.com/" "Mozilla/4.0 (compatible; MSIE 8.0; Windows NT 6.1; WOW64; Trident/4.0; GTB7.2; SLCC2; .NET CLR 2.0.50727; .NET CLR 3.5.30729; .NET CLR 3.0.30729; Media Center PC 6.0; .NET4.0C)"
184.100.67.172 - - [04/Jan/2012:09:16:27 -0500] "GET /wcvideo/video/20110918-060900.jpg HTTP/1.1" 304 - "http://walleyecentral.com/" "Mozilla/4.0 (compatible; MSIE 8.0; Windows NT 6.1; WOW64; Trident/4.0; GTB7.2; SLCC2; .NET CLR 2.0.50727; .NET CLR 3.5.30729; .NET CLR 3.0.30729; Media Center PC 6.0; .NET4.0C)"
184.100.67.172 - - [04/Jan/2012:09:16:27 -0500] "GET /wcvideo/video/20110808-130818.jpg HTTP/1.1" 304 - "http://walleyecentral.com/" "Mozilla/4.0 (compatible; MSIE 8.0; Windows NT 6.1; WOW64; Trident/4.0; GTB7.2; SLCC2; .NET CLR 2.0.50727; .NET CLR 3.5.30729; .NET CLR 3.0.30729; Media Center PC 6.0; .NET4.0C)"
207.47.161.58 - - [04/Jan/2012:09:16:27 -0500] "GET /forums/images/icons/icon8.gif HTTP/1.1" 200 1060 "http://www.walleyecentral.com/forums/forumdisplay.php?f=33" "Mozilla/5.0 (Windows; U; Windows NT 5.1; en-US; rv:1.9.0.19) Gecko/2010031422 Firefox/3.0.19 (.NET CLR 3.5.30729)"
184.100.67.172 - - [04/Jan/2012:09:16:27 -0500] "GET /phpQJr/embedjr.php?pid=50&w=175&h=400 HTTP/1.1" 200 1036 "http://walleyecentral.com/" "Mozilla/4.0 (compatible; MSIE 8.0; Windows NT 6.1; WOW64; Trident/4.0; GTB7.2; SLCC2; .NET CLR 2.0.50727; .NET CLR 3.5.30729; .NET CLR 3.0.30729; Media Center PC 6.0; .NET4.0C)"
46.17.98.217 - - [04/Jan/2012:09:16:26 -0500] "POST /forums/newthread.php?do=postthread&f=5 HTTP/1.0" 200 50932 "http://www.walleyecentral.com/forums/newthread.php?do=newthread&f=5%2BResult:%2Btext%2Bcaptcha%2Bdecoded;%2Bchosen%2Bnickname%2B%2522#xlimnick%255BSYSYSYSAYSYY%255D%2522;%2Bregistered;%2Blogged%2Bin;%2Bnofollow%2Bis%2Bfound;%2Bsuccess;%2BBB-code%2Bnot%2Bworking;+%5BPLM=0%5D%5BR%5D+GET+http://www.walleyecentral.com/forums/register.php+%5B0,29736,31012%5D+-%3E+%5BR%5D+POST+http://www.walleyecentral.com/forums/register.php?do=register+%5B0,40383,41202%5D+-%3E+%5BR%5D+POST+http://www.walleyecentral.com/forums/register.php?do=addmember+%5B0,41052,41871%5D+-%3E+%5BR%5D+POST+http://www.walleyecentral.com/forums/register.php?do=addmember+%5B0,41065,41884%5D+-%3E+%5BR%5D+POST+http://www.walleyecentral.com/forums/register.php?do=addmember+%5B0,41065,41884%5D+-%3E+%5BR%5D+POST+http://www.walleyecentral.com/forums/register.php?do=addmember+%5B0,41052,41871%5D+-%3E+%5BR%5D+POST+http://www.walleyecentral.com/forums/register.php?do=addmember+%5B0,41065,41884%5D+-%3E+%5BR%5D+POST+http://www.walleyecentral.com/forums/register.php?do=addmember+%5B0,41079,41898%5D+-%3E+%5BR%5D+POST+http://www.walleyecentral.com/forums/register.php?do=addmember+%5B0,41067,41886%5D+-%3E+%5BR%5D+POST+http://www.walleyecentral.com/forums/register.php?do=addmember+%5B0,41049,41868%5D+-%3E+%5BR%5D+POST+http://www.walleyecentral.com/forums/register.php?do=addmember+%5B0,41052,41871%5D+-%3E+%5BR%5D+POST+http://www.walleyecentral.com/forums/register.php?do=addmember+%5B0,41052,41871%5D+-%3E+%5BR%5D+POST+http://www.walleyecentral.com/forums/register.php?do=addmember+%5B0,41040,41859%5D+-%3E+%5BR%5D+POST+http://www.walleyecentral.com/forums/register.php?do=addmember+%5B0,41064,41883%5D+-%3E+%5BR%5D+POST+http://www.walleyecentral.com/forums/register.php?do=addmember+%5B0,41067,41886%5D+-%3E+%5BR%5D+POST+http://www.walleyecentral.com/forums/register.php?do=addmember+%5B0,0,0%5D+-%3E+%5BL%5D+GET+http://www.walleyecentral.com/classified/new/newadlogin.jsp+%5B0,0,0%5D+-%3E+%5BL%5D+GET+http://www.walleyecentral.com/classified/new/newadlogin.jsp+%5B0,19557,18915%5D+-%3E+%5BL%5D+POST+http://www.walleyecentral.com/classified/new/newadlogin.jsp+%5B0,0,18997%5D+-%3E+%5BN%5D+GET+http://www.walleyecentral.com/forums/newthread.php?do=newthread&f=5%2BResult:%2Btext%2Bcaptcha%2Bdecoded;%2Bchosen%2Bnickname%2B%2522+%5B0,47981,50399%5D+-%3E+%5BN%5D+POST+http://www.walleyecentral.com/forums/newthread.php?do=postthread&f=5+%5B0,0,52628%5D" "Mozilla/4.0 (compatible; MSIE 6.0; Windows NT 5.2; Win64; AMD64)"
184.100.67.172 - - [04/Jan/2012:09:16:27 -0500] "GET /dbimages/tenpoundclub-2012-01-03-862352758thumbnail.jpg HTTP/1.1" 200 12900 "http://walleyecentral.com/" "Mozilla/4.0 (compatible; MSIE 8.0; Windows NT 6.1; WOW64; Trident/4.0; GTB7.2; SLCC2; .NET CLR 2.0.50727; .NET CLR 3.5.30729; .NET CLR 3.0.30729; Media Center PC 6.0; .NET4.0C)"
184.100.67.172 - - [04/Jan/2012:09:16:27 -0500] "GET /themes/default/images/x.gif HTTP/1.1" 304 - "http://walleyecentral.com/" "Mozilla/4.0 (compatible; MSIE 8.0; Windows NT 6.1; WOW64; Trident/4.0; GTB7.2; SLCC2; .NET CLR 2.0.50727; .NET CLR 3.5.30729; .NET CLR 3.0.30729; Media Center PC 6.0; .NET4.0C)"
184.100.67.172 - - [04/Jan/2012:09:16:27 -0500] "GET /themes/default/images/edit.gif HTTP/1.1" 304 - "http://walleyecentral.com/" "Mozilla/4.0 (compatible; MSIE 8.0; Windows NT 6.1; WOW64; Trident/4.0; GTB7.2; SLCC2; .NET CLR 2.0.50727; .NET CLR 3.5.30729; .NET CLR 3.0.30729; Media Center PC 6.0; .NET4.0C)"
184.100.67.172 - - [04/Jan/2012:09:16:28 -0500] "GET /images/navionics_app.jpg HTTP/1.1" 304 - "http://walleyecentral.com/" "Mozilla/4.0 (compatible; MSIE 8.0; Windows NT 6.1; WOW64; Trident/4.0; GTB7.2; SLCC2; .NET CLR 2.0.50727; .NET CLR 3.5.30729; .NET CLR 3.0.30729; Media Center PC 6.0; .NET4.0C)"
184.100.67.172 - - [04/Jan/2012:09:16:28 -0500] "GET /commonimages/blocks.png HTTP/1.1" 304 - "http://walleyecentral.com/" "Mozilla/4.0 (compatible; MSIE 8.0; Windows NT 6.1; WOW64; Trident/4.0; GTB7.2; SLCC2; .NET CLR 2.0.50727; .NET CLR 3.5.30729; .NET CLR 3.0.30729; Media Center PC 6.0; .NET4.0C)"
184.100.67.172 - - [04/Jan/2012:09:16:28 -0500] "GET /images/shutup1.gif HTTP/1.1" 304 - "http://walleyecentral.com/" "Mozilla/4.0 (compatible; MSIE 8.0; Windows NT 6.1; WOW64; Trident/4.0; GTB7.2; SLCC2; .NET CLR 2.0.50727; .NET CLR 3.5.30729; .NET CLR 3.0.30729; Media Center PC 6.0; .NET4.0C)"
184.100.67.172 - - [04/Jan/2012:09:16:28 -0500] "GET /themes/default/images/footerback.gif HTTP/1.1" 304 - "http://walleyecentral.com/" "Mozilla/4.0 (compatible; MSIE 8.0; Windows NT 6.1; WOW64; Trident/4.0; GTB7.2; SLCC2; .NET CLR 2.0.50727; .NET CLR 3.5.30729; .NET CLR 3.0.30729; Media Center PC 6.0; .NET4.0C)"
207.47.161.58 - - [04/Jan/2012:09:16:27 -0500] "GET /openx/www/delivery/lg.php?bannerid=98&campaignid=1&zoneid=101&loc=http%3A%2F%2Fwww.walleyecentral.com%2Fforums%2Fforumdisplay.php%3Ff%3D33&referer=http%3A%2F%2Fwww.walleyecentral.com%2Fforums%2F&cb=f584a0f015 HTTP/1.1" 200 43 "http://www.walleyecentral.com/forums/forumdisplay.php?f=33" "Mozilla/5.0 (Windows; U; Windows NT 5.1; en-US; rv:1.9.0.19) Gecko/2010031422 Firefox/3.0.19 (.NET CLR 3.5.30729)"
184.100.67.172 - - [04/Jan/2012:09:16:28 -0500] "GET /phpQJr/poll.php?pid=50&url=http%3A//walleyecentral.com/ HTTP/1.1" 200 3978 "http://walleyecentral.com/" "Mozilla/4.0 (compatible; MSIE 8.0; Windows NT 6.1; WOW64; Trident/4.0; GTB7.2; SLCC2; .NET CLR 2.0.50727; .NET CLR 3.5.30729; .NET CLR 3.0.30729; Media Center PC 6.0; .NET4.0C)"
199.189.229.8 - - [04/Jan/2012:09:16:27 -0500] "GET /wcvideo/video/20110808-130818.jpg HTTP/1.1" 200 14547 "http://www.walleyecentral.com/" "Mozilla/5.0 (compatible; MSIE 9.0; Windows NT 6.1; WOW64; Trident/5.0)"
199.189.229.8 - - [04/Jan/2012:09:16:27 -0500] "GET /wcvideo/video/20110918-060900.jpg HTTP/1.1" 200 16164 "http://www.walleyecentral.com/" "Mozilla/5.0 (compatible; MSIE 9.0; Windows NT 6.1; WOW64; Trident/5.0)"
207.47.161.58 - - [04/Jan/2012:09:16:27 -0500] "GET /openx/www/delivery/ai.php?filename=kidsbooks.png&contenttype=png HTTP/1.1" 200 19085 "http://www.walleyecentral.com/forums/forumdisplay.php?f=33" "Mozilla/5.0 (Windows; U; Windows NT 5.1; en-US; rv:1.9.0.19) Gecko/2010031422 Firefox/3.0.19 (.NET CLR 3.5.30729)"
184.100.67.172 - - [04/Jan/2012:09:16:28 -0500] "GET /phpQJr/inc/poll.js HTTP/1.1" 304 - "http://walleyecentral.com/phpQJr/poll.php?pid=50&url=http%3A//walleyecentral.com/" "Mozilla/4.0 (compatible; MSIE 8.0; Windows NT 6.1; WOW64; Trident/4.0; GTB7.2; SLCC2; .NET CLR 2.0.50727; .NET CLR 3.5.30729; .NET CLR 3.0.30729; Media Center PC 6.0; .NET4.0C)"
207.46.199.44 - - [04/Jan/2012:09:16:28 -0500] "GET /forums/showthread.php?t=157493 HTTP/1.1" 200 15764 "-" "Mozilla/5.0 (compatible; bingbot/2.0; +http://www.bing.com/bingbot.htm)"
205.134.249.170 - - [04/Jan/2012:09:16:28 -0500] "GET /weather.php?pands=56303 HTTP/1.1" 200 16166 "-" "PHP/5.2.17"
205.134.249.170 - - [04/Jan/2012:09:16:28 -0500] "GET /weather.php?pands=Laramie%2C+Wy HTTP/1.1" 200 16166 "-" "PHP/5.2.17"
65.52.108.26 - - [04/Jan/2012:09:16:28 -0500] "GET /forums/archive/index.php/t-147521.html HTTP/1.1" 200 2931 "-" "Mozilla/5.0 (compatible; bingbot/2.0; +http://www.bing.com/bingbot.htm)"
65.52.108.198 - - [04/Jan/2012:09:16:28 -0500] "GET /forums/showthread.php?t=157748 HTTP/1.1" 200 17307 "-" "Mozilla/5.0 (compatible; bingbot/2.0; +http://www.bing.com/bingbot.htm)"
66.11.150.236 - - [04/Jan/2012:09:16:28 -0500] "GET /weather.php?pands=44870 HTTP/1.0" 200 24168 "-" "-"
199.189.229.8 - - [04/Jan/2012:09:16:28 -0500] "GET /themes/default/images/headerlogo2.png HTTP/1.1" 200 12415 "http://www.walleyecentral.com/" "Mozilla/5.0 (compatible; MSIE 9.0; Windows NT 6.1; WOW64; Trident/5.0)"
199.189.229.8 - - [04/Jan/2012:09:16:29 -0500] "GET /phpQJr/embedjr.php?pid=50&w=175&h=400 HTTP/1.1" 200 1036 "http://www.walleyecentral.com/" "Mozilla/5.0 (compatible; MSIE 9.0; Windows NT 6.1; WOW64; Trident/5.0)"
65.52.108.26 - - [04/Jan/2012:09:16:29 -0500] "GET /forums/showthread.php?t=49294 HTTP/1.1" 200 18326 "-" "Mozilla/5.0 (compatible; bingbot/2.0; +http://www.bing.com/bingbot.htm)"
205.134.249.170 - - [04/Jan/2012:09:16:29 -0500] "GET /weather.php?pands=44839 HTTP/1.1" 200 16166 "-" "PHP/5.2.17"
66.11.150.236 - - [04/Jan/2012:09:16:28 -0500] "GET /weather.php?pands=58104 HTTP/1.0" 200 24273 "-" "-"
199.189.229.8 - - [04/Jan/2012:09:16:29 -0500] "GET /blocks/ham/images/fcicons/sunny.gif HTTP/1.1" 200 1952 "http://www.walleyecentral.com/" "Mozilla/5.0 (compatible; MSIE 9.0; Windows NT 6.1; WOW64; Trident/5.0)"
46.17.98.217 - - [04/Jan/2012:09:16:28 -0500] "GET /forums/register.php HTTP/1.0" 200 30693 "http://www.walleyecentral.com/register.php" "Mozilla/4.0 (compatible; MSIE 6.0; Windows NT 5.2; Win64; AMD64)"
199.189.229.8 - - [04/Jan/2012:09:16:29 -0500] "GET /commonimages/blocks.png HTTP/1.1" 200 3241 "http://www.walleyecentral.com/" "Mozilla/5.0 (compatible; MSIE 9.0; Windows NT 6.1; WOW64; Trident/5.0)"
199.189.229.8 - - [04/Jan/2012:09:16:29 -0500] "GET /dbimages/tenpoundclub-2011-12-23-141169268thumbnail.jpg HTTP/1.1" 200 10939 "http://www.walleyecentral.com/" "Mozilla/5.0 (compatible; MSIE 9.0; Windows NT 6.1; WOW64; Trident/5.0)"
199.189.229.8 - - [04/Jan/2012:09:16:29 -0500] "GET /phpQJr/poll.php?pid=50&url=http%3A//www.walleyecentral.com/ HTTP/1.1" 200 3982 "http://www.walleyecentral.com/" "Mozilla/5.0 (compatible; MSIE 9.0; Windows NT 6.1; WOW64; Trident/5.0)"
199.189.229.8 - - [04/Jan/2012:09:16:29 -0500] "GET /images/shutup1.gif HTTP/1.1" 200 635 "http://www.walleyecentral.com/" "Mozilla/5.0 (compatible; MSIE 9.0; Windows NT 6.1; WOW64; Trident/5.0)"
199.189.229.8 - - [04/Jan/2012:09:16:30 -0500] "GET /images/navionics_app.jpg HTTP/1.1" 200 3556 "http://www.walleyecentral.com/" "Mozilla/5.0 (compatible; MSIE 9.0; Windows NT 6.1; WOW64; Trident/5.0)"
199.189.229.8 - - [04/Jan/2012:09:16:30 -0500] "GET /themes/default/images/footerback.gif HTTP/1.1" 200 1309 "http://www.walleyecentral.com/" "Mozilla/5.0 (compatible; MSIE 9.0; Windows NT 6.1; WOW64; Trident/5.0)"
199.189.229.8 - - [04/Jan/2012:09:16:30 -0500] "GET /phpQJr/inc/poll.js HTTP/1.1" 200 897 "http://www.walleyecentral.com/phpQJr/poll.php?pid=50&url=http%3A//www.walleyecentral.com/" "Mozilla/5.0 (compatible; MSIE 9.0; Windows NT 6.1; WOW64; Trident/5.0)"
205.134.249.170 - - [04/Jan/2012:09:16:30 -0500] "GET /weather.php?pands=57265 HTTP/1.1" 200 16166 "-" "PHP/5.2.17"
205.134.249.170 - - [04/Jan/2012:09:16:30 -0500] "GET /weather.php?pands=59105 HTTP/1.1" 200 16166 "-" "PHP/5.2.17"
184.6.103.113 - - [04/Jan/2012:09:16:30 -0500] "GET /openx/www/delivery/ajs.php?n=a5212870&zoneid=97&source=&exclude=,&r=30807301&loc=http%3A//www.walleyecentral.com/forums/forumdisplay.php%3Ff%3D32&referer=http%3A//www.walleyecentral.com/forums/index.php HTTP/1.1" 200 964 "http://www.walleyecentral.com/forums/forumdisplay.php?f=32" "Mozilla/5.0 (Linux; U; Android 3.2.1; en-us; A500 Build/HTK55D) AppleWebKit/534.13 (KHTML, like Gecko) Version/4.0 Safari/534.13"
66.11.150.236 - - [04/Jan/2012:09:16:31 -0500] "GET /weather.php?pands=55066 HTTP/1.0" 200 24170 "-" "-"
46.17.98.217 - - [04/Jan/2012:09:16:30 -0500] "POST /forums/register.php?do=register HTTP/1.0" 200 40895 "http://www.walleyecentral.com/forums/register.php" "Mozilla/4.0 (compatible; MSIE 6.0; Windows NT 5.2; Win64; AMD64)"
213.27.232.210 - - [04/Jan/2012:09:16:30 -0500] "GET /forums/register.php HTTP/1.1" 200 30853 "http://www.burberrymagasin.com" "Mozilla/4.0 (compatible; MSIE 6.0; Windows NT 5.1)"
66.11.150.236 - - [04/Jan/2012:09:16:31 -0500] "GET /weather.php?pands=48178 HTTP/1.0" 200 24169 "-" "-"
205.134.249.170 - - [04/Jan/2012:09:16:31 -0500] "GET /weather.php?pands=15317 HTTP/1.1" 200 16166 "-" "PHP/5.2.17"
180.76.6.36 - - [04/Jan/2012:09:16:30 -0500] "GET /forums/showthread.php?t=167936 HTTP/1.1" 200 21318 "-" "Mozilla/5.0 (compatible; Baiduspider/2.0; +http://www.baidu.com/search/spider.html)"
184.6.103.113 - - [04/Jan/2012:09:16:31 -0500] "GET /openx/www/delivery/lg.php?bannerid=71&campaignid=1&zoneid=97&loc=http%3A%2F%2Fwww.walleyecentral.com%2Fforums%2Fforumdisplay.php%3Ff%3D32&referer=http%3A%2F%2Fwww.walleyecentral.com%2Fforums%2Findex.php&cb=c5b2e0b980 HTTP/1.1" 200 43 "http://www.walleyecentral.com/forums/forumdisplay.php?f=32" "Mozilla/5.0 (Linux; U; Android 3.2.1; en-us; A500 Build/HTK55D) AppleWebKit/534.13 (KHTML, like Gecko) Version/4.0 Safari/534.13"
66.249.71.211 - - [04/Jan/2012:09:16:32 -0500] "GET /forums/archive/index.php/t-49833.html HTTP/1.1" 200 3580 "-" "Mozilla/5.0 (compatible; Googlebot/2.1; +http://www.google.com/bot.html)"
184.100.67.172 - - [04/Jan/2012:09:16:32 -0500] "GET /themes/default/theme.css HTTP/1.1" 304 - "http://www.walleyecentral.com/forums/forumdisplay.php?f=5" "Mozilla/4.0 (compatible; MSIE 8.0; Windows NT 6.1; WOW64; Trident/4.0; GTB7.2; SLCC2; .NET CLR 2.0.50727; .NET CLR 3.5.30729; .NET CLR 3.0.30729; Media Center PC 6.0; .NET4.0C)"
184.100.67.172 - - [04/Jan/2012:09:16:32 -0500] "GET /forums/clientscript/yui/connection/connection-min.js?v=373 HTTP/1.1" 304 - "http://www.walleyecentral.com/forums/forumdisplay.php?f=5" "Mozilla/4.0 (compatible; MSIE 8.0; Windows NT 6.1; WOW64; Trident/4.0; GTB7.2; SLCC2; .NET CLR 2.0.50727; .NET CLR 3.5.30729; .NET CLR 3.0.30729; Media Center PC 6.0; .NET4.0C)"
184.100.67.172 - - [04/Jan/2012:09:16:32 -0500] "GET /forums/clientscript/vbulletin_global.js?v=373 HTTP/1.1" 304 - "http://www.walleyecentral.com/forums/forumdisplay.php?f=5" "Mozilla/4.0 (compatible; MSIE 8.0; Windows NT 6.1; WOW64; Trident/4.0; GTB7.2; SLCC2; .NET CLR 2.0.50727; .NET CLR 3.5.30729; .NET CLR 3.0.30729; Media Center PC 6.0; .NET4.0C)"
184.100.67.172 - - [04/Jan/2012:09:16:32 -0500] "GET /forums/clientscript/vbulletin_important.css?v=373 HTTP/1.1" 304 - "http://www.walleyecentral.com/forums/forumdisplay.php?f=5" "Mozilla/4.0 (compatible; MSIE 8.0; Windows NT 6.1; WOW64; Trident/4.0; GTB7.2; SLCC2; .NET CLR 2.0.50727; .NET CLR 3.5.30729; .NET CLR 3.0.30729; Media Center PC 6.0; .NET4.0C)"
184.100.67.172 - - [04/Jan/2012:09:16:32 -0500] "GET /forums/clientscript/vbulletin_menu.js?v=373 HTTP/1.1" 304 - "http://www.walleyecentral.com/forums/forumdisplay.php?f=5" "Mozilla/4.0 (compatible; MSIE 8.0; Windows NT 6.1; WOW64; Trident/4.0; GTB7.2; SLCC2; .NET CLR 2.0.50727; .NET CLR 3.5.30729; .NET CLR 3.0.30729; Media Center PC 6.0; .NET4.0C)"
184.100.67.172 - - [04/Jan/2012:09:16:32 -0500] "GET /forums/clientscript/yui/yahoo-dom-event/yahoo-dom-event.js?v=373 HTTP/1.1" 304 - "http://www.walleyecentral.com/forums/forumdisplay.php?f=5" "Mozilla/4.0 (compatible; MSIE 8.0; Windows NT 6.1; WOW64; Trident/4.0; GTB7.2; SLCC2; .NET CLR 2.0.50727; .NET CLR 3.5.30729; .NET CLR 3.0.30729; Media Center PC 6.0; .NET4.0C)"
184.100.67.172 - - [04/Jan/2012:09:16:31 -0500] "GET /forums/forumdisplay.php?f=5 HTTP/1.1" 200 23936 "http://walleyecentral.com/" "Mozilla/4.0 (compatible; MSIE 8.0; Windows NT 6.1; WOW64; Trident/4.0; GTB7.2; SLCC2; .NET CLR 2.0.50727; .NET CLR 3.5.30729; .NET CLR 3.0.30729; Media Center PC 6.0; .NET4.0C)"
184.100.67.172 - - [04/Jan/2012:09:16:32 -0500] "GET /forums/images/misc/headerlogo2.png HTTP/1.1" 304 - "http://www.walleyecentral.com/forums/forumdisplay.php?f=5" "Mozilla/4.0 (compatible; MSIE 8.0; Windows NT 6.1; WOW64; Trident/4.0; GTB7.2; SLCC2; .NET CLR 2.0.50727; .NET CLR 3.5.30729; .NET CLR 3.0.30729; Media Center PC 6.0; .NET4.0C)"
184.100.67.172 - - [04/Jan/2012:09:16:32 -0500] "GET /forums/clientscript/vbulletin_md5.js?v=373 HTTP/1.1" 304 - "http://www.walleyecentral.com/forums/forumdisplay.php?f=5" "Mozilla/4.0 (compatible; MSIE 8.0; Windows NT 6.1; WOW64; Trident/4.0; GTB7.2; SLCC2; .NET CLR 2.0.50727; .NET CLR 3.5.30729; .NET CLR 3.0.30729; Media Center PC 6.0; .NET4.0C)"
184.100.67.172 - - [04/Jan/2012:09:16:32 -0500] "GET /qnav/bullet_sq_sm_slateblue.gif HTTP/1.1" 304 - "http://www.walleyecentral.com/forums/forumdisplay.php?f=5" "Mozilla/4.0 (compatible; MSIE 8.0; Windows NT 6.1; WOW64; Trident/4.0; GTB7.2; SLCC2; .NET CLR 2.0.50727; .NET CLR 3.5.30729; .NET CLR 3.0.30729; Media Center PC 6.0; .NET4.0C)"
184.100.67.172 - - [04/Jan/2012:09:16:32 -0500] "GET /openx/www/delivery/ajs.php?n=a5212870&zoneid=86&source=&exclude=,&r=149819911&loc=http%3A//www.walleyecentral.com/forums/forumdisplay.php%3Ff%3D5&referer=http%3A//walleyecentral.com/ HTTP/1.1" 200 968 "http://www.walleyecentral.com/forums/forumdisplay.php?f=5" "Mozilla/4.0 (compatible; MSIE 8.0; Windows NT 6.1; WOW64; Trident/4.0; GTB7.2; SLCC2; .NET CLR 2.0.50727; .NET CLR 3.5.30729; .NET CLR 3.0.30729; Media Center PC 6.0; .NET4.0C)"
205.134.249.170 - - [04/Jan/2012:09:16:32 -0500] "GET /weather.php?pands=58075 HTTP/1.1" 200 16166 "-" "PHP/5.2.17"
205.134.249.170 - - [04/Jan/2012:09:16:32 -0500] "GET /weather.php?pands=49264 HTTP/1.1" 200 16166 "-" "PHP/5.2.17"
184.100.67.172 - - [04/Jan/2012:09:16:32 -0500] "GET /openx/www/delivery/ai.php?filename=cabelas_8.jpg&contenttype=jpeg HTTP/1.1" 304 - "http://www.walleyecentral.com/forums/forumdisplay.php?f=5" "Mozilla/4.0 (compatible; MSIE 8.0; Windows NT 6.1; WOW64; Trident/4.0; GTB7.2; SLCC2; .NET CLR 2.0.50727; .NET CLR 3.5.30729; .NET CLR 3.0.30729; Media Center PC 6.0; .NET4.0C)"
184.100.67.172 - - [04/Jan/2012:09:16:32 -0500] "GET /forums/images/misc/navbits_finallink_ltr.gif HTTP/1.1" 304 - "http://www.walleyecentral.com/forums/forumdisplay.php?f=5" "Mozilla/4.0 (compatible; MSIE 8.0; Windows NT 6.1; WOW64; Trident/4.0; GTB7.2; SLCC2; .NET CLR 2.0.50727; .NET CLR 3.5.30729; .NET CLR 3.0.30729; Media Center PC 6.0; .NET4.0C)"
184.100.67.172 - - [04/Jan/2012:09:16:33 -0500] "GET /forums/images/misc/navbits_start.gif HTTP/1.1" 304 - "http://www.walleyecentral.com/forums/forumdisplay.php?f=5" "Mozilla/4.0 (compatible; MSIE 8.0; Windows NT 6.1; WOW64; Trident/4.0; GTB7.2; SLCC2; .NET CLR 2.0.50727; .NET CLR 3.5.30729; .NET CLR 3.0.30729; Media Center PC 6.0; .NET4.0C)"
184.100.67.172 - - [04/Jan/2012:09:16:33 -0500] "GET /forums/images/buttons/newthread.gif HTTP/1.1" 304 - "http://www.walleyecentral.com/forums/forumdisplay.php?f=5" "Mozilla/4.0 (compatible; MSIE 8.0; Windows NT 6.1; WOW64; Trident/4.0; GTB7.2; SLCC2; .NET CLR 2.0.50727; .NET CLR 3.5.30729; .NET CLR 3.0.30729; Media Center PC 6.0; .NET4.0C)"
184.100.67.172 - - [04/Jan/2012:09:16:33 -0500] "GET /forums/images/misc/menu_open.gif HTTP/1.1" 304 - "http://www.walleyecentral.com/forums/forumdisplay.php?f=5" "Mozilla/4.0 (compatible; MSIE 8.0; Windows NT 6.1; WOW64; Trident/4.0; GTB7.2; SLCC2; .NET CLR 2.0.50727; .NET CLR 3.5.30729; .NET CLR 3.0.30729; Media Center PC 6.0; .NET4.0C)"
184.100.67.172 - - [04/Jan/2012:09:16:33 -0500] "GET /forums/images/buttons/sortasc.gif HTTP/1.1" 304 - "http://www.walleyecentral.com/forums/forumdisplay.php?f=5" "Mozilla/4.0 (compatible; MSIE 8.0; Windows NT 6.1; WOW64; Trident/4.0; GTB7.2; SLCC2; .NET CLR 2.0.50727; .NET CLR 3.5.30729; .NET CLR 3.0.30729; Media Center PC 6.0; .NET4.0C)"
184.100.67.172 - - [04/Jan/2012:09:16:33 -0500] "GET /forums/images/icons/icon1.gif HTTP/1.1" 304 - "http://www.walleyecentral.com/forums/forumdisplay.php?f=5" "Mozilla/4.0 (compatible; MSIE 8.0; Windows NT 6.1; WOW64; Trident/4.0; GTB7.2; SLCC2; .NET CLR 2.0.50727; .NET CLR 3.5.30729; .NET CLR 3.0.30729; Media Center PC 6.0; .NET4.0C)"
184.100.67.172 - - [04/Jan/2012:09:16:33 -0500] "GET /forums/images/statusicon/thread_hot.gif HTTP/1.1" 304 - "http://www.walleyecentral.com/forums/forumdisplay.php?f=5" "Mozilla/4.0 (compatible; MSIE 8.0; Windows NT 6.1; WOW64; Trident/4.0; GTB7.2; SLCC2; .NET CLR 2.0.50727; .NET CLR 3.5.30729; .NET CLR 3.0.30729; Media Center PC 6.0; .NET4.0C)"
184.100.67.172 - - [04/Jan/2012:09:16:33 -0500] "GET /forums/images/misc/multipage.gif HTTP/1.1" 304 - "http://www.walleyecentral.com/forums/forumdisplay.php?f=5" "Mozilla/4.0 (compatible; MSIE 8.0; Windows NT 6.1; WOW64; Trident/4.0; GTB7.2; SLCC2; .NET CLR 2.0.50727; .NET CLR 3.5.30729; .NET CLR 3.0.30729; Media Center PC 6.0; .NET4.0C)"
46.17.98.217 - - [04/Jan/2012:09:16:31 -0500] "POST /forums/register.php?do=addmember HTTP/1.0" 200 41539 "http://www.walleyecentral.com/forums/register.php" "Mozilla/4.0 (compatible; MSIE 6.0; Windows NT 5.2; Win64; AMD64)"
66.11.150.236 - - [04/Jan/2012:09:16:33 -0500] "GET /weather.php?pands=80512 HTTP/1.0" 200 24176 "-" "-"
66.11.150.236 - - [04/Jan/2012:09:16:33 -0500] "GET /weather.php?pands=saint+clair HTTP/1.0" 200 25046 "-" "-"
184.100.67.172 - - [04/Jan/2012:09:16:33 -0500] "GET /forums/images/misc/sticky.gif HTTP/1.1" 304 - "http://www.walleyecentral.com/forums/forumdisplay.php?f=5" "Mozilla/4.0 (compatible; MSIE 8.0; Windows NT 6.1; WOW64; Trident/4.0; GTB7.2; SLCC2; .NET CLR 2.0.50727; .NET CLR 3.5.30729; .NET CLR 3.0.30729; Media Center PC 6.0; .NET4.0C)"
184.100.67.172 - - [04/Jan/2012:09:16:33 -0500] "GET /forums/images/buttons/lastpost.gif HTTP/1.1" 304 - "http://www.walleyecentral.com/forums/forumdisplay.php?f=5" "Mozilla/4.0 (compatible; MSIE 8.0; Windows NT 6.1; WOW64; Trident/4.0; GTB7.2; SLCC2; .NET CLR 2.0.50727; .NET CLR 3.5.30729; .NET CLR 3.0.30729; Media Center PC 6.0; .NET4.0C)"
184.100.67.172 - - [04/Jan/2012:09:16:33 -0500] "GET /forums/images/misc/paperclip.gif HTTP/1.1" 304 - "http://www.walleyecentral.com/forums/forumdisplay.php?f=5" "Mozilla/4.0 (compatible; MSIE 8.0; Windows NT 6.1; WOW64; Trident/4.0; GTB7.2; SLCC2; .NET CLR 2.0.50727; .NET CLR 3.5.30729; .NET CLR 3.0.30729; Media Center PC 6.0; .NET4.0C)"
184.100.67.172 - - [04/Jan/2012:09:16:33 -0500] "GET /forums/images/statusicon/thread_hot_lock.gif HTTP/1.1" 304 - "http://www.walleyecentral.com/forums/forumdisplay.php?f=5" "Mozilla/4.0 (compatible; MSIE 8.0; Windows NT 6.1; WOW64; Trident/4.0; GTB7.2; SLCC2; .NET CLR 2.0.50727; .NET CLR 3.5.30729; .NET CLR 3.0.30729; Media Center PC 6.0; .NET4.0C)"
184.100.67.172 - - [04/Jan/2012:09:16:33 -0500] "GET /forums/images/statusicon/thread_new.gif HTTP/1.1" 304 - "http://www.walleyecentral.com/forums/forumdisplay.php?f=5" "Mozilla/4.0 (compatible; MSIE 8.0; Windows NT 6.1; WOW64; Trident/4.0; GTB7.2; SLCC2; .NET CLR 2.0.50727; .NET CLR 3.5.30729; .NET CLR 3.0.30729; Media Center PC 6.0; .NET4.0C)"
184.100.67.172 - - [04/Jan/2012:09:16:33 -0500] "GET /forums/images/buttons/firstnew.gif HTTP/1.1" 304 - "http://www.walleyecentral.com/forums/forumdisplay.php?f=5" "Mozilla/4.0 (compatible; MSIE 8.0; Windows NT 6.1; WOW64; Trident/4.0; GTB7.2; SLCC2; .NET CLR 2.0.50727; .NET CLR 3.5.30729; .NET CLR 3.0.30729; Media Center PC 6.0; .NET4.0C)"
184.100.67.172 - - [04/Jan/2012:09:16:33 -0500] "GET /forums/images/statusicon/thread_hot_new.gif HTTP/1.1" 304 - "http://www.walleyecentral.com/forums/forumdisplay.php?f=5" "Mozilla/4.0 (compatible; MSIE 8.0; Windows NT 6.1; WOW64; Trident/4.0; GTB7.2; SLCC2; .NET CLR 2.0.50727; .NET CLR 3.5.30729; .NET CLR 3.0.30729; Media Center PC 6.0; .NET4.0C)"
184.100.67.172 - - [04/Jan/2012:09:16:33 -0500] "GET /forums/images/icons/icon7.gif HTTP/1.1" 304 - "http://www.walleyecentral.com/forums/forumdisplay.php?f=5" "Mozilla/4.0 (compatible; MSIE 8.0; Windows NT 6.1; WOW64; Trident/4.0; GTB7.2; SLCC2; .NET CLR 2.0.50727; .NET CLR 3.5.30729; .NET CLR 3.0.30729; Media Center PC 6.0; .NET4.0C)"
184.100.67.172 - - [04/Jan/2012:09:16:33 -0500] "GET /forums/images/icons/icon3.gif HTTP/1.1" 304 - "http://www.walleyecentral.com/forums/forumdisplay.php?f=5" "Mozilla/4.0 (compatible; MSIE 8.0; Windows NT 6.1; WOW64; Trident/4.0; GTB7.2; SLCC2; .NET CLR 2.0.50727; .NET CLR 3.5.30729; .NET CLR 3.0.30729; Media Center PC 6.0; .NET4.0C)"
184.100.67.172 - - [04/Jan/2012:09:16:33 -0500] "GET /forums/clientscript/vbulletin_read_marker.js?v=373 HTTP/1.1" 304 - "http://www.walleyecentral.com/forums/forumdisplay.php?f=5" "Mozilla/4.0 (compatible; MSIE 8.0; Windows NT 6.1; WOW64; Trident/4.0; GTB7.2; SLCC2; .NET CLR 2.0.50727; .NET CLR 3.5.30729; .NET CLR 3.0.30729; Media Center PC 6.0; .NET4.0C)"
184.100.67.172 - - [04/Jan/2012:09:16:32 -0500] "GET /openx/www/delivery/lg.php?bannerid=6&campaignid=1&zoneid=86&channel_ids=,&loc=http%3A%2F%2Fwww.walleyecentral.com%2Fforums%2Fforumdisplay.php%3Ff%3D5&referer=http%3A%2F%2Fwalleyecentral.com%2F&cb=d92cc44085 HTTP/1.1" 200 43 "http://www.walleyecentral.com/forums/forumdisplay.php?f=5" "Mozilla/4.0 (compatible; MSIE 8.0; Windows NT 6.1; WOW64; Trident/4.0; GTB7.2; SLCC2; .NET CLR 2.0.50727; .NET CLR 3.5.30729; .NET CLR 3.0.30729; Media Center PC 6.0; .NET4.0C)"
184.100.67.172 - - [04/Jan/2012:09:16:33 -0500] "GET /forums/images/misc/trashcan_small.gif HTTP/1.1" 304 - "http://www.walleyecentral.com/forums/forumdisplay.php?f=5" "Mozilla/4.0 (compatible; MSIE 8.0; Windows NT 6.1; WOW64; Trident/4.0; GTB7.2; SLCC2; .NET CLR 2.0.50727; .NET CLR 3.5.30729; .NET CLR 3.0.30729; Media Center PC 6.0; .NET4.0C)"
205.134.249.170 - - [04/Jan/2012:09:16:33 -0500] "GET /weather.php?pands=47977 HTTP/1.1" 200 16166 "-" "PHP/5.2.17"
184.100.67.172 - - [04/Jan/2012:09:16:33 -0500] "GET /forums/images/statusicon/thread_lock.gif HTTP/1.1" 304 - "http://www.walleyecentral.com/forums/forumdisplay.php?f=5" "Mozilla/4.0 (compatible; MSIE 8.0; Windows NT 6.1; WOW64; Trident/4.0; GTB7.2; SLCC2; .NET CLR 2.0.50727; .NET CLR 3.5.30729; .NET CLR 3.0.30729; Media Center PC 6.0; .NET4.0C)"
184.100.67.172 - - [04/Jan/2012:09:16:33 -0500] "GET /forums/images/buttons/collapse_thead.gif HTTP/1.1" 304 - "http://www.walleyecentral.com/forums/forumdisplay.php?f=5" "Mozilla/4.0 (compatible; MSIE 8.0; Windows NT 6.1; WOW64; Trident/4.0; GTB7.2; SLCC2; .NET CLR 2.0.50727; .NET CLR 3.5.30729; .NET CLR 3.0.30729; Media Center PC 6.0; .NET4.0C)"
184.100.67.172 - - [04/Jan/2012:09:16:33 -0500] "GET /forums/images/statusicon/thread.gif HTTP/1.1" 304 - "http://www.walleyecentral.com/forums/forumdisplay.php?f=5" "Mozilla/4.0 (compatible; MSIE 8.0; Windows NT 6.1; WOW64; Trident/4.0; GTB7.2; SLCC2; .NET CLR 2.0.50727; .NET CLR 3.5.30729; .NET CLR 3.0.30729; Media Center PC 6.0; .NET4.0C)"
65.52.104.87 - - [04/Jan/2012:09:16:33 -0500] "GET /forums/showthread.php?p=1110527 HTTP/1.1" 200 18543 "-" "Mozilla/5.0 (compatible; bingbot/2.0; +http://www.bing.com/bingbot.htm)"
46.17.98.217 - - [04/Jan/2012:09:16:33 -0500] "POST /forums/register.php?do=addmember HTTP/1.0" 200 41550 "http://www.walleyecentral.com/forums/register.php" "Mozilla/4.0 (compatible; MSIE 6.0; Windows NT 5.2; Win64; AMD64)"
205.134.249.170 - - [04/Jan/2012:09:16:34 -0500] "GET /weather.php?pands=82214 HTTP/1.1" 200 16166 "-" "PHP/5.2.17"
205.134.249.170 - - [04/Jan/2012:09:16:34 -0500] "GET /weather.php?pands=46804 HTTP/1.1" 200 16166 "-" "PHP/5.2.17"
66.11.150.236 - - [04/Jan/2012:09:16:35 -0500] "GET /weather.php?pands=North+Bay%2C HTTP/1.0" 200 20836 "-" "-"
184.6.103.113 - - [04/Jan/2012:09:16:34 -0500] "GET /forums/showthread.php?t=189233 HTTP/1.1" 200 15302 "http://www.walleyecentral.com/forums/forumdisplay.php?f=32" "Mozilla/5.0 (Linux; U; Android 3.2.1; en-us; A500 Build/HTK55D) AppleWebKit/534.13 (KHTML, like Gecko) Version/4.0 Safari/534.13"
184.6.103.113 - - [04/Jan/2012:09:16:35 -0500] "GET /openx/www/delivery/ajs.php?n=a5212870&zoneid=98&source=&exclude=,&r=882934361&loc=http%3A//www.walleyecentral.com/forums/showthread.php%3Ft%3D189233&referer=http%3A//www.walleyecentral.com/forums/forumdisplay.php%3Ff%3D32 HTTP/1.1" 200 988 "http://www.walleyecentral.com/forums/showthread.php?t=189233" "Mozilla/5.0 (Linux; U; Android 3.2.1; en-us; A500 Build/HTK55D) AppleWebKit/534.13 (KHTML, like Gecko) Version/4.0 Safari/534.13"
66.11.150.236 - - [04/Jan/2012:09:16:35 -0500] "GET /weather.php?pands=57273 HTTP/1.0" 200 24170 "-" "-"
205.134.249.170 - - [04/Jan/2012:09:16:35 -0500] "GET /weather.php?pands=68506 HTTP/1.1" 200 16166 "-" "PHP/5.2.17"
63.232.194.234 - - [04/Jan/2012:09:16:35 -0500] "GET /forums/showthread.php?t=168800 HTTP/1.1" 200 20209 "http://www.google.com/url?sa=t&rct=j&q=2050%20ranger%20reata%20weight%20on%20trailer&source=web&cd=4&ved=0CEIQrAIoATAD&url=http%3A%2F%2Fwww.walleyecentral.com%2Fforums%2Fshowthread.php%3Ft%3D168800&ei=lV4ET_SKEYX0sQKh1-GQCg&usg=AFQjCNEZ6i25wN9VaNOj2H6deLhhzdJBmw" "Mozilla/4.0 (compatible; MSIE 8.0; Windows NT 5.1; Trident/4.0; GTB7.2; .NET CLR 2.0.50727; .NET CLR 3.0.4506.2152; .NET CLR 3.5.30729; WinNT-A8I 09.04.2011; IE0006_ver1;EN_US)"
65.52.110.147 - - [04/Jan/2012:09:16:35 -0500] "GET /forums/showthread.php?t=153817 HTTP/1.1" 200 19809 "-" "Mozilla/5.0 (compatible; bingbot/2.0; +http://www.bing.com/bingbot.htm)"
63.232.194.234 - - [04/Jan/2012:09:16:35 -0500] "GET /openx/www/delivery/ajs.php?n=a5212870&zoneid=98&source=&exclude=,&r=310028541&loc=http%3A//www.walleyecentral.com/forums/showthread.php%3Ft%3D168800&referer=http%3A//www.google.com/url%3Fsa%3Dt%26rct%3Dj%26q%3D2050%2520ranger%2520reata%2520weight%2520on%2520trailer%26source%3Dweb%26cd%3D4%26ved%3D0CEIQrAIoATAD%26url%3Dhttp%253A%252F%252Fwww.walleyecentral.com%252Fforums%252Fshowthread.php%253Ft%253D168800%26ei%3DlV4ET_SKEYX0sQKh1-GQCg%26usg%3DAFQjCNEZ6i25wN9VaNOj2H6deLhhzdJBmw HTTP/1.1" 200 1274 "http://www.walleyecentral.com/forums/showthread.php?t=168800" "Mozilla/4.0 (compatible; MSIE 8.0; Windows NT 5.1; Trident/4.0; GTB7.2; .NET CLR 2.0.50727; .NET CLR 3.0.4506.2152; .NET CLR 3.5.30729; WinNT-A8I 09.04.2011; IE0006_ver1;EN_US)"
180.76.5.53 - - [04/Jan/2012:09:16:35 -0500] "GET /forums/showthread.php?t=16789 HTTP/1.1" 200 13171 "-" "Mozilla/5.0 (compatible; Baiduspider/2.0; +http://www.baidu.com/search/spider.html)"
63.232.194.234 - - [04/Jan/2012:09:16:35 -0500] "GET /openx/www/delivery/lg.php?bannerid=34&campaignid=1&zoneid=98&loc=http%3A%2F%2Fwww.walleyecentral.com%2Fforums%2Fshowthread.php%3Ft%3D168800&referer=http%3A%2F%2Fwww.google.com%2Furl%3Fsa%3Dt%26rct%3Dj%26q%3D2050%2520ranger%2520reata%2520weight%2520on%2520trailer%26source%3Dweb%26cd%3D4%26ved%3D0CEIQrAIoATAD%26url%3Dhttp%253A%252F%252Fwww.walleyecentral.com%252Fforums%252Fshowthread.php%253Ft%253D168800%26ei%3DlV4ET_SKEYX0sQKh1-GQCg%26usg%3DAFQjCNEZ6i25wN9VaNOj2H6deLhhzdJBmw&cb=5e7a4b9627 HTTP/1.1" 200 43 "http://www.walleyecentral.com/forums/showthread.php?t=168800" "Mozilla/4.0 (compatible; MSIE 8.0; Windows NT 5.1; Trident/4.0; GTB7.2; .NET CLR 2.0.50727; .NET CLR 3.0.4506.2152; .NET CLR 3.5.30729; WinNT-A8I 09.04.2011; IE0006_ver1;EN_US)"
184.6.103.113 - - [04/Jan/2012:09:16:35 -0500] "GET /openx/www/delivery/lg.php?bannerid=94&campaignid=1&zoneid=98&loc=http%3A%2F%2Fwww.walleyecentral.com%2Fforums%2Fshowthread.php%3Ft%3D189233&referer=http%3A%2F%2Fwww.walleyecentral.com%2Fforums%2Fforumdisplay.php%3Ff%3D32&cb=b694ed118a HTTP/1.1" 200 43 "http://www.walleyecentral.com/forums/showthread.php?t=189233" "Mozilla/5.0 (Linux; U; Android 3.2.1; en-us; A500 Build/HTK55D) AppleWebKit/534.13 (KHTML, like Gecko) Version/4.0 Safari/534.13"
66.249.71.211 - - [04/Jan/2012:09:16:36 -0500] "GET /forums/archive/index.php/t-4980.html HTTP/1.1" 200 1954 "-" "Mozilla/5.0 (compatible; Googlebot/2.1; +http://www.google.com/bot.html)"
46.17.98.217 - - [04/Jan/2012:09:16:35 -0500] "POST /forums/register.php?do=addmember HTTP/1.0" 200 41565 "http://www.walleyecentral.com/forums/register.php" "Mozilla/4.0 (compatible; MSIE 6.0; Windows NT 5.2; Win64; AMD64)"
180.76.5.52 - - [04/Jan/2012:09:16:36 -0500] "GET /forums/search.php?searchid=4403967 HTTP/1.1" 200 10522 "-" "Mozilla/5.0 (compatible; Baiduspider/2.0; +http://www.baidu.com/search/spider.html)"
205.134.249.170 - - [04/Jan/2012:09:16:37 -0500] "GET /weather.php?pands=N0N1To HTTP/1.1" 200 16166 "-" "PHP/5.2.17"
66.11.150.236 - - [04/Jan/2012:09:16:37 -0500] "GET /weather.php?pands=Park+Rapids HTTP/1.0" 200 24176 "-" "-"
205.134.249.170 - - [04/Jan/2012:09:16:37 -0500] "GET /weather.php?pands=46784 HTTP/1.1" 200 16166 "-" "PHP/5.2.17"
66.11.150.236 - - [04/Jan/2012:09:16:37 -0500] "GET /weather.php?pands=52601 HTTP/1.0" 200 24170 "-" "-"
205.134.249.170 - - [04/Jan/2012:09:16:37 -0500] "GET /weather.php?pands=50131 HTTP/1.1" 200 16166 "-" "PHP/5.2.17"
71.64.144.236 - - [04/Jan/2012:09:16:38 -0500] "GET /forums/showthread.php?t=189224 HTTP/1.1" 200 20379 "http://www.walleyecentral.com/forums/search.php?searchid=4437016" "Mozilla/5.0 (compatible; MSIE 9.0; Windows NT 6.0; Trident/5.0)"
46.17.98.217 - - [04/Jan/2012:09:16:37 -0500] "POST /forums/register.php?do=addmember HTTP/1.0" 200 41550 "http://www.walleyecentral.com/forums/register.php" "Mozilla/4.0 (compatible; MSIE 6.0; Windows NT 5.2; Win64; AMD64)"
71.64.144.236 - - [04/Jan/2012:09:16:38 -0500] "GET /openx/www/delivery/ajs.php?n=a5212870&zoneid=87&source=&exclude=,&r=597434371&loc=http%3A//www.walleyecentral.com/forums/showthread.php%3Ft%3D189224&referer=http%3A//www.walleyecentral.com/forums/search.php%3Fsearchid%3D4437016 HTTP/1.1" 200 954 "http://www.walleyecentral.com/forums/showthread.php?t=189224" "Mozilla/5.0 (compatible; MSIE 9.0; Windows NT 6.0; Trident/5.0)"
209.85.224.89 - - [04/Jan/2012:09:16:38 -0500] "GET /forums/showthread.php?t=187185 HTTP/1.1" 200 18404 "-" "Mozilla/5.0 (X11; Linux x86_64) AppleWebKit/534.51 (KHTML, like Gecko; Google Web Preview) Chrome/12.0.742 Safari/534.51"
71.64.144.236 - - [04/Jan/2012:09:16:38 -0500] "GET /forums/images/smilies/smile.gif HTTP/1.1" 200 1061 "http://www.walleyecentral.com/forums/showthread.php?t=189224" "Mozilla/5.0 (compatible; MSIE 9.0; Windows NT 6.0; Trident/5.0)"
71.64.144.236 - - [04/Jan/2012:09:16:38 -0500] "GET /openx/www/delivery/ai.php?filename=lureparts_2.gif&contenttype=gif HTTP/1.1" 200 11524 "http://www.walleyecentral.com/forums/showthread.php?t=189224" "Mozilla/5.0 (compatible; MSIE 9.0; Windows NT 6.0; Trident/5.0)"
71.64.144.236 - - [04/Jan/2012:09:16:38 -0500] "GET /forums/image.php?u=45839&dateline=1321664484 HTTP/1.1" 200 1739 "http://www.walleyecentral.com/forums/showthread.php?t=189224" "Mozilla/5.0 (compatible; MSIE 9.0; Windows NT 6.0; Trident/5.0)"
71.64.144.236 - - [04/Jan/2012:09:16:38 -0500] "GET /forums/image.php?u=18053&dateline=1216420470 HTTP/1.1" 200 1917 "http://www.walleyecentral.com/forums/showthread.php?t=189224" "Mozilla/5.0 (compatible; MSIE 9.0; Windows NT 6.0; Trident/5.0)"
71.64.144.236 - - [04/Jan/2012:09:16:38 -0500] "GET /forums/image.php?u=5817&type=sigpic&dateline=1262816792 HTTP/1.1" 200 2791 "http://www.walleyecentral.com/forums/showthread.php?t=189224" "Mozilla/5.0 (compatible; MSIE 9.0; Windows NT 6.0; Trident/5.0)"
209.85.224.80 - - [04/Jan/2012:09:16:38 -0500] "GET /openx/www/delivery/ajs.php?n=a5212870&zoneid=87&source=&exclude=,&r=485540961&loc=http%3A//www.walleyecentral.com/forums/showthread.php%3Ft%3D187185 HTTP/1.1" 200 863 "http://www.walleyecentral.com/forums/showthread.php?t=187185" "Mozilla/5.0 (X11; Linux x86_64) AppleWebKit/534.51 (KHTML, like Gecko; Google Web Preview) Chrome/12.0.742 Safari/534.51"
71.64.144.236 - - [04/Jan/2012:09:16:38 -0500] "GET /forums/image.php?u=5817&dateline=1262815287 HTTP/1.1" 200 1461 "http://www.walleyecentral.com/forums/showthread.php?t=189224" "Mozilla/5.0 (compatible; MSIE 9.0; Windows NT 6.0; Trident/5.0)"
66.11.150.236 - - [04/Jan/2012:09:16:39 -0500] "GET /weather.php?pands=56470 HTTP/1.0" 200 24178 "-" "-"
209.85.224.95 - - [04/Jan/2012:09:16:39 -0500] "GET /openx/www/delivery/lg.php?bannerid=74&campaignid=1&zoneid=87&loc=http%3A%2F%2Fwww.walleyecentral.com%2Fforums%2Fshowthread.php%3Ft%3D187185&cb=eb157bb78f HTTP/1.1" 200 43 "http://www.walleyecentral.com/forums/showthread.php?t=187185" "Mozilla/5.0 (X11; Linux x86_64) AppleWebKit/534.51 (KHTML, like Gecko; Google Web Preview) Chrome/12.0.742 Safari/534.51"
71.64.144.236 - - [04/Jan/2012:09:16:38 -0500] "GET /openx/www/delivery/lg.php?bannerid=74&campaignid=1&zoneid=87&loc=http%3A%2F%2Fwww.walleyecentral.com%2Fforums%2Fshowthread.php%3Ft%3D189224&referer=http%3A%2F%2Fwww.walleyecentral.com%2Fforums%2Fsearch.php%3Fsearchid%3D4437016&cb=38a3374383 HTTP/1.1" 200 43 "http://www.walleyecentral.com/forums/showthread.php?t=189224" "Mozilla/5.0 (compatible; MSIE 9.0; Windows NT 6.0; Trident/5.0)"
205.134.249.170 - - [04/Jan/2012:09:16:39 -0500] "GET /weather.php?pands=44077 HTTP/1.1" 200 16166 "-" "PHP/5.2.17"
205.134.249.170 - - [04/Jan/2012:09:16:39 -0500] "GET /weather.php?pands=48506 HTTP/1.1" 200 16166 "-" "PHP/5.2.17"
208.38.64.34 - - [04/Jan/2012:09:16:39 -0500] "GET /openx/www/delivery/ajs.php?n=a5212870&zoneid=97&source=&exclude=,&r=811679001&loc=http%3A//www.walleyecentral.com/forums/forumdisplay.php%3Ff%3D32&referer=http%3A//walleyecentral.com/ HTTP/1.1" 200 976 "http://www.walleyecentral.com/forums/forumdisplay.php?f=32" "Mozilla/5.0 (Windows NT 5.1) AppleWebKit/535.7 (KHTML, like Gecko) Chrome/16.0.912.63 Safari/535.7"
66.11.150.236 - - [04/Jan/2012:09:16:39 -0500] "GET /weather.php?pands=Lake+Presto HTTP/1.0" 200 24168 "-" "-"
208.38.64.34 - - [04/Jan/2012:09:16:39 -0500] "GET /openx/www/delivery/lg.php?bannerid=34&campaignid=1&zoneid=97&loc=http%3A%2F%2Fwww.walleyecentral.com%2Fforums%2Fforumdisplay.php%3Ff%3D32&referer=http%3A%2F%2Fwalleyecentral.com%2F&cb=29d9e64815 HTTP/1.1" 200 43 "http://www.walleyecentral.com/forums/forumdisplay.php?f=32" "Mozilla/5.0 (Windows NT 5.1) AppleWebKit/535.7 (KHTML, like Gecko) Chrome/16.0.912.63 Safari/535.7"
208.38.64.34 - - [04/Jan/2012:09:16:39 -0500] "GET /openx/www/delivery/ai.php?filename=ranger.jpg&contenttype=jpeg HTTP/1.1" 200 27520 "http://www.walleyecentral.com/forums/forumdisplay.php?f=32" "Mozilla/5.0 (Windows NT 5.1) AppleWebKit/535.7 (KHTML, like Gecko) Chrome/16.0.912.63 Safari/535.7"
205.134.249.170 - - [04/Jan/2012:09:16:39 -0500] "GET /weather.php?pands=60180 HTTP/1.1" 200 16166 "-" "PHP/5.2.17"
68.171.231.81 - - [04/Jan/2012:09:16:39 -0500] "GET / HTTP/1.1" 200 66159 "" "Mozilla/5.0 (BlackBerry; U; BlackBerry 9810; en) AppleWebKit/534.11+ (KHTML, like Gecko) Version/7.0.0.254 Mobile Safari/534.11+"
64.179.63.250 - - [04/Jan/2012:09:16:39 -0500] "GET /forums/showthread.php?t=189098&page=3 HTTP/1.1" 200 73176 "http://www.walleyecentral.com/forums/showthread.php?t=189098&page=2" "Mozilla/4.0 (compatible; MSIE 6.0; Windows NT 5.1; SV1; .NET CLR 1.1.4322; .NET CLR 2.0.50727; .NET CLR 3.0.4506.2152; .NET CLR 3.5.30729)"
46.17.98.217 - - [04/Jan/2012:09:16:39 -0500] "POST /forums/register.php?do=addmember HTTP/1.0" 200 41577 "http://www.walleyecentral.com/forums/register.php" "Mozilla/4.0 (compatible; MSIE 6.0; Windows NT 5.2; Win64; AMD64)"
68.171.231.82 - - [04/Jan/2012:09:16:40 -0500] "GET /themes/default/common.css HTTP/1.1" 200 688 "http://www.walleyecentral.com/" "Mozilla/5.0 (BlackBerry; U; BlackBerry 9810; en) AppleWebKit/534.11+ (KHTML, like Gecko) Version/7.0.0.254 Mobile Safari/534.11+"
180.76.5.52 - - [04/Jan/2012:09:16:40 -0500] "GET /forums/showthread.php?t=167535 HTTP/1.1" 200 15255 "-" "Mozilla/5.0 (compatible; Baiduspider/2.0; +http://www.baidu.com/search/spider.html)"
64.179.63.250 - - [04/Jan/2012:09:16:40 -0500] "GET /openx/www/delivery/ajs.php?n=a5212870&zoneid=87&source=&exclude=,&r=441201731&loc=http%3A//www.walleyecentral.com/forums/showthread.php%3Ft%3D189098%26page%3D3&referer=http%3A//www.walleyecentral.com/forums/showthread.php%3Ft%3D189098%26page%3D2 HTTP/1.1" 200 972 "http://www.walleyecentral.com/forums/showthread.php?t=189098&page=3" "Mozilla/4.0 (compatible; MSIE 6.0; Windows NT 5.1; SV1; .NET CLR 1.1.4322; .NET CLR 2.0.50727; .NET CLR 3.0.4506.2152; .NET CLR 3.5.30729)"
64.179.63.250 - - [04/Jan/2012:09:16:40 -0500] "GET /forums/images/smilies/cookoo.gif HTTP/1.1" 200 1125 "http://www.walleyecentral.com/forums/showthread.php?t=189098&page=3" "Mozilla/4.0 (compatible; MSIE 6.0; Windows NT 5.1; SV1; .NET CLR 1.1.4322; .NET CLR 2.0.50727; .NET CLR 3.0.4506.2152; .NET CLR 3.5.30729)"
68.171.231.81 - - [04/Jan/2012:09:16:40 -0500] "GET /forums/clientscript/vbulletin_md5.js?v=368 HTTP/1.1" 200 5464 "http://www.walleyecentral.com/" "Mozilla/5.0 (BlackBerry; U; BlackBerry 9810; en) AppleWebKit/534.11+ (KHTML, like Gecko) Version/7.0.0.254 Mobile Safari/534.11+"
65.52.108.198 - - [04/Jan/2012:09:16:40 -0500] "GET /forums/showthread.php?p=215187 HTTP/1.1" 200 15309 "-" "Mozilla/5.0 (compatible; bingbot/2.0; +http://www.bing.com/bingbot.htm)"
68.171.231.80 - - [04/Jan/2012:09:16:41 -0500] "GET /phpQJr/embedjr.php?pid=50&w=175&h=400 HTTP/1.1" 200 1036 "http://www.walleyecentral.com/" "Mozilla/5.0 (BlackBerry; U; BlackBerry 9810; en) AppleWebKit/534.11+ (KHTML, like Gecko) Version/7.0.0.254 Mobile Safari/534.11+"
66.249.71.211 - - [04/Jan/2012:09:16:41 -0500] "GET /forums/archive/index.php/t-49173.html HTTP/1.1" 200 2863 "-" "Mozilla/5.0 (compatible; Googlebot/2.1; +http://www.google.com/bot.html)"
68.171.231.81 - - [04/Jan/2012:09:16:41 -0500] "GET /qnav/bullet_sq_sm_slateblue.gif HTTP/1.1" 200 820 "http://www.walleyecentral.com/" "Mozilla/5.0 (BlackBerry; U; BlackBerry 9810; en) AppleWebKit/534.11+ (KHTML, like Gecko) Version/7.0.0.254 Mobile Safari/534.11+"
207.46.13.160 - - [04/Jan/2012:09:16:40 -0500] "GET /forums/newreply.php?do=newreply&p=970458 HTTP/1.1" 200 16098 "-" "Mozilla/5.0 (compatible; bingbot/2.0; +http://www.bing.com/bingbot.htm)"
68.171.231.81 - - [04/Jan/2012:09:16:41 -0500] "GET /images/wc-hoodie.jpg HTTP/1.1" 200 2970 "http://www.walleyecentral.com/" "Mozilla/5.0 (BlackBerry; U; BlackBerry 9810; en) AppleWebKit/534.11+ (KHTML, like Gecko) Version/7.0.0.254 Mobile Safari/534.11+"
68.171.231.81 - - [04/Jan/2012:09:16:41 -0500] "GET /images/fishhuron.jpg HTTP/1.1" 200 12090 "http://www.walleyecentral.com/" "Mozilla/5.0 (BlackBerry; U; BlackBerry 9810; en) AppleWebKit/534.11+ (KHTML, like Gecko) Version/7.0.0.254 Mobile Safari/534.11+"
68.171.231.81 - - [04/Jan/2012:09:16:41 -0500] "GET /themes/default/images/bullet.png HTTP/1.1" 200 253 "http://www.walleyecentral.com/" "Mozilla/5.0 (BlackBerry; U; BlackBerry 9810; en) AppleWebKit/534.11+ (KHTML, like Gecko) Version/7.0.0.254 Mobile Safari/534.11+"
68.171.231.80 - - [04/Jan/2012:09:16:41 -0500] "GET /themes/default/images/topback.png HTTP/1.1" 200 1241 "http://www.walleyecentral.com/" "Mozilla/5.0 (BlackBerry; U; BlackBerry 9810; en) AppleWebKit/534.11+ (KHTML, like Gecko) Version/7.0.0.254 Mobile Safari/534.11+"
68.171.231.80 - - [04/Jan/2012:09:16:41 -0500] "GET /themes/default/images/x.gif HTTP/1.1" 200 1107 "http://www.walleyecentral.com/" "Mozilla/5.0 (BlackBerry; U; BlackBerry 9810; en) AppleWebKit/534.11+ (KHTML, like Gecko) Version/7.0.0.254 Mobile Safari/534.11+"
