24.111.18.138 - - [04/Jan/2012:09:15:29 -0500] "GET /forums/images/icons/icon7.gif HTTP/1.1" 200 1058 "http://www.walleyecentral.com/forums/forumdisplay.php?f=5" "Mozilla/4.0 (compatible; MSIE 8.0; Windows NT 5.1; Trident/4.0; GTB7.2; Mozilla/4.0 (compatible; MSIE 6.0; Windows NT 5.1; SV1) ; .NET CLR 1.1.4322; .NET CLR 2.0.50727; .NET CLR 3.0.04506.30; .NET CLR 3.0.04506.648; .NET CLR 3.0.4506.2152; .NET CLR 3.5.30729; OfficeLiveConnector.1.3; OfficeLivePatch.0.0; .NET4.0C; .NET4.0E)"
66.96.3.91 - - [04/Jan/2012:09:15:29 -0500] "GET /themes/default/images/ranger_icon.jpg HTTP/1.1" 304 - "http://www.walleyecentral.com/" "Mozilla/4.0 (compatible; MSIE 7.0; Windows NT 5.1; Trident/4.0; GTB6; .NET CLR 1.1.4322; .NET CLR 2.0.50727; MSN 9.0;MSN 9.1;MSN 9.6;MSN 10.0;MSN 10.2; MSNbMSNI; MSNmen-us; MSNcIA)"
24.111.18.138 - - [04/Jan/2012:09:15:29 -0500] "GET /forums/images/statusicon/thread_hot_lock.gif HTTP/1.1" 200 1156 "http://www.walleyecentral.com/forums/forumdisplay.php?f=5" "Mozilla/4.0 (compatible; MSIE 8.0; Windows NT 5.1; Trident/4.0; GTB7.2; Mozilla/4.0 (compatible; MSIE 6.0; Windows NT 5.1; SV1) ; .NET CLR 1.1.4322; .NET CLR 2.0.50727; .NET CLR 3.0.04506.30; .NET CLR 3.0.04506.648; .NET CLR 3.0.4506.2152; .NET CLR 3.5.30729; OfficeLiveConnector.1.3; OfficeLivePatch.0.0; .NET4.0C; .NET4.0E)"
66.249.71.211 - - [04/Jan/2012:09:15:29 -0500] "GET /forums/archive/index.php/t-48963.html HTTP/1.1" 200 4445 "-" "Mozilla/5.0 (compatible; Googlebot/2.1; +http://www.google.com/bot.html)"
24.111.18.138 - - [04/Jan/2012:09:15:29 -0500] "GET /forums/images/icons/icon3.gif HTTP/1.1" 200 1018 "http://www.walleyecentral.com/forums/forumdisplay.php?f=5" "Mozilla/4.0 (compatible; MSIE 8.0; Windows NT 5.1; Trident/4.0; GTB7.2; Mozilla/4.0 (compatible; MSIE 6.0; Windows NT 5.1; SV1) ; .NET CLR 1.1.4322; .NET CLR 2.0.50727; .NET CLR 3.0.04506.30; .NET CLR 3.0.04506.648; .NET CLR 3.0.4506.2152; .NET CLR 3.5.30729; OfficeLiveConnector.1.3; OfficeLivePatch.0.0; .NET4.0C; .NET4.0E)"
65.52.108.26 - - [04/Jan/2012:09:15:29 -0500] "GET /forums/archive/index.php/t-41603.html HTTP/1.1" 200 2930 "-" "Mozilla/5.0 (compatible; bingbot/2.0; +http://www.bing.com/bingbot.htm)"
66.96.3.91 - - [04/Jan/2012:09:15:29 -0500] "GET /images/wc-hoodie.jpg HTTP/1.1" 304 - "http://www.walleyecentral.com/" "Mozilla/4.0 (compatible; MSIE 7.0; Windows NT 5.1; Trident/4.0; GTB6; .NET CLR 1.1.4322; .NET CLR 2.0.50727; MSN 9.0;MSN 9.1;MSN 9.6;MSN 10.0;MSN 10.2; MSNbMSNI; MSNmen-us; MSNcIA)"
24.111.18.138 - - [04/Jan/2012:09:15:29 -0500] "GET /openx/www/delivery/ai.php?filename=okuma_citrix.gif&contenttype=gif HTTP/1.1" 200 20711 "http://www.walleyecentral.com/forums/forumdisplay.php?f=5" "Mozilla/4.0 (compatible; MSIE 8.0; Windows NT 5.1; Trident/4.0; GTB7.2; Mozilla/4.0 (compatible; MSIE 6.0; Windows NT 5.1; SV1) ; .NET CLR 1.1.4322; .NET CLR 2.0.50727; .NET CLR 3.0.04506.30; .NET CLR 3.0.04506.648; .NET CLR 3.0.4506.2152; .NET CLR 3.5.30729; OfficeLiveConnector.1.3; OfficeLivePatch.0.0; .NET4.0C; .NET4.0E)"
205.134.249.170 - - [04/Jan/2012:09:15:29 -0500] "GET /weather.php?pands=hayward%2Cwi HTTP/1.1" 200 16166 "-" "PHP/5.2.17"
208.118.158.140 - - [04/Jan/2012:09:15:26 -0500] "GET /dbimages/uploaded-2012-01-02-62222274.png HTTP/1.1" 200 169437 "-" "Mozilla/5.0 (compatible; MSIE 9.0; Windows NT 6.1; WOW64; Trident/5.0; MAAU; FunWebProducts)"
66.11.150.236 - - [04/Jan/2012:09:15:29 -0500] "GET /weather.php?pands=65244 HTTP/1.0" 200 24190 "-" "-"
24.111.18.138 - - [04/Jan/2012:09:15:29 -0500] "GET /openx/www/delivery/lg.php?bannerid=75&campaignid=1&zoneid=86&channel_ids=,&loc=http%3A%2F%2Fwww.walleyecentral.com%2Fforums%2Fforumdisplay.php%3Ff%3D5&referer=http%3A%2F%2Fwww.walleyecentral.com%2Fforums%2Fshowthread.php%3Ft%3D189034&cb=f1980e20c3 HTTP/1.1" 200 43 "http://www.walleyecentral.com/forums/forumdisplay.php?f=5" "Mozilla/4.0 (compatible; MSIE 8.0; Windows NT 5.1; Trident/4.0; GTB7.2; Mozilla/4.0 (compatible; MSIE 6.0; Windows NT 5.1; SV1) ; .NET CLR 1.1.4322; .NET CLR 2.0.50727; .NET CLR 3.0.04506.30; .NET CLR 3.0.04506.648; .NET CLR 3.0.4506.2152; .NET CLR 3.5.30729; OfficeLiveConnector.1.3; OfficeLivePatch.0.0; .NET4.0C; .NET4.0E)"
66.96.3.91 - - [04/Jan/2012:09:15:30 -0500] "GET /images/fishhuron.jpg HTTP/1.1" 304 - "http://www.walleyecentral.com/" "Mozilla/4.0 (compatible; MSIE 7.0; Windows NT 5.1; Trident/4.0; GTB6; .NET CLR 1.1.4322; .NET CLR 2.0.50727; MSN 9.0;MSN 9.1;MSN 9.6;MSN 10.0;MSN 10.2; MSNbMSNI; MSNmen-us; MSNcIA)"
66.96.3.91 - - [04/Jan/2012:09:15:30 -0500] "GET /images/facebook.jpg HTTP/1.1" 304 - "http://www.walleyecentral.com/" "Mozilla/4.0 (compatible; MSIE 7.0; Windows NT 5.1; Trident/4.0; GTB6; .NET CLR 1.1.4322; .NET CLR 2.0.50727; MSN 9.0;MSN 9.1;MSN 9.6;MSN 10.0;MSN 10.2; MSNbMSNI; MSNmen-us; MSNcIA)"
66.96.3.91 - - [04/Jan/2012:09:15:30 -0500] "GET /themes/default/images/edit.gif HTTP/1.1" 304 - "http://www.walleyecentral.com/" "Mozilla/4.0 (compatible; MSIE 7.0; Windows NT 5.1; Trident/4.0; GTB6; .NET CLR 1.1.4322; .NET CLR 2.0.50727; MSN 9.0;MSN 9.1;MSN 9.6;MSN 10.0;MSN 10.2; MSNbMSNI; MSNmen-us; MSNcIA)"
66.96.3.91 - - [04/Jan/2012:09:15:30 -0500] "GET /dbimages/articles-2012-01-02-216201556iconfile.JPG HTTP/1.1" 304 - "http://www.walleyecentral.com/" "Mozilla/4.0 (compatible; MSIE 7.0; Windows NT 5.1; Trident/4.0; GTB6; .NET CLR 1.1.4322; .NET CLR 2.0.50727; MSN 9.0;MSN 9.1;MSN 9.6;MSN 10.0;MSN 10.2; MSNbMSNI; MSNmen-us; MSNcIA)"
66.96.3.91 - - [04/Jan/2012:09:15:30 -0500] "GET /dbimages/articles-2011-12-20-231784295iconfile.jpg HTTP/1.1" 304 - "http://www.walleyecentral.com/" "Mozilla/4.0 (compatible; MSIE 7.0; Windows NT 5.1; Trident/4.0; GTB6; .NET CLR 1.1.4322; .NET CLR 2.0.50727; MSN 9.0;MSN 9.1;MSN 9.6;MSN 10.0;MSN 10.2; MSNbMSNI; MSNmen-us; MSNcIA)"
66.96.3.91 - - [04/Jan/2012:09:15:30 -0500] "GET /dbimages/articles-2011-12-27-925807361iconfile.jpg HTTP/1.1" 304 - "http://www.walleyecentral.com/" "Mozilla/4.0 (compatible; MSIE 7.0; Windows NT 5.1; Trident/4.0; GTB6; .NET CLR 1.1.4322; .NET CLR 2.0.50727; MSN 9.0;MSN 9.1;MSN 9.6;MSN 10.0;MSN 10.2; MSNbMSNI; MSNmen-us; MSNcIA)"
205.134.249.170 - - [04/Jan/2012:09:15:30 -0500] "GET /weather.php?pands=53051 HTTP/1.1" 200 16166 "-" "PHP/5.2.17"
66.11.150.236 - - [04/Jan/2012:09:15:30 -0500] "GET /weather.php?pands=51334 HTTP/1.0" 200 24173 "-" "-"
66.96.3.91 - - [04/Jan/2012:09:15:30 -0500] "GET /dbimages/articles-2011-12-20-993572124iconfile.jpg HTTP/1.1" 304 - "http://www.walleyecentral.com/" "Mozilla/4.0 (compatible; MSIE 7.0; Windows NT 5.1; Trident/4.0; GTB6; .NET CLR 1.1.4322; .NET CLR 2.0.50727; MSN 9.0;MSN 9.1;MSN 9.6;MSN 10.0;MSN 10.2; MSNbMSNI; MSNmen-us; MSNcIA)"
66.96.3.91 - - [04/Jan/2012:09:15:30 -0500] "GET /dbimages/articles-2011-12-20-429665774iconfile.jpg HTTP/1.1" 304 - "http://www.walleyecentral.com/" "Mozilla/4.0 (compatible; MSIE 7.0; Windows NT 5.1; Trident/4.0; GTB6; .NET CLR 1.1.4322; .NET CLR 2.0.50727; MSN 9.0;MSN 9.1;MSN 9.6;MSN 10.0;MSN 10.2; MSNbMSNI; MSNmen-us; MSNcIA)"
66.96.3.91 - - [04/Jan/2012:09:15:30 -0500] "GET /dbimages/articles-2011-12-19-56677216iconfile.jpg HTTP/1.1" 304 - "http://www.walleyecentral.com/" "Mozilla/4.0 (compatible; MSIE 7.0; Windows NT 5.1; Trident/4.0; GTB6; .NET CLR 1.1.4322; .NET CLR 2.0.50727; MSN 9.0;MSN 9.1;MSN 9.6;MSN 10.0;MSN 10.2; MSNbMSNI; MSNmen-us; MSNcIA)"
66.96.3.91 - - [04/Jan/2012:09:15:30 -0500] "GET /dbimages/articles-2011-12-19-992528775iconfile.jpg HTTP/1.1" 304 - "http://www.walleyecentral.com/" "Mozilla/4.0 (compatible; MSIE 7.0; Windows NT 5.1; Trident/4.0; GTB6; .NET CLR 1.1.4322; .NET CLR 2.0.50727; MSN 9.0;MSN 9.1;MSN 9.6;MSN 10.0;MSN 10.2; MSNbMSNI; MSNmen-us; MSNcIA)"
66.96.3.91 - - [04/Jan/2012:09:15:30 -0500] "GET /dbimages/articles-2011-12-09-612515290iconfile.jpg HTTP/1.1" 304 - "http://www.walleyecentral.com/" "Mozilla/4.0 (compatible; MSIE 7.0; Windows NT 5.1; Trident/4.0; GTB6; .NET CLR 1.1.4322; .NET CLR 2.0.50727; MSN 9.0;MSN 9.1;MSN 9.6;MSN 10.0;MSN 10.2; MSNbMSNI; MSNmen-us; MSNcIA)"
66.96.3.91 - - [04/Jan/2012:09:15:31 -0500] "GET /dbimages/articles-2011-12-05-541299785iconfile.jpg HTTP/1.1" 304 - "http://www.walleyecentral.com/" "Mozilla/4.0 (compatible; MSIE 7.0; Windows NT 5.1; Trident/4.0; GTB6; .NET CLR 1.1.4322; .NET CLR 2.0.50727; MSN 9.0;MSN 9.1;MSN 9.6;MSN 10.0;MSN 10.2; MSNbMSNI; MSNmen-us; MSNcIA)"
66.96.3.91 - - [04/Jan/2012:09:15:31 -0500] "GET /dbimages/articles-2011-09-29-923068202iconfile.jpg HTTP/1.1" 304 - "http://www.walleyecentral.com/" "Mozilla/4.0 (compatible; MSIE 7.0; Windows NT 5.1; Trident/4.0; GTB6; .NET CLR 1.1.4322; .NET CLR 2.0.50727; MSN 9.0;MSN 9.1;MSN 9.6;MSN 10.0;MSN 10.2; MSNbMSNI; MSNmen-us; MSNcIA)"
180.76.6.231 - - [04/Jan/2012:09:15:30 -0500] "GET /forums/showthread.php?t=170485 HTTP/1.1" 200 15821 "-" "Mozilla/5.0 (compatible; Baiduspider/2.0; +http://www.baidu.com/search/spider.html)"
66.96.3.91 - - [04/Jan/2012:09:15:31 -0500] "GET /dbimages/tenpoundclub-2011-12-23-141169268thumbnail.jpg HTTP/1.1" 304 - "http://www.walleyecentral.com/" "Mozilla/4.0 (compatible; MSIE 7.0; Windows NT 5.1; Trident/4.0; GTB6; .NET CLR 1.1.4322; .NET CLR 2.0.50727; MSN 9.0;MSN 9.1;MSN 9.6;MSN 10.0;MSN 10.2; MSNbMSNI; MSNmen-us; MSNcIA)"
66.96.3.91 - - [04/Jan/2012:09:15:31 -0500] "GET /dbimages/tenpoundclub-2012-01-03-862352758thumbnail.jpg HTTP/1.1" 200 12900 "http://www.walleyecentral.com/" "Mozilla/4.0 (compatible; MSIE 7.0; Windows NT 5.1; Trident/4.0; GTB6; .NET CLR 1.1.4322; .NET CLR 2.0.50727; MSN 9.0;MSN 9.1;MSN 9.6;MSN 10.0;MSN 10.2; MSNbMSNI; MSNmen-us; MSNcIA)"
66.96.3.91 - - [04/Jan/2012:09:15:31 -0500] "GET /dbimages/tenpoundclub-2011-12-23-97306314thumbnail.jpg HTTP/1.1" 304 - "http://www.walleyecentral.com/" "Mozilla/4.0 (compatible; MSIE 7.0; Windows NT 5.1; Trident/4.0; GTB6; .NET CLR 1.1.4322; .NET CLR 2.0.50727; MSN 9.0;MSN 9.1;MSN 9.6;MSN 10.0;MSN 10.2; MSNbMSNI; MSNmen-us; MSNcIA)"
66.96.3.91 - - [04/Jan/2012:09:15:31 -0500] "GET /wcvideo/video/20110918-060900.jpg HTTP/1.1" 304 - "http://www.walleyecentral.com/" "Mozilla/4.0 (compatible; MSIE 7.0; Windows NT 5.1; Trident/4.0; GTB6; .NET CLR 1.1.4322; .NET CLR 2.0.50727; MSN 9.0;MSN 9.1;MSN 9.6;MSN 10.0;MSN 10.2; MSNbMSNI; MSNmen-us; MSNcIA)"
66.96.3.91 - - [04/Jan/2012:09:15:31 -0500] "GET /wcvideo/video/20110925-150928.jpg HTTP/1.1" 304 - "http://www.walleyecentral.com/" "Mozilla/4.0 (compatible; MSIE 7.0; Windows NT 5.1; Trident/4.0; GTB6; .NET CLR 1.1.4322; .NET CLR 2.0.50727; MSN 9.0;MSN 9.1;MSN 9.6;MSN 10.0;MSN 10.2; MSNbMSNI; MSNmen-us; MSNcIA)"
205.134.249.170 - - [04/Jan/2012:09:15:31 -0500] "GET /weather.php?pands=Erie%2CPa. HTTP/1.1" 200 16166 "-" "PHP/5.2.17"
24.220.62.4 - - [04/Jan/2012:09:15:31 -0500] "GET /forums/forumdisplay.php?f=16 HTTP/1.1" 200 21906 "http://www.walleyecentral.com/forums/index.php" "Mozilla/4.0 (compatible; MSIE 8.0; Windows NT 5.1; Trident/4.0; (R1 1.6); .NET CLR 1.1.4322; BRI/1)"
66.11.150.236 - - [04/Jan/2012:09:15:32 -0500] "GET /weather.php?pands=55448 HTTP/1.0" 200 24176 "-" "-"
24.220.62.4 - - [04/Jan/2012:09:15:32 -0500] "GET /openx/www/delivery/ajs.php?n=a5212870&zoneid=12&source=&exclude=,&r=84557441&loc=http%3A//www.walleyecentral.com/forums/forumdisplay.php%3Ff%3D16&referer=http%3A//www.walleyecentral.com/forums/index.php HTTP/1.1" 200 927 "http://www.walleyecentral.com/forums/forumdisplay.php?f=16" "Mozilla/4.0 (compatible; MSIE 8.0; Windows NT 5.1; Trident/4.0; (R1 1.6); .NET CLR 1.1.4322; BRI/1)"
66.11.150.236 - - [04/Jan/2012:09:15:31 -0500] "GET /weather.php?pands=Copper+Harb HTTP/1.0" 200 24175 "-" "-"
205.134.249.170 - - [04/Jan/2012:09:15:32 -0500] "GET /weather.php?pands=43609 HTTP/1.1" 200 16166 "-" "PHP/5.2.17"
24.220.62.4 - - [04/Jan/2012:09:15:32 -0500] "GET /openx/www/delivery/ai.php?filename=grandpa_joe.gif&contenttype=gif HTTP/1.1" 304 - "http://www.walleyecentral.com/forums/forumdisplay.php?f=16" "Mozilla/4.0 (compatible; MSIE 8.0; Windows NT 5.1; Trident/4.0; (R1 1.6); .NET CLR 1.1.4322; BRI/1)"
66.96.3.91 - - [04/Jan/2012:09:15:32 -0500] "GET /wcvideo/video/20110808-130818.jpg HTTP/1.1" 304 - "http://www.walleyecentral.com/" "Mozilla/4.0 (compatible; MSIE 7.0; Windows NT 5.1; Trident/4.0; GTB6; .NET CLR 1.1.4322; .NET CLR 2.0.50727; MSN 9.0;MSN 9.1;MSN 9.6;MSN 10.0;MSN 10.2; MSNbMSNI; MSNmen-us; MSNcIA)"
50.28.14.55 - - [04/Jan/2012:09:15:32 -0500] "GET /forums/forumdisplay.php?s=990ecddc97439ff69831bf8f0b063f94&f=11&order=desc&page=111 HTTP/1.1" 200 101426 "-" "Mozilla/4.0 (compatible; MSIE 7.0; Windows NT 5.2; .NET CLR 2.0;)"
24.220.62.4 - - [04/Jan/2012:09:15:32 -0500] "GET /openx/www/delivery/lg.php?bannerid=78&campaignid=1&zoneid=12&loc=http%3A%2F%2Fwww.walleyecentral.com%2Fforums%2Fforumdisplay.php%3Ff%3D16&referer=http%3A%2F%2Fwww.walleyecentral.com%2Fforums%2Findex.php&cb=a36a44a606 HTTP/1.1" 200 43 "http://www.walleyecentral.com/forums/forumdisplay.php?f=16" "Mozilla/4.0 (compatible; MSIE 8.0; Windows NT 5.1; Trident/4.0; (R1 1.6); .NET CLR 1.1.4322; BRI/1)"
66.96.3.91 - - [04/Jan/2012:09:15:33 -0500] "GET /phpQJr/embedjr.php?pid=50&w=175&h=400 HTTP/1.1" 200 1036 "http://www.walleyecentral.com/" "Mozilla/4.0 (compatible; MSIE 7.0; Windows NT 5.1; Trident/4.0; GTB6; .NET CLR 1.1.4322; .NET CLR 2.0.50727; MSN 9.0;MSN 9.1;MSN 9.6;MSN 10.0;MSN 10.2; MSNbMSNI; MSNmen-us; MSNcIA)"
66.96.3.91 - - [04/Jan/2012:09:15:33 -0500] "GET /wcvideo/video/20110808-130818.jpg HTTP/1.1" 304 - "http://www.walleyecentral.com/" "Mozilla/4.0 (compatible; MSIE 7.0; Windows NT 5.1; Trident/4.0; GTB6; .NET CLR 1.1.4322; .NET CLR 2.0.50727; MSN 9.0;MSN 9.1;MSN 9.6;MSN 10.0;MSN 10.2; MSNbMSNI; MSNmen-us; MSNcIA)"
66.96.3.91 - - [04/Jan/2012:09:15:33 -0500] "GET /commonimages/blocks.png HTTP/1.1" 304 - "http://www.walleyecentral.com/" "Mozilla/4.0 (compatible; MSIE 7.0; Windows NT 5.1; Trident/4.0; GTB6; .NET CLR 1.1.4322; .NET CLR 2.0.50727; MSN 9.0;MSN 9.1;MSN 9.6;MSN 10.0;MSN 10.2; MSNbMSNI; MSNmen-us; MSNcIA)"
66.96.3.91 - - [04/Jan/2012:09:15:33 -0500] "GET /images/navionics_app.jpg HTTP/1.1" 304 - "http://www.walleyecentral.com/" "Mozilla/4.0 (compatible; MSIE 7.0; Windows NT 5.1; Trident/4.0; GTB6; .NET CLR 1.1.4322; .NET CLR 2.0.50727; MSN 9.0;MSN 9.1;MSN 9.6;MSN 10.0;MSN 10.2; MSNbMSNI; MSNmen-us; MSNcIA)"
146.0.73.184 - - [04/Jan/2012:09:15:32 -0500] "POST /forums/register.php?do=addmember HTTP/1.0" 200 41584 "http://www.walleyecentral.com/forums/register.php?s=2285d0fe4c3988144f2d965e3cbb5f9e" "Mozilla/4.0 (compatible; MSIE 6.0; Windows NT 5.1; SV1)"
66.96.3.91 - - [04/Jan/2012:09:15:33 -0500] "GET /images/shutup1.gif HTTP/1.1" 304 - "http://www.walleyecentral.com/" "Mozilla/4.0 (compatible; MSIE 7.0; Windows NT 5.1; Trident/4.0; GTB6; .NET CLR 1.1.4322; .NET CLR 2.0.50727; MSN 9.0;MSN 9.1;MSN 9.6;MSN 10.0;MSN 10.2; MSNbMSNI; MSNmen-us; MSNcIA)"
66.96.3.91 - - [04/Jan/2012:09:15:33 -0500] "GET /themes/default/images/footerback.gif HTTP/1.1" 304 - "http://www.walleyecentral.com/" "Mozilla/4.0 (compatible; MSIE 7.0; Windows NT 5.1; Trident/4.0; GTB6; .NET CLR 1.1.4322; .NET CLR 2.0.50727; MSN 9.0;MSN 9.1;MSN 9.6;MSN 10.0;MSN 10.2; MSNbMSNI; MSNmen-us; MSNcIA)"
67.136.168.90 - - [04/Jan/2012:09:15:33 -0500] "GET /classified/new/searchresults.jsp HTTP/1.1" 301 360 "http://www.walleyecentral.com/" "Mozilla/4.0 (compatible; MSIE 8.0; Windows NT 5.1; Trident/4.0; .NET CLR 2.0.50727; .NET CLR 3.0.4506.2152; .NET CLR 3.5.30729)"
50.37.45.200 - - [04/Jan/2012:09:15:33 -0500] "GET /openx/www/delivery/ajs.php?n=a5212870&zoneid=59&source=&exclude=,&r=56453801&loc=http%3A//www.walleyecentral.com/forums/showthread.php%3Ft%3D188709%26page%3D2&referer=http%3A//www.walleyecentral.com/forums/showthread.php%3Ft%3D188709 HTTP/1.1" 200 991 "http://www.walleyecentral.com/forums/showthread.php?t=188709&page=2" "Mozilla/5.0 (compatible; MSIE 9.0; Windows NT 6.0; Trident/5.0)"
66.96.3.91 - - [04/Jan/2012:09:15:33 -0500] "GET /phpQJr/poll.php?pid=50&url=http%3A//www.walleyecentral.com/ HTTP/1.1" 200 3982 "http://www.walleyecentral.com/" "Mozilla/4.0 (compatible; MSIE 7.0; Windows NT 5.1; Trident/4.0; GTB6; .NET CLR 1.1.4322; .NET CLR 2.0.50727; MSN 9.0;MSN 9.1;MSN 9.6;MSN 10.0;MSN 10.2; MSNbMSNI; MSNmen-us; MSNcIA)"
66.11.150.236 - - [04/Jan/2012:09:15:33 -0500] "GET /weather.php?pands=Bemidji%2C+mn HTTP/1.0" 200 24270 "-" "-"
66.249.71.211 - - [04/Jan/2012:09:15:33 -0500] "GET /forums/archive/index.php/t-48848.html HTTP/1.1" 200 2627 "-" "Mozilla/5.0 (compatible; Googlebot/2.1; +http://www.google.com/bot.html)"
66.96.3.91 - - [04/Jan/2012:09:15:34 -0500] "GET /phpQJr/inc/poll.js HTTP/1.1" 304 - "http://www.walleyecentral.com/phpQJr/poll.php?pid=50&url=http%3A//www.walleyecentral.com/" "Mozilla/4.0 (compatible; MSIE 7.0; Windows NT 5.1; Trident/4.0; GTB6; .NET CLR 1.1.4322; .NET CLR 2.0.50727; MSN 9.0;MSN 9.1;MSN 9.6;MSN 10.0;MSN 10.2; MSNbMSNI; MSNmen-us; MSNcIA)"
205.134.249.170 - - [04/Jan/2012:09:15:34 -0500] "GET /weather.php?pands=13155 HTTP/1.1" 200 16166 "-" "PHP/5.2.17"
66.11.150.236 - - [04/Jan/2012:09:15:34 -0500] "GET /weather.php?pands=68137 HTTP/1.0" 200 24271 "-" "-"
205.134.249.170 - - [04/Jan/2012:09:15:33 -0500] "GET /weather.php?pands=Vermillon%2CO HTTP/1.1" 200 16166 "-" "PHP/5.2.17"
65.52.108.198 - - [04/Jan/2012:09:15:34 -0500] "GET /forums/showthread.php?t=165893 HTTP/1.1" 200 18706 "-" "Mozilla/5.0 (compatible; bingbot/2.0; +http://www.bing.com/bingbot.htm)"
189.165.3.217 - - [04/Jan/2012:09:15:34 -0500] "GET /forums/showthread.php?t=182231&page=2 HTTP/1.0" 200 15991 "http://www.walleyecentral.com/forums/showthread.php?t=182231" "Mozilla/5.0 (compatible; MSIE 9.0; Windows NT 6.1; Trident/5.0; msn OptimizedIE8;ENCA)"
50.37.45.200 - - [04/Jan/2012:09:15:34 -0500] "GET /openx/www/delivery/lg.php?bannerid=100&campaignid=1&zoneid=59&loc=http%3A%2F%2Fwww.walleyecentral.com%2Fforums%2Fshowthread.php%3Ft%3D188709%26page%3D2&referer=http%3A%2F%2Fwww.walleyecentral.com%2Fforums%2Fshowthread.php%3Ft%3D188709&cb=cec6a9be32 HTTP/1.1" 200 43 "http://www.walleyecentral.com/forums/showthread.php?t=188709&page=2" "Mozilla/5.0 (compatible; MSIE 9.0; Windows NT 6.0; Trident/5.0)"
189.165.3.217 - - [04/Jan/2012:09:15:35 -0500] "GET /openx/www/delivery/ajs.php?n=a5212870&zoneid=47&source=&exclude=,&r=104396591&loc=http%3A//www.walleyecentral.com/forums/showthread.php%3Ft%3D182231%26page%3D2&referer=http%3A//www.walleyecentral.com/forums/showthread.php%3Ft%3D182231 HTTP/1.0" 200 976 "http://www.walleyecentral.com/forums/showthread.php?t=182231&page=2" "Mozilla/5.0 (compatible; MSIE 9.0; Windows NT 6.1; Trident/5.0; msn OptimizedIE8;ENCA)"
205.134.249.170 - - [04/Jan/2012:09:15:35 -0500] "GET /weather.php?pands=59230 HTTP/1.1" 200 16166 "-" "PHP/5.2.17"
68.77.96.14 - - [04/Jan/2012:09:15:35 -0500] "GET /forums/showthread.php?t=174103 HTTP/1.1" 200 17315 "http://www.google.com/url?sa=t&rct=j&q=trailer%20skis&source=web&cd=19&ved=0CIABEBYwCDgK&url=http%3A%2F%2Fwww.walleyecentral.com%2Fforums%2Fshowthread.php%3Ft%3D174103&ei=0V4ET9PMHsW-gAeG1smmDg&usg=AFQjCNH3oQmGiq0L1X7-lggQq1etFTVvuQ" "Mozilla/4.0 (compatible; MSIE 8.0; Windows NT 5.1; Trident/4.0; GTB7.2; .NET CLR 2.0.50727; .NET CLR 1.1.4322; .NET4.0C; .NET4.0E; .NET CLR 3.0.4506.2152; .NET CLR 3.5.30729)"
50.37.45.200 - - [04/Jan/2012:09:15:35 -0500] "GET /openx/www/delivery/ajs.php?n=a5212870&zoneid=59&source=&exclude=,&r=73651041&loc=http%3A//www.walleyecentral.com/forums/showthread.php%3Ft%3D188709&referer=http%3A//www.walleyecentral.com/forums/forumdisplay.php%3Ff%3D22 HTTP/1.1" 200 978 "http://www.walleyecentral.com/forums/showthread.php?t=188709" "Mozilla/5.0 (compatible; MSIE 9.0; Windows NT 6.0; Trident/5.0)"
180.76.5.168 - - [04/Jan/2012:09:15:35 -0500] "GET /forums/showthread.php?t=170090 HTTP/1.1" 200 13609 "-" "Mozilla/5.0 (compatible; Baiduspider/2.0; +http://www.baidu.com/search/spider.html)"
68.77.96.14 - - [04/Jan/2012:09:15:35 -0500] "GET /themes/default/theme.css HTTP/1.1" 200 6726 "http://www.walleyecentral.com/forums/showthread.php?t=174103" "Mozilla/4.0 (compatible; MSIE 8.0; Windows NT 5.1; Trident/4.0; GTB7.2; .NET CLR 2.0.50727; .NET CLR 1.1.4322; .NET4.0C; .NET4.0E; .NET CLR 3.0.4506.2152; .NET CLR 3.5.30729)"
189.165.3.217 - - [04/Jan/2012:09:15:35 -0500] "GET /openx/www/delivery/lg.php?bannerid=102&campaignid=1&zoneid=47&loc=http%3A%2F%2Fwww.walleyecentral.com%2Fforums%2Fshowthread.php%3Ft%3D182231%26page%3D2&referer=http%3A%2F%2Fwww.walleyecentral.com%2Fforums%2Fshowthread.php%3Ft%3D182231&cb=1b3c3b976d HTTP/1.0" 200 43 "http://www.walleyecentral.com/forums/showthread.php?t=182231&page=2" "Mozilla/5.0 (compatible; MSIE 9.0; Windows NT 6.1; Trident/5.0; msn OptimizedIE8;ENCA)"
184.6.103.113 - - [04/Jan/2012:09:15:35 -0500] "GET / HTTP/1.1" 200 66159 "-" "Mozilla/5.0 (Linux; U; Android 3.2.1; en-us; A500 Build/HTK55D) AppleWebKit/534.13 (KHTML, like Gecko) Version/4.0 Safari/534.13"
68.77.96.14 - - [04/Jan/2012:09:15:35 -0500] "GET /forums/clientscript/vbulletin_menu.js?v=373 HTTP/1.1" 200 9389 "http://www.walleyecentral.com/forums/showthread.php?t=174103" "Mozilla/4.0 (compatible; MSIE 8.0; Windows NT 5.1; Trident/4.0; GTB7.2; .NET CLR 2.0.50727; .NET CLR 1.1.4322; .NET4.0C; .NET4.0E; .NET CLR 3.0.4506.2152; .NET CLR 3.5.30729)"
68.77.96.14 - - [04/Jan/2012:09:15:35 -0500] "GET /forums/clientscript/vbulletin_important.css?v=373 HTTP/1.1" 200 1687 "http://www.walleyecentral.com/forums/showthread.php?t=174103" "Mozilla/4.0 (compatible; MSIE 8.0; Windows NT 5.1; Trident/4.0; GTB7.2; .NET CLR 2.0.50727; .NET CLR 1.1.4322; .NET4.0C; .NET4.0E; .NET CLR 3.0.4506.2152; .NET CLR 3.5.30729)"
68.77.96.14 - - [04/Jan/2012:09:15:35 -0500] "GET /forums/clientscript/yui/connection/connection-min.js?v=373 HTTP/1.1" 200 14349 "http://www.walleyecentral.com/forums/showthread.php?t=174103" "Mozilla/4.0 (compatible; MSIE 8.0; Windows NT 5.1; Trident/4.0; GTB7.2; .NET CLR 2.0.50727; .NET CLR 1.1.4322; .NET4.0C; .NET4.0E; .NET CLR 3.0.4506.2152; .NET CLR 3.5.30729)"
68.77.96.14 - - [04/Jan/2012:09:15:35 -0500] "GET /forums/clientscript/vbulletin_global.js?v=373 HTTP/1.1" 200 25057 "http://www.walleyecentral.com/forums/showthread.php?t=174103" "Mozilla/4.0 (compatible; MSIE 8.0; Windows NT 5.1; Trident/4.0; GTB7.2; .NET CLR 2.0.50727; .NET CLR 1.1.4322; .NET4.0C; .NET4.0E; .NET CLR 3.0.4506.2152; .NET CLR 3.5.30729)"
68.77.96.14 - - [04/Jan/2012:09:15:35 -0500] "GET /forums/clientscript/yui/yahoo-dom-event/yahoo-dom-event.js?v=373 HTTP/1.1" 200 31100 "http://www.walleyecentral.com/forums/showthread.php?t=174103" "Mozilla/4.0 (compatible; MSIE 8.0; Windows NT 5.1; Trident/4.0; GTB7.2; .NET CLR 2.0.50727; .NET CLR 1.1.4322; .NET4.0C; .NET4.0E; .NET CLR 3.0.4506.2152; .NET CLR 3.5.30729)"
63.135.136.202 - - [04/Jan/2012:09:15:36 -0500] "GET /openx/www/delivery/ajs.php?n=a5212870&zoneid=105&source=&exclude=,&r=99657941&loc=http%3A//www.walleyecentral.com/forums/forumdisplay.php%3Ff%3D34&referer=http%3A//www.walleyecentral.com/forums/forumdisplay.php%3Ff%3D5 HTTP/1.1" 200 924 "http://www.walleyecentral.com/forums/forumdisplay.php?f=34" "Mozilla/4.0 (compatible; MSIE 8.0; Windows NT 5.1; Trident/4.0; GTB7.2; .NET CLR 1.1.4322; .NET CLR 2.0.50727; InfoPath.2; .NET CLR 3.0.4506.2152; .NET CLR 3.5.30729)"
184.6.103.113 - - [04/Jan/2012:09:15:36 -0500] "GET /dbimages/articles-2012-01-02-216201556iconfile.JPG HTTP/1.1" 304 - "http://www.walleyecentral.com/" "Mozilla/5.0 (Linux; U; Android 3.2.1; en-us; A500 Build/HTK55D) AppleWebKit/534.13 (KHTML, like Gecko) Version/4.0 Safari/534.13"
184.6.103.113 - - [04/Jan/2012:09:15:36 -0500] "GET /dbimages/articles-2011-12-27-925807361iconfile.jpg HTTP/1.1" 304 - "http://www.walleyecentral.com/" "Mozilla/5.0 (Linux; U; Android 3.2.1; en-us; A500 Build/HTK55D) AppleWebKit/534.13 (KHTML, like Gecko) Version/4.0 Safari/534.13"
50.37.45.200 - - [04/Jan/2012:09:15:35 -0500] "GET /openx/www/delivery/lg.php?bannerid=100&campaignid=1&zoneid=59&loc=http%3A%2F%2Fwww.walleyecentral.com%2Fforums%2Fshowthread.php%3Ft%3D188709&referer=http%3A%2F%2Fwww.walleyecentral.com%2Fforums%2Fforumdisplay.php%3Ff%3D22&cb=35d0a1bff9 HTTP/1.1" 200 43 "http://www.walleyecentral.com/forums/showthread.php?t=188709" "Mozilla/5.0 (compatible; MSIE 9.0; Windows NT 6.0; Trident/5.0)"
68.77.96.14 - - [04/Jan/2012:09:15:36 -0500] "GET /forums/clientscript/vbulletin_post_loader.js?v=373 HTTP/1.1" 200 2037 "http://www.walleyecentral.com/forums/showthread.php?t=174103" "Mozilla/4.0 (compatible; MSIE 8.0; Windows NT 5.1; Trident/4.0; GTB7.2; .NET CLR 2.0.50727; .NET CLR 1.1.4322; .NET4.0C; .NET4.0E; .NET CLR 3.0.4506.2152; .NET CLR 3.5.30729)"
184.6.103.113 - - [04/Jan/2012:09:15:36 -0500] "GET /phpQJr/embedjr.php?pid=50&w=175&h=400 HTTP/1.1" 200 1036 "http://www.walleyecentral.com/" "Mozilla/5.0 (Linux; U; Android 3.2.1; en-us; A500 Build/HTK55D) AppleWebKit/534.13 (KHTML, like Gecko) Version/4.0 Safari/534.13"
68.77.96.14 - - [04/Jan/2012:09:15:36 -0500] "GET /forums/clientscript/vbulletin_md5.js?v=373 HTTP/1.1" 200 5464 "http://www.walleyecentral.com/forums/showthread.php?t=174103" "Mozilla/4.0 (compatible; MSIE 8.0; Windows NT 5.1; Trident/4.0; GTB7.2; .NET CLR 2.0.50727; .NET CLR 1.1.4322; .NET4.0C; .NET4.0E; .NET CLR 3.0.4506.2152; .NET CLR 3.5.30729)"
68.77.96.14 - - [04/Jan/2012:09:15:36 -0500] "GET /qnav/bullet_sq_sm_slateblue.gif HTTP/1.1" 200 820 "http://www.walleyecentral.com/forums/showthread.php?t=174103" "Mozilla/4.0 (compatible; MSIE 8.0; Windows NT 5.1; Trident/4.0; GTB7.2; .NET CLR 2.0.50727; .NET CLR 1.1.4322; .NET4.0C; .NET4.0E; .NET CLR 3.0.4506.2152; .NET CLR 3.5.30729)"
68.77.96.14 - - [04/Jan/2012:09:15:36 -0500] "GET /forums/images/misc/headerlogo2.png HTTP/1.1" 200 11496 "http://www.walleyecentral.com/forums/showthread.php?t=174103" "Mozilla/4.0 (compatible; MSIE 8.0; Windows NT 5.1; Trident/4.0; GTB7.2; .NET CLR 2.0.50727; .NET CLR 1.1.4322; .NET4.0C; .NET4.0E; .NET CLR 3.0.4506.2152; .NET CLR 3.5.30729)"
146.0.73.184 - - [04/Jan/2012:09:15:35 -0500] "POST /forums/register.php?do=addmember HTTP/1.0" 200 41583 "http://www.walleyecentral.com/forums/register.php?s=2285d0fe4c3988144f2d965e3cbb5f9e" "Mozilla/4.0 (compatible; MSIE 6.0; Windows NT 5.1; SV1)"
68.77.96.14 - - [04/Jan/2012:09:15:36 -0500] "GET /openx/www/delivery/ajs.php?n=a5212870&zoneid=110&source=&exclude=,&r=608062871&loc=http%3A//www.walleyecentral.com/forums/showthread.php%3Ft%3D174103&referer=http%3A//www.google.com/url%3Fsa%3Dt%26rct%3Dj%26q%3Dtrailer%2520skis%26source%3Dweb%26cd%3D19%26ved%3D0CIABEBYwCDgK%26url%3Dhttp%253A%252F%252Fwww.walleyecentral.com%252Fforums%252Fshowthread.php%253Ft%253D174103%26ei%3D0V4ET9PMHsW-gAeG1smmDg%26usg%3DAFQjCNH3oQmGiq0L1X7-lggQq1etFTVvuQ HTTP/1.1" 200 1154 "http://www.walleyecentral.com/forums/showthread.php?t=174103" "Mozilla/4.0 (compatible; MSIE 8.0; Windows NT 5.1; Trident/4.0; GTB7.2; .NET CLR 2.0.50727; .NET CLR 1.1.4322; .NET4.0C; .NET4.0E; .NET CLR 3.0.4506.2152; .NET CLR 3.5.30729)"
184.6.103.113 - - [04/Jan/2012:09:15:36 -0500] "GET /dbimages/tenpoundclub-2012-01-03-862352758thumbnail.jpg HTTP/1.1" 200 12900 "http://www.walleyecentral.com/" "Mozilla/5.0 (Linux; U; Android 3.2.1; en-us; A500 Build/HTK55D) AppleWebKit/534.13 (KHTML, like Gecko) Version/4.0 Safari/534.13"
66.11.150.236 - - [04/Jan/2012:09:15:36 -0500] "GET /weather.php?pands=baileys+har HTTP/1.0" 200 16166 "-" "-"
68.77.96.14 - - [04/Jan/2012:09:15:36 -0500] "GET /forums/images/misc/navbits_finallink_ltr.gif HTTP/1.1" 200 1035 "http://www.walleyecentral.com/forums/showthread.php?t=174103" "Mozilla/4.0 (compatible; MSIE 8.0; Windows NT 5.1; Trident/4.0; GTB7.2; .NET CLR 2.0.50727; .NET CLR 1.1.4322; .NET4.0C; .NET4.0E; .NET CLR 3.0.4506.2152; .NET CLR 3.5.30729)"
68.77.96.14 - - [04/Jan/2012:09:15:36 -0500] "GET /forums/images/misc/navbits_start.gif HTTP/1.1" 200 1004 "http://www.walleyecentral.com/forums/showthread.php?t=174103" "Mozilla/4.0 (compatible; MSIE 8.0; Windows NT 5.1; Trident/4.0; GTB7.2; .NET CLR 2.0.50727; .NET CLR 1.1.4322; .NET4.0C; .NET4.0E; .NET CLR 3.0.4506.2152; .NET CLR 3.5.30729)"
68.77.96.14 - - [04/Jan/2012:09:15:36 -0500] "GET /forums/images/buttons/reply.gif HTTP/1.1" 200 3226 "http://www.walleyecentral.com/forums/showthread.php?t=174103" "Mozilla/4.0 (compatible; MSIE 8.0; Windows NT 5.1; Trident/4.0; GTB7.2; .NET CLR 2.0.50727; .NET CLR 1.1.4322; .NET4.0C; .NET4.0E; .NET CLR 3.0.4506.2152; .NET CLR 3.5.30729)"
63.135.136.202 - - [04/Jan/2012:09:15:36 -0500] "GET /openx/www/delivery/lg.php?bannerid=93&campaignid=1&zoneid=105&loc=http%3A%2F%2Fwww.walleyecentral.com%2Fforums%2Fforumdisplay.php%3Ff%3D34&referer=http%3A%2F%2Fwww.walleyecentral.com%2Fforums%2Fforumdisplay.php%3Ff%3D5&cb=ec70979431 HTTP/1.1" 200 43 "http://www.walleyecentral.com/forums/forumdisplay.php?f=34" "Mozilla/4.0 (compatible; MSIE 8.0; Windows NT 5.1; Trident/4.0; GTB7.2; .NET CLR 1.1.4322; .NET CLR 2.0.50727; InfoPath.2; .NET CLR 3.0.4506.2152; .NET CLR 3.5.30729)"
184.6.103.113 - - [04/Jan/2012:09:15:36 -0500] "GET /phpQJr/poll.php?pid=50&url=http%3A//www.walleyecentral.com/ HTTP/1.1" 200 3982 "http://www.walleyecentral.com/" "Mozilla/5.0 (Linux; U; Android 3.2.1; en-us; A500 Build/HTK55D) AppleWebKit/534.13 (KHTML, like Gecko) Version/4.0 Safari/534.13"
66.96.3.91 - - [04/Jan/2012:09:15:36 -0500] "GET /classified/new/searchresults.jsp HTTP/1.1" 301 360 "http://www.walleyecentral.com/" "Mozilla/4.0 (compatible; MSIE 7.0; Windows NT 5.1; Trident/4.0; GTB6; .NET CLR 1.1.4322; .NET CLR 2.0.50727; MSN 9.0;MSN 9.1;MSN 9.6;MSN 10.0;MSN 10.2; MSNbMSNI; MSNmen-us; MSNcIA)"
68.77.96.14 - - [04/Jan/2012:09:15:36 -0500] "GET /forums/images/misc/menu_open.gif HTTP/1.1" 200 279 "http://www.walleyecentral.com/forums/showthread.php?t=174103" "Mozilla/4.0 (compatible; MSIE 8.0; Windows NT 5.1; Trident/4.0; GTB7.2; .NET CLR 2.0.50727; .NET CLR 1.1.4322; .NET4.0C; .NET4.0E; .NET CLR 3.0.4506.2152; .NET CLR 3.5.30729)"
68.77.96.14 - - [04/Jan/2012:09:15:36 -0500] "GET /openx/www/delivery/ai.php?filename=tempress_468x50_banner6.jpg&contenttype=jpeg HTTP/1.1" 200 13386 "http://www.walleyecentral.com/forums/showthread.php?t=174103" "Mozilla/4.0 (compatible; MSIE 8.0; Windows NT 5.1; Trident/4.0; GTB7.2; .NET CLR 2.0.50727; .NET CLR 1.1.4322; .NET4.0C; .NET4.0E; .NET CLR 3.0.4506.2152; .NET CLR 3.5.30729)"
68.77.96.14 - - [04/Jan/2012:09:15:36 -0500] "GET /forums/images/statusicon/user_offline.gif HTTP/1.1" 200 1026 "http://www.walleyecentral.com/forums/showthread.php?t=174103" "Mozilla/4.0 (compatible; MSIE 8.0; Windows NT 5.1; Trident/4.0; GTB7.2; .NET CLR 2.0.50727; .NET CLR 1.1.4322; .NET4.0C; .NET4.0E; .NET CLR 3.0.4506.2152; .NET CLR 3.5.30729)"
68.77.96.14 - - [04/Jan/2012:09:15:36 -0500] "GET /forums/images/statusicon/post_old.gif HTTP/1.1" 200 522 "http://www.walleyecentral.com/forums/showthread.php?t=174103" "Mozilla/4.0 (compatible; MSIE 8.0; Windows NT 5.1; Trident/4.0; GTB7.2; .NET CLR 2.0.50727; .NET CLR 1.1.4322; .NET4.0C; .NET4.0E; .NET CLR 3.0.4506.2152; .NET CLR 3.5.30729)"
68.77.96.14 - - [04/Jan/2012:09:15:36 -0500] "GET /openx/www/delivery/lg.php?bannerid=63&campaignid=1&zoneid=110&loc=http%3A%2F%2Fwww.walleyecentral.com%2Fforums%2Fshowthread.php%3Ft%3D174103&referer=http%3A%2F%2Fwww.google.com%2Furl%3Fsa%3Dt%26rct%3Dj%26q%3Dtrailer%2520skis%26source%3Dweb%26cd%3D19%26ved%3D0CIABEBYwCDgK%26url%3Dhttp%253A%252F%252Fwww.walleyecentral.com%252Fforums%252Fshowthread.php%253Ft%253D174103%26ei%3D0V4ET9PMHsW-gAeG1smmDg%26usg%3DAFQjCNH3oQmGiq0L1X7-lggQq1etFTVvuQ&cb=1ddeb32541 HTTP/1.1" 200 43 "http://www.walleyecentral.com/forums/showthread.php?t=174103" "Mozilla/4.0 (compatible; MSIE 8.0; Windows NT 5.1; Trident/4.0; GTB7.2; .NET CLR 2.0.50727; .NET CLR 1.1.4322; .NET4.0C; .NET4.0E; .NET CLR 3.0.4506.2152; .NET CLR 3.5.30729)"
68.77.96.14 - - [04/Jan/2012:09:15:36 -0500] "GET /forums/images/icons/icon5.gif HTTP/1.1" 200 1057 "http://www.walleyecentral.com/forums/showthread.php?t=174103" "Mozilla/4.0 (compatible; MSIE 8.0; Windows NT 5.1; Trident/4.0; GTB7.2; .NET CLR 2.0.50727; .NET CLR 1.1.4322; .NET4.0C; .NET4.0E; .NET CLR 3.0.4506.2152; .NET CLR 3.5.30729)"
68.77.96.14 - - [04/Jan/2012:09:15:36 -0500] "GET /forums/images/buttons/quote.gif HTTP/1.1" 200 2182 "http://www.walleyecentral.com/forums/showthread.php?t=174103" "Mozilla/4.0 (compatible; MSIE 8.0; Windows NT 5.1; Trident/4.0; GTB7.2; .NET CLR 2.0.50727; .NET CLR 1.1.4322; .NET4.0C; .NET4.0E; .NET CLR 3.0.4506.2152; .NET CLR 3.5.30729)"
68.77.96.14 - - [04/Jan/2012:09:15:36 -0500] "GET /forums/images/icons/icon1.gif HTTP/1.1" 200 1032 "http://www.walleyecentral.com/forums/showthread.php?t=174103" "Mozilla/4.0 (compatible; MSIE 8.0; Windows NT 5.1; Trident/4.0; GTB7.2; .NET CLR 2.0.50727; .NET CLR 1.1.4322; .NET4.0C; .NET4.0E; .NET CLR 3.0.4506.2152; .NET CLR 3.5.30729)"
68.77.96.14 - - [04/Jan/2012:09:15:36 -0500] "GET /forums/image.php?s=774b546ab163b8dc6650fb9e642153a6&u=13354&dateline=1241057594 HTTP/1.1" 200 3687 "http://www.walleyecentral.com/forums/showthread.php?t=174103" "Mozilla/4.0 (compatible; MSIE 8.0; Windows NT 5.1; Trident/4.0; GTB7.2; .NET CLR 2.0.50727; .NET CLR 1.1.4322; .NET4.0C; .NET4.0E; .NET CLR 3.0.4506.2152; .NET CLR 3.5.30729)"
68.77.96.14 - - [04/Jan/2012:09:15:36 -0500] "GET /forums/images/statusicon/user_online.gif HTTP/1.1" 200 1026 "http://www.walleyecentral.com/forums/showthread.php?t=174103" "Mozilla/4.0 (compatible; MSIE 8.0; Windows NT 5.1; Trident/4.0; GTB7.2; .NET CLR 2.0.50727; .NET CLR 1.1.4322; .NET4.0C; .NET4.0E; .NET CLR 3.0.4506.2152; .NET CLR 3.5.30729)"
68.77.96.14 - - [04/Jan/2012:09:15:36 -0500] "GET /forums/image.php?s=774b546ab163b8dc6650fb9e642153a6&u=3504&dateline=1286275079 HTTP/1.1" 200 1041 "http://www.walleyecentral.com/forums/showthread.php?t=174103" "Mozilla/4.0 (compatible; MSIE 8.0; Windows NT 5.1; Trident/4.0; GTB7.2; .NET CLR 2.0.50727; .NET CLR 1.1.4322; .NET4.0C; .NET4.0E; .NET CLR 3.0.4506.2152; .NET CLR 3.5.30729)"
68.77.96.14 - - [04/Jan/2012:09:15:36 -0500] "GET /forums/clientscript/vbulletin_lightbox.js?v=373 HTTP/1.1" 200 10260 "http://www.walleyecentral.com/forums/showthread.php?t=174103" "Mozilla/4.0 (compatible; MSIE 8.0; Windows NT 5.1; Trident/4.0; GTB7.2; .NET CLR 2.0.50727; .NET CLR 1.1.4322; .NET4.0C; .NET4.0E; .NET CLR 3.0.4506.2152; .NET CLR 3.5.30729)"
68.77.96.14 - - [04/Jan/2012:09:15:36 -0500] "GET /forums/images/buttons/viewpost.gif HTTP/1.1" 200 964 "http://www.walleyecentral.com/forums/showthread.php?t=174103" "Mozilla/4.0 (compatible; MSIE 8.0; Windows NT 5.1; Trident/4.0; GTB7.2; .NET CLR 2.0.50727; .NET CLR 1.1.4322; .NET4.0C; .NET4.0E; .NET CLR 3.0.4506.2152; .NET CLR 3.5.30729)"
68.77.96.14 - - [04/Jan/2012:09:15:36 -0500] "GET /forums/images/misc/im_icq.gif HTTP/1.1" 200 1089 "http://www.walleyecentral.com/forums/showthread.php?t=174103" "Mozilla/4.0 (compatible; MSIE 8.0; Windows NT 5.1; Trident/4.0; GTB7.2; .NET CLR 2.0.50727; .NET CLR 1.1.4322; .NET4.0C; .NET4.0E; .NET CLR 3.0.4506.2152; .NET CLR 3.5.30729)"
205.134.249.170 - - [04/Jan/2012:09:15:36 -0500] "GET /weather.php?pands=bono HTTP/1.1" 200 16166 "-" "PHP/5.2.17"
205.134.249.170 - - [04/Jan/2012:09:15:36 -0500] "GET /weather.php?pands=13116 HTTP/1.1" 200 16166 "-" "PHP/5.2.17"
68.77.96.14 - - [04/Jan/2012:09:15:37 -0500] "GET /forums/images/buttons/printer.gif HTTP/1.1" 200 1072 "http://www.walleyecentral.com/forums/showthread.php?t=174103" "Mozilla/4.0 (compatible; MSIE 8.0; Windows NT 5.1; Trident/4.0; GTB7.2; .NET CLR 2.0.50727; .NET CLR 1.1.4322; .NET4.0C; .NET4.0E; .NET CLR 3.0.4506.2152; .NET CLR 3.5.30729)"
68.77.96.14 - - [04/Jan/2012:09:15:37 -0500] "GET /forums/images/buttons/mode_linear.gif HTTP/1.1" 200 609 "http://www.walleyecentral.com/forums/showthread.php?t=174103" "Mozilla/4.0 (compatible; MSIE 8.0; Windows NT 5.1; Trident/4.0; GTB7.2; .NET CLR 2.0.50727; .NET CLR 1.1.4322; .NET4.0C; .NET4.0E; .NET CLR 3.0.4506.2152; .NET CLR 3.5.30729)"
68.77.96.14 - - [04/Jan/2012:09:15:37 -0500] "GET /forums/images/buttons/mode_threaded.gif HTTP/1.1" 200 562 "http://www.walleyecentral.com/forums/showthread.php?t=174103" "Mozilla/4.0 (compatible; MSIE 8.0; Windows NT 5.1; Trident/4.0; GTB7.2; .NET CLR 2.0.50727; .NET CLR 1.1.4322; .NET4.0C; .NET4.0E; .NET CLR 3.0.4506.2152; .NET CLR 3.5.30729)"
68.77.96.14 - - [04/Jan/2012:09:15:37 -0500] "GET /forums/images/buttons/mode_hybrid.gif HTTP/1.1" 200 588 "http://www.walleyecentral.com/forums/showthread.php?t=174103" "Mozilla/4.0 (compatible; MSIE 8.0; Windows NT 5.1; Trident/4.0; GTB7.2; .NET CLR 2.0.50727; .NET CLR 1.1.4322; .NET4.0C; .NET4.0E; .NET CLR 3.0.4506.2152; .NET CLR 3.5.30729)"
68.77.96.14 - - [04/Jan/2012:09:15:37 -0500] "GET /forums/images/buttons/collapse_thead.gif HTTP/1.1" 200 580 "http://www.walleyecentral.com/forums/showthread.php?t=174103" "Mozilla/4.0 (compatible; MSIE 8.0; Windows NT 5.1; Trident/4.0; GTB7.2; .NET CLR 2.0.50727; .NET CLR 1.1.4322; .NET4.0C; .NET4.0E; .NET CLR 3.0.4506.2152; .NET CLR 3.5.30729)"
68.77.96.14 - - [04/Jan/2012:09:15:37 -0500] "GET /forums/images/buttons/sendtofriend.gif HTTP/1.1" 200 1125 "http://www.walleyecentral.com/forums/showthread.php?t=174103" "Mozilla/4.0 (compatible; MSIE 8.0; Windows NT 5.1; Trident/4.0; GTB7.2; .NET CLR 2.0.50727; .NET CLR 1.1.4322; .NET4.0C; .NET4.0E; .NET CLR 3.0.4506.2152; .NET CLR 3.5.30729)"
66.11.150.236 - - [04/Jan/2012:09:15:36 -0500] "GET /weather.php?pands=37766 HTTP/1.0" 200 24178 "-" "-"
68.77.96.14 - - [04/Jan/2012:09:15:37 -0500] "GET /favicon.ico HTTP/1.1" 200 822 "-" "Mozilla/4.0 (compatible; MSIE 8.0; Windows NT 5.1; Trident/4.0; GTB7.2; .NET CLR 2.0.50727; .NET CLR 1.1.4322; .NET4.0C; .NET4.0E; .NET CLR 3.0.4506.2152; .NET CLR 3.5.30729)"
69.84.73.60 - - [04/Jan/2012:09:15:37 -0500] "GET /forums/showthread.php?t=189137&page=2 HTTP/1.1" 200 14951 "http://www.walleyecentral.com/forums/showthread.php?t=189137" "Mozilla/4.0 (compatible; MSIE 8.0; Windows NT 5.1; Trident/4.0; InfoPath.1; .NET CLR 2.0.50727)"
205.134.249.170 - - [04/Jan/2012:09:15:37 -0500] "GET /weather.php?pands=80524 HTTP/1.1" 200 16166 "-" "PHP/5.2.17"
65.52.108.198 - - [04/Jan/2012:09:15:37 -0500] "GET /forums/showthread.php?t=172644&page=2 HTTP/1.1" 200 19687 "-" "Mozilla/5.0 (compatible; bingbot/2.0; +http://www.bing.com/bingbot.htm)"
69.84.73.60 - - [04/Jan/2012:09:15:38 -0500] "GET /openx/www/delivery/ajs.php?n=a5212870&zoneid=98&source=&exclude=,&r=687142951&loc=http%3A//www.walleyecentral.com/forums/showthread.php%3Ft%3D189137%26page%3D2&referer=http%3A//www.walleyecentral.com/forums/showthread.php%3Ft%3D189137 HTTP/1.1" 200 966 "http://www.walleyecentral.com/forums/showthread.php?t=189137&page=2" "Mozilla/4.0 (compatible; MSIE 8.0; Windows NT 5.1; Trident/4.0; InfoPath.1; .NET CLR 2.0.50727)"
65.52.110.147 - - [04/Jan/2012:09:15:37 -0500] "GET /forums/showthread.php?t=176671&goto=nextnewest HTTP/1.1" 200 13692 "-" "Mozilla/5.0 (compatible; bingbot/2.0; +http://www.bing.com/bingbot.htm)"
99.157.224.150 - - [04/Jan/2012:09:15:38 -0500] "GET /openx/www/delivery/ajs.php?n=a5212870&zoneid=12&source=&exclude=,&r=82176051&loc=http%3A//www.walleyecentral.com/forums/forumdisplay.php%3Ff%3D16&referer=http%3A//www.walleyecentral.com/forums/index.php HTTP/1.1" 200 927 "http://www.walleyecentral.com/forums/forumdisplay.php?f=16" "Mozilla/4.0 (compatible; MSIE 8.0; Windows NT 6.1; WOW64; Trident/4.0; SLCC2; .NET CLR 2.0.50727; .NET CLR 3.5.30729; .NET CLR 3.0.30729; Media Center PC 6.0; CPNTDF; BRI/1; BRI/2; .NET4.0C; .NAP 1.1)"
162.40.64.101 - - [04/Jan/2012:09:15:38 -0500] "GET /openx/www/delivery/ajs.php?n=a5212870&zoneid=98&source=&exclude=,&r=638248921&loc=http%3A//www.walleyecentral.com/forums/showthread.php%3Ft%3D189065%26page%3D2&referer=http%3A//www.walleyecentral.com/forums/showthread.php%3Ft%3D189065 HTTP/1.1" 200 1001 "http://www.walleyecentral.com/forums/showthread.php?t=189065&page=2" "Mozilla/4.0 (compatible; MSIE 8.0; Windows NT 6.0; Trident/4.0; SLCC1; .NET CLR 2.0.50727; .NET CLR 3.5.30729; .NET4.0C; .NET CLR 3.0.30729)"
66.249.71.211 - - [04/Jan/2012:09:15:38 -0500] "GET /forums/archive/index.php/t-48919.html HTTP/1.1" 200 4258 "-" "Mozilla/5.0 (compatible; Googlebot/2.1; +http://www.google.com/bot.html)"
99.157.224.150 - - [04/Jan/2012:09:15:38 -0500] "GET /openx/www/delivery/lg.php?bannerid=78&campaignid=1&zoneid=12&loc=http%3A%2F%2Fwww.walleyecentral.com%2Fforums%2Fforumdisplay.php%3Ff%3D16&referer=http%3A%2F%2Fwww.walleyecentral.com%2Fforums%2Findex.php&cb=31468dfa1e HTTP/1.1" 200 43 "http://www.walleyecentral.com/forums/forumdisplay.php?f=16" "Mozilla/4.0 (compatible; MSIE 8.0; Windows NT 6.1; WOW64; Trident/4.0; SLCC2; .NET CLR 2.0.50727; .NET CLR 3.5.30729; .NET CLR 3.0.30729; Media Center PC 6.0; CPNTDF; BRI/1; BRI/2; .NET4.0C; .NAP 1.1)"
50.37.45.200 - - [04/Jan/2012:09:15:38 -0500] "GET /openx/www/delivery/ajs.php?n=a5212870&zoneid=56&source=&exclude=,&r=73725611&loc=http%3A//www.walleyecentral.com/forums/forumdisplay.php%3Ff%3D22&referer=http%3A//www.walleyecentral.com/forums/forumdisplay.php%3Ff%3D15 HTTP/1.1" 200 976 "http://www.walleyecentral.com/forums/forumdisplay.php?f=22" "Mozilla/5.0 (compatible; MSIE 9.0; Windows NT 6.0; Trident/5.0)"
69.84.73.60 - - [04/Jan/2012:09:15:38 -0500] "GET /openx/www/delivery/lg.php?bannerid=97&campaignid=1&zoneid=98&loc=http%3A%2F%2Fwww.walleyecentral.com%2Fforums%2Fshowthread.php%3Ft%3D189137%26page%3D2&referer=http%3A%2F%2Fwww.walleyecentral.com%2Fforums%2Fshowthread.php%3Ft%3D189137&cb=4e803ae9ad HTTP/1.1" 200 43 "http://www.walleyecentral.com/forums/showthread.php?t=189137&page=2" "Mozilla/4.0 (compatible; MSIE 8.0; Windows NT 5.1; Trident/4.0; InfoPath.1; .NET CLR 2.0.50727)"
162.40.64.101 - - [04/Jan/2012:09:15:38 -0500] "GET /openx/www/delivery/ajs.php?n=a5212870&zoneid=98&source=&exclude=,&r=939289141&loc=http%3A//www.walleyecentral.com/forums/showthread.php%3Ft%3D189065&referer=http%3A//www.walleyecentral.com/forums/forumdisplay.php%3Ff%3D32%26order%3Ddesc%26page%3D2 HTTP/1.1" 200 1042 "http://www.walleyecentral.com/forums/showthread.php?t=189065" "Mozilla/4.0 (compatible; MSIE 8.0; Windows NT 6.0; Trident/4.0; SLCC1; .NET CLR 2.0.50727; .NET CLR 3.5.30729; .NET4.0C; .NET CLR 3.0.30729)"
50.37.45.200 - - [04/Jan/2012:09:15:38 -0500] "GET /openx/www/delivery/lg.php?bannerid=100&campaignid=1&zoneid=56&loc=http%3A%2F%2Fwww.walleyecentral.com%2Fforums%2Fforumdisplay.php%3Ff%3D22&referer=http%3A%2F%2Fwww.walleyecentral.com%2Fforums%2Fforumdisplay.php%3Ff%3D15&cb=ef4648227e HTTP/1.1" 200 43 "http://www.walleyecentral.com/forums/forumdisplay.php?f=22" "Mozilla/5.0 (compatible; MSIE 9.0; Windows NT 6.0; Trident/5.0)"
66.11.150.236 - - [04/Jan/2012:09:15:38 -0500] "GET /weather.php?pands=61415 HTTP/1.0" 200 24264 "-" "-"
71.64.144.236 - - [04/Jan/2012:09:15:39 -0500] "GET /forums/clientscript/vbulletin_important.css?v=373 HTTP/1.1" 200 1687 "http://www.walleyecentral.com/forums/index.php" "Mozilla/5.0 (compatible; MSIE 9.0; Windows NT 6.0; Trident/5.0)"
205.134.249.170 - - [04/Jan/2012:09:15:38 -0500] "GET /weather.php?pands=missions+ri HTTP/1.1" 200 16166 "-" "PHP/5.2.17"
71.64.144.236 - - [04/Jan/2012:09:15:38 -0500] "GET /forums/index.php HTTP/1.1" 200 21541 "-" "Mozilla/5.0 (compatible; MSIE 9.0; Windows NT 6.0; Trident/5.0)"
71.64.144.236 - - [04/Jan/2012:09:15:39 -0500] "GET /themes/default/theme.css HTTP/1.1" 200 6726 "http://www.walleyecentral.com/forums/index.php" "Mozilla/5.0 (compatible; MSIE 9.0; Windows NT 6.0; Trident/5.0)"
71.64.144.236 - - [04/Jan/2012:09:15:39 -0500] "GET /forums/clientscript/vbulletin_menu.js?v=373 HTTP/1.1" 200 9389 "http://www.walleyecentral.com/forums/index.php" "Mozilla/5.0 (compatible; MSIE 9.0; Windows NT 6.0; Trident/5.0)"
205.134.249.170 - - [04/Jan/2012:09:15:39 -0500] "GET /weather.php?pands=44129 HTTP/1.1" 200 16166 "-" "PHP/5.2.17"
66.11.150.236 - - [04/Jan/2012:09:15:38 -0500] "GET /weather.php?pands=54730 HTTP/1.0" 200 24171 "-" "-"
71.64.144.236 - - [04/Jan/2012:09:15:39 -0500] "GET /forums/clientscript/yui/connection/connection-min.js?v=373 HTTP/1.1" 200 14349 "http://www.walleyecentral.com/forums/index.php" "Mozilla/5.0 (compatible; MSIE 9.0; Windows NT 6.0; Trident/5.0)"
71.64.144.236 - - [04/Jan/2012:09:15:39 -0500] "GET /forums/clientscript/vbulletin_global.js?v=373 HTTP/1.1" 200 25057 "http://www.walleyecentral.com/forums/index.php" "Mozilla/5.0 (compatible; MSIE 9.0; Windows NT 6.0; Trident/5.0)"
71.64.144.236 - - [04/Jan/2012:09:15:39 -0500] "GET /forums/clientscript/yui/yahoo-dom-event/yahoo-dom-event.js?v=373 HTTP/1.1" 200 31100 "http://www.walleyecentral.com/forums/index.php" "Mozilla/5.0 (compatible; MSIE 9.0; Windows NT 6.0; Trident/5.0)"
71.64.144.236 - - [04/Jan/2012:09:15:39 -0500] "GET /forums/images/misc/whos_online.gif HTTP/1.1" 200 1440 "http://www.walleyecentral.com/forums/index.php" "Mozilla/5.0 (compatible; MSIE 9.0; Windows NT 6.0; Trident/5.0)"
71.64.144.236 - - [04/Jan/2012:09:15:39 -0500] "GET /forums/images/misc/navbits_start.gif HTTP/1.1" 200 1004 "http://www.walleyecentral.com/forums/index.php" "Mozilla/5.0 (compatible; MSIE 9.0; Windows NT 6.0; Trident/5.0)"
71.64.144.236 - - [04/Jan/2012:09:15:39 -0500] "GET /forums/images/misc/headerlogo2.png HTTP/1.1" 200 11496 "http://www.walleyecentral.com/forums/index.php" "Mozilla/5.0 (compatible; MSIE 9.0; Windows NT 6.0; Trident/5.0)"
71.64.144.236 - - [04/Jan/2012:09:15:39 -0500] "GET /forums/images/buttons/collapse_thead.gif HTTP/1.1" 200 580 "http://www.walleyecentral.com/forums/index.php" "Mozilla/5.0 (compatible; MSIE 9.0; Windows NT 6.0; Trident/5.0)"
71.64.144.236 - - [04/Jan/2012:09:15:39 -0500] "GET /openx/www/delivery/ajs.php?n=a5212870&zoneid=1&source=&exclude=,&r=87803651&loc=http%3A//www.walleyecentral.com/forums/index.php HTTP/1.1" 200 904 "http://www.walleyecentral.com/forums/index.php" "Mozilla/5.0 (compatible; MSIE 9.0; Windows NT 6.0; Trident/5.0)"
71.64.144.236 - - [04/Jan/2012:09:15:39 -0500] "GET /qnav/bullet_sq_sm_slateblue.gif HTTP/1.1" 200 820 "http://www.walleyecentral.com/forums/index.php" "Mozilla/5.0 (compatible; MSIE 9.0; Windows NT 6.0; Trident/5.0)"
71.64.144.236 - - [04/Jan/2012:09:15:39 -0500] "GET /forums/images/misc/menu_open.gif HTTP/1.1" 200 279 "http://www.walleyecentral.com/forums/index.php" "Mozilla/5.0 (compatible; MSIE 9.0; Windows NT 6.0; Trident/5.0)"
71.64.144.236 - - [04/Jan/2012:09:15:39 -0500] "GET /openx/www/delivery/ai.php?filename=cabelas_8.jpg&contenttype=jpeg HTTP/1.1" 200 15831 "http://www.walleyecentral.com/forums/index.php" "Mozilla/5.0 (compatible; MSIE 9.0; Windows NT 6.0; Trident/5.0)"
71.64.144.236 - - [04/Jan/2012:09:15:39 -0500] "GET /forums/images/buttons/collapse_tcat.gif HTTP/1.1" 200 642 "http://www.walleyecentral.com/forums/index.php" "Mozilla/5.0 (compatible; MSIE 9.0; Windows NT 6.0; Trident/5.0)"
184.6.103.113 - - [04/Jan/2012:09:15:39 -0500] "GET /forums/index.php HTTP/1.1" 200 21049 "http://www.walleyecentral.com/" "Mozilla/5.0 (Linux; U; Android 3.2.1; en-us; A500 Build/HTK55D) AppleWebKit/534.13 (KHTML, like Gecko) Version/4.0 Safari/534.13"
71.64.144.236 - - [04/Jan/2012:09:15:39 -0500] "GET /forums/images/statusicon/forum_link.gif HTTP/1.1" 200 1674 "http://www.walleyecentral.com/forums/index.php" "Mozilla/5.0 (compatible; MSIE 9.0; Windows NT 6.0; Trident/5.0)"
71.64.144.236 - - [04/Jan/2012:09:15:39 -0500] "GET /forums/images/statusicon/forum_new.gif HTTP/1.1" 200 1623 "http://www.walleyecentral.com/forums/index.php" "Mozilla/5.0 (compatible; MSIE 9.0; Windows NT 6.0; Trident/5.0)"
205.134.249.170 - - [04/Jan/2012:09:15:39 -0500] "GET /weather.php?pands=KSGF HTTP/1.1" 200 16166 "-" "PHP/5.2.17"
71.64.144.236 - - [04/Jan/2012:09:15:39 -0500] "GET /forums/picture_for_index.php?pictureid=3385&albumid=375 HTTP/1.1" 200 21447 "http://www.walleyecentral.com/forums/index.php" "Mozilla/5.0 (compatible; MSIE 9.0; Windows NT 6.0; Trident/5.0)"
71.64.144.236 - - [04/Jan/2012:09:15:39 -0500] "GET /forums/images/icons/icon1.gif HTTP/1.1" 200 1032 "http://www.walleyecentral.com/forums/index.php" "Mozilla/5.0 (compatible; MSIE 9.0; Windows NT 6.0; Trident/5.0)"
71.64.144.236 - - [04/Jan/2012:09:15:39 -0500] "GET /forums/images/buttons/lastpost.gif HTTP/1.1" 200 964 "http://www.walleyecentral.com/forums/index.php" "Mozilla/5.0 (compatible; MSIE 9.0; Windows NT 6.0; Trident/5.0)"
71.64.144.236 - - [04/Jan/2012:09:15:39 -0500] "GET /forums/images/statusicon/forum_old.gif HTTP/1.1" 200 1628 "http://www.walleyecentral.com/forums/index.php" "Mozilla/5.0 (compatible; MSIE 9.0; Windows NT 6.0; Trident/5.0)"
71.64.144.236 - - [04/Jan/2012:09:15:39 -0500] "GET /forums/picture_for_index.php?pictureid=1181&albumid=140 HTTP/1.1" 200 38629 "http://www.walleyecentral.com/forums/index.php" "Mozilla/5.0 (compatible; MSIE 9.0; Windows NT 6.0; Trident/5.0)"
71.64.144.236 - - [04/Jan/2012:09:15:39 -0500] "GET /forums/picture_for_index.php?pictureid=5130&albumid=564 HTTP/1.1" 200 37207 "http://www.walleyecentral.com/forums/index.php" "Mozilla/5.0 (compatible; MSIE 9.0; Windows NT 6.0; Trident/5.0)"
71.64.144.236 - - [04/Jan/2012:09:15:40 -0500] "GET /forums/clientscript/vbulletin_read_marker.js?v=373 HTTP/1.1" 200 3408 "http://www.walleyecentral.com/forums/index.php" "Mozilla/5.0 (compatible; MSIE 9.0; Windows NT 6.0; Trident/5.0)"
71.64.144.236 - - [04/Jan/2012:09:15:39 -0500] "GET /forums/picture_for_index.php?pictureid=6095&albumid=413 HTTP/1.1" 200 49062 "http://www.walleyecentral.com/forums/index.php" "Mozilla/5.0 (compatible; MSIE 9.0; Windows NT 6.0; Trident/5.0)"
162.40.64.101 - - [04/Jan/2012:09:15:39 -0500] "GET /openx/www/delivery/lg.php?bannerid=34&campaignid=1&zoneid=98&loc=http%3A%2F%2Fwww.walleyecentral.com%2Fforums%2Fshowthread.php%3Ft%3D189065&referer=http%3A%2F%2Fwww.walleyecentral.com%2Fforums%2Fforumdisplay.php%3Ff%3D32%26order%3Ddesc%26page%3D2&cb=07dc357ae3 HTTP/1.1" 200 43 "http://www.walleyecentral.com/forums/showthread.php?t=189065" "Mozilla/4.0 (compatible; MSIE 8.0; Windows NT 6.0; Trident/4.0; SLCC1; .NET CLR 2.0.50727; .NET CLR 3.5.30729; .NET4.0C; .NET CLR 3.0.30729)"
71.64.144.236 - - [04/Jan/2012:09:15:39 -0500] "GET /forums/picture_for_index.php?pictureid=5186&albumid=567 HTTP/1.1" 200 65649 "http://www.walleyecentral.com/forums/index.php" "Mozilla/5.0 (compatible; MSIE 9.0; Windows NT 6.0; Trident/5.0)"
