64.179.63.250 - - [04/Jan/2012:09:16:40 -0500] "GET /openx/www/delivery/lg.php?bannerid=74&campaignid=1&zoneid=87&loc=http%3A%2F%2Fwww.walleyecentral.com%2Fforums%2Fshowthread.php%3Ft%3D189098%26page%3D3&referer=http%3A%2F%2Fwww.walleyecentral.com%2Fforums%2Fshowthread.php%3Ft%3D189098%26page%3D2&cb=e83c5a3caf HTTP/1.1" 200 43 "http://www.walleyecentral.com/forums/showthread.php?t=189098&page=3" "Mozilla/4.0 (compatible; MSIE 6.0; Windows NT 5.1; SV1; .NET CLR 1.1.4322; .NET CLR 2.0.50727; .NET CLR 3.0.4506.2152; .NET CLR 3.5.30729)"
68.171.231.80 - - [04/Jan/2012:09:16:41 -0500] "GET /themes/default/images/ranger_icon.jpg HTTP/1.1" 200 6291 "http://www.walleyecentral.com/" "Mozilla/5.0 (BlackBerry; U; BlackBerry 9810; en) AppleWebKit/534.11+ (KHTML, like Gecko) Version/7.0.0.254 Mobile Safari/534.11+"
68.171.231.81 - - [04/Jan/2012:09:16:41 -0500] "GET /themes/default/images/headerlogo2.png HTTP/1.1" 200 12415 "http://www.walleyecentral.com/" "Mozilla/5.0 (BlackBerry; U; BlackBerry 9810; en) AppleWebKit/534.11+ (KHTML, like Gecko) Version/7.0.0.254 Mobile Safari/534.11+"
68.171.231.80 - - [04/Jan/2012:09:16:41 -0500] "GET /images/facebook.jpg HTTP/1.1" 200 1058 "http://www.walleyecentral.com/" "Mozilla/5.0 (BlackBerry; U; BlackBerry 9810; en) AppleWebKit/534.11+ (KHTML, like Gecko) Version/7.0.0.254 Mobile Safari/534.11+"
68.171.231.81 - - [04/Jan/2012:09:16:41 -0500] "GET /themes/default/images/edit.gif HTTP/1.1" 200 1214 "http://www.walleyecentral.com/" "Mozilla/5.0 (BlackBerry; U; BlackBerry 9810; en) AppleWebKit/534.11+ (KHTML, like Gecko) Version/7.0.0.254 Mobile Safari/534.11+"
68.171.231.80 - - [04/Jan/2012:09:16:41 -0500] "GET /dbimages/articles-2011-12-27-925807361iconfile.jpg HTTP/1.1" 200 946 "http://www.walleyecentral.com/" "Mozilla/5.0 (BlackBerry; U; BlackBerry 9810; en) AppleWebKit/534.11+ (KHTML, like Gecko) Version/7.0.0.254 Mobile Safari/534.11+"
68.171.231.80 - - [04/Jan/2012:09:16:41 -0500] "GET /dbimages/articles-2011-12-20-231784295iconfile.jpg HTTP/1.1" 200 1086 "http://www.walleyecentral.com/" "Mozilla/5.0 (BlackBerry; U; BlackBerry 9810; en) AppleWebKit/534.11+ (KHTML, like Gecko) Version/7.0.0.254 Mobile Safari/534.11+"
68.171.231.80 - - [04/Jan/2012:09:16:41 -0500] "GET /dbimages/articles-2011-12-20-993572124iconfile.jpg HTTP/1.1" 200 1433 "http://www.walleyecentral.com/" "Mozilla/5.0 (BlackBerry; U; BlackBerry 9810; en) AppleWebKit/534.11+ (KHTML, like Gecko) Version/7.0.0.254 Mobile Safari/534.11+"
68.171.231.80 - - [04/Jan/2012:09:16:41 -0500] "GET /dbimages/articles-2012-01-02-216201556iconfile.JPG HTTP/1.1" 200 1315 "http://www.walleyecentral.com/" "Mozilla/5.0 (BlackBerry; U; BlackBerry 9810; en) AppleWebKit/534.11+ (KHTML, like Gecko) Version/7.0.0.254 Mobile Safari/534.11+"
68.171.231.81 - - [04/Jan/2012:09:16:41 -0500] "GET /dbimages/articles-2011-12-20-429665774iconfile.jpg HTTP/1.1" 200 629 "http://www.walleyecentral.com/" "Mozilla/5.0 (BlackBerry; U; BlackBerry 9810; en) AppleWebKit/534.11+ (KHTML, like Gecko) Version/7.0.0.254 Mobile Safari/534.11+"
68.171.231.81 - - [04/Jan/2012:09:16:41 -0500] "GET /dbimages/articles-2011-12-19-992528775iconfile.jpg HTTP/1.1" 200 1561 "http://www.walleyecentral.com/" "Mozilla/5.0 (BlackBerry; U; BlackBerry 9810; en) AppleWebKit/534.11+ (KHTML, like Gecko) Version/7.0.0.254 Mobile Safari/534.11+"
205.134.249.170 - - [04/Jan/2012:09:16:41 -0500] "GET /weather.php?pands=detroit+mi HTTP/1.1" 200 16166 "-" "PHP/5.2.17"
66.11.150.236 - - [04/Jan/2012:09:16:41 -0500] "GET /weather.php?pands=58501 HTTP/1.0" 200 24174 "-" "-"
205.134.249.170 - - [04/Jan/2012:09:16:41 -0500] "GET /weather.php?pands=56444 HTTP/1.1" 200 16166 "-" "PHP/5.2.17"
68.171.231.80 - - [04/Jan/2012:09:16:41 -0500] "GET /dbimages/articles-2011-12-09-612515290iconfile.jpg HTTP/1.1" 200 923 "http://www.walleyecentral.com/" "Mozilla/5.0 (BlackBerry; U; BlackBerry 9810; en) AppleWebKit/534.11+ (KHTML, like Gecko) Version/7.0.0.254 Mobile Safari/534.11+"
68.171.231.80 - - [04/Jan/2012:09:16:41 -0500] "GET /dbimages/articles-2011-12-19-56677216iconfile.jpg HTTP/1.1" 200 1844 "http://www.walleyecentral.com/" "Mozilla/5.0 (BlackBerry; U; BlackBerry 9810; en) AppleWebKit/534.11+ (KHTML, like Gecko) Version/7.0.0.254 Mobile Safari/534.11+"
68.171.231.82 - - [04/Jan/2012:09:16:41 -0500] "GET /dbimages/articles-2011-12-05-541299785iconfile.jpg HTTP/1.1" 200 1567 "http://www.walleyecentral.com/" "Mozilla/5.0 (BlackBerry; U; BlackBerry 9810; en) AppleWebKit/534.11+ (KHTML, like Gecko) Version/7.0.0.254 Mobile Safari/534.11+"
66.11.150.236 - - [04/Jan/2012:09:16:41 -0500] "GET /weather.php?pands=49419 HTTP/1.0" 200 24183 "-" "-"
66.45.150.25 - - [04/Jan/2012:09:16:41 -0500] "GET /forums/forumdisplay.php?f=15 HTTP/1.1" 200 22978 "http://www.walleyecentral.com/forums/forumdisplay.php?f=33" "Mozilla/5.0 (Windows NT 5.1; rv:8.0) Gecko/20100101 Firefox/8.0"
66.45.150.25 - - [04/Jan/2012:09:16:41 -0500] "GET /forums/clientscript/vbulletin_important.css?v=373 HTTP/1.1" 304 - "http://www.walleyecentral.com/forums/forumdisplay.php?f=15" "Mozilla/5.0 (Windows NT 5.1; rv:8.0) Gecko/20100101 Firefox/8.0"
66.45.150.25 - - [04/Jan/2012:09:16:41 -0500] "GET /forums/clientscript/yui/yahoo-dom-event/yahoo-dom-event.js?v=373 HTTP/1.1" 304 - "http://www.walleyecentral.com/forums/forumdisplay.php?f=15" "Mozilla/5.0 (Windows NT 5.1; rv:8.0) Gecko/20100101 Firefox/8.0"
66.45.150.25 - - [04/Jan/2012:09:16:41 -0500] "GET /forums/clientscript/yui/connection/connection-min.js?v=373 HTTP/1.1" 304 - "http://www.walleyecentral.com/forums/forumdisplay.php?f=15" "Mozilla/5.0 (Windows NT 5.1; rv:8.0) Gecko/20100101 Firefox/8.0"
66.45.150.25 - - [04/Jan/2012:09:16:41 -0500] "GET /forums/clientscript/vbulletin_global.js?v=373 HTTP/1.1" 304 - "http://www.walleyecentral.com/forums/forumdisplay.php?f=15" "Mozilla/5.0 (Windows NT 5.1; rv:8.0) Gecko/20100101 Firefox/8.0"
65.52.104.87 - - [04/Jan/2012:09:16:41 -0500] "GET /forums/showthread.php?p=87832 HTTP/1.1" 200 15455 "-" "Mozilla/5.0 (compatible; bingbot/2.0; +http://www.bing.com/bingbot.htm)"
66.45.150.25 - - [04/Jan/2012:09:16:41 -0500] "GET /forums/clientscript/vbulletin_menu.js?v=373 HTTP/1.1" 304 - "http://www.walleyecentral.com/forums/forumdisplay.php?f=15" "Mozilla/5.0 (Windows NT 5.1; rv:8.0) Gecko/20100101 Firefox/8.0"
68.171.231.80 - - [04/Jan/2012:09:16:41 -0500] "GET /dbimages/articles-2011-09-29-923068202iconfile.jpg HTTP/1.1" 200 1456 "http://www.walleyecentral.com/" "Mozilla/5.0 (BlackBerry; U; BlackBerry 9810; en) AppleWebKit/534.11+ (KHTML, like Gecko) Version/7.0.0.254 Mobile Safari/534.11+"
68.171.231.81 - - [04/Jan/2012:09:16:41 -0500] "GET /dbimages/tenpoundclub-2011-12-23-141169268thumbnail.jpg HTTP/1.1" 200 10939 "http://www.walleyecentral.com/" "Mozilla/5.0 (BlackBerry; U; BlackBerry 9810; en) AppleWebKit/534.11+ (KHTML, like Gecko) Version/7.0.0.254 Mobile Safari/534.11+"
66.45.150.25 - - [04/Jan/2012:09:16:41 -0500] "GET /forums/clientscript/vbulletin_read_marker.js?v=373 HTTP/1.1" 304 - "http://www.walleyecentral.com/forums/forumdisplay.php?f=15" "Mozilla/5.0 (Windows NT 5.1; rv:8.0) Gecko/20100101 Firefox/8.0"
68.171.231.81 - - [04/Jan/2012:09:16:42 -0500] "GET /dbimages/tenpoundclub-2011-12-23-97306314thumbnail.jpg HTTP/1.1" 200 9587 "http://www.walleyecentral.com/" "Mozilla/5.0 (BlackBerry; U; BlackBerry 9810; en) AppleWebKit/534.11+ (KHTML, like Gecko) Version/7.0.0.254 Mobile Safari/534.11+"
208.38.64.34 - - [04/Jan/2012:09:16:41 -0500] "GET /forums/forumdisplay.php?f=32&order=desc&page=2 HTTP/1.1" 200 22883 "http://www.walleyecentral.com/forums/forumdisplay.php?f=32" "Mozilla/5.0 (Windows NT 5.1) AppleWebKit/535.7 (KHTML, like Gecko) Chrome/16.0.912.63 Safari/535.7"
68.171.231.81 - - [04/Jan/2012:09:16:41 -0500] "GET /dbimages/tenpoundclub-2012-01-03-862352758thumbnail.jpg HTTP/1.1" 200 12900 "http://www.walleyecentral.com/" "Mozilla/5.0 (BlackBerry; U; BlackBerry 9810; en) AppleWebKit/534.11+ (KHTML, like Gecko) Version/7.0.0.254 Mobile Safari/534.11+"
66.45.150.25 - - [04/Jan/2012:09:16:42 -0500] "GET /openx/www/delivery/ajs.php?n=a5212870&zoneid=7&source=&exclude=,&r=704323981&loc=http%3A//www.walleyecentral.com/forums/forumdisplay.php%3Ff%3D15&referer=http%3A//www.walleyecentral.com/forums/forumdisplay.php%3Ff%3D33 HTTP/1.1" 200 984 "http://www.walleyecentral.com/forums/forumdisplay.php?f=15" "Mozilla/5.0 (Windows NT 5.1; rv:8.0) Gecko/20100101 Firefox/8.0"
208.38.64.34 - - [04/Jan/2012:09:16:42 -0500] "GET /openx/www/delivery/ajs.php?n=a5212870&zoneid=97&source=&exclude=,&r=807588811&loc=http%3A//www.walleyecentral.com/forums/forumdisplay.php%3Ff%3D32%26order%3Ddesc%26page%3D2&referer=http%3A//www.walleyecentral.com/forums/forumdisplay.php%3Ff%3D32 HTTP/1.1" 200 1040 "http://www.walleyecentral.com/forums/forumdisplay.php?f=32&order=desc&page=2" "Mozilla/5.0 (Windows NT 5.1) AppleWebKit/535.7 (KHTML, like Gecko) Chrome/16.0.912.63 Safari/535.7"
208.38.64.34 - - [04/Jan/2012:09:16:42 -0500] "GET /forums/images/misc/tag.png HTTP/1.1" 200 376 "http://www.walleyecentral.com/forums/forumdisplay.php?f=32&order=desc&page=2" "Mozilla/5.0 (Windows NT 5.1) AppleWebKit/535.7 (KHTML, like Gecko) Chrome/16.0.912.63 Safari/535.7"
68.171.231.81 - - [04/Jan/2012:09:16:42 -0500] "GET /wcvideo/video/20110925-150928.jpg HTTP/1.1" 200 8753 "http://www.walleyecentral.com/" "Mozilla/5.0 (BlackBerry; U; BlackBerry 9810; en) AppleWebKit/534.11+ (KHTML, like Gecko) Version/7.0.0.254 Mobile Safari/534.11+"
205.134.249.170 - - [04/Jan/2012:09:16:42 -0500] "GET /weather.php?pands=55013 HTTP/1.1" 200 16166 "-" "PHP/5.2.17"
208.38.64.34 - - [04/Jan/2012:09:16:42 -0500] "GET /forums/images/icons/icon6.gif HTTP/1.1" 200 1043 "http://www.walleyecentral.com/forums/forumdisplay.php?f=32&order=desc&page=2" "Mozilla/5.0 (Windows NT 5.1) AppleWebKit/535.7 (KHTML, like Gecko) Chrome/16.0.912.63 Safari/535.7"
46.17.98.217 - - [04/Jan/2012:09:16:41 -0500] "POST /forums/register.php?do=addmember HTTP/1.0" 200 41539 "http://www.walleyecentral.com/forums/register.php" "Mozilla/4.0 (compatible; MSIE 6.0; Windows NT 5.2; Win64; AMD64)"
68.171.231.80 - - [04/Jan/2012:09:16:42 -0500] "GET /images/navionics_app.jpg HTTP/1.1" 200 3556 "http://www.walleyecentral.com/" "Mozilla/5.0 (BlackBerry; U; BlackBerry 9810; en) AppleWebKit/534.11+ (KHTML, like Gecko) Version/7.0.0.254 Mobile Safari/534.11+"
68.171.231.80 - - [04/Jan/2012:09:16:42 -0500] "GET /commonimages/blocks.png HTTP/1.1" 200 3241 "http://www.walleyecentral.com/" "Mozilla/5.0 (BlackBerry; U; BlackBerry 9810; en) AppleWebKit/534.11+ (KHTML, like Gecko) Version/7.0.0.254 Mobile Safari/534.11+"
68.171.231.81 - - [04/Jan/2012:09:16:42 -0500] "GET /wcvideo/video/20110918-060900.jpg HTTP/1.1" 200 16164 "http://www.walleyecentral.com/" "Mozilla/5.0 (BlackBerry; U; BlackBerry 9810; en) AppleWebKit/534.11+ (KHTML, like Gecko) Version/7.0.0.254 Mobile Safari/534.11+"
68.171.231.80 - - [04/Jan/2012:09:16:42 -0500] "GET /wcvideo/video/20110808-130818.jpg HTTP/1.1" 200 14547 "http://www.walleyecentral.com/" "Mozilla/5.0 (BlackBerry; U; BlackBerry 9810; en) AppleWebKit/534.11+ (KHTML, like Gecko) Version/7.0.0.254 Mobile Safari/534.11+"
66.45.150.25 - - [04/Jan/2012:09:16:42 -0500] "GET /openx/www/delivery/ai.php?filename=alumacraft.jpg&contenttype=jpeg HTTP/1.1" 304 - "http://www.walleyecentral.com/forums/forumdisplay.php?f=15" "Mozilla/5.0 (Windows NT 5.1; rv:8.0) Gecko/20100101 Firefox/8.0"
208.38.64.34 - - [04/Jan/2012:09:16:42 -0500] "GET /forums/images/icons/icon13.gif HTTP/1.1" 200 1022 "http://www.walleyecentral.com/forums/forumdisplay.php?f=32&order=desc&page=2" "Mozilla/5.0 (Windows NT 5.1) AppleWebKit/535.7 (KHTML, like Gecko) Chrome/16.0.912.63 Safari/535.7"
152.61.40.103 - - [04/Jan/2012:09:16:42 -0500] "GET /openx/www/delivery/ajs.php?n=a5212870&zoneid=20&source=&exclude=,&r=921807971&loc=http%3A//www.walleyecentral.com/forums/forumdisplay.php%3Ff%3D9&referer=http%3A//www.fishingthemidwest.com/index.php HTTP/1.1" 200 54 "http://www.walleyecentral.com/forums/forumdisplay.php?f=9" "Mozilla/4.0 (compatible; MSIE 8.0; Windows NT 6.1; WOW64; Trident/4.0; SLCC2; .NET CLR 2.0.50727; .NET CLR 3.5.30729; .NET CLR 3.0.30729; Media Center PC 6.0; .NET4.0C)"
68.171.231.82 - - [04/Jan/2012:09:16:42 -0500] "GET /images/shutup1.gif HTTP/1.1" 200 635 "http://www.walleyecentral.com/" "Mozilla/5.0 (BlackBerry; U; BlackBerry 9810; en) AppleWebKit/534.11+ (KHTML, like Gecko) Version/7.0.0.254 Mobile Safari/534.11+"
68.171.231.80 - - [04/Jan/2012:09:16:42 -0500] "GET /phpQJr/poll.php?pid=50&url=http%3A//www.walleyecentral.com/ HTTP/1.1" 200 3982 "http://www.walleyecentral.com/" "Mozilla/5.0 (BlackBerry; U; BlackBerry 9810; en) AppleWebKit/534.11+ (KHTML, like Gecko) Version/7.0.0.254 Mobile Safari/534.11+"
66.45.150.25 - - [04/Jan/2012:09:16:42 -0500] "GET /openx/www/delivery/lg.php?bannerid=94&campaignid=1&zoneid=7&loc=http%3A%2F%2Fwww.walleyecentral.com%2Fforums%2Fforumdisplay.php%3Ff%3D15&referer=http%3A%2F%2Fwww.walleyecentral.com%2Fforums%2Fforumdisplay.php%3Ff%3D33&cb=c6889e46c4 HTTP/1.1" 200 43 "http://www.walleyecentral.com/forums/forumdisplay.php?f=15" "Mozilla/5.0 (Windows NT 5.1; rv:8.0) Gecko/20100101 Firefox/8.0"
68.171.231.82 - - [04/Jan/2012:09:16:42 -0500] "GET /themes/default/images/footerback.gif HTTP/1.1" 200 1309 "http://www.walleyecentral.com/" "Mozilla/5.0 (BlackBerry; U; BlackBerry 9810; en) AppleWebKit/534.11+ (KHTML, like Gecko) Version/7.0.0.254 Mobile Safari/534.11+"
208.38.64.34 - - [04/Jan/2012:09:16:42 -0500] "GET /openx/www/delivery/lg.php?bannerid=34&campaignid=1&zoneid=97&loc=http%3A%2F%2Fwww.walleyecentral.com%2Fforums%2Fforumdisplay.php%3Ff%3D32%26order%3Ddesc%26page%3D2&referer=http%3A%2F%2Fwww.walleyecentral.com%2Fforums%2Fforumdisplay.php%3Ff%3D32&cb=3184333dc1 HTTP/1.1" 200 43 "http://www.walleyecentral.com/forums/forumdisplay.php?f=32&order=desc&page=2" "Mozilla/5.0 (Windows NT 5.1) AppleWebKit/535.7 (KHTML, like Gecko) Chrome/16.0.912.63 Safari/535.7"
65.52.104.87 - - [04/Jan/2012:09:16:42 -0500] "GET /forums/showthread.php?p=9955 HTTP/1.1" 200 17429 "-" "Mozilla/5.0 (compatible; bingbot/2.0; +http://www.bing.com/bingbot.htm)"
68.171.231.81 - - [04/Jan/2012:09:16:42 -0500] "GET /phpQJr/inc/poll.js HTTP/1.1" 200 897 "http://www.walleyecentral.com/phpQJr/poll.php?pid=50&url=http%3A//www.walleyecentral.com/" "Mozilla/5.0 (BlackBerry; U; BlackBerry 9810; en) AppleWebKit/534.11+ (KHTML, like Gecko) Version/7.0.0.254 Mobile Safari/534.11+"
65.52.108.26 - - [04/Jan/2012:09:16:43 -0500] "GET /forums/showthread.php?t=118892 HTTP/1.1" 200 14591 "-" "Mozilla/5.0 (compatible; bingbot/2.0; +http://www.bing.com/bingbot.htm)"
205.134.249.170 - - [04/Jan/2012:09:16:43 -0500] "GET /weather.php?pands=53147 HTTP/1.1" 200 16166 "-" "PHP/5.2.17"
205.134.249.170 - - [04/Jan/2012:09:16:43 -0500] "GET /weather.php?pands=80015 HTTP/1.1" 200 16166 "-" "PHP/5.2.17"
12.3.223.129 - - [04/Jan/2012:09:16:44 -0500] "GET /dbimages/articles-2011-07-20-524805066iconfile.jpg HTTP/1.1" 304 - "-" "Mozilla/4.0 (compatible;)"
66.11.150.236 - - [04/Jan/2012:09:16:43 -0500] "GET /weather.php?pands=71106 HTTP/1.0" 200 24169 "-" "-"
65.52.104.87 - - [04/Jan/2012:09:16:44 -0500] "GET /forums/archive/index.php/t-127955.html HTTP/1.1" 200 4468 "-" "Mozilla/5.0 (compatible; bingbot/2.0; +http://www.bing.com/bingbot.htm)"
205.134.249.170 - - [04/Jan/2012:09:16:44 -0500] "GET /weather.php?pands=49424 HTTP/1.1" 200 16166 "-" "PHP/5.2.17"
66.11.150.236 - - [04/Jan/2012:09:16:43 -0500] "GET /weather.php?pands=46582 HTTP/1.0" 200 24170 "-" "-"
71.56.48.219 - - [04/Jan/2012:09:16:44 -0500] "GET /forums/archive/archive.css HTTP/1.1" 200 2269 "http://www.walleyecentral.com/forums/archive/index.php/t-148618.html" "Mozilla/4.0 (compatible; MSIE 8.0; Windows NT 6.1; WOW64; Trident/4.0; GTB7.2; SLCC2; .NET CLR 2.0.50727; .NET CLR 3.5.30729; .NET CLR 3.0.30729; Media Center PC 6.0; HPDTDF; .NET4.0C; BRI/1; BRI/2)"
170.97.167.69 - - [04/Jan/2012:09:16:42 -0500] "GET / HTTP/1.1" 200 66159 "-" "Mozilla/4.0 (compatible; MSIE 7.0; Windows NT 5.1; .NET CLR 2.0.50727; InfoPath.2; .NET CLR 3.0.4506.2152; .NET CLR 3.5.30729; MS-RTC LM 8)"
71.56.48.219 - - [04/Jan/2012:09:16:43 -0500] "GET /forums/archive/index.php/t-148618.html HTTP/1.1" 200 27220 "http://www.bing.com/search?q=if+23+degress+outisde+temp%2C+will+heater+inside+go+up+to+80+degrees&form=HPDTDF&pc=HPDTDF&src=IE-SearchBox" "Mozilla/4.0 (compatible; MSIE 8.0; Windows NT 6.1; WOW64; Trident/4.0; GTB7.2; SLCC2; .NET CLR 2.0.50727; .NET CLR 3.5.30729; .NET CLR 3.0.30729; Media Center PC 6.0; HPDTDF; .NET4.0C; BRI/1; BRI/2)"
170.97.167.69 - - [04/Jan/2012:09:16:44 -0500] "GET /dbimages/tenpoundclub-2012-01-03-862352758thumbnail.jpg HTTP/1.1" 200 12900 "-" "Mozilla/4.0 (compatible;)"
72.185.21.170 - - [04/Jan/2012:09:16:43 -0500] "GET /forums/showthread.php?t=188947&page=2 HTTP/1.1" 200 18574 "http://www.walleyecentral.com/forums/showthread.php?t=188947" "Mozilla/5.0 (Macintosh; Intel Mac OS X 10_7_2) AppleWebKit/535.7 (KHTML, like Gecko) Chrome/16.0.912.63 Safari/535.7"
170.97.167.69 - - [04/Jan/2012:09:16:44 -0500] "GET /phpQJr/embedjr.php?pid=50&w=175&h=400 HTTP/1.1" 200 1036 "-" "Mozilla/4.0 (compatible;)"
71.56.48.219 - - [04/Jan/2012:09:16:44 -0500] "GET /favicon.ico HTTP/1.1" 200 822 "-" "Mozilla/4.0 (compatible; MSIE 8.0; Windows NT 6.1; WOW64; Trident/4.0; GTB7.2; SLCC2; .NET CLR 2.0.50727; .NET CLR 3.5.30729; .NET CLR 3.0.30729; Media Center PC 6.0; HPDTDF; .NET4.0C; BRI/1; BRI/2)"
72.185.21.170 - - [04/Jan/2012:09:16:44 -0500] "GET /openx/www/delivery/ajs.php?n=a5212870&zoneid=59&source=&exclude=,&r=580609141&loc=http%3A//www.walleyecentral.com/forums/showthread.php%3Ft%3D188947%26page%3D2&referer=http%3A//www.walleyecentral.com/forums/showthread.php%3Ft%3D188947 HTTP/1.1" 200 991 "http://www.walleyecentral.com/forums/showthread.php?t=188947&page=2" "Mozilla/5.0 (Macintosh; Intel Mac OS X 10_7_2) AppleWebKit/535.7 (KHTML, like Gecko) Chrome/16.0.912.63 Safari/535.7"
72.185.21.170 - - [04/Jan/2012:09:16:44 -0500] "GET /forums/images/misc/im_icq.gif HTTP/1.1" 200 1089 "http://www.walleyecentral.com/forums/showthread.php?t=188947&page=2" "Mozilla/5.0 (Macintosh; Intel Mac OS X 10_7_2) AppleWebKit/535.7 (KHTML, like Gecko) Chrome/16.0.912.63 Safari/535.7"
72.185.21.170 - - [04/Jan/2012:09:16:44 -0500] "GET /forums/image.php?u=2931&dateline=1216837795 HTTP/1.1" 200 5008 "http://www.walleyecentral.com/forums/showthread.php?t=188947&page=2" "Mozilla/5.0 (Macintosh; Intel Mac OS X 10_7_2) AppleWebKit/535.7 (KHTML, like Gecko) Chrome/16.0.912.63 Safari/535.7"
72.185.21.170 - - [04/Jan/2012:09:16:44 -0500] "GET /forums/image.php?u=8075&dateline=1216779493 HTTP/1.1" 200 1557 "http://www.walleyecentral.com/forums/showthread.php?t=188947&page=2" "Mozilla/5.0 (Macintosh; Intel Mac OS X 10_7_2) AppleWebKit/535.7 (KHTML, like Gecko) Chrome/16.0.912.63 Safari/535.7"
65.52.104.87 - - [04/Jan/2012:09:16:44 -0500] "GET /forums/showthread.php?t=68189 HTTP/1.1" 200 17863 "-" "Mozilla/5.0 (compatible; bingbot/2.0; +http://www.bing.com/bingbot.htm)"
68.171.231.81 - - [04/Jan/2012:09:16:44 -0500] "GET /articles/?a=2735 HTTP/1.1" 200 31737 "http://www.walleyecentral.com/" "Mozilla/5.0 (BlackBerry; U; BlackBerry 9810; en) AppleWebKit/534.11+ (KHTML, like Gecko) Version/7.0.0.254 Mobile Safari/534.11+"
128.205.154.101 - - [04/Jan/2012:09:16:45 -0500] "GET /themes/default/theme.css HTTP/1.1" 304 - "http://www.walleyecentral.com/forums/forumdisplay.php?f=5" "Mozilla/4.0 (compatible; MSIE 8.0; Windows NT 5.1; Trident/4.0; .NET CLR 1.1.4322; InfoPath.2)"
128.205.154.101 - - [04/Jan/2012:09:16:43 -0500] "GET /forums/forumdisplay.php?f=5 HTTP/1.1" 200 24363 "http://www.walleyecentral.com/articles/?a=2730" "Mozilla/4.0 (compatible; MSIE 8.0; Windows NT 5.1; Trident/4.0; .NET CLR 1.1.4322; InfoPath.2)"
128.205.154.101 - - [04/Jan/2012:09:16:45 -0500] "GET /forums/clientscript/yui/yahoo-dom-event/yahoo-dom-event.js?v=373 HTTP/1.1" 304 - "http://www.walleyecentral.com/forums/forumdisplay.php?f=5" "Mozilla/4.0 (compatible; MSIE 8.0; Windows NT 5.1; Trident/4.0; .NET CLR 1.1.4322; InfoPath.2)"
128.205.154.101 - - [04/Jan/2012:09:16:45 -0500] "GET /forums/clientscript/vbulletin_global.js?v=373 HTTP/1.1" 304 - "http://www.walleyecentral.com/forums/forumdisplay.php?f=5" "Mozilla/4.0 (compatible; MSIE 8.0; Windows NT 5.1; Trident/4.0; .NET CLR 1.1.4322; InfoPath.2)"
128.205.154.101 - - [04/Jan/2012:09:16:45 -0500] "GET /forums/clientscript/vbulletin_menu.js?v=373 HTTP/1.1" 304 - "http://www.walleyecentral.com/forums/forumdisplay.php?f=5" "Mozilla/4.0 (compatible; MSIE 8.0; Windows NT 5.1; Trident/4.0; .NET CLR 1.1.4322; InfoPath.2)"
128.205.154.101 - - [04/Jan/2012:09:16:45 -0500] "GET /forums/clientscript/vbulletin_important.css?v=373 HTTP/1.1" 304 - "http://www.walleyecentral.com/forums/forumdisplay.php?f=5" "Mozilla/4.0 (compatible; MSIE 8.0; Windows NT 5.1; Trident/4.0; .NET CLR 1.1.4322; InfoPath.2)"
128.205.154.101 - - [04/Jan/2012:09:16:45 -0500] "GET /forums/clientscript/yui/connection/connection-min.js?v=373 HTTP/1.1" 304 - "http://www.walleyecentral.com/forums/forumdisplay.php?f=5" "Mozilla/4.0 (compatible; MSIE 8.0; Windows NT 5.1; Trident/4.0; .NET CLR 1.1.4322; InfoPath.2)"
128.205.154.101 - - [04/Jan/2012:09:16:45 -0500] "GET /openx/www/delivery/ajs.php?n=a5212870&zoneid=86&source=&exclude=,&r=837844321&loc=http%3A//www.walleyecentral.com/forums/forumdisplay.php%3Ff%3D5&referer=http%3A//www.walleyecentral.com/articles/%3Fa%3D2730 HTTP/1.1" 200 941 "http://www.walleyecentral.com/forums/forumdisplay.php?f=5" "Mozilla/4.0 (compatible; MSIE 8.0; Windows NT 5.1; Trident/4.0; .NET CLR 1.1.4322; InfoPath.2)"
180.76.5.61 - - [04/Jan/2012:09:16:44 -0500] "GET /forums/showthread.php?t=1675 HTTP/1.1" 200 16605 "-" "Mozilla/5.0 (compatible; Baiduspider/2.0; +http://www.baidu.com/search/spider.html)"
66.11.150.236 - - [04/Jan/2012:09:16:45 -0500] "GET /weather.php?pands=44089 HTTP/1.0" 200 24176 "-" "-"
128.205.154.101 - - [04/Jan/2012:09:16:45 -0500] "GET /openx/www/delivery/ai.php?filename=okuma_citrix.gif&contenttype=gif HTTP/1.1" 304 - "http://www.walleyecentral.com/forums/forumdisplay.php?f=5" "Mozilla/4.0 (compatible; MSIE 8.0; Windows NT 5.1; Trident/4.0; .NET CLR 1.1.4322; InfoPath.2)"
128.205.154.101 - - [04/Jan/2012:09:16:45 -0500] "GET /forums/images/icons/icon3.gif HTTP/1.1" 304 - "http://www.walleyecentral.com/forums/forumdisplay.php?f=5" "Mozilla/4.0 (compatible; MSIE 8.0; Windows NT 5.1; Trident/4.0; .NET CLR 1.1.4322; InfoPath.2)"
128.205.154.101 - - [04/Jan/2012:09:16:45 -0500] "GET /forums/clientscript/vbulletin_read_marker.js?v=373 HTTP/1.1" 304 - "http://www.walleyecentral.com/forums/forumdisplay.php?f=5" "Mozilla/4.0 (compatible; MSIE 8.0; Windows NT 5.1; Trident/4.0; .NET CLR 1.1.4322; InfoPath.2)"
128.205.154.101 - - [04/Jan/2012:09:16:45 -0500] "GET /openx/www/delivery/lg.php?bannerid=75&campaignid=1&zoneid=86&channel_ids=,&loc=http%3A%2F%2Fwww.walleyecentral.com%2Fforums%2Fforumdisplay.php%3Ff%3D5&referer=http%3A%2F%2Fwww.walleyecentral.com%2Farticles%2F%3Fa%3D2730&cb=8c818df677 HTTP/1.1" 200 43 "http://www.walleyecentral.com/forums/forumdisplay.php?f=5" "Mozilla/4.0 (compatible; MSIE 8.0; Windows NT 5.1; Trident/4.0; .NET CLR 1.1.4322; InfoPath.2)"
128.205.154.101 - - [04/Jan/2012:09:16:45 -0500] "GET /favicon.ico HTTP/1.1" 200 822 "-" "Mozilla/4.0 (compatible; MSIE 8.0; Windows NT 5.1; Trident/4.0; .NET CLR 1.1.4322; InfoPath.2)"
72.185.21.170 - - [04/Jan/2012:09:16:45 -0500] "GET /openx/www/delivery/lg.php?bannerid=100&campaignid=1&zoneid=59&loc=http%3A%2F%2Fwww.walleyecentral.com%2Fforums%2Fshowthread.php%3Ft%3D188947%26page%3D2&referer=http%3A%2F%2Fwww.walleyecentral.com%2Fforums%2Fshowthread.php%3Ft%3D188947&cb=d972c16ae0 HTTP/1.1" 200 43 "http://www.walleyecentral.com/forums/showthread.php?t=188947&page=2" "Mozilla/5.0 (Macintosh; Intel Mac OS X 10_7_2) AppleWebKit/535.7 (KHTML, like Gecko) Chrome/16.0.912.63 Safari/535.7"
46.17.98.217 - - [04/Jan/2012:09:16:44 -0500] "POST /forums/register.php?do=addmember HTTP/1.0" 200 41550 "http://www.walleyecentral.com/forums/register.php" "Mozilla/4.0 (compatible; MSIE 6.0; Windows NT 5.2; Win64; AMD64)"
68.171.231.80 - - [04/Jan/2012:09:16:45 -0500] "GET /articles/search.png HTTP/1.1" 200 2681 "http://www.walleyecentral.com/articles/?a=2735" "Mozilla/5.0 (BlackBerry; U; BlackBerry 9810; en) AppleWebKit/534.11+ (KHTML, like Gecko) Version/7.0.0.254 Mobile Safari/534.11+"
66.249.71.211 - - [04/Jan/2012:09:16:45 -0500] "GET /forums/archive/index.php/t-49663.html HTTP/1.1" 200 3256 "-" "Mozilla/5.0 (compatible; Googlebot/2.1; +http://www.google.com/bot.html)"
66.11.150.236 - - [04/Jan/2012:09:16:45 -0500] "GET /weather.php?pands=conchas+dam HTTP/1.0" 200 24176 "-" "-"
68.171.231.80 - - [04/Jan/2012:09:16:45 -0500] "GET /dbimages/uploaded-2012-01-02-938288249.jpg HTTP/1.1" 200 10154 "http://www.walleyecentral.com/articles/?a=2735" "Mozilla/5.0 (BlackBerry; U; BlackBerry 9810; en) AppleWebKit/534.11+ (KHTML, like Gecko) Version/7.0.0.254 Mobile Safari/534.11+"
205.134.249.170 - - [04/Jan/2012:09:16:45 -0500] "GET /weather.php?pands=Garrison+MN HTTP/1.1" 200 16166 "-" "PHP/5.2.17"
205.134.249.170 - - [04/Jan/2012:09:16:45 -0500] "GET /weather.php?pands=39520 HTTP/1.1" 200 16166 "-" "PHP/5.2.17"
68.171.231.80 - - [04/Jan/2012:09:16:45 -0500] "GET /dbimages/uploaded-2012-01-02-32146545.jpg HTTP/1.1" 200 13138 "http://www.walleyecentral.com/articles/?a=2735" "Mozilla/5.0 (BlackBerry; U; BlackBerry 9810; en) AppleWebKit/534.11+ (KHTML, like Gecko) Version/7.0.0.254 Mobile Safari/534.11+"
65.52.110.147 - - [04/Jan/2012:09:16:45 -0500] "GET /forums/search.php?do=finduser&userid=5836&searchthreadid=149096 HTTP/1.1" 302 - "-" "Mozilla/5.0 (compatible; bingbot/2.0; +http://www.bing.com/bingbot.htm)"
68.171.231.80 - - [04/Jan/2012:09:16:45 -0500] "GET /dbimages/uploaded-2012-01-02-325801956.JPG HTTP/1.1" 200 30098 "http://www.walleyecentral.com/articles/?a=2735" "Mozilla/5.0 (BlackBerry; U; BlackBerry 9810; en) AppleWebKit/534.11+ (KHTML, like Gecko) Version/7.0.0.254 Mobile Safari/534.11+"
170.97.167.69 - - [04/Jan/2012:09:16:45 -0500] "GET /phpQJr/embedjr.php?pid=50&w=175&h=400 HTTP/1.1" 200 1036 "http://www.walleyecentral.com/" "Mozilla/4.0 (compatible; MSIE 7.0; Windows NT 5.1; .NET CLR 2.0.50727; InfoPath.2; .NET CLR 3.0.4506.2152; .NET CLR 3.5.30729; MS-RTC LM 8)"
68.171.231.81 - - [04/Jan/2012:09:16:45 -0500] "GET /dbimages/uploaded-2012-01-02-62222274.png HTTP/1.1" 200 169437 "http://www.walleyecentral.com/articles/?a=2735" "Mozilla/5.0 (BlackBerry; U; BlackBerry 9810; en) AppleWebKit/534.11+ (KHTML, like Gecko) Version/7.0.0.254 Mobile Safari/534.11+"
170.97.167.69 - - [04/Jan/2012:09:16:46 -0500] "GET /phpQJr/poll.php?pid=50&url=http%3A//www.walleyecentral.com/ HTTP/1.1" 200 3982 "http://www.walleyecentral.com/" "Mozilla/4.0 (compatible; MSIE 7.0; Windows NT 5.1; .NET CLR 2.0.50727; InfoPath.2; .NET CLR 3.0.4506.2152; .NET CLR 3.5.30729; MS-RTC LM 8)"
216.121.199.119 - - [04/Jan/2012:09:16:46 -0500] "GET /classified/new/searchresults.jsp HTTP/1.1" 301 360 "-" "Mozilla/4.0 (compatible; MSIE 8.0; Windows NT 6.1; WOW64; Trident/4.0; GTB7.2; SLCC2; .NET CLR 2.0.50727; .NET CLR 3.5.30729; .NET CLR 3.0.30729; Media Center PC 6.0; eSobiSubscriber 2.0.4.16; InfoPath.2; .NET4.0C)"
205.134.249.170 - - [04/Jan/2012:09:16:46 -0500] "GET /weather.php?pands=82426 HTTP/1.1" 200 16166 "-" "PHP/5.2.17"
66.11.150.236 - - [04/Jan/2012:09:16:47 -0500] "GET /weather.php?pands=woodslandin HTTP/1.0" 200 20837 "-" "-"
65.52.104.87 - - [04/Jan/2012:09:16:47 -0500] "GET /forums/showthread.php?t=5336 HTTP/1.1" 200 14019 "-" "Mozilla/5.0 (compatible; bingbot/2.0; +http://www.bing.com/bingbot.htm)"
46.17.98.217 - - [04/Jan/2012:09:16:46 -0500] "POST /forums/register.php?do=addmember HTTP/1.0" 200 41550 "http://www.walleyecentral.com/forums/register.php" "Mozilla/4.0 (compatible; MSIE 6.0; Windows NT 5.2; Win64; AMD64)"
66.11.150.236 - - [04/Jan/2012:09:16:47 -0500] "GET /weather.php?pands=87114 HTTP/1.0" 200 24179 "-" "-"
74.50.250.81 - - [04/Jan/2012:09:16:47 -0500] "GET /openx/www/delivery/ajs.php?n=a5212870&zoneid=12&source=&exclude=,&r=74840661&loc=http%3A//www.walleyecentral.com/forums/forumdisplay.php%3Ff%3D16%26order%3Ddesc%26page%3D2&referer=http%3A//www.walleyecentral.com/forums/forumdisplay.php%3Ff%3D16%26order%3Ddesc HTTP/1.1" 200 984 "http://www.walleyecentral.com/forums/forumdisplay.php?f=16&order=desc&page=2" "Mozilla/5.0 (compatible; MSIE 9.0; Windows NT 6.1; WOW64; Trident/5.0)"
205.134.249.170 - - [04/Jan/2012:09:16:47 -0500] "GET /weather.php?pands=55397 HTTP/1.1" 200 16166 "-" "PHP/5.2.17"
74.50.250.81 - - [04/Jan/2012:09:16:47 -0500] "GET /openx/www/delivery/lg.php?bannerid=78&campaignid=1&zoneid=12&loc=http%3A%2F%2Fwww.walleyecentral.com%2Fforums%2Fforumdisplay.php%3Ff%3D16%26order%3Ddesc%26page%3D2&referer=http%3A%2F%2Fwww.walleyecentral.com%2Fforums%2Fforumdisplay.php%3Ff%3D16%26order%3Ddesc&cb=927ef2c6b7 HTTP/1.1" 200 43 "http://www.walleyecentral.com/forums/forumdisplay.php?f=16&order=desc&page=2" "Mozilla/5.0 (compatible; MSIE 9.0; Windows NT 6.1; WOW64; Trident/5.0)"
205.134.249.170 - - [04/Jan/2012:09:16:47 -0500] "GET /weather.php?pands=55122 HTTP/1.1" 200 16166 "-" "PHP/5.2.17"
65.52.104.87 - - [04/Jan/2012:09:16:48 -0500] "GET /forums/archive/index.php/t-71832.html HTTP/1.1" 200 2425 "-" "Mozilla/5.0 (compatible; bingbot/2.0; +http://www.bing.com/bingbot.htm)"
184.100.67.172 - - [04/Jan/2012:09:16:47 -0500] "GET /forums/forumdisplay.php?f=32 HTTP/1.1" 200 22198 "http://walleyecentral.com/" "Mozilla/4.0 (compatible; MSIE 8.0; Windows NT 6.1; WOW64; Trident/4.0; GTB7.2; SLCC2; .NET CLR 2.0.50727; .NET CLR 3.5.30729; .NET CLR 3.0.30729; Media Center PC 6.0; .NET4.0C)"
184.100.67.172 - - [04/Jan/2012:09:16:48 -0500] "GET /openx/www/delivery/ajs.php?n=a5212870&zoneid=97&source=&exclude=,&r=246784591&loc=http%3A//www.walleyecentral.com/forums/forumdisplay.php%3Ff%3D32&referer=http%3A//walleyecentral.com/ HTTP/1.1" 200 979 "http://www.walleyecentral.com/forums/forumdisplay.php?f=32" "Mozilla/4.0 (compatible; MSIE 8.0; Windows NT 6.1; WOW64; Trident/4.0; GTB7.2; SLCC2; .NET CLR 2.0.50727; .NET CLR 3.5.30729; .NET CLR 3.0.30729; Media Center PC 6.0; .NET4.0C)"
170.97.167.69 - - [04/Jan/2012:09:16:48 -0500] "GET /classified/new/searchresults.jsp HTTP/1.1" 301 360 "http://www.walleyecentral.com/" "Mozilla/4.0 (compatible; MSIE 7.0; Windows NT 5.1; .NET CLR 2.0.50727; InfoPath.2; .NET CLR 3.0.4506.2152; .NET CLR 3.5.30729; MS-RTC LM 8)"
205.134.249.170 - - [04/Jan/2012:09:16:48 -0500] "GET /weather.php?pands=56560 HTTP/1.1" 200 16166 "-" "PHP/5.2.17"
184.100.67.172 - - [04/Jan/2012:09:16:48 -0500] "GET /openx/www/delivery/ai.php?filename=ranger-dreamrig2.jpg&contenttype=jpeg HTTP/1.1" 304 - "http://www.walleyecentral.com/forums/forumdisplay.php?f=32" "Mozilla/4.0 (compatible; MSIE 8.0; Windows NT 6.1; WOW64; Trident/4.0; GTB7.2; SLCC2; .NET CLR 2.0.50727; .NET CLR 3.5.30729; .NET CLR 3.0.30729; Media Center PC 6.0; .NET4.0C)"
184.100.67.172 - - [04/Jan/2012:09:16:48 -0500] "GET /forums/images/icons/icon5.gif HTTP/1.1" 304 - "http://www.walleyecentral.com/forums/forumdisplay.php?f=32" "Mozilla/4.0 (compatible; MSIE 8.0; Windows NT 6.1; WOW64; Trident/4.0; GTB7.2; SLCC2; .NET CLR 2.0.50727; .NET CLR 3.5.30729; .NET CLR 3.0.30729; Media Center PC 6.0; .NET4.0C)"
66.11.150.236 - - [04/Jan/2012:09:16:49 -0500] "GET /weather.php?pands=58103 HTTP/1.0" 200 24273 "-" "-"
184.100.67.172 - - [04/Jan/2012:09:16:48 -0500] "GET /openx/www/delivery/lg.php?bannerid=65&campaignid=1&zoneid=97&loc=http%3A%2F%2Fwww.walleyecentral.com%2Fforums%2Fforumdisplay.php%3Ff%3D32&referer=http%3A%2F%2Fwalleyecentral.com%2F&cb=04f711916d HTTP/1.1" 200 43 "http://www.walleyecentral.com/forums/forumdisplay.php?f=32" "Mozilla/4.0 (compatible; MSIE 8.0; Windows NT 6.1; WOW64; Trident/4.0; GTB7.2; SLCC2; .NET CLR 2.0.50727; .NET CLR 3.5.30729; .NET CLR 3.0.30729; Media Center PC 6.0; .NET4.0C)"
46.17.98.217 - - [04/Jan/2012:09:16:48 -0500] "POST /forums/register.php?do=addmember HTTP/1.0" 200 41563 "http://www.walleyecentral.com/forums/register.php" "Mozilla/4.0 (compatible; MSIE 6.0; Windows NT 5.2; Win64; AMD64)"
207.46.13.160 - - [04/Jan/2012:09:16:49 -0500] "GET /forums/showthread.php?p=336769 HTTP/1.1" 200 13609 "-" "Mozilla/5.0 (compatible; bingbot/2.0; +http://www.bing.com/bingbot.htm)"
66.11.150.236 - - [04/Jan/2012:09:16:49 -0500] "GET /weather.php?pands=55317 HTTP/1.0" 200 24168 "-" "-"
205.134.249.170 - - [04/Jan/2012:09:16:49 -0500] "GET /weather.php?pands=Northome+MN HTTP/1.1" 200 16166 "-" "PHP/5.2.17"
180.76.6.21 - - [04/Jan/2012:09:16:49 -0500] "GET /forums/showthread.php?t=167416 HTTP/1.1" 200 13939 "-" "Mozilla/5.0 (compatible; Baiduspider/2.0; +http://www.baidu.com/search/spider.html)"
66.249.71.211 - - [04/Jan/2012:09:16:49 -0500] "GET /forums/archive/index.php/t-49989.html HTTP/1.1" 200 2008 "-" "Mozilla/5.0 (compatible; Googlebot/2.1; +http://www.google.com/bot.html)"
205.134.249.170 - - [04/Jan/2012:09:16:49 -0500] "GET /weather.php?pands=56763 HTTP/1.1" 200 16166 "-" "PHP/5.2.17"
216.16.67.98 - - [04/Jan/2012:09:16:49 -0500] "GET /forums/forumdisplay.php?f=15 HTTP/1.1" 200 22317 "http://www.walleyecentral.com/" "Mozilla/4.0 (compatible; MSIE 8.0; Windows NT 5.1; Trident/4.0; GTB7.2)"
216.16.67.98 - - [04/Jan/2012:09:16:50 -0500] "GET /forums/clientscript/vbulletin_important.css?v=373 HTTP/1.1" 304 - "http://www.walleyecentral.com/forums/forumdisplay.php?f=15" "Mozilla/4.0 (compatible; MSIE 8.0; Windows NT 5.1; Trident/4.0; GTB7.2)"
65.52.108.198 - - [04/Jan/2012:09:16:49 -0500] "GET /forums/showthread.php?t=144660 HTTP/1.1" 200 14999 "-" "Mozilla/5.0 (compatible; bingbot/2.0; +http://www.bing.com/bingbot.htm)"
216.16.67.98 - - [04/Jan/2012:09:16:50 -0500] "GET /forums/clientscript/yui/yahoo-dom-event/yahoo-dom-event.js?v=373 HTTP/1.1" 304 - "http://www.walleyecentral.com/forums/forumdisplay.php?f=15" "Mozilla/4.0 (compatible; MSIE 8.0; Windows NT 5.1; Trident/4.0; GTB7.2)"
216.16.67.98 - - [04/Jan/2012:09:16:50 -0500] "GET /forums/clientscript/yui/connection/connection-min.js?v=373 HTTP/1.1" 304 - "http://www.walleyecentral.com/forums/forumdisplay.php?f=15" "Mozilla/4.0 (compatible; MSIE 8.0; Windows NT 5.1; Trident/4.0; GTB7.2)"
170.11.30.141 - - [04/Jan/2012:09:16:50 -0500] "GET /dbimages/articles-2011-12-27-925807361iconfile.jpg HTTP/1.1" 304 - "-" "Mozilla/4.0 (compatible;)"
216.16.67.98 - - [04/Jan/2012:09:16:50 -0500] "GET /forums/clientscript/vbulletin_global.js?v=373 HTTP/1.1" 304 - "http://www.walleyecentral.com/forums/forumdisplay.php?f=15" "Mozilla/4.0 (compatible; MSIE 8.0; Windows NT 5.1; Trident/4.0; GTB7.2)"
216.16.67.98 - - [04/Jan/2012:09:16:50 -0500] "GET /forums/clientscript/vbulletin_menu.js?v=373 HTTP/1.1" 304 - "http://www.walleyecentral.com/forums/forumdisplay.php?f=15" "Mozilla/4.0 (compatible; MSIE 8.0; Windows NT 5.1; Trident/4.0; GTB7.2)"
180.76.5.173 - - [04/Jan/2012:09:16:50 -0500] "GET /forums/search.php?searchid=4404837 HTTP/1.1" 200 10522 "-" "Mozilla/5.0 (compatible; Baiduspider/2.0; +http://www.baidu.com/search/spider.html)"
63.135.136.202 - - [04/Jan/2012:09:16:50 -0500] "GET /openx/www/delivery/ajs.php?n=a5212870&zoneid=105&source=&exclude=,&r=641544051&loc=http%3A//www.walleyecentral.com/forums/forumdisplay.php%3Ff%3D34&referer=http%3A//www.walleyecentral.com/forums/forumdisplay.php%3Ff%3D5 HTTP/1.1" 200 956 "http://www.walleyecentral.com/forums/forumdisplay.php?f=34" "Mozilla/4.0 (compatible; MSIE 8.0; Windows NT 5.1; Trident/4.0; GTB7.2; .NET CLR 1.1.4322; .NET CLR 2.0.50727; InfoPath.2; .NET CLR 3.0.4506.2152; .NET CLR 3.5.30729)"
216.16.67.98 - - [04/Jan/2012:09:16:50 -0500] "GET /forums/clientscript/vbulletin_md5.js?v=373 HTTP/1.1" 304 - "http://www.walleyecentral.com/forums/forumdisplay.php?f=15" "Mozilla/4.0 (compatible; MSIE 8.0; Windows NT 5.1; Trident/4.0; GTB7.2)"
216.16.67.98 - - [04/Jan/2012:09:16:50 -0500] "GET /openx/www/delivery/ajs.php?n=a5212870&zoneid=7&source=&exclude=,&r=474662671&loc=http%3A//www.walleyecentral.com/forums/forumdisplay.php%3Ff%3D15&referer=http%3A//www.walleyecentral.com/ HTTP/1.1" 200 950 "http://www.walleyecentral.com/forums/forumdisplay.php?f=15" "Mozilla/4.0 (compatible; MSIE 8.0; Windows NT 5.1; Trident/4.0; GTB7.2)"
205.134.249.170 - - [04/Jan/2012:09:16:50 -0500] "GET /weather.php?pands=68333 HTTP/1.1" 200 16166 "-" "PHP/5.2.17"
216.16.67.98 - - [04/Jan/2012:09:16:50 -0500] "GET /openx/www/delivery/ai.php?filename=alumacraft.jpg&contenttype=jpeg HTTP/1.1" 304 - "http://www.walleyecentral.com/forums/forumdisplay.php?f=15" "Mozilla/4.0 (compatible; MSIE 8.0; Windows NT 5.1; Trident/4.0; GTB7.2)"
12.3.223.129 - - [04/Jan/2012:09:16:50 -0500] "GET /openx/www/delivery/ajs.php?n=a5212870&zoneid=16&source=&exclude=,&r=742297231&loc=http%3A//www.walleyecentral.com/forums/forumdisplay.php%3Ff%3D6&referer=http%3A//www.walleyecentral.com/ HTTP/1.1" 200 907 "http://www.walleyecentral.com/forums/forumdisplay.php?f=6" "Mozilla/4.0 (compatible; MSIE 6.0; Windows NT 5.1; SV1; GTB7.2; .NET CLR 2.0.50727)"
46.17.98.217 - - [04/Jan/2012:09:16:50 -0500] "POST /forums/register.php?do=addmember HTTP/1.0" 200 41550 "http://www.walleyecentral.com/forums/register.php" "Mozilla/4.0 (compatible; MSIE 6.0; Windows NT 5.2; Win64; AMD64)"
63.135.136.202 - - [04/Jan/2012:09:16:50 -0500] "GET /openx/www/delivery/lg.php?bannerid=64&campaignid=1&zoneid=105&loc=http%3A%2F%2Fwww.walleyecentral.com%2Fforums%2Fforumdisplay.php%3Ff%3D34&referer=http%3A%2F%2Fwww.walleyecentral.com%2Fforums%2Fforumdisplay.php%3Ff%3D5&cb=5f97875273 HTTP/1.1" 200 43 "http://www.walleyecentral.com/forums/forumdisplay.php?f=34" "Mozilla/4.0 (compatible; MSIE 8.0; Windows NT 5.1; Trident/4.0; GTB7.2; .NET CLR 1.1.4322; .NET CLR 2.0.50727; InfoPath.2; .NET CLR 3.0.4506.2152; .NET CLR 3.5.30729)"
12.3.223.129 - - [04/Jan/2012:09:16:51 -0500] "GET /openx/www/delivery/lg.php?bannerid=72&campaignid=1&zoneid=16&loc=http%3A%2F%2Fwww.walleyecentral.com%2Fforums%2Fforumdisplay.php%3Ff%3D6&referer=http%3A%2F%2Fwww.walleyecentral.com%2F&cb=b35e20c581 HTTP/1.1" 200 43 "http://www.walleyecentral.com/forums/forumdisplay.php?f=6" "Mozilla/4.0 (compatible; MSIE 6.0; Windows NT 5.1; SV1; GTB7.2; .NET CLR 2.0.50727)"
216.16.67.98 - - [04/Jan/2012:09:16:50 -0500] "GET /openx/www/delivery/lg.php?bannerid=94&campaignid=1&zoneid=7&loc=http%3A%2F%2Fwww.walleyecentral.com%2Fforums%2Fforumdisplay.php%3Ff%3D15&referer=http%3A%2F%2Fwww.walleyecentral.com%2F&cb=95be9ae096 HTTP/1.1" 200 43 "http://www.walleyecentral.com/forums/forumdisplay.php?f=15" "Mozilla/4.0 (compatible; MSIE 8.0; Windows NT 5.1; Trident/4.0; GTB7.2)"
65.52.108.26 - - [04/Jan/2012:09:16:51 -0500] "GET /forums/showthread.php?p=417791 HTTP/1.1" 200 16028 "-" "Mozilla/5.0 (compatible; bingbot/2.0; +http://www.bing.com/bingbot.htm)"
216.16.67.98 - - [04/Jan/2012:09:16:51 -0500] "GET /forums/clientscript/vbulletin_read_marker.js?v=373 HTTP/1.1" 304 - "http://www.walleyecentral.com/forums/forumdisplay.php?f=15" "Mozilla/4.0 (compatible; MSIE 8.0; Windows NT 5.1; Trident/4.0; GTB7.2)"
66.11.150.236 - - [04/Jan/2012:09:16:51 -0500] "GET /weather.php?pands=65761 HTTP/1.0" 200 24179 "-" "-"
66.11.150.236 - - [04/Jan/2012:09:16:51 -0500] "GET /weather.php?pands=Bena%2CMN HTTP/1.0" 200 24222 "-" "-"
205.134.249.170 - - [04/Jan/2012:09:16:52 -0500] "GET /weather.php?pands=Dalton+MN HTTP/1.1" 200 16166 "-" "PHP/5.2.17"
205.134.249.170 - - [04/Jan/2012:09:16:52 -0500] "GET /weather.php?pands=13088 HTTP/1.1" 200 16166 "-" "PHP/5.2.17"
46.17.98.217 - - [04/Jan/2012:09:16:51 -0500] "POST /forums/register.php?do=addmember HTTP/1.0" 200 41562 "http://www.walleyecentral.com/forums/register.php" "Mozilla/4.0 (compatible; MSIE 6.0; Windows NT 5.2; Win64; AMD64)"
205.134.249.170 - - [04/Jan/2012:09:16:52 -0500] "GET /weather.php?pands=43331 HTTP/1.1" 200 16166 "-" "PHP/5.2.17"
157.56.0.58 - - [04/Jan/2012:09:16:52 -0500] "GET / HTTP/1.1" 200 66159 "-" "msnbot-UDiscovery/2.0b (+http://search.msn.com/msnbot.htm)"
208.38.64.34 - - [04/Jan/2012:09:16:52 -0500] "GET /forums/forumdisplay.php?f=34 HTTP/1.1" 200 21994 "http://www.walleyecentral.com/forums/forumdisplay.php?f=32&order=desc&page=2" "Mozilla/5.0 (Windows NT 5.1) AppleWebKit/535.7 (KHTML, like Gecko) Chrome/16.0.912.63 Safari/535.7"
24.106.10.146 - - [04/Jan/2012:09:16:53 -0500] "GET /themes/default/common.css HTTP/1.1" 200 688 "http://www.walleyecentral.com/" "Mozilla/4.0 (compatible; MSIE 8.0; Windows NT 5.1; Trident/4.0; GTB7.2; .NET CLR 1.1.4322; .NET CLR 2.0.50727; .NET CLR 3.0.4506.2152; .NET CLR 3.5.30729)"
206.144.37.213 - - [04/Jan/2012:09:16:53 -0500] "GET /openx/www/delivery/ajs.php?n=a5212870&zoneid=109&source=&exclude=,&r=403965891&loc=http%3A//www.walleyecentral.com/forums/forumdisplay.php%3Ff%3D35%26order%3Ddesc%26page%3D4&referer=http%3A//www.walleyecentral.com/forums/forumdisplay.php%3Ff%3D35%26order%3Ddesc%26page%3D3 HTTP/1.1" 200 54 "http://www.walleyecentral.com/forums/forumdisplay.php?f=35&order=desc&page=4" "Mozilla/4.0 (compatible; MSIE 8.0; Windows NT 5.1; Trident/4.0; GTB7.2; .NET CLR 2.0.50727; .NET CLR 3.5.30729; .NET4.0C)"
208.38.64.34 - - [04/Jan/2012:09:16:53 -0500] "GET /openx/www/delivery/ajs.php?n=a5212870&zoneid=105&source=&exclude=,&r=740793041&loc=http%3A//www.walleyecentral.com/forums/forumdisplay.php%3Ff%3D34&referer=http%3A//www.walleyecentral.com/forums/forumdisplay.php%3Ff%3D32%26order%3Ddesc%26page%3D2 HTTP/1.1" 200 983 "http://www.walleyecentral.com/forums/forumdisplay.php?f=34" "Mozilla/5.0 (Windows NT 5.1) AppleWebKit/535.7 (KHTML, like Gecko) Chrome/16.0.912.63 Safari/535.7"
66.11.150.236 - - [04/Jan/2012:09:16:53 -0500] "GET /weather.php?pands=55378 HTTP/1.0" 200 24171 "-" "-"
74.33.68.224 - - [04/Jan/2012:09:16:53 -0500] "GET /openx/www/delivery/ajs.php?n=a5212870&zoneid=16&source=&exclude=,&r=588880591&loc=http%3A//www.walleyecentral.com/forums/forumdisplay.php%3Ff%3D6&referer=http%3A//www.walleyecentral.com/ HTTP/1.1" 200 998 "http://www.walleyecentral.com/forums/forumdisplay.php?f=6" "Mozilla/5.0 (compatible; MSIE 9.0; Windows NT 6.1; WOW64; Trident/5.0)"
24.106.10.146 - - [04/Jan/2012:09:16:53 -0500] "GET /themes/default/images/bullet.png HTTP/1.1" 200 253 "http://www.walleyecentral.com/" "Mozilla/4.0 (compatible; MSIE 8.0; Windows NT 5.1; Trident/4.0; GTB7.2; .NET CLR 1.1.4322; .NET CLR 2.0.50727; .NET CLR 3.0.4506.2152; .NET CLR 3.5.30729)"
24.106.10.146 - - [04/Jan/2012:09:16:53 -0500] "GET /themes/default/images/topback.png HTTP/1.1" 200 1241 "http://www.walleyecentral.com/" "Mozilla/4.0 (compatible; MSIE 8.0; Windows NT 5.1; Trident/4.0; GTB7.2; .NET CLR 1.1.4322; .NET CLR 2.0.50727; .NET CLR 3.0.4506.2152; .NET CLR 3.5.30729)"
24.106.10.146 - - [04/Jan/2012:09:16:53 -0500] "GET /forums/clientscript/vbulletin_md5.js?v=368 HTTP/1.1" 200 5464 "http://www.walleyecentral.com/" "Mozilla/4.0 (compatible; MSIE 8.0; Windows NT 5.1; Trident/4.0; GTB7.2; .NET CLR 1.1.4322; .NET CLR 2.0.50727; .NET CLR 3.0.4506.2152; .NET CLR 3.5.30729)"
208.38.64.34 - - [04/Jan/2012:09:16:53 -0500] "GET /openx/www/delivery/ai.php?filename=garmin_echo.jpg&contenttype=jpeg HTTP/1.1" 200 13341 "http://www.walleyecentral.com/forums/forumdisplay.php?f=34" "Mozilla/5.0 (Windows NT 5.1) AppleWebKit/535.7 (KHTML, like Gecko) Chrome/16.0.912.63 Safari/535.7"
213.27.232.210 - - [04/Jan/2012:09:16:52 -0500] "POST /forums/register.php?do=register HTTP/1.1" 200 40860 "http://www.walleyecentral.com/forums/register.php" "Mozilla/4.0 (compatible; MSIE 6.0; Windows NT 5.1)"
24.106.10.146 - - [04/Jan/2012:09:16:53 -0500] "GET /themes/default/images/headerlogo2.png HTTP/1.1" 200 12415 "http://www.walleyecentral.com/" "Mozilla/4.0 (compatible; MSIE 8.0; Windows NT 5.1; Trident/4.0; GTB7.2; .NET CLR 1.1.4322; .NET CLR 2.0.50727; .NET CLR 3.0.4506.2152; .NET CLR 3.5.30729)"
24.106.10.146 - - [04/Jan/2012:09:16:53 -0500] "GET / HTTP/1.1" 200 66159 "http://www.google.com/url?sa=t&rct=j&q=walleyecentral.com&source=web&cd=1&ved=0CCcQFjAA&url=http%3A%2F%2Fwww.walleyecentral.com%2F&ei=MV8ET4arFNStgQf3nvGFAg&usg=AFQjCNEtmFm-PoozBabIW7Gw-BUVniZN7g" "Mozilla/4.0 (compatible; MSIE 8.0; Windows NT 5.1; Trident/4.0; GTB7.2; .NET CLR 1.1.4322; .NET CLR 2.0.50727; .NET CLR 3.0.4506.2152; .NET CLR 3.5.30729)"
74.33.68.224 - - [04/Jan/2012:09:16:53 -0500] "GET /openx/www/delivery/lg.php?bannerid=89&campaignid=1&zoneid=16&loc=http%3A%2F%2Fwww.walleyecentral.com%2Fforums%2Fforumdisplay.php%3Ff%3D6&referer=http%3A%2F%2Fwww.walleyecentral.com%2F&cb=2eaa4c4980 HTTP/1.1" 200 43 "http://www.walleyecentral.com/forums/forumdisplay.php?f=6" "Mozilla/5.0 (compatible; MSIE 9.0; Windows NT 6.1; WOW64; Trident/5.0)"
24.106.10.146 - - [04/Jan/2012:09:16:53 -0500] "GET /themes/default/images/x.gif HTTP/1.1" 200 1107 "http://www.walleyecentral.com/" "Mozilla/4.0 (compatible; MSIE 8.0; Windows NT 5.1; Trident/4.0; GTB7.2; .NET CLR 1.1.4322; .NET CLR 2.0.50727; .NET CLR 3.0.4506.2152; .NET CLR 3.5.30729)"
24.106.10.146 - - [04/Jan/2012:09:16:53 -0500] "GET /themes/default/images/ranger_icon.jpg HTTP/1.1" 200 6291 "http://www.walleyecentral.com/" "Mozilla/4.0 (compatible; MSIE 8.0; Windows NT 5.1; Trident/4.0; GTB7.2; .NET CLR 1.1.4322; .NET CLR 2.0.50727; .NET CLR 3.0.4506.2152; .NET CLR 3.5.30729)"
66.11.150.236 - - [04/Jan/2012:09:16:53 -0500] "GET /weather.php?pands=68776 HTTP/1.0" 200 24216 "-" "-"
24.106.10.146 - - [04/Jan/2012:09:16:53 -0500] "GET /images/wc-hoodie.jpg HTTP/1.1" 200 2970 "http://www.walleyecentral.com/" "Mozilla/4.0 (compatible; MSIE 8.0; Windows NT 5.1; Trident/4.0; GTB7.2; .NET CLR 1.1.4322; .NET CLR 2.0.50727; .NET CLR 3.0.4506.2152; .NET CLR 3.5.30729)"
24.106.10.146 - - [04/Jan/2012:09:16:53 -0500] "GET /images/facebook.jpg HTTP/1.1" 200 1058 "http://www.walleyecentral.com/" "Mozilla/4.0 (compatible; MSIE 8.0; Windows NT 5.1; Trident/4.0; GTB7.2; .NET CLR 1.1.4322; .NET CLR 2.0.50727; .NET CLR 3.0.4506.2152; .NET CLR 3.5.30729)"
24.106.10.146 - - [04/Jan/2012:09:16:53 -0500] "GET /themes/default/images/edit.gif HTTP/1.1" 200 1214 "http://www.walleyecentral.com/" "Mozilla/4.0 (compatible; MSIE 8.0; Windows NT 5.1; Trident/4.0; GTB7.2; .NET CLR 1.1.4322; .NET CLR 2.0.50727; .NET CLR 3.0.4506.2152; .NET CLR 3.5.30729)"
208.38.64.34 - - [04/Jan/2012:09:16:53 -0500] "GET /openx/www/delivery/lg.php?bannerid=64&campaignid=1&zoneid=105&loc=http%3A%2F%2Fwww.walleyecentral.com%2Fforums%2Fforumdisplay.php%3Ff%3D34&referer=http%3A%2F%2Fwww.walleyecentral.com%2Fforums%2Fforumdisplay.php%3Ff%3D32%26order%3Ddesc%26page%3D2&cb=152329e053 HTTP/1.1" 200 43 "http://www.walleyecentral.com/forums/forumdisplay.php?f=34" "Mozilla/5.0 (Windows NT 5.1) AppleWebKit/535.7 (KHTML, like Gecko) Chrome/16.0.912.63 Safari/535.7"
24.106.10.146 - - [04/Jan/2012:09:16:53 -0500] "GET /images/fishhuron.jpg HTTP/1.1" 200 12090 "http://www.walleyecentral.com/" "Mozilla/4.0 (compatible; MSIE 8.0; Windows NT 5.1; Trident/4.0; GTB7.2; .NET CLR 1.1.4322; .NET CLR 2.0.50727; .NET CLR 3.0.4506.2152; .NET CLR 3.5.30729)"
24.106.10.146 - - [04/Jan/2012:09:16:53 -0500] "GET /dbimages/articles-2012-01-02-216201556iconfile.JPG HTTP/1.1" 200 1315 "http://www.walleyecentral.com/" "Mozilla/4.0 (compatible; MSIE 8.0; Windows NT 5.1; Trident/4.0; GTB7.2; .NET CLR 1.1.4322; .NET CLR 2.0.50727; .NET CLR 3.0.4506.2152; .NET CLR 3.5.30729)"
24.106.10.146 - - [04/Jan/2012:09:16:53 -0500] "GET /dbimages/articles-2011-12-20-231784295iconfile.jpg HTTP/1.1" 200 1086 "http://www.walleyecentral.com/" "Mozilla/4.0 (compatible; MSIE 8.0; Windows NT 5.1; Trident/4.0; GTB7.2; .NET CLR 1.1.4322; .NET CLR 2.0.50727; .NET CLR 3.0.4506.2152; .NET CLR 3.5.30729)"
24.106.10.146 - - [04/Jan/2012:09:16:53 -0500] "GET /dbimages/articles-2011-12-27-925807361iconfile.jpg HTTP/1.1" 200 946 "http://www.walleyecentral.com/" "Mozilla/4.0 (compatible; MSIE 8.0; Windows NT 5.1; Trident/4.0; GTB7.2; .NET CLR 1.1.4322; .NET CLR 2.0.50727; .NET CLR 3.0.4506.2152; .NET CLR 3.5.30729)"
24.106.10.146 - - [04/Jan/2012:09:16:53 -0500] "GET /dbimages/articles-2011-12-20-993572124iconfile.jpg HTTP/1.1" 200 1433 "http://www.walleyecentral.com/" "Mozilla/4.0 (compatible; MSIE 8.0; Windows NT 5.1; Trident/4.0; GTB7.2; .NET CLR 1.1.4322; .NET CLR 2.0.50727; .NET CLR 3.0.4506.2152; .NET CLR 3.5.30729)"
24.106.10.146 - - [04/Jan/2012:09:16:53 -0500] "GET /dbimages/articles-2011-12-19-56677216iconfile.jpg HTTP/1.1" 200 1844 "http://www.walleyecentral.com/" "Mozilla/4.0 (compatible; MSIE 8.0; Windows NT 5.1; Trident/4.0; GTB7.2; .NET CLR 1.1.4322; .NET CLR 2.0.50727; .NET CLR 3.0.4506.2152; .NET CLR 3.5.30729)"
24.106.10.146 - - [04/Jan/2012:09:16:53 -0500] "GET /dbimages/articles-2011-12-19-992528775iconfile.jpg HTTP/1.1" 200 1561 "http://www.walleyecentral.com/" "Mozilla/4.0 (compatible; MSIE 8.0; Windows NT 5.1; Trident/4.0; GTB7.2; .NET CLR 1.1.4322; .NET CLR 2.0.50727; .NET CLR 3.0.4506.2152; .NET CLR 3.5.30729)"
24.106.10.146 - - [04/Jan/2012:09:16:53 -0500] "GET /dbimages/articles-2011-12-09-612515290iconfile.jpg HTTP/1.1" 200 923 "http://www.walleyecentral.com/" "Mozilla/4.0 (compatible; MSIE 8.0; Windows NT 5.1; Trident/4.0; GTB7.2; .NET CLR 1.1.4322; .NET CLR 2.0.50727; .NET CLR 3.0.4506.2152; .NET CLR 3.5.30729)"
24.106.10.146 - - [04/Jan/2012:09:16:54 -0500] "GET /dbimages/articles-2011-09-29-923068202iconfile.jpg HTTP/1.1" 200 1456 "http://www.walleyecentral.com/" "Mozilla/4.0 (compatible; MSIE 8.0; Windows NT 5.1; Trident/4.0; GTB7.2; .NET CLR 1.1.4322; .NET CLR 2.0.50727; .NET CLR 3.0.4506.2152; .NET CLR 3.5.30729)"
24.106.10.146 - - [04/Jan/2012:09:16:54 -0500] "GET /dbimages/articles-2011-12-05-541299785iconfile.jpg HTTP/1.1" 200 1567 "http://www.walleyecentral.com/" "Mozilla/4.0 (compatible; MSIE 8.0; Windows NT 5.1; Trident/4.0; GTB7.2; .NET CLR 1.1.4322; .NET CLR 2.0.50727; .NET CLR 3.0.4506.2152; .NET CLR 3.5.30729)"
