207.255.147.25 - - [04/Jan/2012:09:10:40 -0500] "GET /board/ HTTP/1.1" 200 136 "http://www.google.com/url?sa=t&rct=j&q=walleye%20central&source=web&cd=2&ved=0CC8QjBAwAQ&url=http%3A%2F%2Fwww.walleyecentral.com%2Fboard%2F&ei=vV0ET_OMEufc0QHo2OS5Ag&usg=AFQjCNE4Y3n0Mcg0M0UGFI1K-fVAvcuMEw" "Mozilla/5.0 (Windows NT 6.1; WOW64; rv:7.0.1) Gecko/20100101 Firefox/7.0.1"
65.52.108.198 - - [04/Jan/2012:09:10:40 -0500] "GET /forums/archive/index.php/t-131675.html HTTP/1.1" 200 4935 "-" "Mozilla/5.0 (compatible; bingbot/2.0; +http://www.bing.com/bingbot.htm)"
205.134.249.170 - - [04/Jan/2012:09:10:40 -0500] "GET /weather.php?pands=57435 HTTP/1.1" 200 16166 "-" "PHP/5.2.17"
65.52.110.147 - - [04/Jan/2012:09:10:40 -0500] "GET /forums/search.php?searchid=4433910 HTTP/1.1" 200 10520 "-" "Mozilla/5.0 (compatible; bingbot/2.0; +http://www.bing.com/bingbot.htm)"
89.147.102.75 - - [04/Jan/2012:09:10:40 -0500] "GET /favicon.ico HTTP/1.1" 200 822 "-" "Mozilla/5.0 (Windows NT 5.1) AppleWebKit/535.7 (KHTML, like Gecko) Chrome/16.0.912.63 Safari/535.7"
69.84.73.60 - - [04/Jan/2012:09:10:40 -0500] "GET /themes/default/theme.css HTTP/1.1" 304 - "http://www.walleyecentral.com/" "Mozilla/4.0 (compatible; MSIE 8.0; Windows NT 5.1; Trident/4.0; InfoPath.1; .NET CLR 2.0.50727)"
69.84.73.60 - - [04/Jan/2012:09:10:40 -0500] "GET /themes/default/common.css HTTP/1.1" 304 - "http://www.walleyecentral.com/" "Mozilla/4.0 (compatible; MSIE 8.0; Windows NT 5.1; Trident/4.0; InfoPath.1; .NET CLR 2.0.50727)"
207.255.147.25 - - [04/Jan/2012:09:10:40 -0500] "GET /forums/index.php HTTP/1.1" 200 21084 "-" "Mozilla/5.0 (Windows NT 6.1; WOW64; rv:7.0.1) Gecko/20100101 Firefox/7.0.1"
207.255.147.25 - - [04/Jan/2012:09:10:40 -0500] "GET /forums/clientscript/vbulletin_important.css?v=373 HTTP/1.1" 304 - "http://www.walleyecentral.com/forums/index.php" "Mozilla/5.0 (Windows NT 6.1; WOW64; rv:7.0.1) Gecko/20100101 Firefox/7.0.1"
207.255.147.25 - - [04/Jan/2012:09:10:40 -0500] "GET /forums/clientscript/yui/connection/connection-min.js?v=373 HTTP/1.1" 304 - "http://www.walleyecentral.com/forums/index.php" "Mozilla/5.0 (Windows NT 6.1; WOW64; rv:7.0.1) Gecko/20100101 Firefox/7.0.1"
207.255.147.25 - - [04/Jan/2012:09:10:40 -0500] "GET /forums/clientscript/vbulletin_global.js?v=373 HTTP/1.1" 304 - "http://www.walleyecentral.com/forums/index.php" "Mozilla/5.0 (Windows NT 6.1; WOW64; rv:7.0.1) Gecko/20100101 Firefox/7.0.1"
207.255.147.25 - - [04/Jan/2012:09:10:40 -0500] "GET /forums/clientscript/yui/yahoo-dom-event/yahoo-dom-event.js?v=373 HTTP/1.1" 304 - "http://www.walleyecentral.com/forums/index.php" "Mozilla/5.0 (Windows NT 6.1; WOW64; rv:7.0.1) Gecko/20100101 Firefox/7.0.1"
207.255.147.25 - - [04/Jan/2012:09:10:40 -0500] "GET /forums/clientscript/vbulletin_menu.js?v=373 HTTP/1.1" 304 - "http://www.walleyecentral.com/forums/index.php" "Mozilla/5.0 (Windows NT 6.1; WOW64; rv:7.0.1) Gecko/20100101 Firefox/7.0.1"
207.255.147.25 - - [04/Jan/2012:09:10:40 -0500] "GET /forums/clientscript/vbulletin_md5.js?v=373 HTTP/1.1" 304 - "http://www.walleyecentral.com/forums/index.php" "Mozilla/5.0 (Windows NT 6.1; WOW64; rv:7.0.1) Gecko/20100101 Firefox/7.0.1"
69.84.73.60 - - [04/Jan/2012:09:10:40 -0500] "GET /qnav/bullet_sq_sm_slateblue.gif HTTP/1.1" 304 - "http://www.walleyecentral.com/" "Mozilla/4.0 (compatible; MSIE 8.0; Windows NT 5.1; Trident/4.0; InfoPath.1; .NET CLR 2.0.50727)"
205.134.249.170 - - [04/Jan/2012:09:10:40 -0500] "GET /weather.php?pands=56288 HTTP/1.1" 200 16166 "-" "PHP/5.2.17"
69.84.73.60 - - [04/Jan/2012:09:10:40 -0500] "GET /themes/default/images/bullet.png HTTP/1.1" 304 - "http://www.walleyecentral.com/" "Mozilla/4.0 (compatible; MSIE 8.0; Windows NT 5.1; Trident/4.0; InfoPath.1; .NET CLR 2.0.50727)"
69.84.73.60 - - [04/Jan/2012:09:10:40 -0500] "GET /themes/default/images/topback.png HTTP/1.1" 304 - "http://www.walleyecentral.com/" "Mozilla/4.0 (compatible; MSIE 8.0; Windows NT 5.1; Trident/4.0; InfoPath.1; .NET CLR 2.0.50727)"
69.84.73.60 - - [04/Jan/2012:09:10:40 -0500] "GET /themes/default/images/headerlogo2.png HTTP/1.1" 304 - "http://www.walleyecentral.com/" "Mozilla/4.0 (compatible; MSIE 8.0; Windows NT 5.1; Trident/4.0; InfoPath.1; .NET CLR 2.0.50727)"
69.84.73.60 - - [04/Jan/2012:09:10:40 -0500] "GET /forums/clientscript/vbulletin_md5.js?v=368 HTTP/1.1" 304 - "http://www.walleyecentral.com/" "Mozilla/4.0 (compatible; MSIE 8.0; Windows NT 5.1; Trident/4.0; InfoPath.1; .NET CLR 2.0.50727)"
207.46.199.32 - - [04/Jan/2012:09:10:41 -0500] "GET /openx/www/delivery/ajs.php?n=a5212870&zoneid=98&source=&exclude=,&r=645520901&loc=http%3A//www.walleyecentral.com/forums/showthread.php%3Ft%3D169667 HTTP/1.1" 200 903 "http://www.walleyecentral.com/forums/showthread.php?t=169667" "Mozilla/4.0 (compatible; MSIE 7.0; Windows NT 5.2; SV1; .NET CLR 1.1.4325; .NET CLR 2.0.40607; .NET CLR 3.0.30729; .NET CLR 3.5.30729; MS-RTC LM 8)"
204.155.62.5 - - [04/Jan/2012:09:10:41 -0500] "GET /openx/www/delivery/ajs.php?n=a5212870&zoneid=85&source=&exclude=,&r=15150691&loc=http%3A//www.walleyecentral.com/forums/search.php%3Fsearchid%3D4437003%26pp%3D25%26page%3D2&referer=http%3A//www.walleyecentral.com/forums/search.php%3Fsearchid%3D4437003 HTTP/1.1" 200 1009 "http://www.walleyecentral.com/forums/search.php?searchid=4437003&pp=25&page=2" "Mozilla/4.0 (compatible; MSIE 8.0; Windows NT 5.2; Trident/4.0; .NET CLR 1.1.4322; .NET CLR 2.0.50727; .NET CLR 3.0.4506.2152; .NET CLR 3.5.30729)"
66.11.150.236 - - [04/Jan/2012:09:10:40 -0500] "GET /weather.php?pands=s4v3a7regin HTTP/1.0" 200 16166 "-" "-"
69.84.73.60 - - [04/Jan/2012:09:10:40 -0500] "GET / HTTP/1.1" 200 66159 "-" "Mozilla/4.0 (compatible; MSIE 8.0; Windows NT 5.1; Trident/4.0; InfoPath.1; .NET CLR 2.0.50727)"
207.255.147.25 - - [04/Jan/2012:09:10:40 -0500] "GET /forums/picture_for_index.php?pictureid=7459&albumid=812 HTTP/1.1" 200 20234 "http://www.walleyecentral.com/forums/index.php" "Mozilla/5.0 (Windows NT 6.1; WOW64; rv:7.0.1) Gecko/20100101 Firefox/7.0.1"
24.220.8.27 - - [04/Jan/2012:09:10:40 -0500] "GET /forums/showthread.php?t=188277&page=4 HTTP/1.1" 200 19798 "http://www.walleyecentral.com/forums/forumdisplay.php?f=15" "Mozilla/4.0 (compatible; MSIE 7.0; Windows NT 5.1; .NET CLR 1.1.4322; .NET CLR 2.0.50727; .NET CLR 3.0.04506.30; .NET CLR 3.0.4506.2152; .NET CLR 3.5.30729; InfoPath.3)"
207.255.147.25 - - [04/Jan/2012:09:10:40 -0500] "GET /forums/picture_for_index.php?pictureid=4213&albumid=473 HTTP/1.1" 200 44561 "http://www.walleyecentral.com/forums/index.php" "Mozilla/5.0 (Windows NT 6.1; WOW64; rv:7.0.1) Gecko/20100101 Firefox/7.0.1"
69.84.73.60 - - [04/Jan/2012:09:10:41 -0500] "GET /themes/default/images/x.gif HTTP/1.1" 304 - "http://www.walleyecentral.com/" "Mozilla/4.0 (compatible; MSIE 8.0; Windows NT 5.1; Trident/4.0; InfoPath.1; .NET CLR 2.0.50727)"
207.255.147.25 - - [04/Jan/2012:09:10:40 -0500] "GET /forums/picture_for_index.php?pictureid=5473&albumid=600 HTTP/1.1" 200 20473 "http://www.walleyecentral.com/forums/index.php" "Mozilla/5.0 (Windows NT 6.1; WOW64; rv:7.0.1) Gecko/20100101 Firefox/7.0.1"
204.155.62.5 - - [04/Jan/2012:09:10:40 -0500] "GET /forums/search.php?searchid=4437003&pp=25&page=2 HTTP/1.1" 200 108245 "http://www.walleyecentral.com/forums/search.php?searchid=4437003" "Mozilla/4.0 (compatible; MSIE 8.0; Windows NT 5.2; Trident/4.0; .NET CLR 1.1.4322; .NET CLR 2.0.50727; .NET CLR 3.0.4506.2152; .NET CLR 3.5.30729)"
69.84.73.60 - - [04/Jan/2012:09:10:41 -0500] "GET /themes/default/images/ranger_icon.jpg HTTP/1.1" 304 - "http://www.walleyecentral.com/" "Mozilla/4.0 (compatible; MSIE 8.0; Windows NT 5.1; Trident/4.0; InfoPath.1; .NET CLR 2.0.50727)"
69.84.73.60 - - [04/Jan/2012:09:10:41 -0500] "GET /images/wc-hoodie.jpg HTTP/1.1" 304 - "http://www.walleyecentral.com/" "Mozilla/4.0 (compatible; MSIE 8.0; Windows NT 5.1; Trident/4.0; InfoPath.1; .NET CLR 2.0.50727)"
207.255.147.25 - - [04/Jan/2012:09:10:40 -0500] "GET /forums/picture_for_index.php?pictureid=5565&albumid=608 HTTP/1.1" 200 32999 "http://www.walleyecentral.com/forums/index.php" "Mozilla/5.0 (Windows NT 6.1; WOW64; rv:7.0.1) Gecko/20100101 Firefox/7.0.1"
207.255.147.25 - - [04/Jan/2012:09:10:40 -0500] "GET /forums/picture_for_index.php?pictureid=6814&albumid=748 HTTP/1.1" 200 51724 "http://www.walleyecentral.com/forums/index.php" "Mozilla/5.0 (Windows NT 6.1; WOW64; rv:7.0.1) Gecko/20100101 Firefox/7.0.1"
69.84.73.60 - - [04/Jan/2012:09:10:41 -0500] "GET /images/facebook.jpg HTTP/1.1" 304 - "http://www.walleyecentral.com/" "Mozilla/4.0 (compatible; MSIE 8.0; Windows NT 5.1; Trident/4.0; InfoPath.1; .NET CLR 2.0.50727)"
207.255.147.25 - - [04/Jan/2012:09:10:41 -0500] "GET /forums/clientscript/vbulletin_read_marker.js?v=373 HTTP/1.1" 304 - "http://www.walleyecentral.com/forums/index.php" "Mozilla/5.0 (Windows NT 6.1; WOW64; rv:7.0.1) Gecko/20100101 Firefox/7.0.1"
207.255.147.25 - - [04/Jan/2012:09:10:40 -0500] "GET /forums/picture_for_index.php?pictureid=503&albumid=65 HTTP/1.1" 200 40472 "http://www.walleyecentral.com/forums/index.php" "Mozilla/5.0 (Windows NT 6.1; WOW64; rv:7.0.1) Gecko/20100101 Firefox/7.0.1"
69.84.73.60 - - [04/Jan/2012:09:10:41 -0500] "GET /themes/default/images/edit.gif HTTP/1.1" 304 - "http://www.walleyecentral.com/" "Mozilla/4.0 (compatible; MSIE 8.0; Windows NT 5.1; Trident/4.0; InfoPath.1; .NET CLR 2.0.50727)"
207.255.147.25 - - [04/Jan/2012:09:10:41 -0500] "GET /openx/www/delivery/ajs.php?n=a5212870&zoneid=1&source=&exclude=,&r=135988781&loc=http%3A//www.walleyecentral.com/forums/index.php HTTP/1.1" 200 904 "http://www.walleyecentral.com/forums/index.php" "Mozilla/5.0 (Windows NT 6.1; WOW64; rv:7.0.1) Gecko/20100101 Firefox/7.0.1"
69.84.73.60 - - [04/Jan/2012:09:10:41 -0500] "GET /dbimages/articles-2012-01-02-216201556iconfile.JPG HTTP/1.1" 200 1315 "http://www.walleyecentral.com/" "Mozilla/4.0 (compatible; MSIE 8.0; Windows NT 5.1; Trident/4.0; InfoPath.1; .NET CLR 2.0.50727)"
69.84.73.60 - - [04/Jan/2012:09:10:41 -0500] "GET /dbimages/articles-2011-12-20-231784295iconfile.jpg HTTP/1.1" 200 1086 "http://www.walleyecentral.com/" "Mozilla/4.0 (compatible; MSIE 8.0; Windows NT 5.1; Trident/4.0; InfoPath.1; .NET CLR 2.0.50727)"
69.84.73.60 - - [04/Jan/2012:09:10:41 -0500] "GET /dbimages/articles-2011-12-27-925807361iconfile.jpg HTTP/1.1" 304 - "http://www.walleyecentral.com/" "Mozilla/4.0 (compatible; MSIE 8.0; Windows NT 5.1; Trident/4.0; InfoPath.1; .NET CLR 2.0.50727)"
180.76.6.232 - - [04/Jan/2012:09:10:41 -0500] "GET /forums/search.php?searchid=4396625 HTTP/1.1" 200 10523 "-" "Mozilla/5.0 (compatible; Baiduspider/2.0; +http://www.baidu.com/search/spider.html)"
69.84.73.60 - - [04/Jan/2012:09:10:41 -0500] "GET /dbimages/articles-2011-12-20-993572124iconfile.jpg HTTP/1.1" 304 - "http://www.walleyecentral.com/" "Mozilla/4.0 (compatible; MSIE 8.0; Windows NT 5.1; Trident/4.0; InfoPath.1; .NET CLR 2.0.50727)"
69.84.73.60 - - [04/Jan/2012:09:10:41 -0500] "GET /dbimages/articles-2011-12-19-56677216iconfile.jpg HTTP/1.1" 304 - "http://www.walleyecentral.com/" "Mozilla/4.0 (compatible; MSIE 8.0; Windows NT 5.1; Trident/4.0; InfoPath.1; .NET CLR 2.0.50727)"
69.84.73.60 - - [04/Jan/2012:09:10:41 -0500] "GET /dbimages/articles-2011-12-20-429665774iconfile.jpg HTTP/1.1" 304 - "http://www.walleyecentral.com/" "Mozilla/4.0 (compatible; MSIE 8.0; Windows NT 5.1; Trident/4.0; InfoPath.1; .NET CLR 2.0.50727)"
24.220.8.27 - - [04/Jan/2012:09:10:41 -0500] "GET /openx/www/delivery/ajs.php?n=a5212870&zoneid=11&source=&exclude=,&r=1178811&loc=http%3A//www.walleyecentral.com/forums/showthread.php%3Ft%3D188277%26page%3D4&referer=http%3A//www.walleyecentral.com/forums/forumdisplay.php%3Ff%3D15 HTTP/1.1" 200 1046 "http://www.walleyecentral.com/forums/showthread.php?t=188277&page=4" "Mozilla/4.0 (compatible; MSIE 7.0; Windows NT 5.1; .NET CLR 1.1.4322; .NET CLR 2.0.50727; .NET CLR 3.0.04506.30; .NET CLR 3.0.4506.2152; .NET CLR 3.5.30729; InfoPath.3)"
69.84.73.60 - - [04/Jan/2012:09:10:41 -0500] "GET /dbimages/articles-2011-12-09-612515290iconfile.jpg HTTP/1.1" 304 - "http://www.walleyecentral.com/" "Mozilla/4.0 (compatible; MSIE 8.0; Windows NT 5.1; Trident/4.0; InfoPath.1; .NET CLR 2.0.50727)"
69.84.73.60 - - [04/Jan/2012:09:10:41 -0500] "GET /dbimages/articles-2011-12-19-992528775iconfile.jpg HTTP/1.1" 304 - "http://www.walleyecentral.com/" "Mozilla/4.0 (compatible; MSIE 8.0; Windows NT 5.1; Trident/4.0; InfoPath.1; .NET CLR 2.0.50727)"
69.84.73.60 - - [04/Jan/2012:09:10:41 -0500] "GET /dbimages/articles-2011-12-05-541299785iconfile.jpg HTTP/1.1" 304 - "http://www.walleyecentral.com/" "Mozilla/4.0 (compatible; MSIE 8.0; Windows NT 5.1; Trident/4.0; InfoPath.1; .NET CLR 2.0.50727)"
207.255.147.25 - - [04/Jan/2012:09:10:41 -0500] "GET /openx/www/delivery/ai.php?filename=cabelas_8.jpg&contenttype=jpeg HTTP/1.1" 304 - "http://www.walleyecentral.com/forums/index.php" "Mozilla/5.0 (Windows NT 6.1; WOW64; rv:7.0.1) Gecko/20100101 Firefox/7.0.1"
66.11.150.236 - - [04/Jan/2012:09:10:41 -0500] "GET /weather.php?pands=19320 HTTP/1.0" 200 24179 "-" "-"
69.84.73.60 - - [04/Jan/2012:09:10:41 -0500] "GET /dbimages/articles-2011-09-29-923068202iconfile.jpg HTTP/1.1" 304 - "http://www.walleyecentral.com/" "Mozilla/4.0 (compatible; MSIE 8.0; Windows NT 5.1; Trident/4.0; InfoPath.1; .NET CLR 2.0.50727)"
69.84.73.60 - - [04/Jan/2012:09:10:41 -0500] "GET /dbimages/tenpoundclub-2011-12-23-141169268thumbnail.jpg HTTP/1.1" 304 - "http://www.walleyecentral.com/" "Mozilla/4.0 (compatible; MSIE 8.0; Windows NT 5.1; Trident/4.0; InfoPath.1; .NET CLR 2.0.50727)"
69.84.73.60 - - [04/Jan/2012:09:10:41 -0500] "GET /dbimages/tenpoundclub-2011-12-23-97306314thumbnail.jpg HTTP/1.1" 304 - "http://www.walleyecentral.com/" "Mozilla/4.0 (compatible; MSIE 8.0; Windows NT 5.1; Trident/4.0; InfoPath.1; .NET CLR 2.0.50727)"
69.84.73.60 - - [04/Jan/2012:09:10:41 -0500] "GET /wcvideo/video/20110925-150928.jpg HTTP/1.1" 304 - "http://www.walleyecentral.com/" "Mozilla/4.0 (compatible; MSIE 8.0; Windows NT 5.1; Trident/4.0; InfoPath.1; .NET CLR 2.0.50727)"
207.255.147.25 - - [04/Jan/2012:09:10:41 -0500] "GET /forums/picture_for_index.php?pictureid=6376&albumid=700 HTTP/1.1" 200 51562 "http://www.walleyecentral.com/forums/index.php" "Mozilla/5.0 (Windows NT 6.1; WOW64; rv:7.0.1) Gecko/20100101 Firefox/7.0.1"
69.84.73.60 - - [04/Jan/2012:09:10:41 -0500] "GET /wcvideo/video/20110918-060900.jpg HTTP/1.1" 304 - "http://www.walleyecentral.com/" "Mozilla/4.0 (compatible; MSIE 8.0; Windows NT 5.1; Trident/4.0; InfoPath.1; .NET CLR 2.0.50727)"
207.255.147.25 - - [04/Jan/2012:09:10:41 -0500] "GET /openx/www/delivery/lg.php?bannerid=6&campaignid=1&zoneid=1&channel_ids=,&loc=http%3A%2F%2Fwww.walleyecentral.com%2Fforums%2Findex.php&cb=5e1b8f02a0 HTTP/1.1" 200 43 "http://www.walleyecentral.com/forums/index.php" "Mozilla/5.0 (Windows NT 6.1; WOW64; rv:7.0.1) Gecko/20100101 Firefox/7.0.1"
69.84.73.60 - - [04/Jan/2012:09:10:41 -0500] "GET /dbimages/tenpoundclub-2012-01-03-862352758thumbnail.jpg HTTP/1.1" 200 12900 "http://www.walleyecentral.com/" "Mozilla/4.0 (compatible; MSIE 8.0; Windows NT 5.1; Trident/4.0; InfoPath.1; .NET CLR 2.0.50727)"
204.155.62.5 - - [04/Jan/2012:09:10:41 -0500] "GET /openx/www/delivery/lg.php?bannerid=100&campaignid=1&zoneid=85&loc=http%3A%2F%2Fwww.walleyecentral.com%2Fforums%2Fsearch.php%3Fsearchid%3D4437003%26pp%3D25%26page%3D2&referer=http%3A%2F%2Fwww.walleyecentral.com%2Fforums%2Fsearch.php%3Fsearchid%3D4437003&cb=3d3d79a2a3 HTTP/1.1" 200 43 "http://www.walleyecentral.com/forums/search.php?searchid=4437003&pp=25&page=2" "Mozilla/4.0 (compatible; MSIE 8.0; Windows NT 5.2; Trident/4.0; .NET CLR 1.1.4322; .NET CLR 2.0.50727; .NET CLR 3.0.4506.2152; .NET CLR 3.5.30729)"
24.220.8.27 - - [04/Jan/2012:09:10:41 -0500] "GET /openx/www/delivery/ai.php?filename=fleet-farm.gif&contenttype=gif HTTP/1.1" 304 - "http://www.walleyecentral.com/forums/showthread.php?t=188277&page=4" "Mozilla/4.0 (compatible; MSIE 7.0; Windows NT 5.1; .NET CLR 1.1.4322; .NET CLR 2.0.50727; .NET CLR 3.0.04506.30; .NET CLR 3.0.4506.2152; .NET CLR 3.5.30729; InfoPath.3)"
69.84.73.60 - - [04/Jan/2012:09:10:41 -0500] "GET /wcvideo/video/20110808-130818.jpg HTTP/1.1" 304 - "http://www.walleyecentral.com/" "Mozilla/4.0 (compatible; MSIE 8.0; Windows NT 5.1; Trident/4.0; InfoPath.1; .NET CLR 2.0.50727)"
69.84.73.60 - - [04/Jan/2012:09:10:41 -0500] "GET /phpQJr/embedjr.php?pid=50&w=175&h=400 HTTP/1.1" 200 1036 "http://www.walleyecentral.com/" "Mozilla/4.0 (compatible; MSIE 8.0; Windows NT 5.1; Trident/4.0; InfoPath.1; .NET CLR 2.0.50727)"
180.76.5.58 - - [04/Jan/2012:09:10:40 -0500] "GET /forums/showthread.php?t=176167 HTTP/1.1" 200 19226 "-" "Mozilla/5.0 (compatible; Baiduspider/2.0; +http://www.baidu.com/search/spider.html)"
24.220.8.27 - - [04/Jan/2012:09:10:41 -0500] "GET /forums/images/icons/icon3.gif HTTP/1.1" 304 - "http://www.walleyecentral.com/forums/showthread.php?t=188277&page=4" "Mozilla/4.0 (compatible; MSIE 7.0; Windows NT 5.1; .NET CLR 1.1.4322; .NET CLR 2.0.50727; .NET CLR 3.0.04506.30; .NET CLR 3.0.4506.2152; .NET CLR 3.5.30729; InfoPath.3)"
24.220.8.27 - - [04/Jan/2012:09:10:41 -0500] "GET /forums/images/smilies/banghead.gif HTTP/1.1" 304 - "http://www.walleyecentral.com/forums/showthread.php?t=188277&page=4" "Mozilla/4.0 (compatible; MSIE 7.0; Windows NT 5.1; .NET CLR 1.1.4322; .NET CLR 2.0.50727; .NET CLR 3.0.04506.30; .NET CLR 3.0.4506.2152; .NET CLR 3.5.30729; InfoPath.3)"
69.84.73.60 - - [04/Jan/2012:09:10:41 -0500] "GET /commonimages/blocks.png HTTP/1.1" 304 - "http://www.walleyecentral.com/" "Mozilla/4.0 (compatible; MSIE 8.0; Windows NT 5.1; Trident/4.0; InfoPath.1; .NET CLR 2.0.50727)"
69.84.73.60 - - [04/Jan/2012:09:10:41 -0500] "GET /images/navionics_app.jpg HTTP/1.1" 304 - "http://www.walleyecentral.com/" "Mozilla/4.0 (compatible; MSIE 8.0; Windows NT 5.1; Trident/4.0; InfoPath.1; .NET CLR 2.0.50727)"
24.220.8.27 - - [04/Jan/2012:09:10:41 -0500] "GET /forums/images/smilies/cheers.gif HTTP/1.1" 304 - "http://www.walleyecentral.com/forums/showthread.php?t=188277&page=4" "Mozilla/4.0 (compatible; MSIE 7.0; Windows NT 5.1; .NET CLR 1.1.4322; .NET CLR 2.0.50727; .NET CLR 3.0.04506.30; .NET CLR 3.0.4506.2152; .NET CLR 3.5.30729; InfoPath.3)"
69.84.73.60 - - [04/Jan/2012:09:10:41 -0500] "GET /images/shutup1.gif HTTP/1.1" 304 - "http://www.walleyecentral.com/" "Mozilla/4.0 (compatible; MSIE 8.0; Windows NT 5.1; Trident/4.0; InfoPath.1; .NET CLR 2.0.50727)"
69.84.73.60 - - [04/Jan/2012:09:10:41 -0500] "GET /phpQJr/poll.php?pid=50&url=http%3A//www.walleyecentral.com/ HTTP/1.1" 200 3982 "http://www.walleyecentral.com/" "Mozilla/4.0 (compatible; MSIE 8.0; Windows NT 5.1; Trident/4.0; InfoPath.1; .NET CLR 2.0.50727)"
24.220.8.27 - - [04/Jan/2012:09:10:42 -0500] "GET /forums/images/smilies/fishhit.gif HTTP/1.1" 200 3888 "http://www.walleyecentral.com/forums/showthread.php?t=188277&page=4" "Mozilla/4.0 (compatible; MSIE 7.0; Windows NT 5.1; .NET CLR 1.1.4322; .NET CLR 2.0.50727; .NET CLR 3.0.04506.30; .NET CLR 3.0.4506.2152; .NET CLR 3.5.30729; InfoPath.3)"
69.84.73.60 - - [04/Jan/2012:09:10:42 -0500] "GET /themes/default/images/footerback.gif HTTP/1.1" 304 - "http://www.walleyecentral.com/" "Mozilla/4.0 (compatible; MSIE 8.0; Windows NT 5.1; Trident/4.0; InfoPath.1; .NET CLR 2.0.50727)"
24.220.8.27 - - [04/Jan/2012:09:10:41 -0500] "GET /openx/www/delivery/lg.php?bannerid=89&campaignid=1&zoneid=11&loc=http%3A%2F%2Fwww.walleyecentral.com%2Fforums%2Fshowthread.php%3Ft%3D188277%26page%3D4&referer=http%3A%2F%2Fwww.walleyecentral.com%2Fforums%2Fforumdisplay.php%3Ff%3D15&cb=f7880a9af3 HTTP/1.1" 200 43 "http://www.walleyecentral.com/forums/showthread.php?t=188277&page=4" "Mozilla/4.0 (compatible; MSIE 7.0; Windows NT 5.1; .NET CLR 1.1.4322; .NET CLR 2.0.50727; .NET CLR 3.0.04506.30; .NET CLR 3.0.4506.2152; .NET CLR 3.5.30729; InfoPath.3)"
69.84.73.60 - - [04/Jan/2012:09:10:42 -0500] "GET /phpQJr/inc/poll.js HTTP/1.1" 304 - "http://www.walleyecentral.com/phpQJr/poll.php?pid=50&url=http%3A//www.walleyecentral.com/" "Mozilla/4.0 (compatible; MSIE 8.0; Windows NT 5.1; Trident/4.0; InfoPath.1; .NET CLR 2.0.50727)"
205.134.249.170 - - [04/Jan/2012:09:10:42 -0500] "GET /weather.php?pands=53105 HTTP/1.1" 200 16166 "-" "PHP/5.2.17"
207.46.199.32 - - [04/Jan/2012:09:10:42 -0500] "GET /openx/www/delivery/ai.php?filename=alumacraft.jpg&contenttype=jpeg HTTP/1.1" 200 18786 "http://www.walleyecentral.com/forums/showthread.php?t=169667" "Mozilla/4.0 (compatible; MSIE 7.0; Windows NT 5.2; SV1; .NET CLR 1.1.4325; .NET CLR 2.0.40607; .NET CLR 3.0.30729; .NET CLR 3.5.30729; MS-RTC LM 8)"
205.134.249.170 - - [04/Jan/2012:09:10:42 -0500] "GET /weather.php?pands=tillsonburg HTTP/1.1" 200 16166 "-" "PHP/5.2.17"
65.52.108.198 - - [04/Jan/2012:09:10:42 -0500] "GET /forums/showthread.php?mode=hybrid&t=28111 HTTP/1.1" 200 19660 "-" "Mozilla/5.0 (compatible; bingbot/2.0; +http://www.bing.com/bingbot.htm)"
207.46.199.32 - - [04/Jan/2012:09:10:42 -0500] "GET /openx/www/delivery/lg.php?bannerid=94&campaignid=1&zoneid=98&loc=http%3A%2F%2Fwww.walleyecentral.com%2Fforums%2Fshowthread.php%3Ft%3D169667&cb=0683c1704d HTTP/1.1" 200 43 "http://www.walleyecentral.com/forums/showthread.php?t=169667" "Mozilla/4.0 (compatible; MSIE 7.0; Windows NT 5.2; SV1; .NET CLR 1.1.4325; .NET CLR 2.0.40607; .NET CLR 3.0.30729; .NET CLR 3.5.30729; MS-RTC LM 8)"
66.11.150.236 - - [04/Jan/2012:09:10:43 -0500] "GET /weather.php?pands=56201 HTTP/1.0" 200 24178 "-" "-"
174.45.110.61 - - [04/Jan/2012:09:10:43 -0500] "GET /openx/www/delivery/ajs.php?n=a5212870&zoneid=12&source=&exclude=,&r=657287841&loc=http%3A//www.walleyecentral.com/forums/forumdisplay.php%3Ff%3D16&referer=http%3A//www.walleyecentral.com/forums/forumdisplay.php%3Ff%3D34 HTTP/1.1" 200 943 "http://www.walleyecentral.com/forums/forumdisplay.php?f=16" "Mozilla/5.0 (compatible; MSIE 9.0; Windows NT 6.1; WOW64; Trident/5.0)"
50.28.14.61 - - [04/Jan/2012:09:10:43 -0500] "GET /forums/image.php?s=c04c5f50c2bf369658fc0326a727a0f1&u=8300&dateline=1236613638 HTTP/1.1" 200 2208 "-" "Mozilla/4.0 (compatible; MSIE 7.0; Windows NT 5.2; .NET CLR 2.0;)"
174.45.110.61 - - [04/Jan/2012:09:10:42 -0500] "GET /forums/forumdisplay.php?f=16 HTTP/1.1" 200 21906 "http://www.walleyecentral.com/forums/forumdisplay.php?f=34" "Mozilla/5.0 (compatible; MSIE 9.0; Windows NT 6.1; WOW64; Trident/5.0)"
64.179.63.250 - - [04/Jan/2012:09:10:43 -0500] "GET /forums/album.php?albumid=423&pictureid=4815 HTTP/1.1" 200 39073 "http://www.walleyecentral.com/forums/album.php?albumid=423" "Mozilla/4.0 (compatible; MSIE 6.0; Windows NT 5.1; SV1; .NET CLR 1.1.4322; .NET CLR 2.0.50727; .NET CLR 3.0.4506.2152; .NET CLR 3.5.30729)"
64.179.63.250 - - [04/Jan/2012:09:10:43 -0500] "GET /openx/www/delivery/ajs.php?n=a5212870&zoneid=85&source=&exclude=,&r=437478771&loc=http%3A//www.walleyecentral.com/forums/album.php%3Falbumid%3D423%26pictureid%3D4815&referer=http%3A//www.walleyecentral.com/forums/album.php%3Falbumid%3D423 HTTP/1.1" 200 1007 "http://www.walleyecentral.com/forums/album.php?albumid=423&pictureid=4815" "Mozilla/4.0 (compatible; MSIE 6.0; Windows NT 5.1; SV1; .NET CLR 1.1.4322; .NET CLR 2.0.50727; .NET CLR 3.0.4506.2152; .NET CLR 3.5.30729)"
174.45.110.61 - - [04/Jan/2012:09:10:43 -0500] "GET /openx/www/delivery/lg.php?bannerid=78&campaignid=1&zoneid=12&loc=http%3A%2F%2Fwww.walleyecentral.com%2Fforums%2Fforumdisplay.php%3Ff%3D16&referer=http%3A%2F%2Fwww.walleyecentral.com%2Fforums%2Fforumdisplay.php%3Ff%3D34&cb=a0c82540cd HTTP/1.1" 200 43 "http://www.walleyecentral.com/forums/forumdisplay.php?f=16" "Mozilla/5.0 (compatible; MSIE 9.0; Windows NT 6.1; WOW64; Trident/5.0)"
66.249.71.211 - - [04/Jan/2012:09:10:43 -0500] "GET /forums/archive/index.php/t-41648.html HTTP/1.1" 200 5068 "-" "Mozilla/5.0 (compatible; Googlebot/2.1; +http://www.google.com/bot.html)"
69.84.73.60 - - [04/Jan/2012:09:10:44 -0500] "GET /images/fishhuron.jpg HTTP/1.1" 304 - "http://www.walleyecentral.com/" "Mozilla/4.0 (compatible; MSIE 8.0; Windows NT 5.1; Trident/4.0; InfoPath.1; .NET CLR 2.0.50727)"
64.179.63.250 - - [04/Jan/2012:09:10:43 -0500] "GET /openx/www/delivery/lg.php?bannerid=99&campaignid=1&zoneid=85&loc=http%3A%2F%2Fwww.walleyecentral.com%2Fforums%2Falbum.php%3Falbumid%3D423%26pictureid%3D4815&referer=http%3A%2F%2Fwww.walleyecentral.com%2Fforums%2Falbum.php%3Falbumid%3D423&cb=3abb0912ec HTTP/1.1" 200 43 "http://www.walleyecentral.com/forums/album.php?albumid=423&pictureid=4815" "Mozilla/4.0 (compatible; MSIE 6.0; Windows NT 5.1; SV1; .NET CLR 1.1.4322; .NET CLR 2.0.50727; .NET CLR 3.0.4506.2152; .NET CLR 3.5.30729)"
64.179.63.250 - - [04/Jan/2012:09:10:43 -0500] "GET /forums/picture.php?albumid=423&pictureid=4815 HTTP/1.1" 200 50568 "http://www.walleyecentral.com/forums/album.php?albumid=423&pictureid=4815" "Mozilla/4.0 (compatible; MSIE 6.0; Windows NT 5.1; SV1; .NET CLR 1.1.4322; .NET CLR 2.0.50727; .NET CLR 3.0.4506.2152; .NET CLR 3.5.30729)"
66.11.150.236 - - [04/Jan/2012:09:10:43 -0500] "GET /weather.php?pands=Buffalo%2C+NY HTTP/1.0" 200 24268 "-" "-"
205.134.249.170 - - [04/Jan/2012:09:10:44 -0500] "GET /weather.php?pands=59421 HTTP/1.1" 200 16166 "-" "PHP/5.2.17"
66.11.150.236 - - [04/Jan/2012:09:10:45 -0500] "GET /weather.php?pands=56264 HTTP/1.0" 200 16166 "-" "-"
205.134.249.170 - - [04/Jan/2012:09:10:45 -0500] "GET /weather.php?pands=53536 HTTP/1.1" 200 16166 "-" "PHP/5.2.17"
207.46.199.32 - - [04/Jan/2012:09:10:45 -0500] "GET /forums/clientscript/vbulletin_md5.js?v=373 HTTP/1.1" 200 5464 "http://www.walleyecentral.com/forums/showthread.php?t=169667" "Mozilla/4.0 (compatible; MSIE 7.0; Windows NT 5.2; SV1; .NET CLR 1.1.4325; .NET CLR 2.0.40607; .NET CLR 3.0.30729; .NET CLR 3.5.30729; MS-RTC LM 8)"
65.52.108.198 - - [04/Jan/2012:09:10:45 -0500] "GET /forums/showthread.php?t=153347 HTTP/1.1" 200 17755 "-" "Mozilla/5.0 (compatible; bingbot/2.0; +http://www.bing.com/bingbot.htm)"
207.46.199.44 - - [04/Jan/2012:09:10:44 -0500] "GET /forums/showthread.php?t=118882 HTTP/1.1" 200 14952 "-" "Mozilla/5.0 (compatible; bingbot/2.0; +http://www.bing.com/bingbot.htm)"
65.25.231.20 - - [04/Jan/2012:09:10:45 -0500] "GET /forums/showthread.php?t=188277&page=4 HTTP/1.1" 200 19793 "http://www.walleyecentral.com/forums/forumdisplay.php?f=15" "Mozilla/5.0 (iPhone; CPU iPhone OS 5_0_1 like Mac OS X) AppleWebKit/534.46 (KHTML, like Gecko) Version/5.1 Mobile/9A405 Safari/7534.48.3"
66.11.150.236 - - [04/Jan/2012:09:10:45 -0500] "GET /weather.php?pands=55082 HTTP/1.0" 200 24168 "-" "-"
65.25.231.20 - - [04/Jan/2012:09:10:45 -0500] "GET /openx/www/delivery/ajs.php?n=a5212870&zoneid=11&source=&exclude=,&r=23772531&loc=http%3A//www.walleyecentral.com/forums/showthread.php%3Ft%3D188277%26page%3D4&referer=http%3A//www.walleyecentral.com/forums/forumdisplay.php%3Ff%3D15 HTTP/1.1" 200 1046 "http://www.walleyecentral.com/forums/showthread.php?t=188277&page=4" "Mozilla/5.0 (iPhone; CPU iPhone OS 5_0_1 like Mac OS X) AppleWebKit/534.46 (KHTML, like Gecko) Version/5.1 Mobile/9A405 Safari/7534.48.3"
65.25.231.20 - - [04/Jan/2012:09:10:46 -0500] "GET /forums/images/icons/icon3.gif HTTP/1.1" 200 1018 "http://www.walleyecentral.com/forums/showthread.php?t=188277&page=4" "Mozilla/5.0 (iPhone; CPU iPhone OS 5_0_1 like Mac OS X) AppleWebKit/534.46 (KHTML, like Gecko) Version/5.1 Mobile/9A405 Safari/7534.48.3"
65.25.231.20 - - [04/Jan/2012:09:10:46 -0500] "GET /forums/images/smilies/fishhit.gif HTTP/1.1" 200 3888 "http://www.walleyecentral.com/forums/showthread.php?t=188277&page=4" "Mozilla/5.0 (iPhone; CPU iPhone OS 5_0_1 like Mac OS X) AppleWebKit/534.46 (KHTML, like Gecko) Version/5.1 Mobile/9A405 Safari/7534.48.3"
65.25.231.20 - - [04/Jan/2012:09:10:46 -0500] "GET /forums/images/smilies/banghead.gif HTTP/1.1" 200 904 "http://www.walleyecentral.com/forums/showthread.php?t=188277&page=4" "Mozilla/5.0 (iPhone; CPU iPhone OS 5_0_1 like Mac OS X) AppleWebKit/534.46 (KHTML, like Gecko) Version/5.1 Mobile/9A405 Safari/7534.48.3"
180.76.5.145 - - [04/Jan/2012:09:10:45 -0500] "GET /forums/showthread.php?t=175772 HTTP/1.1" 200 14649 "-" "Mozilla/5.0 (compatible; Baiduspider/2.0; +http://www.baidu.com/search/spider.html)"
65.25.231.20 - - [04/Jan/2012:09:10:46 -0500] "GET /openx/www/delivery/ai.php?filename=fleet-farm.gif&contenttype=gif HTTP/1.1" 304 - "http://www.walleyecentral.com/forums/showthread.php?t=188277&page=4" "Mozilla/5.0 (iPhone; CPU iPhone OS 5_0_1 like Mac OS X) AppleWebKit/534.46 (KHTML, like Gecko) Version/5.1 Mobile/9A405 Safari/7534.48.3"
65.25.231.20 - - [04/Jan/2012:09:10:46 -0500] "GET /openx/www/delivery/lg.php?bannerid=89&campaignid=1&zoneid=11&loc=http%3A%2F%2Fwww.walleyecentral.com%2Fforums%2Fshowthread.php%3Ft%3D188277%26page%3D4&referer=http%3A%2F%2Fwww.walleyecentral.com%2Fforums%2Fforumdisplay.php%3Ff%3D15&cb=c9aeef733c HTTP/1.1" 200 43 "http://www.walleyecentral.com/forums/showthread.php?t=188277&page=4" "Mozilla/5.0 (iPhone; CPU iPhone OS 5_0_1 like Mac OS X) AppleWebKit/534.46 (KHTML, like Gecko) Version/5.1 Mobile/9A405 Safari/7534.48.3"
205.134.249.170 - - [04/Jan/2012:09:10:46 -0500] "GET /weather.php?pands=63383 HTTP/1.1" 200 16166 "-" "PHP/5.2.17"
69.84.73.60 - - [04/Jan/2012:09:10:46 -0500] "GET /forums/forumdisplay.php?f=32 HTTP/1.1" 200 22200 "http://www.walleyecentral.com/" "Mozilla/4.0 (compatible; MSIE 8.0; Windows NT 5.1; Trident/4.0; InfoPath.1; .NET CLR 2.0.50727)"
69.84.73.60 - - [04/Jan/2012:09:10:46 -0500] "GET /forums/clientscript/vbulletin_important.css?v=373 HTTP/1.1" 304 - "http://www.walleyecentral.com/forums/forumdisplay.php?f=32" "Mozilla/4.0 (compatible; MSIE 8.0; Windows NT 5.1; Trident/4.0; InfoPath.1; .NET CLR 2.0.50727)"
69.84.73.60 - - [04/Jan/2012:09:10:46 -0500] "GET /forums/clientscript/yui/yahoo-dom-event/yahoo-dom-event.js?v=373 HTTP/1.1" 304 - "http://www.walleyecentral.com/forums/forumdisplay.php?f=32" "Mozilla/4.0 (compatible; MSIE 8.0; Windows NT 5.1; Trident/4.0; InfoPath.1; .NET CLR 2.0.50727)"
69.84.73.60 - - [04/Jan/2012:09:10:47 -0500] "GET /forums/clientscript/yui/connection/connection-min.js?v=373 HTTP/1.1" 304 - "http://www.walleyecentral.com/forums/forumdisplay.php?f=32" "Mozilla/4.0 (compatible; MSIE 8.0; Windows NT 5.1; Trident/4.0; InfoPath.1; .NET CLR 2.0.50727)"
69.84.73.60 - - [04/Jan/2012:09:10:47 -0500] "GET /forums/clientscript/vbulletin_global.js?v=373 HTTP/1.1" 304 - "http://www.walleyecentral.com/forums/forumdisplay.php?f=32" "Mozilla/4.0 (compatible; MSIE 8.0; Windows NT 5.1; Trident/4.0; InfoPath.1; .NET CLR 2.0.50727)"
69.84.73.60 - - [04/Jan/2012:09:10:47 -0500] "GET /forums/clientscript/vbulletin_menu.js?v=373 HTTP/1.1" 304 - "http://www.walleyecentral.com/forums/forumdisplay.php?f=32" "Mozilla/4.0 (compatible; MSIE 8.0; Windows NT 5.1; Trident/4.0; InfoPath.1; .NET CLR 2.0.50727)"
66.249.71.211 - - [04/Jan/2012:09:10:47 -0500] "GET /wcdirectory/modules/statistics/click_w.php?w=http%3A%2F%2Fhijefosu.hostoi.com/esl-jobs-in-south-america.php HTTP/1.1" 302 - "-" "Mozilla/5.0 (compatible; Googlebot/2.1; +http://www.google.com/bot.html)"
66.11.150.236 - - [04/Jan/2012:09:10:47 -0500] "GET /weather.php?pands=14304 HTTP/1.0" 200 24199 "-" "-"
69.84.73.60 - - [04/Jan/2012:09:10:47 -0500] "GET /forums/images/misc/headerlogo2.png HTTP/1.1" 304 - "http://www.walleyecentral.com/forums/forumdisplay.php?f=32" "Mozilla/4.0 (compatible; MSIE 8.0; Windows NT 5.1; Trident/4.0; InfoPath.1; .NET CLR 2.0.50727)"
69.84.73.60 - - [04/Jan/2012:09:10:47 -0500] "GET /forums/clientscript/vbulletin_md5.js?v=373 HTTP/1.1" 304 - "http://www.walleyecentral.com/forums/forumdisplay.php?f=32" "Mozilla/4.0 (compatible; MSIE 8.0; Windows NT 5.1; Trident/4.0; InfoPath.1; .NET CLR 2.0.50727)"
69.84.73.60 - - [04/Jan/2012:09:10:47 -0500] "GET /openx/www/delivery/ajs.php?n=a5212870&zoneid=97&source=&exclude=,&r=997293001&loc=http%3A//www.walleyecentral.com/forums/forumdisplay.php%3Ff%3D32&referer=http%3A//www.walleyecentral.com/ HTTP/1.1" 200 980 "http://www.walleyecentral.com/forums/forumdisplay.php?f=32" "Mozilla/4.0 (compatible; MSIE 8.0; Windows NT 5.1; Trident/4.0; InfoPath.1; .NET CLR 2.0.50727)"
205.134.249.170 - - [04/Jan/2012:09:10:47 -0500] "GET /weather.php?pands=53711 HTTP/1.1" 200 16166 "-" "PHP/5.2.17"
66.11.150.236 - - [04/Jan/2012:09:10:47 -0500] "GET /weather.php?pands=54548 HTTP/1.0" 200 24178 "-" "-"
69.84.73.60 - - [04/Jan/2012:09:10:47 -0500] "GET /forums/images/misc/navbits_start.gif HTTP/1.1" 304 - "http://www.walleyecentral.com/forums/forumdisplay.php?f=32" "Mozilla/4.0 (compatible; MSIE 8.0; Windows NT 5.1; Trident/4.0; InfoPath.1; .NET CLR 2.0.50727)"
69.84.73.60 - - [04/Jan/2012:09:10:47 -0500] "GET /forums/images/misc/navbits_finallink_ltr.gif HTTP/1.1" 304 - "http://www.walleyecentral.com/forums/forumdisplay.php?f=32" "Mozilla/4.0 (compatible; MSIE 8.0; Windows NT 5.1; Trident/4.0; InfoPath.1; .NET CLR 2.0.50727)"
69.84.73.60 - - [04/Jan/2012:09:10:47 -0500] "GET /openx/www/delivery/ai.php?filename=ranger.jpg&contenttype=jpeg HTTP/1.1" 304 - "http://www.walleyecentral.com/forums/forumdisplay.php?f=32" "Mozilla/4.0 (compatible; MSIE 8.0; Windows NT 5.1; Trident/4.0; InfoPath.1; .NET CLR 2.0.50727)"
69.84.73.60 - - [04/Jan/2012:09:10:47 -0500] "GET /forums/images/buttons/newthread.gif HTTP/1.1" 304 - "http://www.walleyecentral.com/forums/forumdisplay.php?f=32" "Mozilla/4.0 (compatible; MSIE 8.0; Windows NT 5.1; Trident/4.0; InfoPath.1; .NET CLR 2.0.50727)"
69.84.73.60 - - [04/Jan/2012:09:10:47 -0500] "GET /forums/images/misc/menu_open.gif HTTP/1.1" 304 - "http://www.walleyecentral.com/forums/forumdisplay.php?f=32" "Mozilla/4.0 (compatible; MSIE 8.0; Windows NT 5.1; Trident/4.0; InfoPath.1; .NET CLR 2.0.50727)"
69.84.73.60 - - [04/Jan/2012:09:10:47 -0500] "GET /forums/images/buttons/sortasc.gif HTTP/1.1" 304 - "http://www.walleyecentral.com/forums/forumdisplay.php?f=32" "Mozilla/4.0 (compatible; MSIE 8.0; Windows NT 5.1; Trident/4.0; InfoPath.1; .NET CLR 2.0.50727)"
69.84.73.60 - - [04/Jan/2012:09:10:47 -0500] "GET /forums/images/statusicon/thread_hot_new.gif HTTP/1.1" 304 - "http://www.walleyecentral.com/forums/forumdisplay.php?f=32" "Mozilla/4.0 (compatible; MSIE 8.0; Windows NT 5.1; Trident/4.0; InfoPath.1; .NET CLR 2.0.50727)"
69.84.73.60 - - [04/Jan/2012:09:10:47 -0500] "GET /forums/images/icons/icon1.gif HTTP/1.1" 304 - "http://www.walleyecentral.com/forums/forumdisplay.php?f=32" "Mozilla/4.0 (compatible; MSIE 8.0; Windows NT 5.1; Trident/4.0; InfoPath.1; .NET CLR 2.0.50727)"
69.84.73.60 - - [04/Jan/2012:09:10:47 -0500] "GET /forums/images/misc/trashcan_small.gif HTTP/1.1" 304 - "http://www.walleyecentral.com/forums/forumdisplay.php?f=32" "Mozilla/4.0 (compatible; MSIE 8.0; Windows NT 5.1; Trident/4.0; InfoPath.1; .NET CLR 2.0.50727)"
69.84.73.60 - - [04/Jan/2012:09:10:47 -0500] "GET /forums/images/misc/sticky.gif HTTP/1.1" 304 - "http://www.walleyecentral.com/forums/forumdisplay.php?f=32" "Mozilla/4.0 (compatible; MSIE 8.0; Windows NT 5.1; Trident/4.0; InfoPath.1; .NET CLR 2.0.50727)"
69.84.73.60 - - [04/Jan/2012:09:10:47 -0500] "GET /forums/images/buttons/firstnew.gif HTTP/1.1" 304 - "http://www.walleyecentral.com/forums/forumdisplay.php?f=32" "Mozilla/4.0 (compatible; MSIE 8.0; Windows NT 5.1; Trident/4.0; InfoPath.1; .NET CLR 2.0.50727)"
69.84.73.60 - - [04/Jan/2012:09:10:47 -0500] "GET /forums/images/misc/multipage.gif HTTP/1.1" 304 - "http://www.walleyecentral.com/forums/forumdisplay.php?f=32" "Mozilla/4.0 (compatible; MSIE 8.0; Windows NT 5.1; Trident/4.0; InfoPath.1; .NET CLR 2.0.50727)"
69.84.73.60 - - [04/Jan/2012:09:10:47 -0500] "GET /forums/images/buttons/lastpost.gif HTTP/1.1" 304 - "http://www.walleyecentral.com/forums/forumdisplay.php?f=32" "Mozilla/4.0 (compatible; MSIE 8.0; Windows NT 5.1; Trident/4.0; InfoPath.1; .NET CLR 2.0.50727)"
69.84.73.60 - - [04/Jan/2012:09:10:47 -0500] "GET /forums/images/misc/paperclip.gif HTTP/1.1" 304 - "http://www.walleyecentral.com/forums/forumdisplay.php?f=32" "Mozilla/4.0 (compatible; MSIE 8.0; Windows NT 5.1; Trident/4.0; InfoPath.1; .NET CLR 2.0.50727)"
170.11.30.141 - - [04/Jan/2012:09:10:47 -0500] "POST /forums/attachment.php?attachmentid=12953&d=1325680216 HTTP/1.1" 200 1406 "http://www.walleyecentral.com/forums/showthread.php?t=189236" "Mozilla/4.0 (compatible; MSIE 7.0; Windows NT 5.1; .NET CLR 2.0.50727; .NET CLR 3.0.4506.2152; .NET CLR 3.5.30729)"
69.84.73.60 - - [04/Jan/2012:09:10:47 -0500] "GET /openx/www/delivery/lg.php?bannerid=34&campaignid=1&zoneid=97&loc=http%3A%2F%2Fwww.walleyecentral.com%2Fforums%2Fforumdisplay.php%3Ff%3D32&referer=http%3A%2F%2Fwww.walleyecentral.com%2F&cb=85e3ac3a86 HTTP/1.1" 200 43 "http://www.walleyecentral.com/forums/forumdisplay.php?f=32" "Mozilla/4.0 (compatible; MSIE 8.0; Windows NT 5.1; Trident/4.0; InfoPath.1; .NET CLR 2.0.50727)"
69.84.73.60 - - [04/Jan/2012:09:10:47 -0500] "GET /forums/images/icons/icon5.gif HTTP/1.1" 200 1057 "http://www.walleyecentral.com/forums/forumdisplay.php?f=32" "Mozilla/4.0 (compatible; MSIE 8.0; Windows NT 5.1; Trident/4.0; InfoPath.1; .NET CLR 2.0.50727)"
69.84.73.60 - - [04/Jan/2012:09:10:47 -0500] "GET /forums/clientscript/vbulletin_read_marker.js?v=373 HTTP/1.1" 304 - "http://www.walleyecentral.com/forums/forumdisplay.php?f=32" "Mozilla/4.0 (compatible; MSIE 8.0; Windows NT 5.1; Trident/4.0; InfoPath.1; .NET CLR 2.0.50727)"
66.249.71.211 - - [04/Jan/2012:09:10:47 -0500] "GET /forums/archive/index.php/t-42280.html HTTP/1.1" 200 4473 "-" "Mozilla/5.0 (compatible; Googlebot/2.1; +http://www.google.com/bot.html)"
69.84.73.60 - - [04/Jan/2012:09:10:48 -0500] "GET /forums/images/statusicon/thread_new.gif HTTP/1.1" 304 - "http://www.walleyecentral.com/forums/forumdisplay.php?f=32" "Mozilla/4.0 (compatible; MSIE 8.0; Windows NT 5.1; Trident/4.0; InfoPath.1; .NET CLR 2.0.50727)"
74.50.250.81 - - [04/Jan/2012:09:10:47 -0500] "GET /forums/showthread.php?t=188879 HTTP/1.1" 200 25339 "http://www.walleyecentral.com/forums/forumdisplay.php?f=16&order=desc&page=2" "Mozilla/5.0 (compatible; MSIE 9.0; Windows NT 6.1; WOW64; Trident/5.0)"
74.50.250.81 - - [04/Jan/2012:09:10:48 -0500] "GET /openx/www/delivery/ajs.php?n=a5212870&zoneid=15&source=&exclude=,&r=141274971&loc=http%3A//www.walleyecentral.com/forums/showthread.php%3Ft%3D188879&referer=http%3A//www.walleyecentral.com/forums/forumdisplay.php%3Ff%3D16%26order%3Ddesc%26page%3D2 HTTP/1.1" 200 961 "http://www.walleyecentral.com/forums/showthread.php?t=188879" "Mozilla/5.0 (compatible; MSIE 9.0; Windows NT 6.1; WOW64; Trident/5.0)"
69.84.73.60 - - [04/Jan/2012:09:10:48 -0500] "GET /forums/images/statusicon/thread.gif HTTP/1.1" 304 - "http://www.walleyecentral.com/forums/forumdisplay.php?f=32" "Mozilla/4.0 (compatible; MSIE 8.0; Windows NT 5.1; Trident/4.0; InfoPath.1; .NET CLR 2.0.50727)"
69.84.73.60 - - [04/Jan/2012:09:10:48 -0500] "GET /forums/images/statusicon/thread_hot.gif HTTP/1.1" 304 - "http://www.walleyecentral.com/forums/forumdisplay.php?f=32" "Mozilla/4.0 (compatible; MSIE 8.0; Windows NT 5.1; Trident/4.0; InfoPath.1; .NET CLR 2.0.50727)"
69.84.73.60 - - [04/Jan/2012:09:10:48 -0500] "GET /forums/images/statusicon/thread_lock.gif HTTP/1.1" 304 - "http://www.walleyecentral.com/forums/forumdisplay.php?f=32" "Mozilla/4.0 (compatible; MSIE 8.0; Windows NT 5.1; Trident/4.0; InfoPath.1; .NET CLR 2.0.50727)"
170.11.30.141 - - [04/Jan/2012:09:10:47 -0500] "GET /forums/attachment.php?attachmentid=12953&d=1325680216 HTTP/1.1" 200 50207 "http://www.walleyecentral.com/forums/showthread.php?t=189236" "Mozilla/4.0 (compatible; MSIE 7.0; Windows NT 5.1; .NET CLR 2.0.50727; .NET CLR 3.0.4506.2152; .NET CLR 3.5.30729)"
69.84.73.60 - - [04/Jan/2012:09:10:48 -0500] "GET /forums/images/buttons/collapse_thead.gif HTTP/1.1" 304 - "http://www.walleyecentral.com/forums/forumdisplay.php?f=32" "Mozilla/4.0 (compatible; MSIE 8.0; Windows NT 5.1; Trident/4.0; InfoPath.1; .NET CLR 2.0.50727)"
207.46.199.55 - - [04/Jan/2012:09:10:48 -0500] "GET /forums/showthread.php?t=13655 HTTP/1.1" 200 12855 "-" "Mozilla/5.0 (compatible; bingbot/2.0; +http://www.bing.com/bingbot.htm)"
74.50.250.81 - - [04/Jan/2012:09:10:48 -0500] "GET /openx/www/delivery/lg.php?bannerid=47&campaignid=1&zoneid=15&loc=http%3A%2F%2Fwww.walleyecentral.com%2Fforums%2Fshowthread.php%3Ft%3D188879&referer=http%3A%2F%2Fwww.walleyecentral.com%2Fforums%2Fforumdisplay.php%3Ff%3D16%26order%3Ddesc%26page%3D2&cb=5f534e8050 HTTP/1.1" 200 43 "http://www.walleyecentral.com/forums/showthread.php?t=188879" "Mozilla/5.0 (compatible; MSIE 9.0; Windows NT 6.1; WOW64; Trident/5.0)"
204.155.62.5 - - [04/Jan/2012:09:10:48 -0500] "GET /openx/www/delivery/ajs.php?n=a5212870&zoneid=94&source=&exclude=,&r=494362471&loc=http%3A//www.walleyecentral.com/forums/showthread.php%3Ft%3D189232&referer=http%3A//www.walleyecentral.com/forums/search.php%3Fsearchid%3D4437003%26pp%3D25%26page%3D2 HTTP/1.1" 200 54 "http://www.walleyecentral.com/forums/showthread.php?t=189232" "Mozilla/4.0 (compatible; MSIE 8.0; Windows NT 5.2; Trident/4.0; .NET CLR 1.1.4322; .NET CLR 2.0.50727; .NET CLR 3.0.4506.2152; .NET CLR 3.5.30729)"
205.134.249.170 - - [04/Jan/2012:09:10:48 -0500] "GET /weather.php?pands=cheyenne%2C+w HTTP/1.1" 200 16166 "-" "PHP/5.2.17"
204.155.62.5 - - [04/Jan/2012:09:10:48 -0500] "GET /forums/showthread.php?t=189232 HTTP/1.1" 200 86061 "http://www.walleyecentral.com/forums/search.php?searchid=4437003&pp=25&page=2" "Mozilla/4.0 (compatible; MSIE 8.0; Windows NT 5.2; Trident/4.0; .NET CLR 1.1.4322; .NET CLR 2.0.50727; .NET CLR 3.0.4506.2152; .NET CLR 3.5.30729)"
204.155.62.5 - - [04/Jan/2012:09:10:49 -0500] "GET /forums/image.php?u=2&dateline=1311644752 HTTP/1.1" 200 2514 "http://www.walleyecentral.com/forums/showthread.php?t=189232" "Mozilla/4.0 (compatible; MSIE 8.0; Windows NT 5.2; Trident/4.0; .NET CLR 1.1.4322; .NET CLR 2.0.50727; .NET CLR 3.0.4506.2152; .NET CLR 3.5.30729)"
204.155.62.5 - - [04/Jan/2012:09:10:49 -0500] "GET /forums/images/rating/rating_3.gif HTTP/1.1" 200 1089 "http://www.walleyecentral.com/forums/showthread.php?t=189232" "Mozilla/4.0 (compatible; MSIE 8.0; Windows NT 5.2; Trident/4.0; .NET CLR 1.1.4322; .NET CLR 2.0.50727; .NET CLR 3.0.4506.2152; .NET CLR 3.5.30729)"
204.155.62.5 - - [04/Jan/2012:09:10:49 -0500] "GET /forums/images/rating/rating_1.gif HTTP/1.1" 200 541 "http://www.walleyecentral.com/forums/showthread.php?t=189232" "Mozilla/4.0 (compatible; MSIE 8.0; Windows NT 5.2; Trident/4.0; .NET CLR 1.1.4322; .NET CLR 2.0.50727; .NET CLR 3.0.4506.2152; .NET CLR 3.5.30729)"
204.155.62.5 - - [04/Jan/2012:09:10:49 -0500] "GET /forums/clientscript/vbulletin_ajax_threadrate.js?v=373 HTTP/1.1" 200 2602 "http://www.walleyecentral.com/forums/showthread.php?t=189232" "Mozilla/4.0 (compatible; MSIE 8.0; Windows NT 5.2; Trident/4.0; .NET CLR 1.1.4322; .NET CLR 2.0.50727; .NET CLR 3.0.4506.2152; .NET CLR 3.5.30729)"
204.155.62.5 - - [04/Jan/2012:09:10:49 -0500] "GET /forums/images/rating/rating_5.gif HTTP/1.1" 200 1280 "http://www.walleyecentral.com/forums/showthread.php?t=189232" "Mozilla/4.0 (compatible; MSIE 8.0; Windows NT 5.2; Trident/4.0; .NET CLR 1.1.4322; .NET CLR 2.0.50727; .NET CLR 3.0.4506.2152; .NET CLR 3.5.30729)"
204.155.62.5 - - [04/Jan/2012:09:10:49 -0500] "GET /forums/images/rating/rating_4.gif HTTP/1.1" 200 1190 "http://www.walleyecentral.com/forums/showthread.php?t=189232" "Mozilla/4.0 (compatible; MSIE 8.0; Windows NT 5.2; Trident/4.0; .NET CLR 1.1.4322; .NET CLR 2.0.50727; .NET CLR 3.0.4506.2152; .NET CLR 3.5.30729)"
66.11.150.236 - - [04/Jan/2012:09:10:49 -0500] "GET /weather.php?pands=15540 HTTP/1.0" 200 24183 "-" "-"
66.11.150.236 - - [04/Jan/2012:09:10:49 -0500] "GET /weather.php?pands=48224 HTTP/1.0" 200 24180 "-" "-"
204.155.62.5 - - [04/Jan/2012:09:10:49 -0500] "GET /forums/images/rating/rating_2.gif HTTP/1.1" 200 595 "http://www.walleyecentral.com/forums/showthread.php?t=189232" "Mozilla/4.0 (compatible; MSIE 8.0; Windows NT 5.2; Trident/4.0; .NET CLR 1.1.4322; .NET CLR 2.0.50727; .NET CLR 3.0.4506.2152; .NET CLR 3.5.30729)"
64.179.63.250 - - [04/Jan/2012:09:10:49 -0500] "GET /openx/www/delivery/ajs.php?n=a5212870&zoneid=85&source=&exclude=,&r=93956751&loc=http%3A//www.walleyecentral.com/forums/album.php%3Falbumid%3D423&referer=http%3A//www.walleyecentral.com/forums/index.php HTTP/1.1" 200 972 "http://www.walleyecentral.com/forums/album.php?albumid=423" "Mozilla/4.0 (compatible; MSIE 6.0; Windows NT 5.1; SV1; .NET CLR 1.1.4322; .NET CLR 2.0.50727; .NET CLR 3.0.4506.2152; .NET CLR 3.5.30729)"
205.134.249.170 - - [04/Jan/2012:09:10:49 -0500] "GET /weather.php?pands=Ashtabula%2C HTTP/1.1" 200 16166 "-" "PHP/5.2.17"
64.179.63.250 - - [04/Jan/2012:09:10:49 -0500] "GET /openx/www/delivery/lg.php?bannerid=99&campaignid=1&zoneid=85&loc=http%3A%2F%2Fwww.walleyecentral.com%2Fforums%2Falbum.php%3Falbumid%3D423&referer=http%3A%2F%2Fwww.walleyecentral.com%2Fforums%2Findex.php&cb=de192c783f HTTP/1.1" 200 43 "http://www.walleyecentral.com/forums/album.php?albumid=423" "Mozilla/4.0 (compatible; MSIE 6.0; Windows NT 5.1; SV1; .NET CLR 1.1.4322; .NET CLR 2.0.50727; .NET CLR 3.0.4506.2152; .NET CLR 3.5.30729)"
207.255.147.25 - - [04/Jan/2012:09:10:48 -0500] "GET /forums/forumdisplay.php?f=5 HTTP/1.1" 200 23933 "http://www.walleyecentral.com/forums/index.php" "Mozilla/5.0 (Windows NT 6.1; WOW64; rv:7.0.1) Gecko/20100101 Firefox/7.0.1"
207.255.147.25 - - [04/Jan/2012:09:10:49 -0500] "GET /forums/clientscript/vbulletin_important.css?v=373 HTTP/1.1" 304 - "http://www.walleyecentral.com/forums/forumdisplay.php?f=5" "Mozilla/5.0 (Windows NT 6.1; WOW64; rv:7.0.1) Gecko/20100101 Firefox/7.0.1"
207.255.147.25 - - [04/Jan/2012:09:10:49 -0500] "GET /forums/clientscript/yui/yahoo-dom-event/yahoo-dom-event.js?v=373 HTTP/1.1" 304 - "http://www.walleyecentral.com/forums/forumdisplay.php?f=5" "Mozilla/5.0 (Windows NT 6.1; WOW64; rv:7.0.1) Gecko/20100101 Firefox/7.0.1"
207.255.147.25 - - [04/Jan/2012:09:10:49 -0500] "GET /forums/clientscript/yui/connection/connection-min.js?v=373 HTTP/1.1" 304 - "http://www.walleyecentral.com/forums/forumdisplay.php?f=5" "Mozilla/5.0 (Windows NT 6.1; WOW64; rv:7.0.1) Gecko/20100101 Firefox/7.0.1"
207.255.147.25 - - [04/Jan/2012:09:10:49 -0500] "GET /forums/clientscript/vbulletin_global.js?v=373 HTTP/1.1" 304 - "http://www.walleyecentral.com/forums/forumdisplay.php?f=5" "Mozilla/5.0 (Windows NT 6.1; WOW64; rv:7.0.1) Gecko/20100101 Firefox/7.0.1"
207.255.147.25 - - [04/Jan/2012:09:10:49 -0500] "GET /forums/clientscript/vbulletin_menu.js?v=373 HTTP/1.1" 304 - "http://www.walleyecentral.com/forums/forumdisplay.php?f=5" "Mozilla/5.0 (Windows NT 6.1; WOW64; rv:7.0.1) Gecko/20100101 Firefox/7.0.1"
207.255.147.25 - - [04/Jan/2012:09:10:49 -0500] "GET /forums/clientscript/vbulletin_md5.js?v=373 HTTP/1.1" 304 - "http://www.walleyecentral.com/forums/forumdisplay.php?f=5" "Mozilla/5.0 (Windows NT 6.1; WOW64; rv:7.0.1) Gecko/20100101 Firefox/7.0.1"
207.255.147.25 - - [04/Jan/2012:09:10:50 -0500] "GET /forums/clientscript/vbulletin_read_marker.js?v=373 HTTP/1.1" 304 - "http://www.walleyecentral.com/forums/forumdisplay.php?f=5" "Mozilla/5.0 (Windows NT 6.1; WOW64; rv:7.0.1) Gecko/20100101 Firefox/7.0.1"
207.255.147.25 - - [04/Jan/2012:09:10:50 -0500] "GET /openx/www/delivery/ajs.php?n=a5212870&zoneid=86&source=&exclude=,&r=973126341&loc=http%3A//www.walleyecentral.com/forums/forumdisplay.php%3Ff%3D5&referer=http%3A//www.walleyecentral.com/forums/index.php HTTP/1.1" 200 937 "http://www.walleyecentral.com/forums/forumdisplay.php?f=5" "Mozilla/5.0 (Windows NT 6.1; WOW64; rv:7.0.1) Gecko/20100101 Firefox/7.0.1"
207.255.147.25 - - [04/Jan/2012:09:10:50 -0500] "GET /openx/www/delivery/ai.php?filename=okuma_citrix.gif&contenttype=gif HTTP/1.1" 304 - "http://www.walleyecentral.com/forums/forumdisplay.php?f=5" "Mozilla/5.0 (Windows NT 6.1; WOW64; rv:7.0.1) Gecko/20100101 Firefox/7.0.1"
207.255.147.25 - - [04/Jan/2012:09:10:50 -0500] "GET /openx/www/delivery/lg.php?bannerid=75&campaignid=1&zoneid=86&channel_ids=,&loc=http%3A%2F%2Fwww.walleyecentral.com%2Fforums%2Fforumdisplay.php%3Ff%3D5&referer=http%3A%2F%2Fwww.walleyecentral.com%2Fforums%2Findex.php&cb=93612cc686 HTTP/1.1" 200 43 "http://www.walleyecentral.com/forums/forumdisplay.php?f=5" "Mozilla/5.0 (Windows NT 6.1; WOW64; rv:7.0.1) Gecko/20100101 Firefox/7.0.1"
205.134.249.170 - - [04/Jan/2012:09:10:50 -0500] "GET /weather.php?pands=48312 HTTP/1.1" 200 16166 "-" "PHP/5.2.17"
180.76.5.157 - - [04/Jan/2012:09:10:50 -0500] "GET /forums/showthread.php?t=175607&page=3 HTTP/1.1" 200 21798 "-" "Mozilla/5.0 (compatible; Baiduspider/2.0; +http://www.baidu.com/search/spider.html)"
74.125.156.93 - - [04/Jan/2012:09:10:50 -0500] "GET /forums/archive/index.php/t-90416.html HTTP/1.1" 200 8083 "-" "Mozilla/5.0 (X11; Linux x86_64) AppleWebKit/534.51 (KHTML, like Gecko; Google Web Preview) Chrome/12.0.742 Safari/534.51"
72.185.21.170 - - [04/Jan/2012:09:10:50 -0500] "GET /forums/index.php HTTP/1.1" 200 21098 "-" "Mozilla/5.0 (Macintosh; Intel Mac OS X 10_7_2) AppleWebKit/535.7 (KHTML, like Gecko) Chrome/16.0.912.63 Safari/535.7"
66.11.150.236 - - [04/Jan/2012:09:10:51 -0500] "GET /weather.php?pands=54471 HTTP/1.0" 200 24171 "-" "-"
65.52.108.198 - - [04/Jan/2012:09:10:49 -0500] "GET /forums/forumdisplay.php?f=5&order=desc&page=1159 HTTP/1.1" 200 23041 "-" "Mozilla/5.0 (compatible; bingbot/2.0; +http://www.bing.com/bingbot.htm)"
72.185.21.170 - - [04/Jan/2012:09:10:51 -0500] "GET /forums/clientscript/vbulletin_important.css?v=373 HTTP/1.1" 200 1687 "http://www.walleyecentral.com/forums/index.php" "Mozilla/5.0 (Macintosh; Intel Mac OS X 10_7_2) AppleWebKit/535.7 (KHTML, like Gecko) Chrome/16.0.912.63 Safari/535.7"
72.185.21.170 - - [04/Jan/2012:09:10:51 -0500] "GET /themes/default/theme.css HTTP/1.1" 200 6726 "http://www.walleyecentral.com/forums/index.php" "Mozilla/5.0 (Macintosh; Intel Mac OS X 10_7_2) AppleWebKit/535.7 (KHTML, like Gecko) Chrome/16.0.912.63 Safari/535.7"
72.185.21.170 - - [04/Jan/2012:09:10:51 -0500] "GET /forums/clientscript/vbulletin_menu.js?v=373 HTTP/1.1" 200 9389 "http://www.walleyecentral.com/forums/index.php" "Mozilla/5.0 (Macintosh; Intel Mac OS X 10_7_2) AppleWebKit/535.7 (KHTML, like Gecko) Chrome/16.0.912.63 Safari/535.7"
