199.189.229.8 - - [04/Jan/2012:09:17:12 -0500] "GET /commonimages/left.png HTTP/1.1" 200 400 "http://www.walleyecentral.com/customize.php" "Mozilla/5.0 (compatible; MSIE 9.0; Windows NT 6.1; WOW64; Trident/5.0)"
66.249.71.211 - - [04/Jan/2012:09:17:12 -0500] "GET /forums/archive/index.php/t-51640.html HTTP/1.1" 200 2138 "-" "Mozilla/5.0 (compatible; Googlebot/2.1; +http://www.google.com/bot.html)"
184.155.22.145 - - [04/Jan/2012:09:17:12 -0500] "GET /openx/www/delivery/ajs.php?n=a5212870&zoneid=98&source=&exclude=,&r=308281901&loc=http%3A//www.walleyecentral.com/forums/showthread.php%3Ft%3D189233&referer=http%3A//www.walleyecentral.com/forums/search.php%3Fsearchid%3D4437008 HTTP/1.1" 200 1022 "http://www.walleyecentral.com/forums/showthread.php?t=189233" "Mozilla/4.0 (compatible; MSIE 8.0; Windows NT 6.1; WOW64; Trident/4.0; GTB7.2; SLCC2; .NET CLR 2.0.50727; .NET CLR 3.5.30729; .NET CLR 3.0.30729; Media Center PC 6.0; MDDC; IPH 1.1.21.4019; .NET4.0C)"
208.69.211.171 - - [04/Jan/2012:09:17:12 -0500] "GET /phpQJr/embedjr.php?pid=50&w=175&h=400 HTTP/1.1" 200 1036 "http://www.walleyecentral.com/" "Mozilla/5.0 (Windows NT 5.1; rv:8.0) Gecko/20100101 Firefox/8.0"
199.189.229.8 - - [04/Jan/2012:09:17:12 -0500] "GET /commonimages/left.png HTTP/1.1" 200 400 "http://www.walleyecentral.com/customize.php" "Mozilla/5.0 (compatible; MSIE 9.0; Windows NT 6.1; WOW64; Trident/5.0)"
184.155.22.145 - - [04/Jan/2012:09:17:12 -0500] "GET /openx/www/delivery/ai.php?filename=ranger.jpg&contenttype=jpeg HTTP/1.1" 304 - "http://www.walleyecentral.com/forums/showthread.php?t=189233" "Mozilla/4.0 (compatible; MSIE 8.0; Windows NT 6.1; WOW64; Trident/4.0; GTB7.2; SLCC2; .NET CLR 2.0.50727; .NET CLR 3.5.30729; .NET CLR 3.0.30729; Media Center PC 6.0; MDDC; IPH 1.1.21.4019; .NET4.0C)"
184.155.22.145 - - [04/Jan/2012:09:17:12 -0500] "GET /forums/clientscript/vbulletin_ajax_tagsugg.js?v=373 HTTP/1.1" 304 - "http://www.walleyecentral.com/forums/showthread.php?t=189233" "Mozilla/4.0 (compatible; MSIE 8.0; Windows NT 6.1; WOW64; Trident/4.0; GTB7.2; SLCC2; .NET CLR 2.0.50727; .NET CLR 3.5.30729; .NET CLR 3.0.30729; Media Center PC 6.0; MDDC; IPH 1.1.21.4019; .NET4.0C)"
184.155.22.145 - - [04/Jan/2012:09:17:12 -0500] "GET /forums/clientscript/vbulletin_ajax_taglist.js?v=373 HTTP/1.1" 304 - "http://www.walleyecentral.com/forums/showthread.php?t=189233" "Mozilla/4.0 (compatible; MSIE 8.0; Windows NT 6.1; WOW64; Trident/4.0; GTB7.2; SLCC2; .NET CLR 2.0.50727; .NET CLR 3.5.30729; .NET CLR 3.0.30729; Media Center PC 6.0; MDDC; IPH 1.1.21.4019; .NET4.0C)"
184.155.22.145 - - [04/Jan/2012:09:17:12 -0500] "GET /forums/clientscript/vbulletin_lightbox.js?v=373 HTTP/1.1" 304 - "http://www.walleyecentral.com/forums/showthread.php?t=189233" "Mozilla/4.0 (compatible; MSIE 8.0; Windows NT 6.1; WOW64; Trident/4.0; GTB7.2; SLCC2; .NET CLR 2.0.50727; .NET CLR 3.5.30729; .NET CLR 3.0.30729; Media Center PC 6.0; MDDC; IPH 1.1.21.4019; .NET4.0C)"
67.184.34.177 - - [04/Jan/2012:09:17:12 -0500] "GET /forums/showthread.php?t=130310 HTTP/1.1" 200 14648 "http://www.google.com/url?sa=t&rct=j&q=apollo+propeller&source=web&cd=39&ved=0CGQQFjAIOB4&url=http%3A%2F%2Fwww.walleyecentral.com%2Fforums%2Fshowthread.php%3Ft%3D130310&ei=Kl8ET9PiJMOrgwfJ0rGaAw&usg=AFQjCNHcSvIztiT4v39__mPr2olFWg8nFQ" "Mozilla/5.0 (compatible; MSIE 9.0; Windows NT 6.0; Trident/5.0)"
184.155.22.145 - - [04/Jan/2012:09:17:12 -0500] "GET /forums/clientscript/vbulletin_multi_quote.js?v=373 HTTP/1.1" 304 - "http://www.walleyecentral.com/forums/showthread.php?t=189233" "Mozilla/4.0 (compatible; MSIE 8.0; Windows NT 6.1; WOW64; Trident/4.0; GTB7.2; SLCC2; .NET CLR 2.0.50727; .NET CLR 3.5.30729; .NET CLR 3.0.30729; Media Center PC 6.0; MDDC; IPH 1.1.21.4019; .NET4.0C)"
206.176.55.138 - - [04/Jan/2012:09:17:11 -0500] "GET /forums/forumdisplay.php?f=5 HTTP/1.1" 200 24485 "http://www.walleyecentral.com/forums/index.php" "Mozilla/5.0 (compatible; MSIE 9.0; Windows NT 6.1; WOW64; Trident/5.0)"
72.185.21.170 - - [04/Jan/2012:09:17:12 -0500] "GET /openx/www/delivery/lg.php?bannerid=100&campaignid=1&zoneid=85&loc=http%3A%2F%2Fwww.walleyecentral.com%2Fforums%2Fsearch.php%3Fsearchid%3D4437010&referer=http%3A%2F%2Fwww.walleyecentral.com%2Fforums%2Findex.php&cb=c6846c1e24 HTTP/1.1" 200 43 "http://www.walleyecentral.com/forums/search.php?searchid=4437010" "Mozilla/5.0 (Macintosh; Intel Mac OS X 10_7_2) AppleWebKit/535.7 (KHTML, like Gecko) Chrome/16.0.912.63 Safari/535.7"
206.176.55.138 - - [04/Jan/2012:09:17:12 -0500] "GET /openx/www/delivery/ajs.php?n=a5212870&zoneid=86&source=&exclude=,&r=895798771&loc=http%3A//www.walleyecentral.com/forums/forumdisplay.php%3Ff%3D5&referer=http%3A//www.walleyecentral.com/forums/index.php HTTP/1.1" 200 937 "http://www.walleyecentral.com/forums/forumdisplay.php?f=5" "Mozilla/5.0 (compatible; MSIE 9.0; Windows NT 6.1; WOW64; Trident/5.0)"
208.69.211.171 - - [04/Jan/2012:09:17:12 -0500] "GET /phpQJr/poll.php?pid=50&url=http%3A//www.walleyecentral.com/ HTTP/1.1" 200 4210 "http://www.walleyecentral.com/" "Mozilla/5.0 (Windows NT 5.1; rv:8.0) Gecko/20100101 Firefox/8.0"
67.184.34.177 - - [04/Jan/2012:09:17:12 -0500] "GET /forums/clientscript/vbulletin_important.css?v=373 HTTP/1.1" 200 1687 "http://www.walleyecentral.com/forums/showthread.php?t=130310" "Mozilla/5.0 (compatible; MSIE 9.0; Windows NT 6.0; Trident/5.0)"
184.155.22.145 - - [04/Jan/2012:09:17:12 -0500] "GET /forums/clientscript/vbulletin_textedit.js?v=373 HTTP/1.1" 304 - "http://www.walleyecentral.com/forums/showthread.php?t=189233" "Mozilla/4.0 (compatible; MSIE 8.0; Windows NT 6.1; WOW64; Trident/4.0; GTB7.2; SLCC2; .NET CLR 2.0.50727; .NET CLR 3.5.30729; .NET CLR 3.0.30729; Media Center PC 6.0; MDDC; IPH 1.1.21.4019; .NET4.0C)"
184.155.22.145 - - [04/Jan/2012:09:17:12 -0500] "GET /forums/clientscript/vbulletin_quick_edit.js?v=373 HTTP/1.1" 304 - "http://www.walleyecentral.com/forums/showthread.php?t=189233" "Mozilla/4.0 (compatible; MSIE 8.0; Windows NT 6.1; WOW64; Trident/4.0; GTB7.2; SLCC2; .NET CLR 2.0.50727; .NET CLR 3.5.30729; .NET CLR 3.0.30729; Media Center PC 6.0; MDDC; IPH 1.1.21.4019; .NET4.0C)"
67.184.34.177 - - [04/Jan/2012:09:17:12 -0500] "GET /themes/default/theme.css HTTP/1.1" 200 6726 "http://www.walleyecentral.com/forums/showthread.php?t=130310" "Mozilla/5.0 (compatible; MSIE 9.0; Windows NT 6.0; Trident/5.0)"
184.155.22.145 - - [04/Jan/2012:09:17:12 -0500] "GET /forums/clientscript/vbulletin_quick_reply.js?v=373 HTTP/1.1" 304 - "http://www.walleyecentral.com/forums/showthread.php?t=189233" "Mozilla/4.0 (compatible; MSIE 8.0; Windows NT 6.1; WOW64; Trident/4.0; GTB7.2; SLCC2; .NET CLR 2.0.50727; .NET CLR 3.5.30729; .NET CLR 3.0.30729; Media Center PC 6.0; MDDC; IPH 1.1.21.4019; .NET4.0C)"
67.184.34.177 - - [04/Jan/2012:09:17:12 -0500] "GET /forums/clientscript/vbulletin_menu.js?v=373 HTTP/1.1" 200 9389 "http://www.walleyecentral.com/forums/showthread.php?t=130310" "Mozilla/5.0 (compatible; MSIE 9.0; Windows NT 6.0; Trident/5.0)"
184.155.22.145 - - [04/Jan/2012:09:17:12 -0500] "GET /forums/images/statusicon/user_online.gif HTTP/1.1" 304 - "http://www.walleyecentral.com/forums/showthread.php?t=189233" "Mozilla/4.0 (compatible; MSIE 8.0; Windows NT 6.1; WOW64; Trident/4.0; GTB7.2; SLCC2; .NET CLR 2.0.50727; .NET CLR 3.5.30729; .NET CLR 3.0.30729; Media Center PC 6.0; MDDC; IPH 1.1.21.4019; .NET4.0C)"
199.189.229.8 - - [04/Jan/2012:09:17:12 -0500] "GET /commonimages/addcenter.png HTTP/1.1" 200 330 "http://www.walleyecentral.com/customize.php" "Mozilla/5.0 (compatible; MSIE 9.0; Windows NT 6.1; WOW64; Trident/5.0)"
199.189.229.8 - - [04/Jan/2012:09:17:12 -0500] "GET /dbimages/blocks-2004-11-15-104930434iconfile.png HTTP/1.1" 200 4635 "http://www.walleyecentral.com/customize.php" "Mozilla/5.0 (compatible; MSIE 9.0; Windows NT 6.1; WOW64; Trident/5.0)"
199.189.229.8 - - [04/Jan/2012:09:17:12 -0500] "GET /commonimages/addleft.png HTTP/1.1" 200 325 "http://www.walleyecentral.com/customize.php" "Mozilla/5.0 (compatible; MSIE 9.0; Windows NT 6.1; WOW64; Trident/5.0)"
199.189.229.8 - - [04/Jan/2012:09:17:12 -0500] "GET /dbimages/blocks-2004-11-12-672781722iconfile.jpg HTTP/1.1" 200 1297 "http://www.walleyecentral.com/customize.php" "Mozilla/5.0 (compatible; MSIE 9.0; Windows NT 6.1; WOW64; Trident/5.0)"
67.184.34.177 - - [04/Jan/2012:09:17:12 -0500] "GET /forums/clientscript/yui/connection/connection-min.js?v=373 HTTP/1.1" 200 14349 "http://www.walleyecentral.com/forums/showthread.php?t=130310" "Mozilla/5.0 (compatible; MSIE 9.0; Windows NT 6.0; Trident/5.0)"
208.38.64.34 - - [04/Jan/2012:09:17:12 -0500] "GET /openx/www/delivery/ajs.php?n=a5212870&zoneid=106&source=&exclude=,&r=507966641&loc=http%3A//www.walleyecentral.com/forums/showthread.php%3Ft%3D189126&referer=http%3A//www.walleyecentral.com/forums/forumdisplay.php%3Ff%3D34 HTTP/1.1" 200 927 "http://www.walleyecentral.com/forums/showthread.php?t=189126" "Mozilla/5.0 (Windows NT 5.1) AppleWebKit/535.7 (KHTML, like Gecko) Chrome/16.0.912.63 Safari/535.7"
67.184.34.177 - - [04/Jan/2012:09:17:12 -0500] "GET /forums/clientscript/vbulletin_global.js?v=373 HTTP/1.1" 200 25057 "http://www.walleyecentral.com/forums/showthread.php?t=130310" "Mozilla/5.0 (compatible; MSIE 9.0; Windows NT 6.0; Trident/5.0)"
184.155.22.145 - - [04/Jan/2012:09:17:12 -0500] "GET /openx/www/delivery/lg.php?bannerid=34&campaignid=1&zoneid=98&loc=http%3A%2F%2Fwww.walleyecentral.com%2Fforums%2Fshowthread.php%3Ft%3D189233&referer=http%3A%2F%2Fwww.walleyecentral.com%2Fforums%2Fsearch.php%3Fsearchid%3D4437008&cb=4de501b05b HTTP/1.1" 200 43 "http://www.walleyecentral.com/forums/showthread.php?t=189233" "Mozilla/4.0 (compatible; MSIE 8.0; Windows NT 6.1; WOW64; Trident/4.0; GTB7.2; SLCC2; .NET CLR 2.0.50727; .NET CLR 3.5.30729; .NET CLR 3.0.30729; Media Center PC 6.0; MDDC; IPH 1.1.21.4019; .NET4.0C)"
67.184.34.177 - - [04/Jan/2012:09:17:12 -0500] "GET /forums/clientscript/yui/yahoo-dom-event/yahoo-dom-event.js?v=373 HTTP/1.1" 200 31100 "http://www.walleyecentral.com/forums/showthread.php?t=130310" "Mozilla/5.0 (compatible; MSIE 9.0; Windows NT 6.0; Trident/5.0)"
208.38.64.34 - - [04/Jan/2012:09:17:11 -0500] "GET /forums/showthread.php?t=189126 HTTP/1.1" 200 20201 "http://www.walleyecentral.com/forums/forumdisplay.php?f=34" "Mozilla/5.0 (Windows NT 5.1) AppleWebKit/535.7 (KHTML, like Gecko) Chrome/16.0.912.63 Safari/535.7"
199.189.229.8 - - [04/Jan/2012:09:17:10 -0500] "GET /customize.php HTTP/1.1" 200 18102 "http://www.walleyecentral.com/" "Mozilla/5.0 (compatible; MSIE 9.0; Windows NT 6.1; WOW64; Trident/5.0)"
208.69.211.171 - - [04/Jan/2012:09:17:13 -0500] "GET /phpQJr/images/invdot.gif HTTP/1.1" 404 311 "http://www.walleyecentral.com/phpQJr/poll.php?pid=50&url=http%3A//www.walleyecentral.com/" "Mozilla/5.0 (Windows NT 5.1; rv:8.0) Gecko/20100101 Firefox/8.0"
180.76.5.92 - - [04/Jan/2012:09:17:12 -0500] "GET /forums/showthread.php?t=166529 HTTP/1.1" 200 14377 "-" "Mozilla/5.0 (compatible; Baiduspider/2.0; +http://www.baidu.com/search/spider.html)"
199.189.229.8 - - [04/Jan/2012:09:17:13 -0500] "GET /commonimages/addright.png HTTP/1.1" 200 328 "http://www.walleyecentral.com/customize.php" "Mozilla/5.0 (compatible; MSIE 9.0; Windows NT 6.1; WOW64; Trident/5.0)"
206.176.55.138 - - [04/Jan/2012:09:17:12 -0500] "GET /openx/www/delivery/lg.php?bannerid=75&campaignid=1&zoneid=86&channel_ids=,&loc=http%3A%2F%2Fwww.walleyecentral.com%2Fforums%2Fforumdisplay.php%3Ff%3D5&referer=http%3A%2F%2Fwww.walleyecentral.com%2Fforums%2Findex.php&cb=961b499dcb HTTP/1.1" 200 43 "http://www.walleyecentral.com/forums/forumdisplay.php?f=5" "Mozilla/5.0 (compatible; MSIE 9.0; Windows NT 6.1; WOW64; Trident/5.0)"
12.3.223.129 - - [04/Jan/2012:09:17:13 -0500] "GET /forums/showthread.php?t=170490&page=3 HTTP/1.1" 200 19210 "http://www.walleyecentral.com/forums/showthread.php?t=170490&page=4" "Mozilla/4.0 (compatible; MSIE 6.0; Windows NT 5.1; SV1; GTB7.2; .NET CLR 2.0.50727)"
66.11.150.236 - - [04/Jan/2012:09:17:13 -0500] "GET /weather.php?pands=dubuque HTTP/1.0" 200 23550 "-" "-"
46.17.96.43 - - [04/Jan/2012:09:17:11 -0500] "POST /forums/register.php?do=addmember HTTP/1.0" 200 41670 "http://www.walleyecentral.com/forums/register.php?s=eb96c66e1ba642eb0d354a3ccd61ae58" "Mozilla/4.0 (compatible; MSIE 6.0; MSIE 5.5; Windows NT 5.0) Opera 7.02 Bork-edition [en]"
208.38.64.34 - - [04/Jan/2012:09:17:13 -0500] "GET /forums/image.php?u=30006&dateline=1269725988 HTTP/1.1" 200 1692 "http://www.walleyecentral.com/forums/showthread.php?t=189126" "Mozilla/5.0 (Windows NT 5.1) AppleWebKit/535.7 (KHTML, like Gecko) Chrome/16.0.912.63 Safari/535.7"
66.11.150.236 - - [04/Jan/2012:09:17:13 -0500] "GET /weather.php?pands=56359 HTTP/1.0" 200 24171 "-" "-"
12.3.223.129 - - [04/Jan/2012:09:17:13 -0500] "GET /openx/www/delivery/ajs.php?n=a5212870&zoneid=19&source=&exclude=,&r=935781021&loc=http%3A//www.walleyecentral.com/forums/showthread.php%3Ft%3D170490%26page%3D3&referer=http%3A//www.walleyecentral.com/forums/showthread.php%3Ft%3D170490%26page%3D4 HTTP/1.1" 200 949 "http://www.walleyecentral.com/forums/showthread.php?t=170490&page=3" "Mozilla/4.0 (compatible; MSIE 6.0; Windows NT 5.1; SV1; GTB7.2; .NET CLR 2.0.50727)"
65.52.110.147 - - [04/Jan/2012:09:17:13 -0500] "GET /forums/showthread.php?p=1005932 HTTP/1.1" 200 17394 "-" "Mozilla/5.0 (compatible; bingbot/2.0; +http://www.bing.com/bingbot.htm)"
67.184.34.177 - - [04/Jan/2012:09:17:13 -0500] "GET /forums/clientscript/vbulletin_post_loader.js?v=373 HTTP/1.1" 200 2037 "http://www.walleyecentral.com/forums/showthread.php?t=130310" "Mozilla/5.0 (compatible; MSIE 9.0; Windows NT 6.0; Trident/5.0)"
67.184.34.177 - - [04/Jan/2012:09:17:13 -0500] "GET /forums/images/misc/navbits_start.gif HTTP/1.1" 200 1004 "http://www.walleyecentral.com/forums/showthread.php?t=130310" "Mozilla/5.0 (compatible; MSIE 9.0; Windows NT 6.0; Trident/5.0)"
199.189.229.8 - - [04/Jan/2012:09:17:13 -0500] "GET /dbimages/blocks-2004-11-15-261224501iconfile.png HTTP/1.1" 200 4451 "http://www.walleyecentral.com/customize.php" "Mozilla/5.0 (compatible; MSIE 9.0; Windows NT 6.1; WOW64; Trident/5.0)"
67.184.34.177 - - [04/Jan/2012:09:17:13 -0500] "GET /forums/clientscript/vbulletin_md5.js?v=373 HTTP/1.1" 200 5464 "http://www.walleyecentral.com/forums/showthread.php?t=130310" "Mozilla/5.0 (compatible; MSIE 9.0; Windows NT 6.0; Trident/5.0)"
67.184.34.177 - - [04/Jan/2012:09:17:13 -0500] "GET /forums/images/misc/navbits_finallink_ltr.gif HTTP/1.1" 200 1035 "http://www.walleyecentral.com/forums/showthread.php?t=130310" "Mozilla/5.0 (compatible; MSIE 9.0; Windows NT 6.0; Trident/5.0)"
67.184.34.177 - - [04/Jan/2012:09:17:13 -0500] "GET /forums/images/buttons/reply.gif HTTP/1.1" 200 3226 "http://www.walleyecentral.com/forums/showthread.php?t=130310" "Mozilla/5.0 (compatible; MSIE 9.0; Windows NT 6.0; Trident/5.0)"
67.184.34.177 - - [04/Jan/2012:09:17:13 -0500] "GET /forums/images/misc/headerlogo2.png HTTP/1.1" 200 11496 "http://www.walleyecentral.com/forums/showthread.php?t=130310" "Mozilla/5.0 (compatible; MSIE 9.0; Windows NT 6.0; Trident/5.0)"
199.189.229.8 - - [04/Jan/2012:09:17:13 -0500] "GET /dbimages/blocks-2004-11-15-106189930iconfile.png HTTP/1.1" 200 4423 "http://www.walleyecentral.com/customize.php" "Mozilla/5.0 (compatible; MSIE 9.0; Windows NT 6.1; WOW64; Trident/5.0)"
199.189.229.8 - - [04/Jan/2012:09:17:13 -0500] "GET /dbimages/blocks-2004-11-15-988321665iconfile.png HTTP/1.1" 200 5236 "http://www.walleyecentral.com/customize.php" "Mozilla/5.0 (compatible; MSIE 9.0; Windows NT 6.1; WOW64; Trident/5.0)"
67.184.34.177 - - [04/Jan/2012:09:17:13 -0500] "GET /forums/images/statusicon/post_old.gif HTTP/1.1" 200 522 "http://www.walleyecentral.com/forums/showthread.php?t=130310" "Mozilla/5.0 (compatible; MSIE 9.0; Windows NT 6.0; Trident/5.0)"
67.184.34.177 - - [04/Jan/2012:09:17:13 -0500] "GET /forums/images/statusicon/user_offline.gif HTTP/1.1" 200 1026 "http://www.walleyecentral.com/forums/showthread.php?t=130310" "Mozilla/5.0 (compatible; MSIE 9.0; Windows NT 6.0; Trident/5.0)"
12.3.223.129 - - [04/Jan/2012:09:17:13 -0500] "GET /forums/attachment.php?attachmentid=12221&stc=1&thumb=1&d=1319805739 HTTP/1.1" 200 2404 "http://www.walleyecentral.com/forums/showthread.php?t=170490&page=3" "Mozilla/4.0 (compatible; MSIE 6.0; Windows NT 5.1; SV1; GTB7.2; .NET CLR 2.0.50727)"
67.184.34.177 - - [04/Jan/2012:09:17:13 -0500] "GET /forums/images/buttons/quote.gif HTTP/1.1" 200 2182 "http://www.walleyecentral.com/forums/showthread.php?t=130310" "Mozilla/5.0 (compatible; MSIE 9.0; Windows NT 6.0; Trident/5.0)"
67.184.34.177 - - [04/Jan/2012:09:17:13 -0500] "GET /forums/images/icons/icon1.gif HTTP/1.1" 200 1032 "http://www.walleyecentral.com/forums/showthread.php?t=130310" "Mozilla/5.0 (compatible; MSIE 9.0; Windows NT 6.0; Trident/5.0)"
12.3.223.129 - - [04/Jan/2012:09:17:13 -0500] "GET /forums/images/smilies/happy.gif HTTP/1.1" 200 166 "http://www.walleyecentral.com/forums/showthread.php?t=170490&page=3" "Mozilla/4.0 (compatible; MSIE 6.0; Windows NT 5.1; SV1; GTB7.2; .NET CLR 2.0.50727)"
205.134.249.170 - - [04/Jan/2012:09:17:13 -0500] "GET /weather.php?pands=61415 HTTP/1.1" 200 16166 "-" "PHP/5.2.17"
205.134.249.170 - - [04/Jan/2012:09:17:13 -0500] "GET /weather.php?pands=north+liber HTTP/1.1" 200 16166 "-" "PHP/5.2.17"
12.3.223.129 - - [04/Jan/2012:09:17:13 -0500] "GET /forums/attachment.php?attachmentid=12222&stc=1&thumb=1&d=1319805739 HTTP/1.1" 200 2804 "http://www.walleyecentral.com/forums/showthread.php?t=170490&page=3" "Mozilla/4.0 (compatible; MSIE 6.0; Windows NT 5.1; SV1; GTB7.2; .NET CLR 2.0.50727)"
67.184.34.177 - - [04/Jan/2012:09:17:13 -0500] "GET /qnav/bullet_sq_sm_slateblue.gif HTTP/1.1" 200 820 "http://www.walleyecentral.com/forums/showthread.php?t=130310" "Mozilla/5.0 (compatible; MSIE 9.0; Windows NT 6.0; Trident/5.0)"
213.27.232.210 - - [04/Jan/2012:09:17:12 -0500] "POST /forums/register.php?do=addmember HTTP/1.1" 200 41597 "http://www.walleyecentral.com/forums/register.php" "Mozilla/4.0 (compatible; MSIE 6.0; Windows NT 5.1)"
12.3.223.129 - - [04/Jan/2012:09:17:13 -0500] "GET /forums/attachment.php?attachmentid=12242&stc=1&thumb=1&d=1320087984 HTTP/1.1" 200 2072 "http://www.walleyecentral.com/forums/showthread.php?t=170490&page=3" "Mozilla/4.0 (compatible; MSIE 6.0; Windows NT 5.1; SV1; GTB7.2; .NET CLR 2.0.50727)"
67.184.34.177 - - [04/Jan/2012:09:17:13 -0500] "GET /openx/www/delivery/ajs.php?n=a5212870&zoneid=55&source=&exclude=,&r=161413481&loc=http%3A//www.walleyecentral.com/forums/showthread.php%3Ft%3D130310&referer=http%3A//www.google.com/url%3Fsa%3Dt%26rct%3Dj%26q%3Dapollo+propeller%26source%3Dweb%26cd%3D39%26ved%3D0CGQQFjAIOB4%26url%3Dhttp%253A%252F%252Fwww.walleyecentral.com%252Fforums%252Fshowthread.php%253Ft%253D130310%26ei%3DKl8ET9PiJMOrgwfJ0rGaAw%26usg%3DAFQjCNHcSvIztiT4v39__mPr2olFWg8nFQ HTTP/1.1" 200 1214 "http://www.walleyecentral.com/forums/showthread.php?t=130310" "Mozilla/5.0 (compatible; MSIE 9.0; Windows NT 6.0; Trident/5.0)"
199.189.229.8 - - [04/Jan/2012:09:17:13 -0500] "GET /dbimages/blocks-2004-11-12-661595891iconfile.png HTTP/1.1" 200 3396 "http://www.walleyecentral.com/customize.php" "Mozilla/5.0 (compatible; MSIE 9.0; Windows NT 6.1; WOW64; Trident/5.0)"
12.3.223.129 - - [04/Jan/2012:09:17:13 -0500] "GET /forums/attachment.php?attachmentid=12243&stc=1&thumb=1&d=1320087984 HTTP/1.1" 200 2330 "http://www.walleyecentral.com/forums/showthread.php?t=170490&page=3" "Mozilla/4.0 (compatible; MSIE 6.0; Windows NT 5.1; SV1; GTB7.2; .NET CLR 2.0.50727)"
199.189.229.8 - - [04/Jan/2012:09:17:13 -0500] "GET /dbimages/blocks-2005-04-25-453875513iconfile.gif HTTP/1.1" 200 1766 "http://www.walleyecentral.com/customize.php" "Mozilla/5.0 (compatible; MSIE 9.0; Windows NT 6.1; WOW64; Trident/5.0)"
208.38.64.34 - - [04/Jan/2012:09:17:13 -0500] "GET /openx/www/delivery/lg.php?bannerid=93&campaignid=1&zoneid=106&loc=http%3A%2F%2Fwww.walleyecentral.com%2Fforums%2Fshowthread.php%3Ft%3D189126&referer=http%3A%2F%2Fwww.walleyecentral.com%2Fforums%2Fforumdisplay.php%3Ff%3D34&cb=6ff934f07c HTTP/1.1" 200 43 "http://www.walleyecentral.com/forums/showthread.php?t=189126" "Mozilla/5.0 (Windows NT 5.1) AppleWebKit/535.7 (KHTML, like Gecko) Chrome/16.0.912.63 Safari/535.7"
67.184.34.177 - - [04/Jan/2012:09:17:14 -0500] "GET /openx/www/delivery/ai.php?filename=parking_banner.gif&contenttype=gif HTTP/1.1" 200 3177 "http://www.walleyecentral.com/forums/showthread.php?t=130310" "Mozilla/5.0 (compatible; MSIE 9.0; Windows NT 6.0; Trident/5.0)"
12.3.223.129 - - [04/Jan/2012:09:17:13 -0500] "GET /forums/attachment.php?attachmentid=12250&stc=1&thumb=1&d=1320088776 HTTP/1.1" 200 2974 "http://www.walleyecentral.com/forums/showthread.php?t=170490&page=3" "Mozilla/4.0 (compatible; MSIE 6.0; Windows NT 5.1; SV1; GTB7.2; .NET CLR 2.0.50727)"
12.3.223.129 - - [04/Jan/2012:09:17:13 -0500] "GET /forums/attachment.php?attachmentid=12241&stc=1&thumb=1&d=1320087984 HTTP/1.1" 200 2370 "http://www.walleyecentral.com/forums/showthread.php?t=170490&page=3" "Mozilla/4.0 (compatible; MSIE 6.0; Windows NT 5.1; SV1; GTB7.2; .NET CLR 2.0.50727)"
67.184.34.177 - - [04/Jan/2012:09:17:14 -0500] "GET /forums/images/misc/menu_open.gif HTTP/1.1" 200 279 "http://www.walleyecentral.com/forums/showthread.php?t=130310" "Mozilla/5.0 (compatible; MSIE 9.0; Windows NT 6.0; Trident/5.0)"
67.184.34.177 - - [04/Jan/2012:09:17:14 -0500] "GET /forums/clientscript/vbulletin_lightbox.js?v=373 HTTP/1.1" 200 10260 "http://www.walleyecentral.com/forums/showthread.php?t=130310" "Mozilla/5.0 (compatible; MSIE 9.0; Windows NT 6.0; Trident/5.0)"
67.184.34.177 - - [04/Jan/2012:09:17:14 -0500] "GET /forums/images/buttons/mode_linear.gif HTTP/1.1" 200 609 "http://www.walleyecentral.com/forums/showthread.php?t=130310" "Mozilla/5.0 (compatible; MSIE 9.0; Windows NT 6.0; Trident/5.0)"
67.184.34.177 - - [04/Jan/2012:09:17:14 -0500] "GET /forums/images/buttons/sendtofriend.gif HTTP/1.1" 200 1125 "http://www.walleyecentral.com/forums/showthread.php?t=130310" "Mozilla/5.0 (compatible; MSIE 9.0; Windows NT 6.0; Trident/5.0)"
67.184.34.177 - - [04/Jan/2012:09:17:14 -0500] "GET /forums/images/buttons/printer.gif HTTP/1.1" 200 1072 "http://www.walleyecentral.com/forums/showthread.php?t=130310" "Mozilla/5.0 (compatible; MSIE 9.0; Windows NT 6.0; Trident/5.0)"
199.189.229.8 - - [04/Jan/2012:09:17:14 -0500] "GET /dbimages/blocks-2004-11-15-134731794iconfile.png HTTP/1.1" 200 2603 "http://www.walleyecentral.com/customize.php" "Mozilla/5.0 (compatible; MSIE 9.0; Windows NT 6.1; WOW64; Trident/5.0)"
67.184.34.177 - - [04/Jan/2012:09:17:14 -0500] "GET /forums/images/buttons/mode_hybrid.gif HTTP/1.1" 200 588 "http://www.walleyecentral.com/forums/showthread.php?t=130310" "Mozilla/5.0 (compatible; MSIE 9.0; Windows NT 6.0; Trident/5.0)"
67.184.34.177 - - [04/Jan/2012:09:17:14 -0500] "GET /forums/images/buttons/mode_threaded.gif HTTP/1.1" 200 562 "http://www.walleyecentral.com/forums/showthread.php?t=130310" "Mozilla/5.0 (compatible; MSIE 9.0; Windows NT 6.0; Trident/5.0)"
67.184.34.177 - - [04/Jan/2012:09:17:14 -0500] "GET /forums/images/buttons/collapse_thead.gif HTTP/1.1" 200 580 "http://www.walleyecentral.com/forums/showthread.php?t=130310" "Mozilla/5.0 (compatible; MSIE 9.0; Windows NT 6.0; Trident/5.0)"
12.3.223.129 - - [04/Jan/2012:09:17:13 -0500] "GET /openx/www/delivery/lg.php?bannerid=93&campaignid=1&zoneid=19&loc=http%3A%2F%2Fwww.walleyecentral.com%2Fforums%2Fshowthread.php%3Ft%3D170490%26page%3D3&referer=http%3A%2F%2Fwww.walleyecentral.com%2Fforums%2Fshowthread.php%3Ft%3D170490%26page%3D4&cb=32f8e73543 HTTP/1.1" 200 43 "http://www.walleyecentral.com/forums/showthread.php?t=170490&page=3" "Mozilla/4.0 (compatible; MSIE 6.0; Windows NT 5.1; SV1; GTB7.2; .NET CLR 2.0.50727)"
12.3.223.129 - - [04/Jan/2012:09:17:14 -0500] "GET /forums/attachment.php?attachmentid=12251&stc=1&thumb=1&d=1320088776 HTTP/1.1" 200 2481 "http://www.walleyecentral.com/forums/showthread.php?t=170490&page=3" "Mozilla/4.0 (compatible; MSIE 6.0; Windows NT 5.1; SV1; GTB7.2; .NET CLR 2.0.50727)"
12.3.223.129 - - [04/Jan/2012:09:17:14 -0500] "GET /forums/attachment.php?attachmentid=12249&stc=1&thumb=1&d=1320088776 HTTP/1.1" 200 2652 "http://www.walleyecentral.com/forums/showthread.php?t=170490&page=3" "Mozilla/4.0 (compatible; MSIE 6.0; Windows NT 5.1; SV1; GTB7.2; .NET CLR 2.0.50727)"
12.3.223.129 - - [04/Jan/2012:09:17:14 -0500] "GET /forums/images/smilies/smile.gif HTTP/1.1" 200 1061 "http://www.walleyecentral.com/forums/showthread.php?t=170490&page=3" "Mozilla/4.0 (compatible; MSIE 6.0; Windows NT 5.1; SV1; GTB7.2; .NET CLR 2.0.50727)"
65.52.108.26 - - [04/Jan/2012:09:17:14 -0500] "GET /forums/archive/index.php/t-99951.html HTTP/1.1" 200 1893 "-" "Mozilla/5.0 (compatible; bingbot/2.0; +http://www.bing.com/bingbot.htm)"
12.3.223.129 - - [04/Jan/2012:09:17:14 -0500] "GET /forums/attachment.php?attachmentid=12259&stc=1&thumb=1&d=1320142122 HTTP/1.1" 200 2536 "http://www.walleyecentral.com/forums/showthread.php?t=170490&page=3" "Mozilla/4.0 (compatible; MSIE 6.0; Windows NT 5.1; SV1; GTB7.2; .NET CLR 2.0.50727)"
67.184.34.177 - - [04/Jan/2012:09:17:14 -0500] "GET /favicon.ico HTTP/1.1" 200 822 "-" "Mozilla/5.0 (compatible; MSIE 9.0; Windows NT 6.0; Trident/5.0)"
12.3.223.129 - - [04/Jan/2012:09:17:14 -0500] "GET /forums/images/icons/icon12.gif HTTP/1.1" 200 1060 "http://www.walleyecentral.com/forums/showthread.php?t=170490&page=3" "Mozilla/4.0 (compatible; MSIE 6.0; Windows NT 5.1; SV1; GTB7.2; .NET CLR 2.0.50727)"
67.184.34.177 - - [04/Jan/2012:09:17:14 -0500] "GET /openx/www/delivery/lg.php?bannerid=14&campaignid=1&zoneid=55&channel_ids=,&loc=http%3A%2F%2Fwww.walleyecentral.com%2Fforums%2Fshowthread.php%3Ft%3D130310&referer=http%3A%2F%2Fwww.google.com%2Furl%3Fsa%3Dt%26rct%3Dj%26q%3Dapollo+propeller%26source%3Dweb%26cd%3D39%26ved%3D0CGQQFjAIOB4%26url%3Dhttp%253A%252F%252Fwww.walleyecentral.com%252Fforums%252Fshowthread.php%253Ft%253D130310%26ei%3DKl8ET9PiJMOrgwfJ0rGaAw%26usg%3DAFQjCNHcSvIztiT4v39__mPr2olFWg8nFQ&cb=c6fc5fffc0 HTTP/1.1" 200 43 "http://www.walleyecentral.com/forums/showthread.php?t=130310" "Mozilla/5.0 (compatible; MSIE 9.0; Windows NT 6.0; Trident/5.0)"
205.134.249.170 - - [04/Jan/2012:09:17:14 -0500] "GET /weather.php?pands=57273 HTTP/1.1" 200 16166 "-" "PHP/5.2.17"
199.189.229.8 - - [04/Jan/2012:09:17:14 -0500] "GET /dbimages/blocks-2004-12-06-233849035iconfile.gif HTTP/1.1" 200 2460 "http://www.walleyecentral.com/customize.php" "Mozilla/5.0 (compatible; MSIE 9.0; Windows NT 6.1; WOW64; Trident/5.0)"
208.38.64.34 - - [04/Jan/2012:09:17:13 -0500] "GET /openx/www/delivery/ai.php?filename=navionics.jpg&contenttype=jpeg HTTP/1.1" 200 14740 "http://www.walleyecentral.com/forums/showthread.php?t=189126" "Mozilla/5.0 (Windows NT 5.1) AppleWebKit/535.7 (KHTML, like Gecko) Chrome/16.0.912.63 Safari/535.7"
199.189.229.8 - - [04/Jan/2012:09:17:14 -0500] "GET /dbimages/blocks-2007-04-12-483690947iconfile.gif HTTP/1.1" 200 1703 "http://www.walleyecentral.com/customize.php" "Mozilla/5.0 (compatible; MSIE 9.0; Windows NT 6.1; WOW64; Trident/5.0)"
199.189.229.8 - - [04/Jan/2012:09:17:14 -0500] "GET /dbimages/blocks-2004-11-15-37234202iconfile.png HTTP/1.1" 200 4991 "http://www.walleyecentral.com/customize.php" "Mozilla/5.0 (compatible; MSIE 9.0; Windows NT 6.1; WOW64; Trident/5.0)"
199.189.229.8 - - [04/Jan/2012:09:17:14 -0500] "GET /dbimages/blocks-2004-11-15-875868711iconfile.jpg HTTP/1.1" 200 727 "http://www.walleyecentral.com/customize.php" "Mozilla/5.0 (compatible; MSIE 9.0; Windows NT 6.1; WOW64; Trident/5.0)"
207.46.199.55 - - [04/Jan/2012:09:17:14 -0500] "GET /forums/forumdisplay.php?f=34&pp=20&sort=lastpost&order=asc&daysprune=-1&page=103 HTTP/1.1" 200 20478 "-" "Mozilla/5.0 (compatible; bingbot/2.0; +http://www.bing.com/bingbot.htm)"
199.189.229.8 - - [04/Jan/2012:09:17:14 -0500] "GET /dbimages/blocks-2004-11-15-514238317iconfile.png HTTP/1.1" 200 3349 "http://www.walleyecentral.com/customize.php" "Mozilla/5.0 (compatible; MSIE 9.0; Windows NT 6.1; WOW64; Trident/5.0)"
199.189.229.8 - - [04/Jan/2012:09:17:14 -0500] "GET /dbimages/blocks-2006-01-25-835985251iconfile.png HTTP/1.1" 200 2989 "http://www.walleyecentral.com/customize.php" "Mozilla/5.0 (compatible; MSIE 9.0; Windows NT 6.1; WOW64; Trident/5.0)"
65.52.108.198 - - [04/Jan/2012:09:17:09 -0500] "GET /forums/showthread.php?t=160280 HTTP/1.1" 200 17535 "-" "Mozilla/5.0 (compatible; bingbot/2.0; +http://www.bing.com/bingbot.htm)"
199.189.229.8 - - [04/Jan/2012:09:17:15 -0500] "GET /dbimages/blocks-2004-11-12-768212585iconfile.gif HTTP/1.1" 200 3470 "http://www.walleyecentral.com/customize.php" "Mozilla/5.0 (compatible; MSIE 9.0; Windows NT 6.1; WOW64; Trident/5.0)"
63.135.136.202 - - [04/Jan/2012:09:17:15 -0500] "GET /openx/www/delivery/ajs.php?n=a5212870&zoneid=105&source=&exclude=,&r=419788281&loc=http%3A//www.walleyecentral.com/forums/forumdisplay.php%3Ff%3D34&referer=http%3A//www.walleyecentral.com/forums/forumdisplay.php%3Ff%3D5 HTTP/1.1" 200 924 "http://www.walleyecentral.com/forums/forumdisplay.php?f=34" "Mozilla/4.0 (compatible; MSIE 8.0; Windows NT 5.1; Trident/4.0; GTB7.2; .NET CLR 1.1.4322; .NET CLR 2.0.50727; InfoPath.2; .NET CLR 3.0.4506.2152; .NET CLR 3.5.30729)"
66.11.150.236 - - [04/Jan/2012:09:17:15 -0500] "GET /weather.php?pands=54853 HTTP/1.0" 200 24264 "-" "-"
46.17.96.43 - - [04/Jan/2012:09:17:13 -0500] "POST /forums/register.php?do=addmember HTTP/1.0" 200 41682 "http://www.walleyecentral.com/forums/register.php?s=eb96c66e1ba642eb0d354a3ccd61ae58" "Mozilla/4.0 (compatible; MSIE 6.0; MSIE 5.5; Windows NT 5.0) Opera 7.02 Bork-edition [en]"
66.11.150.236 - - [04/Jan/2012:09:17:15 -0500] "GET /weather.php?pands=53081 HTTP/1.0" 200 24180 "-" "-"
206.176.55.138 - - [04/Jan/2012:09:17:15 -0500] "GET /forums/showthread.php?t=189236 HTTP/1.1" 200 22507 "http://www.walleyecentral.com/forums/forumdisplay.php?f=5" "Mozilla/5.0 (compatible; MSIE 9.0; Windows NT 6.1; WOW64; Trident/5.0)"
206.176.55.138 - - [04/Jan/2012:09:17:15 -0500] "GET /openx/www/delivery/ajs.php?n=a5212870&zoneid=87&source=&exclude=,&r=422827661&loc=http%3A//www.walleyecentral.com/forums/showthread.php%3Ft%3D189236&referer=http%3A//www.walleyecentral.com/forums/forumdisplay.php%3Ff%3D5 HTTP/1.1" 200 947 "http://www.walleyecentral.com/forums/showthread.php?t=189236" "Mozilla/5.0 (compatible; MSIE 9.0; Windows NT 6.1; WOW64; Trident/5.0)"
65.52.108.198 - - [04/Jan/2012:09:17:15 -0500] "GET /forums/showthread.php?p=931630 HTTP/1.1" 200 15333 "-" "Mozilla/5.0 (compatible; bingbot/2.0; +http://www.bing.com/bingbot.htm)"
205.134.249.170 - - [04/Jan/2012:09:17:15 -0500] "GET /weather.php?pands=cresant%2Cia HTTP/1.1" 200 16166 "-" "PHP/5.2.17"
206.176.55.138 - - [04/Jan/2012:09:17:15 -0500] "GET /forums/image.php?u=4308&dateline=1299665057 HTTP/1.1" 200 1552 "http://www.walleyecentral.com/forums/showthread.php?t=189236" "Mozilla/5.0 (compatible; MSIE 9.0; Windows NT 6.1; WOW64; Trident/5.0)"
205.134.249.170 - - [04/Jan/2012:09:17:15 -0500] "GET /weather.php?pands=61604 HTTP/1.1" 200 16166 "-" "PHP/5.2.17"
206.176.55.138 - - [04/Jan/2012:09:17:15 -0500] "GET /forums/images/smilies/phatyo.gif HTTP/1.1" 200 1906 "http://www.walleyecentral.com/forums/showthread.php?t=189236" "Mozilla/5.0 (compatible; MSIE 9.0; Windows NT 6.1; WOW64; Trident/5.0)"
207.255.147.25 - - [04/Jan/2012:09:17:15 -0500] "GET /forums/clientscript/vbulletin_important.css?v=373 HTTP/1.1" 304 - "http://www.walleyecentral.com/forums/newreply.php?do=newreply&p=1378855" "Mozilla/5.0 (Windows NT 6.1; WOW64; rv:7.0.1) Gecko/20100101 Firefox/7.0.1"
207.255.147.25 - - [04/Jan/2012:09:17:16 -0500] "GET /forums/clientscript/yui/yahoo-dom-event/yahoo-dom-event.js?v=373 HTTP/1.1" 304 - "http://www.walleyecentral.com/forums/newreply.php?do=newreply&p=1378855" "Mozilla/5.0 (Windows NT 6.1; WOW64; rv:7.0.1) Gecko/20100101 Firefox/7.0.1"
206.176.55.138 - - [04/Jan/2012:09:17:15 -0500] "GET /forums/attachment.php?attachmentid=12954&stc=1&thumb=1&d=1325680229 HTTP/1.1" 200 3025 "http://www.walleyecentral.com/forums/showthread.php?t=189236" "Mozilla/5.0 (compatible; MSIE 9.0; Windows NT 6.1; WOW64; Trident/5.0)"
207.255.147.25 - - [04/Jan/2012:09:17:16 -0500] "GET /forums/clientscript/vbulletin_editor.css?v=373 HTTP/1.1" 304 - "http://www.walleyecentral.com/forums/newreply.php?do=newreply&p=1378855" "Mozilla/5.0 (Windows NT 6.1; WOW64; rv:7.0.1) Gecko/20100101 Firefox/7.0.1"
206.176.55.138 - - [04/Jan/2012:09:17:15 -0500] "GET /forums/attachment.php?attachmentid=12953&stc=1&thumb=1&d=1325680216 HTTP/1.1" 200 3682 "http://www.walleyecentral.com/forums/showthread.php?t=189236" "Mozilla/5.0 (compatible; MSIE 9.0; Windows NT 6.1; WOW64; Trident/5.0)"
63.135.136.202 - - [04/Jan/2012:09:17:15 -0500] "GET /openx/www/delivery/lg.php?bannerid=93&campaignid=1&zoneid=105&loc=http%3A%2F%2Fwww.walleyecentral.com%2Fforums%2Fforumdisplay.php%3Ff%3D34&referer=http%3A%2F%2Fwww.walleyecentral.com%2Fforums%2Fforumdisplay.php%3Ff%3D5&cb=f55015ac91 HTTP/1.1" 200 43 "http://www.walleyecentral.com/forums/forumdisplay.php?f=34" "Mozilla/4.0 (compatible; MSIE 8.0; Windows NT 5.1; Trident/4.0; GTB7.2; .NET CLR 1.1.4322; .NET CLR 2.0.50727; InfoPath.2; .NET CLR 3.0.4506.2152; .NET CLR 3.5.30729)"
207.255.147.25 - - [04/Jan/2012:09:17:15 -0500] "GET /forums/newreply.php?do=newreply&p=1378855 HTTP/1.1" 200 18749 "http://www.walleyecentral.com/forums/showthread.php?t=189062&page=2" "Mozilla/5.0 (Windows NT 6.1; WOW64; rv:7.0.1) Gecko/20100101 Firefox/7.0.1"
207.255.147.25 - - [04/Jan/2012:09:17:16 -0500] "GET /forums/clientscript/vbulletin_menu.js?v=373 HTTP/1.1" 304 - "http://www.walleyecentral.com/forums/newreply.php?do=newreply&p=1378855" "Mozilla/5.0 (Windows NT 6.1; WOW64; rv:7.0.1) Gecko/20100101 Firefox/7.0.1"
207.255.147.25 - - [04/Jan/2012:09:17:16 -0500] "GET /forums/clientscript/yui/connection/connection-min.js?v=373 HTTP/1.1" 304 - "http://www.walleyecentral.com/forums/newreply.php?do=newreply&p=1378855" "Mozilla/5.0 (Windows NT 6.1; WOW64; rv:7.0.1) Gecko/20100101 Firefox/7.0.1"
207.255.147.25 - - [04/Jan/2012:09:17:16 -0500] "GET /forums/clientscript/vbulletin_global.js?v=373 HTTP/1.1" 304 - "http://www.walleyecentral.com/forums/newreply.php?do=newreply&p=1378855" "Mozilla/5.0 (Windows NT 6.1; WOW64; rv:7.0.1) Gecko/20100101 Firefox/7.0.1"
207.255.147.25 - - [04/Jan/2012:09:17:16 -0500] "GET /forums/clientscript/vbulletin_md5.js?v=373 HTTP/1.1" 304 - "http://www.walleyecentral.com/forums/newreply.php?do=newreply&p=1378855" "Mozilla/5.0 (Windows NT 6.1; WOW64; rv:7.0.1) Gecko/20100101 Firefox/7.0.1"
207.255.147.25 - - [04/Jan/2012:09:17:16 -0500] "GET /forums/clientscript/vbulletin_textedit.js?v=373 HTTP/1.1" 304 - "http://www.walleyecentral.com/forums/newreply.php?do=newreply&p=1378855" "Mozilla/5.0 (Windows NT 6.1; WOW64; rv:7.0.1) Gecko/20100101 Firefox/7.0.1"
207.255.147.25 - - [04/Jan/2012:09:17:16 -0500] "GET /openx/www/delivery/ajs.php?n=a5212870&zoneid=89&source=&exclude=,&r=568740271&loc=http%3A//www.walleyecentral.com/forums/newreply.php%3Fdo%3Dnewreply%26p%3D1378855&referer=http%3A//www.walleyecentral.com/forums/showthread.php%3Ft%3D189062%26page%3D2 HTTP/1.1" 200 1100 "http://www.walleyecentral.com/forums/newreply.php?do=newreply&p=1378855" "Mozilla/5.0 (Windows NT 6.1; WOW64; rv:7.0.1) Gecko/20100101 Firefox/7.0.1"
206.176.55.138 - - [04/Jan/2012:09:17:16 -0500] "GET /openx/www/delivery/lg.php?bannerid=74&campaignid=1&zoneid=87&loc=http%3A%2F%2Fwww.walleyecentral.com%2Fforums%2Fshowthread.php%3Ft%3D189236&referer=http%3A%2F%2Fwww.walleyecentral.com%2Fforums%2Fforumdisplay.php%3Ff%3D5&cb=42692a834a HTTP/1.1" 200 43 "http://www.walleyecentral.com/forums/showthread.php?t=189236" "Mozilla/5.0 (compatible; MSIE 9.0; Windows NT 6.1; WOW64; Trident/5.0)"
207.255.147.25 - - [04/Jan/2012:09:17:16 -0500] "GET /openx/www/delivery/ai.php?filename=flag1.jpg&contenttype=jpeg HTTP/1.1" 304 - "http://www.walleyecentral.com/forums/newreply.php?do=newreply&p=1378855" "Mozilla/5.0 (Windows NT 6.1; WOW64; rv:7.0.1) Gecko/20100101 Firefox/7.0.1"
64.179.63.250 - - [04/Jan/2012:09:17:16 -0500] "GET /openx/www/delivery/ajs.php?n=a5212870&zoneid=87&source=&exclude=,&r=884945791&loc=http%3A//www.walleyecentral.com/forums/showthread.php%3Ft%3D189098%26page%3D2&referer=http%3A//www.walleyecentral.com/forums/showthread.php%3Ft%3D189098 HTTP/1.1" 200 961 "http://www.walleyecentral.com/forums/showthread.php?t=189098&page=2" "Mozilla/4.0 (compatible; MSIE 6.0; Windows NT 5.1; SV1; .NET CLR 1.1.4322; .NET CLR 2.0.50727; .NET CLR 3.0.4506.2152; .NET CLR 3.5.30729)"
205.134.249.170 - - [04/Jan/2012:09:17:16 -0500] "GET /weather.php?pands=Park+Rapids HTTP/1.1" 200 16166 "-" "PHP/5.2.17"
64.179.63.250 - - [04/Jan/2012:09:17:16 -0500] "GET /openx/www/delivery/lg.php?bannerid=74&campaignid=1&zoneid=87&loc=http%3A%2F%2Fwww.walleyecentral.com%2Fforums%2Fshowthread.php%3Ft%3D189098%26page%3D2&referer=http%3A%2F%2Fwww.walleyecentral.com%2Fforums%2Fshowthread.php%3Ft%3D189098&cb=228cdb4e6f HTTP/1.1" 200 43 "http://www.walleyecentral.com/forums/showthread.php?t=189098&page=2" "Mozilla/4.0 (compatible; MSIE 6.0; Windows NT 5.1; SV1; .NET CLR 1.1.4322; .NET CLR 2.0.50727; .NET CLR 3.0.4506.2152; .NET CLR 3.5.30729)"
207.255.147.25 - - [04/Jan/2012:09:17:16 -0500] "GET /openx/www/delivery/lg.php?bannerid=50&campaignid=1&zoneid=89&loc=http%3A%2F%2Fwww.walleyecentral.com%2Fforums%2Fnewreply.php%3Fdo%3Dnewreply%26p%3D1378855&referer=http%3A%2F%2Fwww.walleyecentral.com%2Fforums%2Fshowthread.php%3Ft%3D189062%26page%3D2&cb=14294c11b9 HTTP/1.1" 200 43 "http://www.walleyecentral.com/forums/newreply.php?do=newreply&p=1378855" "Mozilla/5.0 (Windows NT 6.1; WOW64; rv:7.0.1) Gecko/20100101 Firefox/7.0.1"
66.249.71.211 - - [04/Jan/2012:09:17:16 -0500] "GET /forums/archive/index.php/t-51975.html HTTP/1.1" 200 2083 "-" "Mozilla/5.0 (compatible; Googlebot/2.1; +http://www.google.com/bot.html)"
46.17.96.43 - - [04/Jan/2012:09:17:16 -0500] "POST /forums/register.php?do=addmember HTTP/1.0" 200 41694 "http://www.walleyecentral.com/forums/register.php?s=eb96c66e1ba642eb0d354a3ccd61ae58" "Mozilla/4.0 (compatible; MSIE 6.0; MSIE 5.5; Windows NT 5.0) Opera 7.02 Bork-edition [en]"
216.67.156.3 - - [04/Jan/2012:09:17:16 -0500] "GET /forums/showthread.php?t=188277&page=4 HTTP/1.1" 200 19827 "http://www.walleyecentral.com/forums/forumdisplay.php?f=15" "Mozilla/4.0 (compatible; MSIE 8.0; Windows NT 6.1; WOW64; Trident/4.0; SLCC2; .NET CLR 2.0.50727; .NET CLR 3.5.30729; .NET CLR 3.0.30729; Media Center PC 6.0; .NET4.0C; .NET4.0E)"
64.179.63.250 - - [04/Jan/2012:09:17:17 -0500] "GET /openx/www/delivery/ajs.php?n=a5212870&zoneid=87&source=&exclude=,&r=126874651&loc=http%3A//www.walleyecentral.com/forums/showthread.php%3Ft%3D189098&referer=http%3A//www.walleyecentral.com/forums/forumdisplay.php%3Ff%3D5 HTTP/1.1" 200 947 "http://www.walleyecentral.com/forums/showthread.php?t=189098" "Mozilla/4.0 (compatible; MSIE 6.0; Windows NT 5.1; SV1; .NET CLR 1.1.4322; .NET CLR 2.0.50727; .NET CLR 3.0.4506.2152; .NET CLR 3.5.30729)"
216.67.156.3 - - [04/Jan/2012:09:17:17 -0500] "GET /openx/www/delivery/ajs.php?n=a5212870&zoneid=11&source=&exclude=,&r=192239361&loc=http%3A//www.walleyecentral.com/forums/showthread.php%3Ft%3D188277%26page%3D4&referer=http%3A//www.walleyecentral.com/forums/forumdisplay.php%3Ff%3D15 HTTP/1.1" 200 956 "http://www.walleyecentral.com/forums/showthread.php?t=188277&page=4" "Mozilla/4.0 (compatible; MSIE 8.0; Windows NT 6.1; WOW64; Trident/4.0; SLCC2; .NET CLR 2.0.50727; .NET CLR 3.5.30729; .NET CLR 3.0.30729; Media Center PC 6.0; .NET4.0C; .NET4.0E)"
66.11.150.236 - - [04/Jan/2012:09:17:17 -0500] "GET /weather.php?pands=55303 HTTP/1.0" 200 24181 "-" "-"
180.76.5.145 - - [04/Jan/2012:09:17:17 -0500] "GET /forums/showthread.php?t=166363 HTTP/1.1" 200 16495 "-" "Mozilla/5.0 (compatible; Baiduspider/2.0; +http://www.baidu.com/search/spider.html)"
99.157.224.150 - - [04/Jan/2012:09:17:17 -0500] "GET /openx/www/delivery/ajs.php?n=a5212870&zoneid=1&source=&exclude=,&r=23310061&loc=http%3A//www.walleyecentral.com/forums/index.php HTTP/1.1" 200 904 "http://www.walleyecentral.com/forums/index.php" "Mozilla/4.0 (compatible; MSIE 8.0; Windows NT 6.1; WOW64; Trident/4.0; SLCC2; .NET CLR 2.0.50727; .NET CLR 3.5.30729; .NET CLR 3.0.30729; Media Center PC 6.0; CPNTDF; BRI/1; BRI/2; .NET4.0C; .NAP 1.1)"
24.113.159.175 - - [04/Jan/2012:09:17:17 -0500] "GET /forums/showthread.php?t=189221 HTTP/1.1" 200 22509 "http://www.walleyecentral.com/forums/forumdisplay.php?f=5" "Mozilla/5.0 (compatible; MSIE 9.0; Windows NT 6.1; WOW64; Trident/5.0)"
180.76.5.149 - - [04/Jan/2012:09:17:17 -0500] "GET /forums/search.php?searchid=4404838 HTTP/1.1" 200 10522 "-" "Mozilla/5.0 (compatible; Baiduspider/2.0; +http://www.baidu.com/search/spider.html)"
216.67.156.3 - - [04/Jan/2012:09:17:17 -0500] "GET /forums/images/icons/icon3.gif HTTP/1.1" 200 1018 "http://www.walleyecentral.com/forums/showthread.php?t=188277&page=4" "Mozilla/4.0 (compatible; MSIE 8.0; Windows NT 6.1; WOW64; Trident/4.0; SLCC2; .NET CLR 2.0.50727; .NET CLR 3.5.30729; .NET CLR 3.0.30729; Media Center PC 6.0; .NET4.0C; .NET4.0E)"
216.67.156.3 - - [04/Jan/2012:09:17:17 -0500] "GET /forums/images/buttons/viewpost.gif HTTP/1.1" 200 964 "http://www.walleyecentral.com/forums/showthread.php?t=188277&page=4" "Mozilla/4.0 (compatible; MSIE 8.0; Windows NT 6.1; WOW64; Trident/4.0; SLCC2; .NET CLR 2.0.50727; .NET CLR 3.5.30729; .NET CLR 3.0.30729; Media Center PC 6.0; .NET4.0C; .NET4.0E)"
216.67.156.3 - - [04/Jan/2012:09:17:17 -0500] "GET /forums/image.php?u=23252&dateline=1233767182 HTTP/1.1" 200 2045 "http://www.walleyecentral.com/forums/showthread.php?t=188277&page=4" "Mozilla/4.0 (compatible; MSIE 8.0; Windows NT 6.1; WOW64; Trident/4.0; SLCC2; .NET CLR 2.0.50727; .NET CLR 3.5.30729; .NET CLR 3.0.30729; Media Center PC 6.0; .NET4.0C; .NET4.0E)"
216.67.156.3 - - [04/Jan/2012:09:17:17 -0500] "GET /forums/image.php?u=14129&dateline=1302287074 HTTP/1.1" 200 2243 "http://www.walleyecentral.com/forums/showthread.php?t=188277&page=4" "Mozilla/4.0 (compatible; MSIE 8.0; Windows NT 6.1; WOW64; Trident/4.0; SLCC2; .NET CLR 2.0.50727; .NET CLR 3.5.30729; .NET CLR 3.0.30729; Media Center PC 6.0; .NET4.0C; .NET4.0E)"
66.11.150.236 - - [04/Jan/2012:09:17:17 -0500] "GET /weather.php?pands=99352 HTTP/1.0" 200 24181 "-" "-"
216.67.156.3 - - [04/Jan/2012:09:17:17 -0500] "GET /openx/www/delivery/lg.php?bannerid=78&campaignid=1&zoneid=11&loc=http%3A%2F%2Fwww.walleyecentral.com%2Fforums%2Fshowthread.php%3Ft%3D188277%26page%3D4&referer=http%3A%2F%2Fwww.walleyecentral.com%2Fforums%2Fforumdisplay.php%3Ff%3D15&cb=3287a241f7 HTTP/1.1" 200 43 "http://www.walleyecentral.com/forums/showthread.php?t=188277&page=4" "Mozilla/4.0 (compatible; MSIE 8.0; Windows NT 6.1; WOW64; Trident/4.0; SLCC2; .NET CLR 2.0.50727; .NET CLR 3.5.30729; .NET CLR 3.0.30729; Media Center PC 6.0; .NET4.0C; .NET4.0E)"
99.157.224.150 - - [04/Jan/2012:09:17:17 -0500] "GET /openx/www/delivery/lg.php?bannerid=6&campaignid=1&zoneid=1&channel_ids=,&loc=http%3A%2F%2Fwww.walleyecentral.com%2Fforums%2Findex.php&cb=b50e713bae HTTP/1.1" 200 43 "http://www.walleyecentral.com/forums/index.php" "Mozilla/4.0 (compatible; MSIE 8.0; Windows NT 6.1; WOW64; Trident/4.0; SLCC2; .NET CLR 2.0.50727; .NET CLR 3.5.30729; .NET CLR 3.0.30729; Media Center PC 6.0; CPNTDF; BRI/1; BRI/2; .NET4.0C; .NAP 1.1)"
24.113.159.175 - - [04/Jan/2012:09:17:17 -0500] "GET /forums/showthread.php?t=189221 HTTP/1.1" 200 22208 "http://www.walleyecentral.com/forums/forumdisplay.php?f=5" "Mozilla/5.0 (compatible; MSIE 9.0; Windows NT 6.1; WOW64; Trident/5.0)"
64.179.63.250 - - [04/Jan/2012:09:17:17 -0500] "GET /openx/www/delivery/lg.php?bannerid=74&campaignid=1&zoneid=87&loc=http%3A%2F%2Fwww.walleyecentral.com%2Fforums%2Fshowthread.php%3Ft%3D189098&referer=http%3A%2F%2Fwww.walleyecentral.com%2Fforums%2Fforumdisplay.php%3Ff%3D5&cb=c3c66868da HTTP/1.1" 200 43 "http://www.walleyecentral.com/forums/showthread.php?t=189098" "Mozilla/4.0 (compatible; MSIE 6.0; Windows NT 5.1; SV1; .NET CLR 1.1.4322; .NET CLR 2.0.50727; .NET CLR 3.0.4506.2152; .NET CLR 3.5.30729)"
205.134.249.170 - - [04/Jan/2012:09:17:18 -0500] "GET /weather.php?pands=centerville HTTP/1.1" 200 16166 "-" "PHP/5.2.17"
205.134.249.170 - - [04/Jan/2012:09:17:18 -0500] "GET /weather.php?pands=57006 HTTP/1.1" 200 16166 "-" "PHP/5.2.17"
216.67.156.3 - - [04/Jan/2012:09:17:17 -0500] "GET /openx/www/delivery/ai.php?filename=grandpa_joe.gif&contenttype=gif HTTP/1.1" 200 18057 "http://www.walleyecentral.com/forums/showthread.php?t=188277&page=4" "Mozilla/4.0 (compatible; MSIE 8.0; Windows NT 6.1; WOW64; Trident/4.0; SLCC2; .NET CLR 2.0.50727; .NET CLR 3.5.30729; .NET CLR 3.0.30729; Media Center PC 6.0; .NET4.0C; .NET4.0E)"
205.134.249.170 - - [04/Jan/2012:09:17:18 -0500] "GET /weather.php?pands=Lake+Presto HTTP/1.1" 200 16166 "-" "PHP/5.2.17"
65.52.110.147 - - [04/Jan/2012:09:17:18 -0500] "GET /forums/showthread.php?t=63212 HTTP/1.1" 200 13387 "-" "Mozilla/5.0 (compatible; bingbot/2.0; +http://www.bing.com/bingbot.htm)"
216.67.156.3 - - [04/Jan/2012:09:17:18 -0500] "GET /forums/images/statusicon/user_online.gif HTTP/1.1" 200 1026 "http://www.walleyecentral.com/forums/showthread.php?t=188277&page=4" "Mozilla/4.0 (compatible; MSIE 8.0; Windows NT 6.1; WOW64; Trident/4.0; SLCC2; .NET CLR 2.0.50727; .NET CLR 3.5.30729; .NET CLR 3.0.30729; Media Center PC 6.0; .NET4.0C; .NET4.0E)"
216.67.156.3 - - [04/Jan/2012:09:17:18 -0500] "GET /forums/images/smilies/cheers.gif HTTP/1.1" 200 2265 "http://www.walleyecentral.com/forums/showthread.php?t=188277&page=4" "Mozilla/4.0 (compatible; MSIE 8.0; Windows NT 6.1; WOW64; Trident/4.0; SLCC2; .NET CLR 2.0.50727; .NET CLR 3.5.30729; .NET CLR 3.0.30729; Media Center PC 6.0; .NET4.0C; .NET4.0E)"
216.67.156.3 - - [04/Jan/2012:09:17:18 -0500] "GET /forums/images/smilies/banghead.gif HTTP/1.1" 200 904 "http://www.walleyecentral.com/forums/showthread.php?t=188277&page=4" "Mozilla/4.0 (compatible; MSIE 8.0; Windows NT 6.1; WOW64; Trident/4.0; SLCC2; .NET CLR 2.0.50727; .NET CLR 3.5.30729; .NET CLR 3.0.30729; Media Center PC 6.0; .NET4.0C; .NET4.0E)"
216.67.156.3 - - [04/Jan/2012:09:17:18 -0500] "GET /forums/images/smilies/fishhit.gif HTTP/1.1" 200 3888 "http://www.walleyecentral.com/forums/showthread.php?t=188277&page=4" "Mozilla/4.0 (compatible; MSIE 8.0; Windows NT 6.1; WOW64; Trident/4.0; SLCC2; .NET CLR 2.0.50727; .NET CLR 3.5.30729; .NET CLR 3.0.30729; Media Center PC 6.0; .NET4.0C; .NET4.0E)"
216.67.156.3 - - [04/Jan/2012:09:17:18 -0500] "GET /forums/image.php?u=34151&dateline=1317562325 HTTP/1.1" 200 1925 "http://www.walleyecentral.com/forums/showthread.php?t=188277&page=4" "Mozilla/4.0 (compatible; MSIE 8.0; Windows NT 6.1; WOW64; Trident/4.0; SLCC2; .NET CLR 2.0.50727; .NET CLR 3.5.30729; .NET CLR 3.0.30729; Media Center PC 6.0; .NET4.0C; .NET4.0E)"
50.28.14.61 - - [04/Jan/2012:09:17:19 -0500] "GET /forums/image.php?s=a93edabdc663df21d6cad292d3612670&u=31917&dateline=1277869125 HTTP/1.1" 200 2162 "-" "Mozilla/4.0 (compatible; MSIE 7.0; Windows NT 5.2; .NET CLR 2.0;)"
65.52.108.26 - - [04/Jan/2012:09:17:19 -0500] "GET /forums/archive/index.php/t-84127.html HTTP/1.1" 200 5633 "-" "Mozilla/5.0 (compatible; bingbot/2.0; +http://www.bing.com/bingbot.htm)"
64.179.63.250 - - [04/Jan/2012:09:17:18 -0500] "GET /openx/www/delivery/ajs.php?n=a5212870&zoneid=86&source=&exclude=,&r=936802921&loc=http%3A//www.walleyecentral.com/forums/forumdisplay.php%3Ff%3D5&referer=http%3A//www.walleyecentral.com/forums/index.php HTTP/1.1" 200 937 "http://www.walleyecentral.com/forums/forumdisplay.php?f=5" "Mozilla/4.0 (compatible; MSIE 6.0; Windows NT 5.1; SV1; .NET CLR 1.1.4322; .NET CLR 2.0.50727; .NET CLR 3.0.4506.2152; .NET CLR 3.5.30729)"
24.113.159.175 - - [04/Jan/2012:09:17:18 -0500] "GET /openx/www/delivery/ajs.php?n=a5212870&zoneid=87&source=&exclude=,&r=981168891&loc=http%3A//www.walleyecentral.com/forums/showthread.php%3Ft%3D189221&referer=http%3A//www.walleyecentral.com/forums/forumdisplay.php%3Ff%3D5 HTTP/1.1" 200 947 "http://www.walleyecentral.com/forums/showthread.php?t=189221" "Mozilla/5.0 (compatible; MSIE 9.0; Windows NT 6.1; WOW64; Trident/5.0)"
65.52.108.198 - - [04/Jan/2012:09:17:18 -0500] "GET /forums/showthread.php?t=165879 HTTP/1.1" 200 13216 "-" "Mozilla/5.0 (compatible; bingbot/2.0; +http://www.bing.com/bingbot.htm)"
24.113.159.175 - - [04/Jan/2012:09:17:19 -0500] "GET /openx/www/delivery/lg.php?bannerid=74&campaignid=1&zoneid=87&loc=http%3A%2F%2Fwww.walleyecentral.com%2Fforums%2Fshowthread.php%3Ft%3D189221&referer=http%3A%2F%2Fwww.walleyecentral.com%2Fforums%2Fforumdisplay.php%3Ff%3D5&cb=8625a323ae HTTP/1.1" 200 43 "http://www.walleyecentral.com/forums/showthread.php?t=189221" "Mozilla/5.0 (compatible; MSIE 9.0; Windows NT 6.1; WOW64; Trident/5.0)"
64.179.63.250 - - [04/Jan/2012:09:17:19 -0500] "GET /openx/www/delivery/lg.php?bannerid=75&campaignid=1&zoneid=86&channel_ids=,&loc=http%3A%2F%2Fwww.walleyecentral.com%2Fforums%2Fforumdisplay.php%3Ff%3D5&referer=http%3A%2F%2Fwww.walleyecentral.com%2Fforums%2Findex.php&cb=748faecb9d HTTP/1.1" 200 43 "http://www.walleyecentral.com/forums/forumdisplay.php?f=5" "Mozilla/4.0 (compatible; MSIE 6.0; Windows NT 5.1; SV1; .NET CLR 1.1.4322; .NET CLR 2.0.50727; .NET CLR 3.0.4506.2152; .NET CLR 3.5.30729)"
66.11.150.236 - - [04/Jan/2012:09:17:19 -0500] "GET /weather.php?pands=83251 HTTP/1.0" 200 24171 "-" "-"
128.205.154.101 - - [04/Jan/2012:09:17:19 -0500] "GET /forums/showthread.php?t=188887 HTTP/1.1" 200 24816 "http://www.walleyecentral.com/forums/forumdisplay.php?f=5" "Mozilla/4.0 (compatible; MSIE 8.0; Windows NT 5.1; Trident/4.0; .NET CLR 1.1.4322; InfoPath.2)"
46.17.96.43 - - [04/Jan/2012:09:17:17 -0500] "POST /forums/register.php?do=addmember HTTP/1.0" 200 41671 "http://www.walleyecentral.com/forums/register.php?s=eb96c66e1ba642eb0d354a3ccd61ae58" "Mozilla/4.0 (compatible; MSIE 6.0; MSIE 5.5; Windows NT 5.0) Opera 7.02 Bork-edition [en]"
