173.167.158.249 - - [04/Jan/2012:09:11:41 -0500] "GET /openx/www/delivery/ajs.php?n=a5212870&zoneid=46&source=&exclude=,&r=903681121&loc=http%3A//www.walleyecentral.com/forums/showthread.php%3Fp%3D1373729%23post1373729&referer=http%3A//www.walleyecentral.com/forums/forumdisplay.php%3Ff%3D7 HTTP/1.1" 200 952 "http://www.walleyecentral.com/forums/showthread.php?p=1373729#post1373729" "Mozilla/4.0 (compatible; MSIE 8.0; Windows NT 6.1; Trident/4.0; SLCC2; .NET CLR 2.0.50727; .NET CLR 3.5.30729; .NET CLR 3.0.30729; .NET4.0C; .NET4.0E)"
66.249.71.211 - - [04/Jan/2012:09:11:41 -0500] "GET /forums/archive/index.php/t-42914.html HTTP/1.1" 200 2205 "-" "Mozilla/5.0 (compatible; Googlebot/2.1; +http://www.google.com/bot.html)"
31.184.236.61 - - [04/Jan/2012:09:11:40 -0500] "GET /forums/register.php HTTP/1.0" 200 30867 "http://www.walleyecentral.com/forums/register.php" "Mozilla/4.0 (compatible; MSIE 5.0; Windows 3.1)"
46.17.98.217 - - [04/Jan/2012:09:11:40 -0500] "POST /forums/newthread.php?do=postthread&f=5 HTTP/1.0" 200 51048 "http://www.walleyecentral.com/forums/newthread.php?do=newthread&f=5%2BResult:%2Bchosen%2Bnickname%2B%2522 [PLM=0][R] GET http://www.walleyecentral.com/forums/register.php [0,29737,31007] -> [R] POST http://www.walleyecentral.com/forums/register.php?do=register [0,40396,41209] -> [R] POST http://www.walleyecentral.com/forums/register.php?do=addmember [0,41050,41863] -> [R] POST http://www.walleyecentral.com/forums/register.php?do=addmember [0,41066,41879] -> [R] POST http://www.walleyecentral.com/forums/register.php?do=addmember [0,41065,41878] -> [R] POST http://www.walleyecentral.com/forums/register.php?do=addmember [0,0,0] -> [L] GET http://www.walleyecentral.com/classified/new/newadlogin.jsp [0,19557,18915] -> [L] POST http://www.walleyecentral.com/classified/new/newadlogin.jsp [0,0,18997] -> [N] GET http://www.walleyecentral.com/forums/newthread.php?do=newthread&f=5+Result:+chosen+nickname+%22 [0,0,0] -> [N] GET http://www.walleyecentral.com/forums/newthread.php?do=newthread&f=5%2BResult:%2Bchosen%2Bnickname%2B%2522 [0,47931,50343] -> [N] POST http://www.walleyecentral.com/forums/newthread.php?do=postthread&f=5 [0,0,0]" "Opera/8.00 (Windows NT 5.1; U; en)"
66.11.150.236 - - [04/Jan/2012:09:11:41 -0500] "GET /weather.php?pands=13601 HTTP/1.0" 200 24171 "-" "-"
66.11.150.236 - - [04/Jan/2012:09:11:41 -0500] "GET /weather.php?pands=58801 HTTP/1.0" 200 24184 "-" "-"
69.84.73.60 - - [04/Jan/2012:09:11:41 -0500] "GET /openx/www/delivery/lg.php?bannerid=71&campaignid=1&zoneid=97&loc=http%3A%2F%2Fwww.walleyecentral.com%2Fforums%2Fforumdisplay.php%3Ff%3D32&referer=http%3A%2F%2Fwww.walleyecentral.com%2F&cb=53cbc03157 HTTP/1.1" 200 43 "http://www.walleyecentral.com/forums/forumdisplay.php?f=32" "Mozilla/4.0 (compatible; MSIE 8.0; Windows NT 5.1; Trident/4.0; InfoPath.1; .NET CLR 2.0.50727)"
95.211.74.89 - - [04/Jan/2012:09:11:41 -0500] "GET /forums/member.php?s=7c3c3a5a60aac2ecd99833d5a52405c7&find=lastposter&t=184660 HTTP/1.1" 302 - "-" "Mozilla/4.0 (compatible; MSIE 7.0; Windows NT 5.2; .NET CLR 2.0;)"
65.52.108.26 - - [04/Jan/2012:09:11:41 -0500] "GET /forums/showthread.php?p=392788&page=2 HTTP/1.1" 200 19743 "-" "Mozilla/5.0 (compatible; bingbot/2.0; +http://www.bing.com/bingbot.htm)"
173.167.158.249 - - [04/Jan/2012:09:11:42 -0500] "GET /openx/www/delivery/ai.php?filename=adbanner2.jpg&contenttype=jpeg HTTP/1.1" 200 4513 "http://www.walleyecentral.com/forums/showthread.php?p=1373729#post1373729" "Mozilla/4.0 (compatible; MSIE 8.0; Windows NT 6.1; Trident/4.0; SLCC2; .NET CLR 2.0.50727; .NET CLR 3.5.30729; .NET CLR 3.0.30729; .NET4.0C; .NET4.0E)"
95.211.74.97 - - [04/Jan/2012:09:11:42 -0500] "GET /forums/cron.php?s=f24e2483453c302e588d292a49032923&rand=1324019412 HTTP/1.1" 200 43 "-" "Mozilla/4.0 (compatible; MSIE 7.0; Windows NT 5.2; .NET CLR 2.0;)"
207.46.199.44 - - [04/Jan/2012:09:11:42 -0500] "GET /forums/archive/index.php/t-72881.html HTTP/1.1" 200 3121 "-" "Mozilla/5.0 (compatible; bingbot/2.0; +http://www.bing.com/bingbot.htm)"
205.134.249.170 - - [04/Jan/2012:09:11:42 -0500] "GET /weather.php?pands=54904 HTTP/1.1" 200 16166 "-" "PHP/5.2.17"
173.167.158.249 - - [04/Jan/2012:09:11:42 -0500] "GET /openx/www/delivery/lg.php?bannerid=1&campaignid=1&zoneid=46&loc=http%3A%2F%2Fwww.walleyecentral.com%2Fforums%2Fshowthread.php%3Fp%3D1373729%23post1373729&referer=http%3A%2F%2Fwww.walleyecentral.com%2Fforums%2Fforumdisplay.php%3Ff%3D7&cb=964323930c HTTP/1.1" 200 43 "http://www.walleyecentral.com/forums/showthread.php?p=1373729#post1373729" "Mozilla/4.0 (compatible; MSIE 8.0; Windows NT 6.1; Trident/4.0; SLCC2; .NET CLR 2.0.50727; .NET CLR 3.5.30729; .NET CLR 3.0.30729; .NET4.0C; .NET4.0E)"
173.167.158.249 - - [04/Jan/2012:09:11:42 -0500] "GET /openx/www/delivery/ajs.php?n=a5212870&zoneid=44&source=&exclude=,&r=284127081&loc=http%3A//www.walleyecentral.com/forums/forumdisplay.php%3Ff%3D7&referer=http%3A//www.walleyecentral.com/forums/forumdisplay.php%3Ff%3D32 HTTP/1.1" 200 929 "http://www.walleyecentral.com/forums/forumdisplay.php?f=7" "Mozilla/4.0 (compatible; MSIE 8.0; Windows NT 6.1; Trident/4.0; SLCC2; .NET CLR 2.0.50727; .NET CLR 3.5.30729; .NET CLR 3.0.30729; .NET4.0C; .NET4.0E)"
95.211.74.89 - - [04/Jan/2012:09:11:42 -0500] "GET /forums/member.php?s=6c4ed639127a641077246196080479ec&u=31741 HTTP/1.1" 200 60200 "-" "Mozilla/4.0 (compatible; MSIE 7.0; Windows NT 5.2; .NET CLR 2.0;)"
46.17.98.217 - - [04/Jan/2012:09:11:42 -0500] "GET /forums/register.php HTTP/1.0" 200 30693 "http://www.walleyecentral.com/register.php" "Opera/8.00 (Windows NT 5.1; U; en)"
205.134.249.170 - - [04/Jan/2012:09:11:43 -0500] "GET /weather.php?pands=43449 HTTP/1.1" 200 16166 "-" "PHP/5.2.17"
31.184.236.61 - - [04/Jan/2012:09:11:42 -0500] "POST /forums/register.php?do=register HTTP/1.0" 200 40834 "http://www.walleyecentral.com/forums/register.php" "Mozilla/4.0 (compatible; MSIE 5.0; Windows 3.1)"
66.11.150.236 - - [04/Jan/2012:09:11:43 -0500] "GET /weather.php?pands=24850 HTTP/1.0" 200 24264 "-" "-"
205.185.143.234 - - [04/Jan/2012:09:11:43 -0500] "GET /forums/clientscript/vbulletin_important.css?v=373 HTTP/1.1" 200 1687 "http://www.walleyecentral.com/forums/showthread.php?t=180960" "Mozilla/4.0 (compatible; MSIE 8.0; Windows NT 5.1; Trident/4.0; FunWebProducts)"
173.167.158.249 - - [04/Jan/2012:09:11:43 -0500] "GET /openx/www/delivery/lg.php?bannerid=43&campaignid=1&zoneid=44&loc=http%3A%2F%2Fwww.walleyecentral.com%2Fforums%2Fforumdisplay.php%3Ff%3D7&referer=http%3A%2F%2Fwww.walleyecentral.com%2Fforums%2Fforumdisplay.php%3Ff%3D32&cb=eef9d01e4c HTTP/1.1" 200 43 "http://www.walleyecentral.com/forums/forumdisplay.php?f=7" "Mozilla/4.0 (compatible; MSIE 8.0; Windows NT 6.1; Trident/4.0; SLCC2; .NET CLR 2.0.50727; .NET CLR 3.5.30729; .NET CLR 3.0.30729; .NET4.0C; .NET4.0E)"
205.185.143.234 - - [04/Jan/2012:09:11:43 -0500] "GET /forums/showthread.php?t=180960 HTTP/1.1" 200 21079 "http://www.google.com/url?sa=t&rct=j&q=storm%20door%20plungers&source=web&cd=3&sqi=2&ved=0CHAQFjAC&url=http%3A%2F%2Fwww.walleyecentral.com%2Fforums%2Fshowthread.php%3Ft%3D180960&ei=3F0ET-2LMuGpsQKo-7mQCg&usg=AFQjCNGa97trTpUWkdtZ1nwEx3wAbsobxA" "Mozilla/4.0 (compatible; MSIE 8.0; Windows NT 5.1; Trident/4.0; FunWebProducts)"
66.11.150.236 - - [04/Jan/2012:09:11:43 -0500] "GET /weather.php?pands=52738 HTTP/1.0" 200 24221 "-" "-"
205.185.143.234 - - [04/Jan/2012:09:11:43 -0500] "GET /themes/default/theme.css HTTP/1.1" 200 6726 "http://www.walleyecentral.com/forums/showthread.php?t=180960" "Mozilla/4.0 (compatible; MSIE 8.0; Windows NT 5.1; Trident/4.0; FunWebProducts)"
205.185.143.234 - - [04/Jan/2012:09:11:43 -0500] "GET /forums/clientscript/vbulletin_menu.js?v=373 HTTP/1.1" 200 9389 "http://www.walleyecentral.com/forums/showthread.php?t=180960" "Mozilla/4.0 (compatible; MSIE 8.0; Windows NT 5.1; Trident/4.0; FunWebProducts)"
205.185.143.234 - - [04/Jan/2012:09:11:43 -0500] "GET /forums/clientscript/yui/connection/connection-min.js?v=373 HTTP/1.1" 200 14349 "http://www.walleyecentral.com/forums/showthread.php?t=180960" "Mozilla/4.0 (compatible; MSIE 8.0; Windows NT 5.1; Trident/4.0; FunWebProducts)"
205.185.143.234 - - [04/Jan/2012:09:11:43 -0500] "GET /forums/clientscript/vbulletin_global.js?v=373 HTTP/1.1" 200 25057 "http://www.walleyecentral.com/forums/showthread.php?t=180960" "Mozilla/4.0 (compatible; MSIE 8.0; Windows NT 5.1; Trident/4.0; FunWebProducts)"
205.185.143.234 - - [04/Jan/2012:09:11:43 -0500] "GET /forums/clientscript/yui/yahoo-dom-event/yahoo-dom-event.js?v=373 HTTP/1.1" 200 31100 "http://www.walleyecentral.com/forums/showthread.php?t=180960" "Mozilla/4.0 (compatible; MSIE 8.0; Windows NT 5.1; Trident/4.0; FunWebProducts)"
46.17.98.217 - - [04/Jan/2012:09:11:43 -0500] "POST /forums/register.php?do=register HTTP/1.0" 200 40883 "http://www.walleyecentral.com/forums/register.php" "Opera/8.00 (Windows NT 5.1; U; en)"
205.134.249.170 - - [04/Jan/2012:09:11:44 -0500] "GET /weather.php?pands=81001 HTTP/1.1" 200 16166 "-" "PHP/5.2.17"
205.185.143.234 - - [04/Jan/2012:09:11:44 -0500] "GET /forums/clientscript/vbulletin_md5.js?v=373 HTTP/1.1" 200 5464 "http://www.walleyecentral.com/forums/showthread.php?t=180960" "Mozilla/4.0 (compatible; MSIE 8.0; Windows NT 5.1; Trident/4.0; FunWebProducts)"
205.185.143.234 - - [04/Jan/2012:09:11:44 -0500] "GET /forums/clientscript/vbulletin_post_loader.js?v=373 HTTP/1.1" 200 2037 "http://www.walleyecentral.com/forums/showthread.php?t=180960" "Mozilla/4.0 (compatible; MSIE 8.0; Windows NT 5.1; Trident/4.0; FunWebProducts)"
205.185.143.234 - - [04/Jan/2012:09:11:44 -0500] "GET /qnav/bullet_sq_sm_slateblue.gif HTTP/1.1" 200 820 "http://www.walleyecentral.com/forums/showthread.php?t=180960" "Mozilla/4.0 (compatible; MSIE 8.0; Windows NT 5.1; Trident/4.0; FunWebProducts)"
205.185.143.234 - - [04/Jan/2012:09:11:44 -0500] "GET /forums/images/misc/headerlogo2.png HTTP/1.1" 200 11496 "http://www.walleyecentral.com/forums/showthread.php?t=180960" "Mozilla/4.0 (compatible; MSIE 8.0; Windows NT 5.1; Trident/4.0; FunWebProducts)"
205.185.143.234 - - [04/Jan/2012:09:11:44 -0500] "GET /openx/www/delivery/ajs.php?n=a5212870&zoneid=87&source=&exclude=,&r=29736131&loc=http%3A//www.walleyecentral.com/forums/showthread.php%3Ft%3D180960&referer=http%3A//www.google.com/url%3Fsa%3Dt%26rct%3Dj%26q%3Dstorm%2520door%2520plungers%26source%3Dweb%26cd%3D3%26sqi%3D2%26ved%3D0CHAQFjAC%26url%3Dhttp%253A%252F%252Fwww.walleyecentral.com%252Fforums%252Fshowthread.php%253Ft%253D180960%26ei%3D3F0ET-2LMuGpsQKo-7mQCg%26usg%3DAFQjCNGa97trTpUWkdtZ1nwEx3wAbsobxA HTTP/1.1" 200 1170 "http://www.walleyecentral.com/forums/showthread.php?t=180960" "Mozilla/4.0 (compatible; MSIE 8.0; Windows NT 5.1; Trident/4.0; FunWebProducts)"
205.185.143.234 - - [04/Jan/2012:09:11:45 -0500] "GET /forums/images/buttons/reply.gif HTTP/1.1" 200 3226 "http://www.walleyecentral.com/forums/showthread.php?t=180960" "Mozilla/4.0 (compatible; MSIE 8.0; Windows NT 5.1; Trident/4.0; FunWebProducts)"
205.185.143.234 - - [04/Jan/2012:09:11:45 -0500] "GET /forums/images/misc/navbits_finallink_ltr.gif HTTP/1.1" 200 1035 "http://www.walleyecentral.com/forums/showthread.php?t=180960" "Mozilla/4.0 (compatible; MSIE 8.0; Windows NT 5.1; Trident/4.0; FunWebProducts)"
205.185.143.234 - - [04/Jan/2012:09:11:45 -0500] "GET /forums/images/misc/navbits_start.gif HTTP/1.1" 200 1004 "http://www.walleyecentral.com/forums/showthread.php?t=180960" "Mozilla/4.0 (compatible; MSIE 8.0; Windows NT 5.1; Trident/4.0; FunWebProducts)"
205.134.249.170 - - [04/Jan/2012:09:11:45 -0500] "GET /weather.php?pands=54449 HTTP/1.1" 200 16166 "-" "PHP/5.2.17"
65.52.110.147 - - [04/Jan/2012:09:11:45 -0500] "GET /forums/search.php?searchid=4433086 HTTP/1.1" 200 10521 "-" "Mozilla/5.0 (compatible; bingbot/2.0; +http://www.bing.com/bingbot.htm)"
205.185.143.234 - - [04/Jan/2012:09:11:45 -0500] "GET /forums/images/misc/menu_open.gif HTTP/1.1" 200 279 "http://www.walleyecentral.com/forums/showthread.php?t=180960" "Mozilla/4.0 (compatible; MSIE 8.0; Windows NT 5.1; Trident/4.0; FunWebProducts)"
205.185.143.234 - - [04/Jan/2012:09:11:45 -0500] "GET /forums/images/statusicon/post_old.gif HTTP/1.1" 200 522 "http://www.walleyecentral.com/forums/showthread.php?t=180960" "Mozilla/4.0 (compatible; MSIE 8.0; Windows NT 5.1; Trident/4.0; FunWebProducts)"
205.185.143.234 - - [04/Jan/2012:09:11:45 -0500] "GET /forums/images/statusicon/user_offline.gif HTTP/1.1" 200 1026 "http://www.walleyecentral.com/forums/showthread.php?t=180960" "Mozilla/4.0 (compatible; MSIE 8.0; Windows NT 5.1; Trident/4.0; FunWebProducts)"
205.185.143.234 - - [04/Jan/2012:09:11:45 -0500] "GET /forums/images/icons/icon1.gif HTTP/1.1" 200 1032 "http://www.walleyecentral.com/forums/showthread.php?t=180960" "Mozilla/4.0 (compatible; MSIE 8.0; Windows NT 5.1; Trident/4.0; FunWebProducts)"
205.185.143.234 - - [04/Jan/2012:09:11:45 -0500] "GET /openx/www/delivery/ai.php?filename=kidsbooks.png&contenttype=png HTTP/1.1" 200 19085 "http://www.walleyecentral.com/forums/showthread.php?t=180960" "Mozilla/4.0 (compatible; MSIE 8.0; Windows NT 5.1; Trident/4.0; FunWebProducts)"
46.17.98.217 - - [04/Jan/2012:09:11:44 -0500] "GET /forums/newthread.php?do=newthread&f=5%2BResult:%2Btext%2Bcaptcha%2Bdecoded;%2Bchosen%2Bnickname%2B%2522 HTTP/1.0" 200 47874 "http://www.walleyecentral.com/forums/newthread.php?do=newthread&f=5%2BResult:%2Btext%2Bcaptcha%2Bdecoded;%2Bchosen%2Bnickname%2B%2522#xlimnick%255BSYSYSYSAYSYY%255D%2522;%2Bregistered;%2Blogged%2Bin;%2Bnofollow%2Bis%2Bfound;%2Bsuccess;%2BBB-code%2Bnot%2Bworking;+%5BPLM=0%5D%5BR%5D+GET+http://www.walleyecentral.com/forums/register.php+%5B0,29746,31022%5D+-%3E+%5BR%5D+POST+http://www.walleyecentral.com/forums/register.php?do=register+%5B0,39927,41088%5D+-%3E+%5BR%5D+POST+http://www.walleyecentral.com/forums/register.php?do=addmember+%5B0,0,0%5D+-%3E+%5BL%5D+GET+http://www.walleyecentral.com/classified/new/newadlogin.jsp+%5B0,19557,18915%5D+-%3E+%5BL%5D+POST+http://www.walleyecentral.com/classified/new/newadlogin.jsp+%5B0,0,0%5D+-%3E+%5BN%5D+GET+http://www.walleyecentral.com/forums/newthread.php?do=newthread&f=5%2BResult:%2Btext%2Bcaptcha%2Bdecoded;%2Bchosen%2Bnickname%2B%2522+%5B0,45854,48274%5D+-%3E+%5BN%5D+POST+http://www.walleyecentral.com/forums/newthread.php?do=postthread&f=5+%5B0,0,50476%5D" "Mozilla/4.79 [en] (Windows NT 5.0; U)"
205.185.143.234 - - [04/Jan/2012:09:11:45 -0500] "GET /forums/images/buttons/quote.gif HTTP/1.1" 200 2182 "http://www.walleyecentral.com/forums/showthread.php?t=180960" "Mozilla/4.0 (compatible; MSIE 8.0; Windows NT 5.1; Trident/4.0; FunWebProducts)"
205.185.143.234 - - [04/Jan/2012:09:11:45 -0500] "GET /forums/images/misc/im_icq.gif HTTP/1.1" 200 1089 "http://www.walleyecentral.com/forums/showthread.php?t=180960" "Mozilla/4.0 (compatible; MSIE 8.0; Windows NT 5.1; Trident/4.0; FunWebProducts)"
205.185.143.234 - - [04/Jan/2012:09:11:45 -0500] "GET /openx/www/delivery/lg.php?bannerid=98&campaignid=1&zoneid=87&loc=http%3A%2F%2Fwww.walleyecentral.com%2Fforums%2Fshowthread.php%3Ft%3D180960&referer=http%3A%2F%2Fwww.google.com%2Furl%3Fsa%3Dt%26rct%3Dj%26q%3Dstorm%2520door%2520plungers%26source%3Dweb%26cd%3D3%26sqi%3D2%26ved%3D0CHAQFjAC%26url%3Dhttp%253A%252F%252Fwww.walleyecentral.com%252Fforums%252Fshowthread.php%253Ft%253D180960%26ei%3D3F0ET-2LMuGpsQKo-7mQCg%26usg%3DAFQjCNGa97trTpUWkdtZ1nwEx3wAbsobxA&cb=124ba109db HTTP/1.1" 200 43 "http://www.walleyecentral.com/forums/showthread.php?t=180960" "Mozilla/4.0 (compatible; MSIE 8.0; Windows NT 5.1; Trident/4.0; FunWebProducts)"
205.185.143.234 - - [04/Jan/2012:09:11:45 -0500] "GET /forums/images/buttons/viewpost.gif HTTP/1.1" 200 964 "http://www.walleyecentral.com/forums/showthread.php?t=180960" "Mozilla/4.0 (compatible; MSIE 8.0; Windows NT 5.1; Trident/4.0; FunWebProducts)"
205.185.143.234 - - [04/Jan/2012:09:11:45 -0500] "GET /forums/image.php?s=202f294f9696fbdaea0aeb0bb2a39ba4&u=13959&dateline=1297081663 HTTP/1.1" 200 2357 "http://www.walleyecentral.com/forums/showthread.php?t=180960" "Mozilla/4.0 (compatible; MSIE 8.0; Windows NT 5.1; Trident/4.0; FunWebProducts)"
205.185.143.234 - - [04/Jan/2012:09:11:45 -0500] "GET /forums/clientscript/vbulletin_lightbox.js?v=373 HTTP/1.1" 200 10260 "http://www.walleyecentral.com/forums/showthread.php?t=180960" "Mozilla/4.0 (compatible; MSIE 8.0; Windows NT 5.1; Trident/4.0; FunWebProducts)"
66.11.150.236 - - [04/Jan/2012:09:11:45 -0500] "GET /weather.php?pands=56452 HTTP/1.0" 200 24170 "-" "-"
205.185.143.234 - - [04/Jan/2012:09:11:45 -0500] "GET /forums/images/statusicon/user_online.gif HTTP/1.1" 200 1026 "http://www.walleyecentral.com/forums/showthread.php?t=180960" "Mozilla/4.0 (compatible; MSIE 8.0; Windows NT 5.1; Trident/4.0; FunWebProducts)"
205.185.143.234 - - [04/Jan/2012:09:11:45 -0500] "GET /forums/image.php?s=202f294f9696fbdaea0aeb0bb2a39ba4&u=14129&dateline=1302287074 HTTP/1.1" 200 2243 "http://www.walleyecentral.com/forums/showthread.php?t=180960" "Mozilla/4.0 (compatible; MSIE 8.0; Windows NT 5.1; Trident/4.0; FunWebProducts)"
205.185.143.234 - - [04/Jan/2012:09:11:45 -0500] "GET /forums/images/buttons/printer.gif HTTP/1.1" 200 1072 "http://www.walleyecentral.com/forums/showthread.php?t=180960" "Mozilla/4.0 (compatible; MSIE 8.0; Windows NT 5.1; Trident/4.0; FunWebProducts)"
205.185.143.234 - - [04/Jan/2012:09:11:45 -0500] "GET /forums/images/buttons/sendtofriend.gif HTTP/1.1" 200 1125 "http://www.walleyecentral.com/forums/showthread.php?t=180960" "Mozilla/4.0 (compatible; MSIE 8.0; Windows NT 5.1; Trident/4.0; FunWebProducts)"
205.185.143.234 - - [04/Jan/2012:09:11:45 -0500] "GET /forums/images/buttons/mode_linear.gif HTTP/1.1" 200 609 "http://www.walleyecentral.com/forums/showthread.php?t=180960" "Mozilla/4.0 (compatible; MSIE 8.0; Windows NT 5.1; Trident/4.0; FunWebProducts)"
205.185.143.234 - - [04/Jan/2012:09:11:45 -0500] "GET /forums/images/buttons/mode_hybrid.gif HTTP/1.1" 200 588 "http://www.walleyecentral.com/forums/showthread.php?t=180960" "Mozilla/4.0 (compatible; MSIE 8.0; Windows NT 5.1; Trident/4.0; FunWebProducts)"
205.185.143.234 - - [04/Jan/2012:09:11:45 -0500] "GET /forums/images/buttons/mode_threaded.gif HTTP/1.1" 200 562 "http://www.walleyecentral.com/forums/showthread.php?t=180960" "Mozilla/4.0 (compatible; MSIE 8.0; Windows NT 5.1; Trident/4.0; FunWebProducts)"
205.185.143.234 - - [04/Jan/2012:09:11:45 -0500] "GET /forums/images/buttons/collapse_thead.gif HTTP/1.1" 200 580 "http://www.walleyecentral.com/forums/showthread.php?t=180960" "Mozilla/4.0 (compatible; MSIE 8.0; Windows NT 5.1; Trident/4.0; FunWebProducts)"
146.0.73.220 - - [04/Jan/2012:09:11:45 -0500] "GET /forums/index.php HTTP/1.0" 200 122675 "http://www.walleyecentral.com/forums/index.php" "Opera/9.00 (Windows NT 5.1; U; en)"
66.249.71.211 - - [04/Jan/2012:09:11:45 -0500] "GET /forums/archive/index.php/t-44350.html HTTP/1.1" 200 1808 "-" "Mozilla/5.0 (compatible; Googlebot/2.1; +http://www.google.com/bot.html)"
205.185.143.234 - - [04/Jan/2012:09:11:46 -0500] "GET /favicon.ico HTTP/1.1" 200 822 "-" "Mozilla/4.0 (compatible; MSIE 8.0; Windows NT 5.1; Trident/4.0; FunWebProducts)"
66.11.150.236 - - [04/Jan/2012:09:11:45 -0500] "GET /weather.php?pands=58318 HTTP/1.0" 200 24183 "-" "-"
46.17.98.217 - - [04/Jan/2012:09:11:45 -0500] "POST /forums/register.php?do=addmember HTTP/1.0" 200 41538 "http://www.walleyecentral.com/forums/register.php" "Opera/8.00 (Windows NT 5.1; U; en)"
65.52.110.147 - - [04/Jan/2012:09:11:46 -0500] "GET /forums/showthread.php?p=1216147 HTTP/1.1" 200 14788 "-" "Mozilla/5.0 (compatible; bingbot/2.0; +http://www.bing.com/bingbot.htm)"
205.134.249.170 - - [04/Jan/2012:09:11:46 -0500] "GET /weather.php?pands=sudbury+ont HTTP/1.1" 200 16166 "-" "PHP/5.2.17"
31.184.236.61 - - [04/Jan/2012:09:11:45 -0500] "POST /forums/register.php?do=addmember HTTP/1.0" 200 41524 "http://www.walleyecentral.com/forums/register.php" "Mozilla/4.0 (compatible; MSIE 5.0; Windows 3.1)"
46.17.98.217 - - [04/Jan/2012:09:11:45 -0500] "POST /forums/newthread.php?do=postthread&f=5 HTTP/1.0" 200 48876 "http://www.walleyecentral.com/forums/newthread.php?do=newthread&f=5%2BResult:%2Btext%2Bcaptcha%2Bdecoded;%2Bchosen%2Bnickname%2B%2522#xlimnick%255BSYSYSYSAYSYY%255D%2522;%2Bregistered;%2Blogged%2Bin;%2Bnofollow%2Bis%2Bfound;%2Bsuccess;%2BBB-code%2Bnot%2Bworking;+%5BPLM=0%5D%5BR%5D+GET+http://www.walleyecentral.com/forums/register.php+%5B0,29746,31022%5D+-%3E+%5BR%5D+POST+http://www.walleyecentral.com/forums/register.php?do=register+%5B0,39927,41088%5D+-%3E+%5BR%5D+POST+http://www.walleyecentral.com/forums/register.php?do=addmember+%5B0,0,0%5D+-%3E+%5BL%5D+GET+http://www.walleyecentral.com/classified/new/newadlogin.jsp+%5B0,19557,18915%5D+-%3E+%5BL%5D+POST+http://www.walleyecentral.com/classified/new/newadlogin.jsp+%5B0,0,0%5D+-%3E+%5BN%5D+GET+http://www.walleyecentral.com/forums/newthread.php?do=newthread&f=5%2BResult:%2Btext%2Bcaptcha%2Bdecoded;%2Bchosen%2Bnickname%2B%2522+%5B0,45854,48274%5D+-%3E+%5BN%5D+POST+http://www.walleyecentral.com/forums/newthread.php?do=postthread&f=5+%5B0,0,50476%5D" "Mozilla/4.79 [en] (Windows NT 5.0; U)"
205.134.249.170 - - [04/Jan/2012:09:11:47 -0500] "GET /weather.php?pands=82649 HTTP/1.1" 200 16166 "-" "PHP/5.2.17"
66.11.150.236 - - [04/Jan/2012:09:11:47 -0500] "GET /weather.php?pands=Lake+Geneva HTTP/1.0" 200 23568 "-" "-"
66.11.150.236 - - [04/Jan/2012:09:11:47 -0500] "GET /weather.php?pands=48623 HTTP/1.0" 200 24171 "-" "-"
46.17.98.217 - - [04/Jan/2012:09:11:47 -0500] "POST /forums/register.php?do=addmember HTTP/1.0" 200 41565 "http://www.walleyecentral.com/forums/register.php" "Opera/8.00 (Windows NT 5.1; U; en)"
141.105.65.151 - - [04/Jan/2012:09:11:36 -0500] "POST /forums/register.php?do=addmember HTTP/1.0" 200 41624 "http://www.walleyecentral.com/forums/register.php?s=5b38f18bfdaba8d94884192f4a261efe" "Mozilla/4.0 (compatible; MSIE 6.0; Windows NT 5.0; APC; .NET CLR 1.0.3705; .NET CLR 1.1.4322; .NET CLR 2.0.50215; InfoPath.1)"
205.134.249.170 - - [04/Jan/2012:09:11:48 -0500] "GET /weather.php?pands=SANDUSKY HTTP/1.1" 200 16166 "-" "PHP/5.2.17"
31.184.236.61 - - [04/Jan/2012:09:11:48 -0500] "POST /forums/register.php?do=addmember HTTP/1.0" 200 41498 "http://www.walleyecentral.com/forums/register.php" "Mozilla/4.0 (compatible; MSIE 5.0; Windows 3.1)"
205.134.249.170 - - [04/Jan/2012:09:11:49 -0500] "GET /weather.php?pands=56324 HTTP/1.1" 200 16166 "-" "PHP/5.2.17"
66.11.150.236 - - [04/Jan/2012:09:11:49 -0500] "GET /weather.php?pands=53545 HTTP/1.0" 200 24169 "-" "-"
180.76.5.99 - - [04/Jan/2012:09:11:49 -0500] "GET /forums/search.php?searchid=4398116 HTTP/1.1" 200 10520 "-" "Mozilla/5.0 (compatible; Baiduspider/2.0; +http://www.baidu.com/search/spider.html)"
66.11.150.236 - - [04/Jan/2012:09:11:49 -0500] "GET /weather.php?pands=56588 HTTP/1.0" 200 24171 "-" "-"
46.17.98.217 - - [04/Jan/2012:09:11:49 -0500] "POST /forums/register.php?do=addmember HTTP/1.0" 200 41565 "http://www.walleyecentral.com/forums/register.php" "Opera/8.00 (Windows NT 5.1; U; en)"
66.249.71.211 - - [04/Jan/2012:09:11:50 -0500] "GET /forums/archive/index.php/t-45300.html HTTP/1.1" 200 2496 "-" "Mozilla/5.0 (compatible; Googlebot/2.1; +http://www.google.com/bot.html)"
146.0.73.220 - - [04/Jan/2012:09:11:50 -0500] "GET /forums/register.php?s=dde5ccb531cd4d74bdcd1317a5dfa605 HTTP/1.0" 200 30728 "http://www.walleyecentral.com/register.php?s=dde5ccb531cd4d74bdcd1317a5dfa605" "Opera/9.00 (Windows NT 5.1; U; en)"
174.29.240.220 - - [04/Jan/2012:09:11:50 -0500] "GET /openx/www/delivery/ajs.php?n=a5212870&zoneid=86&source=&exclude=,&r=547275821&loc=http%3A//www.walleyecentral.com/forums/forumdisplay.php%3Ff%3D5&referer=http%3A//www.walleyecentral.com/forums/forumdisplay.php%3Ff%3D16 HTTP/1.1" 200 953 "http://www.walleyecentral.com/forums/forumdisplay.php?f=5" "Mozilla/5.0 (compatible; MSIE 9.0; Windows NT 6.0; WOW64; Trident/5.0)"
205.134.249.170 - - [04/Jan/2012:09:11:50 -0500] "GET /weather.php?pands=80104 HTTP/1.1" 200 16166 "-" "PHP/5.2.17"
174.29.240.220 - - [04/Jan/2012:09:11:51 -0500] "GET /openx/www/delivery/lg.php?bannerid=75&campaignid=1&zoneid=86&channel_ids=,&loc=http%3A%2F%2Fwww.walleyecentral.com%2Fforums%2Fforumdisplay.php%3Ff%3D5&referer=http%3A%2F%2Fwww.walleyecentral.com%2Fforums%2Fforumdisplay.php%3Ff%3D16&cb=1b307e36d6 HTTP/1.1" 200 43 "http://www.walleyecentral.com/forums/forumdisplay.php?f=5" "Mozilla/5.0 (compatible; MSIE 9.0; Windows NT 6.0; WOW64; Trident/5.0)"
65.52.108.26 - - [04/Jan/2012:09:11:51 -0500] "GET /forums/showthread.php?mode=hybrid&t=25937 HTTP/1.1" 200 13730 "-" "Mozilla/5.0 (compatible; bingbot/2.0; +http://www.bing.com/bingbot.htm)"
66.11.150.236 - - [04/Jan/2012:09:11:51 -0500] "GET /weather.php?pands=60445 HTTP/1.0" 200 24169 "-" "-"
205.134.249.170 - - [04/Jan/2012:09:11:51 -0500] "GET /weather.php?pands=15010 HTTP/1.1" 200 16166 "-" "PHP/5.2.17"
66.11.150.236 - - [04/Jan/2012:09:11:51 -0500] "GET /weather.php?pands=44281 HTTP/1.0" 200 24174 "-" "-"
50.116.161.56 - - [04/Jan/2012:09:11:50 -0500] "GET /forums/showthread.php?t=188368&page=2 HTTP/1.1" 200 14493 "http://www.walleyecentral.com/forums/showthread.php?t=188368" "Mozilla/5.0 (compatible; MSIE 9.0; Windows NT 6.1; WOW64; Trident/5.0)"
46.17.98.217 - - [04/Jan/2012:09:11:50 -0500] "POST /forums/register.php?do=addmember HTTP/1.0" 200 41547 "http://www.walleyecentral.com/forums/register.php" "Opera/8.00 (Windows NT 5.1; U; en)"
31.184.236.61 - - [04/Jan/2012:09:11:51 -0500] "POST /forums/register.php?do=addmember HTTP/1.0" 200 41501 "http://www.walleyecentral.com/forums/register.php" "Mozilla/4.0 (compatible; MSIE 5.0; Windows 3.1)"
65.52.110.147 - - [04/Jan/2012:09:11:52 -0500] "GET /forums/showthread.php?p=472253 HTTP/1.1" 200 15484 "-" "Mozilla/5.0 (compatible; bingbot/2.0; +http://www.bing.com/bingbot.htm)"
50.116.161.56 - - [04/Jan/2012:09:11:53 -0500] "GET /openx/www/delivery/ajs.php?n=a5212870&zoneid=110&source=&exclude=,&r=768582781&loc=http%3A//www.walleyecentral.com/forums/showthread.php%3Ft%3D188368%26page%3D2&referer=http%3A//www.walleyecentral.com/forums/showthread.php%3Ft%3D188368 HTTP/1.1" 200 947 "http://www.walleyecentral.com/forums/showthread.php?t=188368&page=2" "Mozilla/5.0 (compatible; MSIE 9.0; Windows NT 6.1; WOW64; Trident/5.0)"
205.134.249.170 - - [04/Jan/2012:09:11:53 -0500] "GET /weather.php?pands=68859 HTTP/1.1" 200 16166 "-" "PHP/5.2.17"
59.58.158.149 - - [04/Jan/2012:09:11:50 -0500] "GET /forums/ HTTP/1.1" 200 21340 "-" "Mozilla/4.0 (compatible; MSIE 6.0; Windows NT 5.1; SV1;)"
207.46.199.55 - - [04/Jan/2012:09:11:53 -0500] "GET /forums/misc.php?do=whoposted&t=3311 HTTP/1.1" 200 7137 "-" "Mozilla/5.0 (compatible; bingbot/2.0; +http://www.bing.com/bingbot.htm)"
65.52.108.26 - - [04/Jan/2012:09:11:53 -0500] "GET /forums/showthread.php?t=151058 HTTP/1.1" 200 13136 "-" "Mozilla/5.0 (compatible; bingbot/2.0; +http://www.bing.com/bingbot.htm)"
46.17.98.217 - - [04/Jan/2012:09:11:52 -0500] "POST /forums/register.php?do=addmember HTTP/1.0" 200 41563 "http://www.walleyecentral.com/forums/register.php" "Opera/8.00 (Windows NT 5.1; U; en)"
66.11.150.236 - - [04/Jan/2012:09:11:53 -0500] "GET /weather.php?pands=57075 HTTP/1.0" 200 16166 "-" "-"
205.134.249.170 - - [04/Jan/2012:09:11:53 -0500] "GET /weather.php?pands=45420 HTTP/1.1" 200 16166 "-" "PHP/5.2.17"
66.11.150.236 - - [04/Jan/2012:09:11:53 -0500] "GET /weather.php?pands=33301 HTTP/1.0" 200 24221 "-" "-"
141.105.65.151 - - [04/Jan/2012:09:11:51 -0500] "POST /forums/register.php?do=addmember HTTP/1.0" 200 41624 "http://www.walleyecentral.com/forums/register.php?s=5b38f18bfdaba8d94884192f4a261efe" "Mozilla/4.0 (compatible; MSIE 6.0; Windows NT 5.0; APC; .NET CLR 1.0.3705; .NET CLR 1.1.4322; .NET CLR 2.0.50215; InfoPath.1)"
208.126.173.26 - - [04/Jan/2012:09:11:54 -0500] "GET /openx/www/delivery/ajs.php?n=a5212870&zoneid=1&source=&exclude=,&r=614351741&loc=http%3A//www.walleyecentral.com/forums/index.php&referer=http%3A//www.walleyecentral.com/ HTTP/1.1" 200 955 "http://www.walleyecentral.com/forums/index.php" "Mozilla/4.0 (compatible; MSIE 8.0; Windows NT 6.1; WOW64; Trident/4.0; GTB7.2; SLCC2; .NET CLR 2.0.50727; .NET CLR 3.5.30729; .NET CLR 3.0.30729; Media Center PC 6.0; InfoPath.2; .NET4.0C)"
174.29.240.220 - - [04/Jan/2012:09:11:54 -0500] "GET /forums/showthread.php?goto=newpost&t=189098 HTTP/1.1" 302 - "http://www.walleyecentral.com/forums/forumdisplay.php?f=5" "Mozilla/5.0 (compatible; MSIE 9.0; Windows NT 6.0; WOW64; Trident/5.0)"
69.84.73.60 - - [04/Jan/2012:09:11:54 -0500] "GET /forums/showthread.php?t=189201 HTTP/1.1" 200 19241 "http://www.walleyecentral.com/forums/forumdisplay.php?f=32" "Mozilla/4.0 (compatible; MSIE 8.0; Windows NT 5.1; Trident/4.0; InfoPath.1; .NET CLR 2.0.50727)"
69.84.73.60 - - [04/Jan/2012:09:11:54 -0500] "GET /openx/www/delivery/ajs.php?n=a5212870&zoneid=98&source=&exclude=,&r=992116761&loc=http%3A//www.walleyecentral.com/forums/showthread.php%3Ft%3D189201&referer=http%3A//www.walleyecentral.com/forums/forumdisplay.php%3Ff%3D32 HTTP/1.1" 200 1016 "http://www.walleyecentral.com/forums/showthread.php?t=189201" "Mozilla/4.0 (compatible; MSIE 8.0; Windows NT 5.1; Trident/4.0; InfoPath.1; .NET CLR 2.0.50727)"
31.184.236.61 - - [04/Jan/2012:09:11:54 -0500] "POST /forums/register.php?do=addmember HTTP/1.0" 200 41498 "http://www.walleyecentral.com/forums/register.php" "Mozilla/4.0 (compatible; MSIE 5.0; Windows 3.1)"
66.249.71.211 - - [04/Jan/2012:09:11:54 -0500] "GET /forums/archive/index.php/t-44515.html HTTP/1.1" 200 5318 "-" "Mozilla/5.0 (compatible; Googlebot/2.1; +http://www.google.com/bot.html)"
69.84.73.60 - - [04/Jan/2012:09:11:54 -0500] "GET /forums/image.php?u=14507&dateline=1282747585 HTTP/1.1" 200 1621 "http://www.walleyecentral.com/forums/showthread.php?t=189201" "Mozilla/4.0 (compatible; MSIE 8.0; Windows NT 5.1; Trident/4.0; InfoPath.1; .NET CLR 2.0.50727)"
69.84.73.60 - - [04/Jan/2012:09:11:55 -0500] "GET /forums/images/buttons/viewpost.gif HTTP/1.1" 304 - "http://www.walleyecentral.com/forums/showthread.php?t=189201" "Mozilla/4.0 (compatible; MSIE 8.0; Windows NT 5.1; Trident/4.0; InfoPath.1; .NET CLR 2.0.50727)"
69.84.73.60 - - [04/Jan/2012:09:11:55 -0500] "GET /forums/image.php?u=13959&dateline=1297081663 HTTP/1.1" 200 2357 "http://www.walleyecentral.com/forums/showthread.php?t=189201" "Mozilla/4.0 (compatible; MSIE 8.0; Windows NT 5.1; Trident/4.0; InfoPath.1; .NET CLR 2.0.50727)"
69.84.73.60 - - [04/Jan/2012:09:11:55 -0500] "GET /forums/image.php?u=304&dateline=1297429439 HTTP/1.1" 200 1906 "http://www.walleyecentral.com/forums/showthread.php?t=189201" "Mozilla/4.0 (compatible; MSIE 8.0; Windows NT 5.1; Trident/4.0; InfoPath.1; .NET CLR 2.0.50727)"
69.84.73.60 - - [04/Jan/2012:09:11:54 -0500] "GET /openx/www/delivery/lg.php?bannerid=34&campaignid=1&zoneid=98&loc=http%3A%2F%2Fwww.walleyecentral.com%2Fforums%2Fshowthread.php%3Ft%3D189201&referer=http%3A%2F%2Fwww.walleyecentral.com%2Fforums%2Fforumdisplay.php%3Ff%3D32&cb=f129a7128f HTTP/1.1" 200 43 "http://www.walleyecentral.com/forums/showthread.php?t=189201" "Mozilla/4.0 (compatible; MSIE 8.0; Windows NT 5.1; Trident/4.0; InfoPath.1; .NET CLR 2.0.50727)"
208.126.173.26 - - [04/Jan/2012:09:11:54 -0500] "GET /openx/www/delivery/lg.php?bannerid=6&campaignid=1&zoneid=1&channel_ids=,&loc=http%3A%2F%2Fwww.walleyecentral.com%2Fforums%2Findex.php&referer=http%3A%2F%2Fwww.walleyecentral.com%2F&cb=fa3a7093c3 HTTP/1.1" 200 43 "http://www.walleyecentral.com/forums/index.php" "Mozilla/4.0 (compatible; MSIE 8.0; Windows NT 6.1; WOW64; Trident/4.0; GTB7.2; SLCC2; .NET CLR 2.0.50727; .NET CLR 3.5.30729; .NET CLR 3.0.30729; Media Center PC 6.0; InfoPath.2; .NET4.0C)"
207.165.135.63 - - [04/Jan/2012:09:11:55 -0500] "GET /themes/default/theme.css HTTP/1.0" 304 - "http://www.walleyecentral.com/" "Mozilla/4.0 (compatible; MSIE 8.0; Windows NT 6.1; Trident/4.0; MathPlayer 2.20; SLCC2; .NET CLR 2.0.50727; .NET CLR 3.5.30729; .NET CLR 3.0.30729; Media Center PC 6.0; InfoPath.3)"
207.165.135.63 - - [04/Jan/2012:09:11:55 -0500] "GET /themes/default/common.css HTTP/1.0" 304 - "http://www.walleyecentral.com/" "Mozilla/4.0 (compatible; MSIE 8.0; Windows NT 6.1; Trident/4.0; MathPlayer 2.20; SLCC2; .NET CLR 2.0.50727; .NET CLR 3.5.30729; .NET CLR 3.0.30729; Media Center PC 6.0; InfoPath.3)"
207.165.135.63 - - [04/Jan/2012:09:11:54 -0500] "GET / HTTP/1.0" 200 66159 "-" "Mozilla/4.0 (compatible; MSIE 8.0; Windows NT 6.1; Trident/4.0; MathPlayer 2.20; SLCC2; .NET CLR 2.0.50727; .NET CLR 3.5.30729; .NET CLR 3.0.30729; Media Center PC 6.0; InfoPath.3)"
205.134.249.170 - - [04/Jan/2012:09:11:55 -0500] "GET /weather.php?pands=53901 HTTP/1.1" 200 16166 "-" "PHP/5.2.17"
174.29.240.220 - - [04/Jan/2012:09:11:54 -0500] "GET /forums/showthread.php?p=1379046 HTTP/1.1" 200 22566 "http://www.walleyecentral.com/forums/forumdisplay.php?f=5" "Mozilla/5.0 (compatible; MSIE 9.0; Windows NT 6.0; WOW64; Trident/5.0)"
174.29.240.220 - - [04/Jan/2012:09:11:55 -0500] "GET /openx/www/delivery/ajs.php?n=a5212870&zoneid=89&source=&exclude=,&r=598008431&loc=http%3A//www.walleyecentral.com/forums/showthread.php%3Fp%3D1379046%23post1379046&referer=http%3A//www.walleyecentral.com/forums/forumdisplay.php%3Ff%3D5 HTTP/1.1" 200 1086 "http://www.walleyecentral.com/forums/showthread.php?p=1379046#post1379046" "Mozilla/5.0 (compatible; MSIE 9.0; Windows NT 6.0; WOW64; Trident/5.0)"
46.17.98.217 - - [04/Jan/2012:09:11:54 -0500] "POST /forums/register.php?do=addmember HTTP/1.0" 200 41539 "http://www.walleyecentral.com/forums/register.php" "Opera/8.00 (Windows NT 5.1; U; en)"
174.29.240.220 - - [04/Jan/2012:09:11:55 -0500] "GET /openx/www/delivery/lg.php?bannerid=50&campaignid=1&zoneid=89&loc=http%3A%2F%2Fwww.walleyecentral.com%2Fforums%2Fshowthread.php%3Fp%3D1379046%23post1379046&referer=http%3A%2F%2Fwww.walleyecentral.com%2Fforums%2Fforumdisplay.php%3Ff%3D5&cb=143791b922 HTTP/1.1" 200 43 "http://www.walleyecentral.com/forums/showthread.php?p=1379046#post1379046" "Mozilla/5.0 (compatible; MSIE 9.0; Windows NT 6.0; WOW64; Trident/5.0)"
66.11.150.236 - - [04/Jan/2012:09:11:55 -0500] "GET /weather.php?pands=80525 HTTP/1.0" 200 24186 "-" "-"
66.11.150.236 - - [04/Jan/2012:09:11:55 -0500] "GET /weather.php?pands=50543 HTTP/1.0" 200 24168 "-" "-"
50.116.161.56 - - [04/Jan/2012:09:11:55 -0500] "GET /openx/www/delivery/lg.php?bannerid=63&campaignid=1&zoneid=110&loc=http%3A%2F%2Fwww.walleyecentral.com%2Fforums%2Fshowthread.php%3Ft%3D188368%26page%3D2&referer=http%3A%2F%2Fwww.walleyecentral.com%2Fforums%2Fshowthread.php%3Ft%3D188368&cb=4fe3d54f6a HTTP/1.1" 200 43 "http://www.walleyecentral.com/forums/showthread.php?t=188368&page=2" "Mozilla/5.0 (compatible; MSIE 9.0; Windows NT 6.1; WOW64; Trident/5.0)"
59.58.158.149 - - [04/Jan/2012:09:11:55 -0500] "GET /forums/register.php?s=a7b7e193be4672c9ef72af9b85fc6e1d HTTP/1.1" 200 8999 "http://www.walleyecentral.com/forums/" "Mozilla/4.0 (compatible; MSIE 6.0; Windows NT 5.1; SV1;)"
205.134.249.170 - - [04/Jan/2012:09:11:55 -0500] "GET /weather.php?pands=s4v3a7regin HTTP/1.1" 200 16166 "-" "PHP/5.2.17"
207.165.135.63 - - [04/Jan/2012:09:11:56 -0500] "GET /themes/default/images/bullet.png HTTP/1.0" 304 - "http://www.walleyecentral.com/" "Mozilla/4.0 (compatible; MSIE 8.0; Windows NT 6.1; Trident/4.0; MathPlayer 2.20; SLCC2; .NET CLR 2.0.50727; .NET CLR 3.5.30729; .NET CLR 3.0.30729; Media Center PC 6.0; InfoPath.3)"
207.165.135.63 - - [04/Jan/2012:09:11:57 -0500] "GET /forums/clientscript/vbulletin_md5.js?v=368 HTTP/1.0" 304 - "http://www.walleyecentral.com/" "Mozilla/4.0 (compatible; MSIE 8.0; Windows NT 6.1; Trident/4.0; MathPlayer 2.20; SLCC2; .NET CLR 2.0.50727; .NET CLR 3.5.30729; .NET CLR 3.0.30729; Media Center PC 6.0; InfoPath.3)"
46.17.98.217 - - [04/Jan/2012:09:11:56 -0500] "POST /forums/register.php?do=addmember HTTP/1.0" 200 41577 "http://www.walleyecentral.com/forums/register.php" "Opera/8.00 (Windows NT 5.1; U; en)"
205.134.249.170 - - [04/Jan/2012:09:11:57 -0500] "GET /weather.php?pands=49707 HTTP/1.1" 200 16166 "-" "PHP/5.2.17"
31.184.236.61 - - [04/Jan/2012:09:11:56 -0500] "POST /forums/register.php?do=addmember HTTP/1.0" 200 41521 "http://www.walleyecentral.com/forums/register.php" "Mozilla/4.0 (compatible; MSIE 5.0; Windows 3.1)"
207.46.199.44 - - [04/Jan/2012:09:11:57 -0500] "GET /forums/showthread.php?t=107019 HTTP/1.1" 200 17862 "-" "Mozilla/5.0 (compatible; bingbot/2.0; +http://www.bing.com/bingbot.htm)"
66.11.150.236 - - [04/Jan/2012:09:11:57 -0500] "GET /weather.php?pands=56475 HTTP/1.0" 200 24178 "-" "-"
66.11.150.236 - - [04/Jan/2012:09:11:57 -0500] "GET /weather.php?pands=48205 HTTP/1.0" 200 24180 "-" "-"
63.135.136.202 - - [04/Jan/2012:09:11:57 -0500] "GET /openx/www/delivery/ajs.php?n=a5212870&zoneid=87&source=&exclude=,&r=624863591&loc=http%3A//www.walleyecentral.com/forums/showthread.php%3Ft%3D189194&referer=http%3A//www.walleyecentral.com/forums/forumdisplay.php%3Ff%3D5 HTTP/1.1" 200 947 "http://www.walleyecentral.com/forums/showthread.php?t=189194" "Mozilla/4.0 (compatible; MSIE 8.0; Windows NT 5.1; Trident/4.0; GTB7.2; .NET CLR 1.1.4322; .NET CLR 2.0.50727; InfoPath.2; .NET CLR 3.0.4506.2152; .NET CLR 3.5.30729)"
205.134.249.170 - - [04/Jan/2012:09:11:58 -0500] "GET /weather.php?pands=Buffalo%2C+NY HTTP/1.1" 200 16166 "-" "PHP/5.2.17"
59.58.158.149 - - [04/Jan/2012:09:11:58 -0500] "POST /forums/register.php?do=register HTTP/1.1" 200 11302 "http://www.walleyecentral.com/forums/register.php?s=a7b7e193be4672c9ef72af9b85fc6e1d" "Mozilla/4.0 (compatible; MSIE 6.0; Windows NT 5.1; SV1;)"
65.52.110.147 - - [04/Jan/2012:09:11:58 -0500] "GET /forums/showthread.php?t=182053 HTTP/1.1" 200 15356 "-" "Mozilla/5.0 (compatible; bingbot/2.0; +http://www.bing.com/bingbot.htm)"
63.135.136.202 - - [04/Jan/2012:09:11:58 -0500] "GET /openx/www/delivery/lg.php?bannerid=74&campaignid=1&zoneid=87&loc=http%3A%2F%2Fwww.walleyecentral.com%2Fforums%2Fshowthread.php%3Ft%3D189194&referer=http%3A%2F%2Fwww.walleyecentral.com%2Fforums%2Fforumdisplay.php%3Ff%3D5&cb=05a49939d7 HTTP/1.1" 200 43 "http://www.walleyecentral.com/forums/showthread.php?t=189194" "Mozilla/4.0 (compatible; MSIE 8.0; Windows NT 5.1; Trident/4.0; GTB7.2; .NET CLR 1.1.4322; .NET CLR 2.0.50727; InfoPath.2; .NET CLR 3.0.4506.2152; .NET CLR 3.5.30729)"
46.17.98.217 - - [04/Jan/2012:09:11:58 -0500] "POST /forums/register.php?do=addmember HTTP/1.0" 200 41538 "http://www.walleyecentral.com/forums/register.php" "Opera/8.00 (Windows NT 5.1; U; en)"
66.249.71.211 - - [04/Jan/2012:09:11:59 -0500] "GET /forums/archive/index.php/t-45304.html HTTP/1.1" 200 3574 "-" "Mozilla/5.0 (compatible; Googlebot/2.1; +http://www.google.com/bot.html)"
65.52.108.26 - - [04/Jan/2012:09:11:59 -0500] "GET /forums/showthread.php?mode=hybrid&t=130239 HTTP/1.1" 200 13944 "-" "Mozilla/5.0 (compatible; bingbot/2.0; +http://www.bing.com/bingbot.htm)"
205.134.249.170 - - [04/Jan/2012:09:11:59 -0500] "GET /weather.php?pands=Castle+rock HTTP/1.1" 200 16166 "-" "PHP/5.2.17"
66.11.150.236 - - [04/Jan/2012:09:11:59 -0500] "GET /weather.php?pands=48604 HTTP/1.0" 200 24169 "-" "-"
66.11.150.236 - - [04/Jan/2012:09:11:59 -0500] "GET /weather.php?pands=55318 HTTP/1.0" 200 24170 "-" "-"
141.105.65.151 - - [04/Jan/2012:09:11:56 -0500] "POST /forums/register.php?do=addmember HTTP/1.0" 200 41597 "http://www.walleyecentral.com/forums/register.php?s=5b38f18bfdaba8d94884192f4a261efe" "Mozilla/4.0 (compatible; MSIE 6.0; Windows NT 5.0; APC; .NET CLR 1.0.3705; .NET CLR 1.1.4322; .NET CLR 2.0.50215; InfoPath.1)"
207.165.135.63 - - [04/Jan/2012:09:12:00 -0500] "GET /dbimages/articles-2012-01-02-216201556iconfile.JPG HTTP/1.0" 304 - "http://www.walleyecentral.com/" "Mozilla/4.0 (compatible; MSIE 8.0; Windows NT 6.1; Trident/4.0; MathPlayer 2.20; SLCC2; .NET CLR 2.0.50727; .NET CLR 3.5.30729; .NET CLR 3.0.30729; Media Center PC 6.0; InfoPath.3)"
65.52.108.198 - - [04/Jan/2012:09:11:59 -0500] "GET /forums/showthread.php?t=168145 HTTP/1.1" 200 21087 "-" "Mozilla/5.0 (compatible; bingbot/2.0; +http://www.bing.com/bingbot.htm)"
207.165.135.63 - - [04/Jan/2012:09:12:00 -0500] "GET /dbimages/articles-2011-12-20-231784295iconfile.jpg HTTP/1.0" 304 - "http://www.walleyecentral.com/" "Mozilla/4.0 (compatible; MSIE 8.0; Windows NT 6.1; Trident/4.0; MathPlayer 2.20; SLCC2; .NET CLR 2.0.50727; .NET CLR 3.5.30729; .NET CLR 3.0.30729; Media Center PC 6.0; InfoPath.3)"
207.165.135.63 - - [04/Jan/2012:09:12:00 -0500] "GET /dbimages/articles-2011-12-27-925807361iconfile.jpg HTTP/1.0" 304 - "http://www.walleyecentral.com/" "Mozilla/4.0 (compatible; MSIE 8.0; Windows NT 6.1; Trident/4.0; MathPlayer 2.20; SLCC2; .NET CLR 2.0.50727; .NET CLR 3.5.30729; .NET CLR 3.0.30729; Media Center PC 6.0; InfoPath.3)"
207.165.135.63 - - [04/Jan/2012:09:12:00 -0500] "GET /dbimages/tenpoundclub-2011-12-23-141169268thumbnail.jpg HTTP/1.0" 304 - "http://www.walleyecentral.com/" "Mozilla/4.0 (compatible; MSIE 8.0; Windows NT 6.1; Trident/4.0; MathPlayer 2.20; SLCC2; .NET CLR 2.0.50727; .NET CLR 3.5.30729; .NET CLR 3.0.30729; Media Center PC 6.0; InfoPath.3)"
207.165.135.63 - - [04/Jan/2012:09:12:00 -0500] "GET /dbimages/tenpoundclub-2011-12-23-97306314thumbnail.jpg HTTP/1.0" 304 - "http://www.walleyecentral.com/" "Mozilla/4.0 (compatible; MSIE 8.0; Windows NT 6.1; Trident/4.0; MathPlayer 2.20; SLCC2; .NET CLR 2.0.50727; .NET CLR 3.5.30729; .NET CLR 3.0.30729; Media Center PC 6.0; InfoPath.3)"
207.165.135.63 - - [04/Jan/2012:09:12:00 -0500] "GET /dbimages/tenpoundclub-2012-01-03-862352758thumbnail.jpg HTTP/1.0" 304 - "http://www.walleyecentral.com/" "Mozilla/4.0 (compatible; MSIE 8.0; Windows NT 6.1; Trident/4.0; MathPlayer 2.20; SLCC2; .NET CLR 2.0.50727; .NET CLR 3.5.30729; .NET CLR 3.0.30729; Media Center PC 6.0; InfoPath.3)"
216.67.156.3 - - [04/Jan/2012:09:12:00 -0500] "GET /themes/default/theme.css HTTP/1.1" 200 6726 "http://www.walleyecentral.com/" "Mozilla/4.0 (compatible; MSIE 8.0; Windows NT 6.1; WOW64; Trident/4.0; SLCC2; .NET CLR 2.0.50727; .NET CLR 3.5.30729; .NET CLR 3.0.30729; Media Center PC 6.0; .NET4.0C; .NET4.0E)"
24.111.18.138 - - [04/Jan/2012:09:12:00 -0500] "GET /themes/default/theme.css HTTP/1.1" 200 6726 "http://walleyecentral.com/" "Mozilla/4.0 (compatible; MSIE 8.0; Windows NT 5.1; Trident/4.0; GTB7.2; Mozilla/4.0 (compatible; MSIE 6.0; Windows NT 5.1; SV1) ; .NET CLR 1.1.4322; .NET CLR 2.0.50727; .NET CLR 3.0.04506.30; .NET CLR 3.0.04506.648; .NET CLR 3.0.4506.2152; .NET CLR 3.5.30729; OfficeLiveConnector.1.3; OfficeLivePatch.0.0; .NET4.0C; .NET4.0E)"
205.134.249.170 - - [04/Jan/2012:09:12:00 -0500] "GET /weather.php?pands=55082 HTTP/1.1" 200 16166 "-" "PHP/5.2.17"
69.84.73.60 - - [04/Jan/2012:09:12:00 -0500] "GET /openx/www/delivery/ajs.php?n=a5212870&zoneid=97&source=&exclude=,&r=147952491&loc=http%3A//www.walleyecentral.com/forums/forumdisplay.php%3Ff%3D32&referer=http%3A//www.walleyecentral.com/ HTTP/1.1" 200 980 "http://www.walleyecentral.com/forums/forumdisplay.php?f=32" "Mozilla/4.0 (compatible; MSIE 8.0; Windows NT 5.1; Trident/4.0; InfoPath.1; .NET CLR 2.0.50727)"
24.111.18.138 - - [04/Jan/2012:09:12:00 -0500] "GET /themes/default/common.css HTTP/1.1" 200 688 "http://walleyecentral.com/" "Mozilla/4.0 (compatible; MSIE 8.0; Windows NT 5.1; Trident/4.0; GTB7.2; Mozilla/4.0 (compatible; MSIE 6.0; Windows NT 5.1; SV1) ; .NET CLR 1.1.4322; .NET CLR 2.0.50727; .NET CLR 3.0.04506.30; .NET CLR 3.0.04506.648; .NET CLR 3.0.4506.2152; .NET CLR 3.5.30729; OfficeLiveConnector.1.3; OfficeLivePatch.0.0; .NET4.0C; .NET4.0E)"
24.111.18.138 - - [04/Jan/2012:09:12:00 -0500] "GET /forums/clientscript/vbulletin_md5.js?v=368 HTTP/1.1" 200 5464 "http://walleyecentral.com/" "Mozilla/4.0 (compatible; MSIE 8.0; Windows NT 5.1; Trident/4.0; GTB7.2; Mozilla/4.0 (compatible; MSIE 6.0; Windows NT 5.1; SV1) ; .NET CLR 1.1.4322; .NET CLR 2.0.50727; .NET CLR 3.0.04506.30; .NET CLR 3.0.04506.648; .NET CLR 3.0.4506.2152; .NET CLR 3.5.30729; OfficeLiveConnector.1.3; OfficeLivePatch.0.0; .NET4.0C; .NET4.0E)"
216.67.156.3 - - [04/Jan/2012:09:12:00 -0500] "GET /themes/default/common.css HTTP/1.1" 200 688 "http://www.walleyecentral.com/" "Mozilla/4.0 (compatible; MSIE 8.0; Windows NT 6.1; WOW64; Trident/4.0; SLCC2; .NET CLR 2.0.50727; .NET CLR 3.5.30729; .NET CLR 3.0.30729; Media Center PC 6.0; .NET4.0C; .NET4.0E)"
216.67.156.3 - - [04/Jan/2012:09:12:00 -0500] "GET /forums/clientscript/vbulletin_md5.js?v=368 HTTP/1.1" 200 5464 "http://www.walleyecentral.com/" "Mozilla/4.0 (compatible; MSIE 8.0; Windows NT 6.1; WOW64; Trident/4.0; SLCC2; .NET CLR 2.0.50727; .NET CLR 3.5.30729; .NET CLR 3.0.30729; Media Center PC 6.0; .NET4.0C; .NET4.0E)"
24.111.18.138 - - [04/Jan/2012:09:12:00 -0500] "GET /themes/default/images/topback.png HTTP/1.1" 200 1241 "http://walleyecentral.com/" "Mozilla/4.0 (compatible; MSIE 8.0; Windows NT 5.1; Trident/4.0; GTB7.2; Mozilla/4.0 (compatible; MSIE 6.0; Windows NT 5.1; SV1) ; .NET CLR 1.1.4322; .NET CLR 2.0.50727; .NET CLR 3.0.04506.30; .NET CLR 3.0.04506.648; .NET CLR 3.0.4506.2152; .NET CLR 3.5.30729; OfficeLiveConnector.1.3; OfficeLivePatch.0.0; .NET4.0C; .NET4.0E)"
24.111.18.138 - - [04/Jan/2012:09:12:00 -0500] "GET /themes/default/images/bullet.png HTTP/1.1" 200 253 "http://walleyecentral.com/" "Mozilla/4.0 (compatible; MSIE 8.0; Windows NT 5.1; Trident/4.0; GTB7.2; Mozilla/4.0 (compatible; MSIE 6.0; Windows NT 5.1; SV1) ; .NET CLR 1.1.4322; .NET CLR 2.0.50727; .NET CLR 3.0.04506.30; .NET CLR 3.0.04506.648; .NET CLR 3.0.4506.2152; .NET CLR 3.5.30729; OfficeLiveConnector.1.3; OfficeLivePatch.0.0; .NET4.0C; .NET4.0E)"
174.252.196.194 - - [04/Jan/2012:09:12:00 -0500] "GET /forums/forumdisplay.php?f=32 HTTP/1.1" 200 22705 "http://www.walleyecentral.com/forums/index.php" "Mozilla/5.0 (Linux; U; Android 2.2.3; en-us; Droid Build/FRK76) AppleWebKit/533.1 (KHTML, like Gecko) Version/4.0 Mobile Safari/533.1"
31.184.236.61 - - [04/Jan/2012:09:11:59 -0500] "POST /forums/register.php?do=addmember HTTP/1.0" 200 41498 "http://www.walleyecentral.com/forums/register.php" "Mozilla/4.0 (compatible; MSIE 5.0; Windows 3.1)"
69.84.73.60 - - [04/Jan/2012:09:12:00 -0500] "GET /openx/www/delivery/lg.php?bannerid=34&campaignid=1&zoneid=97&loc=http%3A%2F%2Fwww.walleyecentral.com%2Fforums%2Fforumdisplay.php%3Ff%3D32&referer=http%3A%2F%2Fwww.walleyecentral.com%2F&cb=5bc495b06d HTTP/1.1" 200 43 "http://www.walleyecentral.com/forums/forumdisplay.php?f=32" "Mozilla/4.0 (compatible; MSIE 8.0; Windows NT 5.1; Trident/4.0; InfoPath.1; .NET CLR 2.0.50727)"
24.111.18.138 - - [04/Jan/2012:09:12:00 -0500] "GET /qnav/bullet_sq_sm_slateblue.gif HTTP/1.1" 200 820 "http://walleyecentral.com/" "Mozilla/4.0 (compatible; MSIE 8.0; Windows NT 5.1; Trident/4.0; GTB7.2; Mozilla/4.0 (compatible; MSIE 6.0; Windows NT 5.1; SV1) ; .NET CLR 1.1.4322; .NET CLR 2.0.50727; .NET CLR 3.0.04506.30; .NET CLR 3.0.04506.648; .NET CLR 3.0.4506.2152; .NET CLR 3.5.30729; OfficeLiveConnector.1.3; OfficeLivePatch.0.0; .NET4.0C; .NET4.0E)"
216.67.156.3 - - [04/Jan/2012:09:12:00 -0500] "GET /qnav/bullet_sq_sm_slateblue.gif HTTP/1.1" 200 820 "http://www.walleyecentral.com/" "Mozilla/4.0 (compatible; MSIE 8.0; Windows NT 6.1; WOW64; Trident/4.0; SLCC2; .NET CLR 2.0.50727; .NET CLR 3.5.30729; .NET CLR 3.0.30729; Media Center PC 6.0; .NET4.0C; .NET4.0E)"
216.67.156.3 - - [04/Jan/2012:09:12:00 -0500] "GET /themes/default/images/bullet.png HTTP/1.1" 200 253 "http://www.walleyecentral.com/" "Mozilla/4.0 (compatible; MSIE 8.0; Windows NT 6.1; WOW64; Trident/4.0; SLCC2; .NET CLR 2.0.50727; .NET CLR 3.5.30729; .NET CLR 3.0.30729; Media Center PC 6.0; .NET4.0C; .NET4.0E)"
216.67.156.3 - - [04/Jan/2012:09:12:00 -0500] "GET /themes/default/images/topback.png HTTP/1.1" 200 1241 "http://www.walleyecentral.com/" "Mozilla/4.0 (compatible; MSIE 8.0; Windows NT 6.1; WOW64; Trident/4.0; SLCC2; .NET CLR 2.0.50727; .NET CLR 3.5.30729; .NET CLR 3.0.30729; Media Center PC 6.0; .NET4.0C; .NET4.0E)"
24.111.18.138 - - [04/Jan/2012:09:12:00 -0500] "GET /themes/default/images/headerlogo2.png HTTP/1.1" 200 12415 "http://walleyecentral.com/" "Mozilla/4.0 (compatible; MSIE 8.0; Windows NT 5.1; Trident/4.0; GTB7.2; Mozilla/4.0 (compatible; MSIE 6.0; Windows NT 5.1; SV1) ; .NET CLR 1.1.4322; .NET CLR 2.0.50727; .NET CLR 3.0.04506.30; .NET CLR 3.0.04506.648; .NET CLR 3.0.4506.2152; .NET CLR 3.5.30729; OfficeLiveConnector.1.3; OfficeLivePatch.0.0; .NET4.0C; .NET4.0E)"
24.111.18.138 - - [04/Jan/2012:09:11:56 -0500] "GET / HTTP/1.1" 200 66159 "-" "Mozilla/4.0 (compatible; MSIE 8.0; Windows NT 5.1; Trident/4.0; GTB7.2; Mozilla/4.0 (compatible; MSIE 6.0; Windows NT 5.1; SV1) ; .NET CLR 1.1.4322; .NET CLR 2.0.50727; .NET CLR 3.0.04506.30; .NET CLR 3.0.04506.648; .NET CLR 3.0.4506.2152; .NET CLR 3.5.30729; OfficeLiveConnector.1.3; OfficeLivePatch.0.0; .NET4.0C; .NET4.0E)"
24.111.18.138 - - [04/Jan/2012:09:12:00 -0500] "GET /images/wc-hoodie.jpg HTTP/1.1" 200 2970 "http://walleyecentral.com/" "Mozilla/4.0 (compatible; MSIE 8.0; Windows NT 5.1; Trident/4.0; GTB7.2; Mozilla/4.0 (compatible; MSIE 6.0; Windows NT 5.1; SV1) ; .NET CLR 1.1.4322; .NET CLR 2.0.50727; .NET CLR 3.0.04506.30; .NET CLR 3.0.04506.648; .NET CLR 3.0.4506.2152; .NET CLR 3.5.30729; OfficeLiveConnector.1.3; OfficeLivePatch.0.0; .NET4.0C; .NET4.0E)"
24.111.18.138 - - [04/Jan/2012:09:12:00 -0500] "GET /themes/default/images/x.gif HTTP/1.1" 200 1107 "http://walleyecentral.com/" "Mozilla/4.0 (compatible; MSIE 8.0; Windows NT 5.1; Trident/4.0; GTB7.2; Mozilla/4.0 (compatible; MSIE 6.0; Windows NT 5.1; SV1) ; .NET CLR 1.1.4322; .NET CLR 2.0.50727; .NET CLR 3.0.04506.30; .NET CLR 3.0.04506.648; .NET CLR 3.0.4506.2152; .NET CLR 3.5.30729; OfficeLiveConnector.1.3; OfficeLivePatch.0.0; .NET4.0C; .NET4.0E)"
24.111.18.138 - - [04/Jan/2012:09:12:00 -0500] "GET /themes/default/images/ranger_icon.jpg HTTP/1.1" 200 6291 "http://walleyecentral.com/" "Mozilla/4.0 (compatible; MSIE 8.0; Windows NT 5.1; Trident/4.0; GTB7.2; Mozilla/4.0 (compatible; MSIE 6.0; Windows NT 5.1; SV1) ; .NET CLR 1.1.4322; .NET CLR 2.0.50727; .NET CLR 3.0.04506.30; .NET CLR 3.0.04506.648; .NET CLR 3.0.4506.2152; .NET CLR 3.5.30729; OfficeLiveConnector.1.3; OfficeLivePatch.0.0; .NET4.0C; .NET4.0E)"
