216.130.131.66 - - [04/Jan/2012:09:12:38 -0500] "GET /openx/www/delivery/lg.php?bannerid=74&campaignid=1&zoneid=87&loc=http%3A%2F%2Fwww.walleyecentral.com%2Fforums%2Fshowthread.php%3Ft%3D189208%26page%3D2&referer=http%3A%2F%2Fwww.walleyecentral.com%2Fforums%2Fshowthread.php%3Ft%3D189208&cb=8f12481972 HTTP/1.1" 200 43 "http://www.walleyecentral.com/forums/showthread.php?t=189208&page=2" "Mozilla/4.0 (compatible; MSIE 8.0; Windows NT 6.1; Win64; x64; Trident/4.0; .NET CLR 2.0.50727; SLCC2; .NET CLR 3.5.30729; .NET CLR 3.0.30729; .NET4.0C; .NET4.0E)"
205.134.249.170 - - [04/Jan/2012:09:12:38 -0500] "GET /weather.php?pands=12095 HTTP/1.1" 200 16166 "-" "PHP/5.2.17"
31.184.236.61 - - [04/Jan/2012:09:12:37 -0500] "POST /forums/register.php?do=addmember HTTP/1.0" 200 41497 "http://www.walleyecentral.com/forums/register.php" "Mozilla/4.0 (compatible; MSIE 5.0; Windows 3.1)"
66.11.150.236 - - [04/Jan/2012:09:12:38 -0500] "GET /weather.php?pands=Denver%2C+CO HTTP/1.0" 200 24255 "-" "-"
66.11.150.236 - - [04/Jan/2012:09:12:38 -0500] "GET /weather.php?pands=Brainerd+MN HTTP/1.0" 200 24258 "-" "-"
207.46.199.44 - - [04/Jan/2012:09:12:38 -0500] "GET /forums/archive/index.php/t-31020.html HTTP/1.1" 200 9779 "-" "Mozilla/5.0 (compatible; bingbot/2.0; +http://www.bing.com/bingbot.htm)"
205.134.249.170 - - [04/Jan/2012:09:12:38 -0500] "GET /weather.php?pands=43076 HTTP/1.1" 200 16166 "-" "PHP/5.2.17"
50.116.161.56 - - [04/Jan/2012:09:12:39 -0500] "GET /openx/www/delivery/ajs.php?n=a5212870&zoneid=85&source=&exclude=,&r=546405051&loc=http%3A//www.walleyecentral.com/forums/search.php%3Fsearchid%3D4436996%26pp%3D25%26page%3D2&referer=http%3A//www.walleyecentral.com/forums/search.php%3Fsearchid%3D4436996 HTTP/1.1" 200 1021 "http://www.walleyecentral.com/forums/search.php?searchid=4436996&pp=25&page=2" "Mozilla/5.0 (compatible; MSIE 9.0; Windows NT 6.1; WOW64; Trident/5.0)"
65.52.108.198 - - [04/Jan/2012:09:12:39 -0500] "GET /forums/showthread.php?p=128229 HTTP/1.1" 200 19058 "-" "Mozilla/5.0 (compatible; bingbot/2.0; +http://www.bing.com/bingbot.htm)"
66.249.71.211 - - [04/Jan/2012:09:12:39 -0500] "GET /forums/archive/index.php/t-43898.html HTTP/1.1" 200 10146 "-" "Mozilla/5.0 (compatible; Googlebot/2.1; +http://www.google.com/bot.html)"
157.55.17.195 - - [04/Jan/2012:09:12:39 -0500] "GET /forums/search.php?searchid=4220922 HTTP/1.1" 200 10520 "-" "Mozilla/5.0 (compatible; bingbot/2.0; +http://www.bing.com/bingbot.htm)"
31.184.236.61 - - [04/Jan/2012:09:12:39 -0500] "POST /forums/register.php?do=addmember HTTP/1.0" 200 41521 "http://www.walleyecentral.com/forums/register.php" "Mozilla/4.0 (compatible; MSIE 5.0; Windows 3.1)"
205.134.249.170 - - [04/Jan/2012:09:12:40 -0500] "GET /weather.php?pands=50613 HTTP/1.1" 200 16166 "-" "PHP/5.2.17"
207.46.13.160 - - [04/Jan/2012:09:12:40 -0500] "GET /forums/search.php?do=finduser&userid=17935&searchthreadid=130222 HTTP/1.1" 302 - "-" "Mozilla/5.0 (compatible; bingbot/2.0; +http://www.bing.com/bingbot.htm)"
157.55.17.195 - - [04/Jan/2012:09:12:40 -0500] "GET /forums/showthread.php?t=171101&page=2 HTTP/1.1" 200 13874 "-" "Mozilla/5.0 (compatible; bingbot/2.0; +http://www.bing.com/bingbot.htm)"
50.116.161.56 - - [04/Jan/2012:09:12:40 -0500] "GET /openx/www/delivery/lg.php?bannerid=99&campaignid=1&zoneid=85&loc=http%3A%2F%2Fwww.walleyecentral.com%2Fforums%2Fsearch.php%3Fsearchid%3D4436996%26pp%3D25%26page%3D2&referer=http%3A%2F%2Fwww.walleyecentral.com%2Fforums%2Fsearch.php%3Fsearchid%3D4436996&cb=6b56b1bb54 HTTP/1.1" 200 43 "http://www.walleyecentral.com/forums/search.php?searchid=4436996&pp=25&page=2" "Mozilla/5.0 (compatible; MSIE 9.0; Windows NT 6.1; WOW64; Trident/5.0)"
205.134.249.170 - - [04/Jan/2012:09:12:41 -0500] "GET /weather.php?pands=48079 HTTP/1.1" 200 16166 "-" "PHP/5.2.17"
157.55.17.77 - - [04/Jan/2012:09:12:41 -0500] "GET /forums/showthread.php?t=168525 HTTP/1.1" 200 14330 "-" "Mozilla/4.0 (compatible; MSIE 7.0; Windows NT 5.1; SV1; .NET CLR 1.1.4322; .NET CLR 2.0.50727; .NET CLR 3.0.30729; .NET CLR 3.5.30729; InfoPath.2)"
157.55.17.195 - - [04/Jan/2012:09:12:41 -0500] "GET /forums/showthread.php?t=175357&page=3 HTTP/1.1" 200 19804 "-" "Mozilla/5.0 (compatible; bingbot/2.0; +http://www.bing.com/bingbot.htm)"
66.11.150.236 - - [04/Jan/2012:09:12:40 -0500] "GET /weather.php?pands=56716 HTTP/1.0" 200 24175 "-" "-"
66.11.150.236 - - [04/Jan/2012:09:12:40 -0500] "GET /weather.php?pands=Elwood%2C+NE HTTP/1.0" 200 24241 "-" "-"
31.184.236.61 - - [04/Jan/2012:09:12:40 -0500] "POST /forums/register.php?do=addmember HTTP/1.0" 200 41522 "http://www.walleyecentral.com/forums/register.php" "Mozilla/4.0 (compatible; MSIE 5.0; Windows 3.1)"
157.55.17.77 - - [04/Jan/2012:09:12:42 -0500] "GET /forums/clientscript/vbulletin_important.css?v=373 HTTP/1.1" 200 1687 "http://www.walleyecentral.com/forums/showthread.php?t=168525" "Mozilla/4.0 (compatible; MSIE 7.0; Windows NT 5.1; SV1; .NET CLR 1.1.4322; .NET CLR 2.0.50727; .NET CLR 3.0.30729; .NET CLR 3.5.30729; InfoPath.2)"
66.11.150.236 - - [04/Jan/2012:09:12:42 -0500] "GET /weather.php?pands=fosston HTTP/1.0" 200 23602 "-" "-"
157.55.17.77 - - [04/Jan/2012:09:12:42 -0500] "GET /themes/default/theme.css HTTP/1.1" 200 6726 "http://www.walleyecentral.com/forums/showthread.php?t=168525" "Mozilla/4.0 (compatible; MSIE 7.0; Windows NT 5.1; SV1; .NET CLR 1.1.4322; .NET CLR 2.0.50727; .NET CLR 3.0.30729; .NET CLR 3.5.30729; InfoPath.2)"
67.190.174.180 - - [04/Jan/2012:09:12:42 -0500] "GET /forums/forumdisplay.php?f=13 HTTP/1.1" 200 21061 "http://www.walleyecentral.com/" "Mozilla/5.0 (Windows NT 5.1; rv:2.0) Gecko/20100101 Firefox/4.0"
205.134.249.170 - - [04/Jan/2012:09:12:42 -0500] "GET /weather.php?pands=57368 HTTP/1.1" 200 16166 "-" "PHP/5.2.17"
157.55.17.195 - - [04/Jan/2012:09:12:42 -0500] "GET /forums/showthread.php?mode=hybrid&t=796 HTTP/1.1" 200 19752 "-" "Mozilla/5.0 (compatible; bingbot/2.0; +http://www.bing.com/bingbot.htm)"
67.190.174.180 - - [04/Jan/2012:09:12:42 -0500] "GET /forums/clientscript/vbulletin_important.css?v=373 HTTP/1.1" 304 - "http://www.walleyecentral.com/forums/forumdisplay.php?f=13" "Mozilla/5.0 (Windows NT 5.1; rv:2.0) Gecko/20100101 Firefox/4.0"
67.190.174.180 - - [04/Jan/2012:09:12:42 -0500] "GET /themes/default/theme.css HTTP/1.1" 304 - "http://www.walleyecentral.com/forums/forumdisplay.php?f=13" "Mozilla/5.0 (Windows NT 5.1; rv:2.0) Gecko/20100101 Firefox/4.0"
67.190.174.180 - - [04/Jan/2012:09:12:42 -0500] "GET /forums/clientscript/yui/yahoo-dom-event/yahoo-dom-event.js?v=373 HTTP/1.1" 304 - "http://www.walleyecentral.com/forums/forumdisplay.php?f=13" "Mozilla/5.0 (Windows NT 5.1; rv:2.0) Gecko/20100101 Firefox/4.0"
67.190.174.180 - - [04/Jan/2012:09:12:42 -0500] "GET /forums/clientscript/yui/connection/connection-min.js?v=373 HTTP/1.1" 304 - "http://www.walleyecentral.com/forums/forumdisplay.php?f=13" "Mozilla/5.0 (Windows NT 5.1; rv:2.0) Gecko/20100101 Firefox/4.0"
67.190.174.180 - - [04/Jan/2012:09:12:42 -0500] "GET /forums/clientscript/vbulletin_global.js?v=373 HTTP/1.1" 304 - "http://www.walleyecentral.com/forums/forumdisplay.php?f=13" "Mozilla/5.0 (Windows NT 5.1; rv:2.0) Gecko/20100101 Firefox/4.0"
67.190.174.180 - - [04/Jan/2012:09:12:42 -0500] "GET /forums/clientscript/vbulletin_menu.js?v=373 HTTP/1.1" 304 - "http://www.walleyecentral.com/forums/forumdisplay.php?f=13" "Mozilla/5.0 (Windows NT 5.1; rv:2.0) Gecko/20100101 Firefox/4.0"
67.190.174.180 - - [04/Jan/2012:09:12:42 -0500] "GET /forums/clientscript/vbulletin_md5.js?v=373 HTTP/1.1" 304 - "http://www.walleyecentral.com/forums/forumdisplay.php?f=13" "Mozilla/5.0 (Windows NT 5.1; rv:2.0) Gecko/20100101 Firefox/4.0"
67.190.174.180 - - [04/Jan/2012:09:12:42 -0500] "GET /forums/clientscript/vbulletin_read_marker.js?v=373 HTTP/1.1" 304 - "http://www.walleyecentral.com/forums/forumdisplay.php?f=13" "Mozilla/5.0 (Windows NT 5.1; rv:2.0) Gecko/20100101 Firefox/4.0"
157.55.17.77 - - [04/Jan/2012:09:12:42 -0500] "GET /forums/clientscript/yui/yahoo-dom-event/yahoo-dom-event.js?v=373 HTTP/1.1" 200 31100 "http://www.walleyecentral.com/forums/showthread.php?t=168525" "Mozilla/4.0 (compatible; MSIE 7.0; Windows NT 5.1; SV1; .NET CLR 1.1.4322; .NET CLR 2.0.50727; .NET CLR 3.0.30729; .NET CLR 3.5.30729; InfoPath.2)"
31.184.236.61 - - [04/Jan/2012:09:12:42 -0500] "POST /forums/register.php?do=addmember HTTP/1.0" 200 41498 "http://www.walleyecentral.com/forums/register.php" "Mozilla/4.0 (compatible; MSIE 5.0; Windows 3.1)"
205.134.249.170 - - [04/Jan/2012:09:12:43 -0500] "GET /weather.php?pands=Dunkirk%2C+NY HTTP/1.1" 200 16166 "-" "PHP/5.2.17"
67.190.174.180 - - [04/Jan/2012:09:12:43 -0500] "GET /forums/images/misc/headerlogo2.png HTTP/1.1" 304 - "http://www.walleyecentral.com/forums/forumdisplay.php?f=13" "Mozilla/5.0 (Windows NT 5.1; rv:2.0) Gecko/20100101 Firefox/4.0"
67.190.174.180 - - [04/Jan/2012:09:12:43 -0500] "GET /qnav/bullet_sq_sm_slateblue.gif HTTP/1.1" 304 - "http://www.walleyecentral.com/themes/default/theme.css" "Mozilla/5.0 (Windows NT 5.1; rv:2.0) Gecko/20100101 Firefox/4.0"
67.190.174.180 - - [04/Jan/2012:09:12:43 -0500] "GET /openx/www/delivery/ajs.php?n=a5212870&zoneid=52&source=&exclude=,&r=169487361&loc=http%3A//www.walleyecentral.com/forums/forumdisplay.php%3Ff%3D13&referer=http%3A//www.walleyecentral.com/ HTTP/1.1" 200 974 "http://www.walleyecentral.com/forums/forumdisplay.php?f=13" "Mozilla/5.0 (Windows NT 5.1; rv:2.0) Gecko/20100101 Firefox/4.0"
157.55.17.195 - - [04/Jan/2012:09:12:43 -0500] "GET /forums/showthread.php?p=64958 HTTP/1.1" 200 20862 "-" "Mozilla/5.0 (compatible; bingbot/2.0; +http://www.bing.com/bingbot.htm)"
67.190.174.180 - - [04/Jan/2012:09:12:43 -0500] "GET /openx/www/delivery/ai.php?filename=cj-banner.jpg&contenttype=jpeg HTTP/1.1" 304 - "http://www.walleyecentral.com/forums/forumdisplay.php?f=13" "Mozilla/5.0 (Windows NT 5.1; rv:2.0) Gecko/20100101 Firefox/4.0"
157.55.17.195 - - [04/Jan/2012:09:12:43 -0500] "GET /forums/showthread.php?t=159821&page=3 HTTP/1.1" 200 20931 "-" "Mozilla/5.0 (compatible; bingbot/2.0; +http://www.bing.com/bingbot.htm)"
66.249.71.211 - - [04/Jan/2012:09:12:44 -0500] "GET /forums/archive/index.php/t-44795.html HTTP/1.1" 200 9001 "-" "Mozilla/5.0 (compatible; Googlebot/2.1; +http://www.google.com/bot.html)"
50.116.161.56 - - [04/Jan/2012:09:12:43 -0500] "GET /forums/search.php?searchid=4436996&pp=25&page=3 HTTP/1.1" 200 20497 "http://www.walleyecentral.com/forums/search.php?searchid=4436996&pp=25&page=2" "Mozilla/5.0 (compatible; MSIE 9.0; Windows NT 6.1; WOW64; Trident/5.0)"
66.11.150.236 - - [04/Jan/2012:09:12:44 -0500] "GET /weather.php?pands=mentor HTTP/1.0" 200 24230 "-" "-"
67.190.174.180 - - [04/Jan/2012:09:12:44 -0500] "GET /forums/images/misc/menu_open.gif HTTP/1.1" 304 - "http://www.walleyecentral.com/forums/forumdisplay.php?f=13" "Mozilla/5.0 (Windows NT 5.1; rv:2.0) Gecko/20100101 Firefox/4.0"
67.190.174.180 - - [04/Jan/2012:09:12:44 -0500] "GET /forums/images/statusicon/announcement_old.gif HTTP/1.1" 304 - "http://www.walleyecentral.com/forums/forumdisplay.php?f=13" "Mozilla/5.0 (Windows NT 5.1; rv:2.0) Gecko/20100101 Firefox/4.0"
67.190.174.180 - - [04/Jan/2012:09:12:44 -0500] "GET /forums/images/misc/navbits_start.gif HTTP/1.1" 304 - "http://www.walleyecentral.com/forums/forumdisplay.php?f=13" "Mozilla/5.0 (Windows NT 5.1; rv:2.0) Gecko/20100101 Firefox/4.0"
67.190.174.180 - - [04/Jan/2012:09:12:44 -0500] "GET /forums/images/misc/navbits_finallink_ltr.gif HTTP/1.1" 304 - "http://www.walleyecentral.com/forums/forumdisplay.php?f=13" "Mozilla/5.0 (Windows NT 5.1; rv:2.0) Gecko/20100101 Firefox/4.0"
67.190.174.180 - - [04/Jan/2012:09:12:44 -0500] "GET /forums/images/buttons/newthread.gif HTTP/1.1" 304 - "http://www.walleyecentral.com/forums/forumdisplay.php?f=13" "Mozilla/5.0 (Windows NT 5.1; rv:2.0) Gecko/20100101 Firefox/4.0"
67.190.174.180 - - [04/Jan/2012:09:12:44 -0500] "GET /openx/www/delivery/lg.php?bannerid=70&campaignid=1&zoneid=52&loc=http%3A%2F%2Fwww.walleyecentral.com%2Fforums%2Fforumdisplay.php%3Ff%3D13&referer=http%3A%2F%2Fwww.walleyecentral.com%2F&cb=4d816aad5e HTTP/1.1" 200 43 "http://www.walleyecentral.com/forums/forumdisplay.php?f=13" "Mozilla/5.0 (Windows NT 5.1; rv:2.0) Gecko/20100101 Firefox/4.0"
180.76.6.36 - - [04/Jan/2012:09:12:44 -0500] "GET /forums/album.php?albumid=50&pictureid=2970 HTTP/1.1" 200 10684 "-" "Mozilla/5.0 (compatible; Baiduspider/2.0; +http://www.baidu.com/search/spider.html)"
67.53.78.87 - - [04/Jan/2012:09:12:44 -0500] "GET /board/index.html HTTP/1.1" 200 136 "-" "Mozilla/4.0 (compatible; MSIE 8.0; Windows NT 5.1; Trident/4.0; GTB6; .NET CLR 1.1.4322; .NET CLR 2.0.50727; .NET CLR 3.0.4506.2152; .NET CLR 3.5.30729)"
67.190.174.180 - - [04/Jan/2012:09:12:44 -0500] "GET /forums/images/buttons/lastpost.gif HTTP/1.1" 304 - "http://www.walleyecentral.com/forums/forumdisplay.php?f=13" "Mozilla/5.0 (Windows NT 5.1; rv:2.0) Gecko/20100101 Firefox/4.0"
67.190.174.180 - - [04/Jan/2012:09:12:44 -0500] "GET /forums/images/buttons/sortasc.gif HTTP/1.1" 304 - "http://www.walleyecentral.com/forums/forumdisplay.php?f=13" "Mozilla/5.0 (Windows NT 5.1; rv:2.0) Gecko/20100101 Firefox/4.0"
207.46.13.160 - - [04/Jan/2012:09:12:44 -0500] "GET /forums/search.php?do=finduser&userid=2168&searchthreadid=25271 HTTP/1.1" 302 - "-" "Mozilla/5.0 (compatible; bingbot/2.0; +http://www.bing.com/bingbot.htm)"
67.190.174.180 - - [04/Jan/2012:09:12:44 -0500] "GET /forums/images/statusicon/thread_hot.gif HTTP/1.1" 304 - "http://www.walleyecentral.com/forums/forumdisplay.php?f=13" "Mozilla/5.0 (Windows NT 5.1; rv:2.0) Gecko/20100101 Firefox/4.0"
67.190.174.180 - - [04/Jan/2012:09:12:44 -0500] "GET /forums/images/icons/icon1.gif HTTP/1.1" 304 - "http://www.walleyecentral.com/forums/forumdisplay.php?f=13" "Mozilla/5.0 (Windows NT 5.1; rv:2.0) Gecko/20100101 Firefox/4.0"
67.190.174.180 - - [04/Jan/2012:09:12:44 -0500] "GET /forums/images/misc/sticky.gif HTTP/1.1" 304 - "http://www.walleyecentral.com/forums/forumdisplay.php?f=13" "Mozilla/5.0 (Windows NT 5.1; rv:2.0) Gecko/20100101 Firefox/4.0"
205.134.249.170 - - [04/Jan/2012:09:12:44 -0500] "GET /weather.php?pands=61068 HTTP/1.1" 200 16166 "-" "PHP/5.2.17"
31.184.236.61 - - [04/Jan/2012:09:12:44 -0500] "POST /forums/register.php?do=addmember HTTP/1.0" 200 41501 "http://www.walleyecentral.com/forums/register.php" "Mozilla/4.0 (compatible; MSIE 5.0; Windows 3.1)"
67.190.174.180 - - [04/Jan/2012:09:12:44 -0500] "GET /forums/images/statusicon/thread_new.gif HTTP/1.1" 304 - "http://www.walleyecentral.com/forums/forumdisplay.php?f=13" "Mozilla/5.0 (Windows NT 5.1; rv:2.0) Gecko/20100101 Firefox/4.0"
67.190.174.180 - - [04/Jan/2012:09:12:44 -0500] "GET /forums/images/buttons/firstnew.gif HTTP/1.1" 304 - "http://www.walleyecentral.com/forums/forumdisplay.php?f=13" "Mozilla/5.0 (Windows NT 5.1; rv:2.0) Gecko/20100101 Firefox/4.0"
67.190.174.180 - - [04/Jan/2012:09:12:45 -0500] "GET /forums/images/statusicon/thread.gif HTTP/1.1" 304 - "http://www.walleyecentral.com/forums/forumdisplay.php?f=13" "Mozilla/5.0 (Windows NT 5.1; rv:2.0) Gecko/20100101 Firefox/4.0"
67.190.174.180 - - [04/Jan/2012:09:12:45 -0500] "GET /forums/images/statusicon/thread_hot_new.gif HTTP/1.1" 304 - "http://www.walleyecentral.com/forums/forumdisplay.php?f=13" "Mozilla/5.0 (Windows NT 5.1; rv:2.0) Gecko/20100101 Firefox/4.0"
67.190.174.180 - - [04/Jan/2012:09:12:45 -0500] "GET /forums/images/statusicon/thread_lock.gif HTTP/1.1" 304 - "http://www.walleyecentral.com/forums/forumdisplay.php?f=13" "Mozilla/5.0 (Windows NT 5.1; rv:2.0) Gecko/20100101 Firefox/4.0"
67.190.174.180 - - [04/Jan/2012:09:12:45 -0500] "GET /forums/images/misc/paperclip.gif HTTP/1.1" 304 - "http://www.walleyecentral.com/forums/forumdisplay.php?f=13" "Mozilla/5.0 (Windows NT 5.1; rv:2.0) Gecko/20100101 Firefox/4.0"
67.190.174.180 - - [04/Jan/2012:09:12:45 -0500] "GET /forums/images/buttons/collapse_thead.gif HTTP/1.1" 304 - "http://www.walleyecentral.com/forums/forumdisplay.php?f=13" "Mozilla/5.0 (Windows NT 5.1; rv:2.0) Gecko/20100101 Firefox/4.0"
157.55.17.195 - - [04/Jan/2012:09:12:44 -0500] "GET /forums/showthread.php?t=170911&goto=nextnewest HTTP/1.1" 200 16120 "-" "Mozilla/5.0 (compatible; bingbot/2.0; +http://www.bing.com/bingbot.htm)"
67.53.78.87 - - [04/Jan/2012:09:12:45 -0500] "GET /favicon.ico HTTP/1.1" 200 822 "-" "Mozilla/4.0 (compatible; MSIE 8.0; Windows NT 5.1; Trident/4.0; GTB6; .NET CLR 1.1.4322; .NET CLR 2.0.50727; .NET CLR 3.0.4506.2152; .NET CLR 3.5.30729)"
205.134.249.170 - - [04/Jan/2012:09:12:45 -0500] "GET /weather.php?pands=14701 HTTP/1.1" 200 16166 "-" "PHP/5.2.17"
157.55.17.77 - - [04/Jan/2012:09:12:45 -0500] "GET /forums/clientscript/yui/connection/connection-min.js?v=373 HTTP/1.1" 200 14349 "http://www.walleyecentral.com/forums/showthread.php?t=168525" "Mozilla/4.0 (compatible; MSIE 7.0; Windows NT 5.1; SV1; .NET CLR 1.1.4322; .NET CLR 2.0.50727; .NET CLR 3.0.30729; .NET CLR 3.5.30729; InfoPath.2)"
50.116.161.56 - - [04/Jan/2012:09:12:45 -0500] "GET /openx/www/delivery/ajs.php?n=a5212870&zoneid=85&source=&exclude=,&r=28106991&loc=http%3A//www.walleyecentral.com/forums/search.php%3Fsearchid%3D4436996%26pp%3D25%26page%3D3&referer=http%3A//www.walleyecentral.com/forums/search.php%3Fsearchid%3D4436996%26pp%3D25%26page%3D2 HTTP/1.1" 200 1042 "http://www.walleyecentral.com/forums/search.php?searchid=4436996&pp=25&page=3" "Mozilla/5.0 (compatible; MSIE 9.0; Windows NT 6.1; WOW64; Trident/5.0)"
157.55.17.77 - - [04/Jan/2012:09:12:45 -0500] "GET /forums/clientscript/vbulletin_global.js?v=373 HTTP/1.1" 200 25057 "http://www.walleyecentral.com/forums/showthread.php?t=168525" "Mozilla/4.0 (compatible; MSIE 7.0; Windows NT 5.1; SV1; .NET CLR 1.1.4322; .NET CLR 2.0.50727; .NET CLR 3.0.30729; .NET CLR 3.5.30729; InfoPath.2)"
70.178.48.174 - - [04/Jan/2012:09:12:45 -0500] "GET /openx/www/delivery/ajs.php?n=a5212870&zoneid=137&source=&exclude=,&r=274775951&loc=http%3A//www.walleyecentral.com/forums/forumdisplay.php%3Ff%3D42%26order%3Ddesc%26page%3D6&referer=http%3A//www.walleyecentral.com/forums/forumdisplay.php%3Ff%3D42 HTTP/1.1" 200 998 "http://www.walleyecentral.com/forums/forumdisplay.php?f=42&order=desc&page=6" "Mozilla/4.0 (compatible; MSIE 7.0; Windows NT 6.0; SLCC1; .NET CLR 2.0.50727; Media Center PC 5.0; .NET CLR 3.0.04506; AskTbFXTV5/5.14.0.19709)"
67.53.78.87 - - [04/Jan/2012:09:12:45 -0500] "GET /forums/index.php HTTP/1.1" 200 21511 "-" "Mozilla/4.0 (compatible; MSIE 8.0; Windows NT 5.1; Trident/4.0; GTB6; .NET CLR 1.1.4322; .NET CLR 2.0.50727; .NET CLR 3.0.4506.2152; .NET CLR 3.5.30729)"
66.11.150.236 - - [04/Jan/2012:09:12:46 -0500] "GET /weather.php?pands=80537 HTTP/1.0" 200 24167 "-" "-"
24.220.62.4 - - [04/Jan/2012:09:12:45 -0500] "GET /forums/forumdisplay.php?f=5 HTTP/1.1" 200 23933 "http://www.walleyecentral.com/forums/index.php" "Mozilla/4.0 (compatible; MSIE 8.0; Windows NT 5.1; Trident/4.0; (R1 1.6); .NET CLR 1.1.4322; BRI/1)"
70.178.48.174 - - [04/Jan/2012:09:12:46 -0500] "GET /openx/www/delivery/lg.php?bannerid=91&campaignid=1&zoneid=137&loc=http%3A%2F%2Fwww.walleyecentral.com%2Fforums%2Fforumdisplay.php%3Ff%3D42%26order%3Ddesc%26page%3D6&referer=http%3A%2F%2Fwww.walleyecentral.com%2Fforums%2Fforumdisplay.php%3Ff%3D42&cb=f97f990414 HTTP/1.1" 200 43 "http://www.walleyecentral.com/forums/forumdisplay.php?f=42&order=desc&page=6" "Mozilla/4.0 (compatible; MSIE 7.0; Windows NT 6.0; SLCC1; .NET CLR 2.0.50727; Media Center PC 5.0; .NET CLR 3.0.04506; AskTbFXTV5/5.14.0.19709)"
157.55.17.77 - - [04/Jan/2012:09:12:46 -0500] "GET /forums/clientscript/vbulletin_menu.js?v=373 HTTP/1.1" 200 9389 "http://www.walleyecentral.com/forums/showthread.php?t=168525" "Mozilla/4.0 (compatible; MSIE 7.0; Windows NT 5.1; SV1; .NET CLR 1.1.4322; .NET CLR 2.0.50727; .NET CLR 3.0.30729; .NET CLR 3.5.30729; InfoPath.2)"
67.53.78.87 - - [04/Jan/2012:09:12:46 -0500] "GET /forums/clientscript/vbulletin_important.css?v=373 HTTP/1.1" 304 - "http://www.walleyecentral.com/forums/index.php" "Mozilla/4.0 (compatible; MSIE 8.0; Windows NT 5.1; Trident/4.0; GTB6; .NET CLR 1.1.4322; .NET CLR 2.0.50727; .NET CLR 3.0.4506.2152; .NET CLR 3.5.30729)"
67.53.78.87 - - [04/Jan/2012:09:12:46 -0500] "GET /themes/default/theme.css HTTP/1.1" 304 - "http://www.walleyecentral.com/forums/index.php" "Mozilla/4.0 (compatible; MSIE 8.0; Windows NT 5.1; Trident/4.0; GTB6; .NET CLR 1.1.4322; .NET CLR 2.0.50727; .NET CLR 3.0.4506.2152; .NET CLR 3.5.30729)"
24.220.62.4 - - [04/Jan/2012:09:12:46 -0500] "GET /openx/www/delivery/ajs.php?n=a5212870&zoneid=86&source=&exclude=,&r=410810951&loc=http%3A//www.walleyecentral.com/forums/forumdisplay.php%3Ff%3D5&referer=http%3A//www.walleyecentral.com/forums/index.php HTTP/1.1" 200 937 "http://www.walleyecentral.com/forums/forumdisplay.php?f=5" "Mozilla/4.0 (compatible; MSIE 8.0; Windows NT 5.1; Trident/4.0; (R1 1.6); .NET CLR 1.1.4322; BRI/1)"
204.155.62.5 - - [04/Jan/2012:09:12:46 -0500] "GET /openx/www/delivery/ajs.php?n=a5212870&zoneid=87&source=&exclude=,&r=695690961&loc=http%3A//www.walleyecentral.com/forums/showthread.php%3Ft%3D189180&referer=http%3A//www.walleyecentral.com/forums/search.php%3Fsearchid%3D4437003%26pp%3D25%26page%3D3 HTTP/1.1" 200 961 "http://www.walleyecentral.com/forums/showthread.php?t=189180" "Mozilla/4.0 (compatible; MSIE 8.0; Windows NT 5.2; Trident/4.0; .NET CLR 1.1.4322; .NET CLR 2.0.50727; .NET CLR 3.0.4506.2152; .NET CLR 3.5.30729)"
24.220.62.4 - - [04/Jan/2012:09:12:46 -0500] "GET /openx/www/delivery/ai.php?filename=okuma_citrix.gif&contenttype=gif HTTP/1.1" 304 - "http://www.walleyecentral.com/forums/forumdisplay.php?f=5" "Mozilla/4.0 (compatible; MSIE 8.0; Windows NT 5.1; Trident/4.0; (R1 1.6); .NET CLR 1.1.4322; BRI/1)"
67.53.78.87 - - [04/Jan/2012:09:12:46 -0500] "GET /forums/clientscript/yui/yahoo-dom-event/yahoo-dom-event.js?v=373 HTTP/1.1" 304 - "http://www.walleyecentral.com/forums/index.php" "Mozilla/4.0 (compatible; MSIE 8.0; Windows NT 5.1; Trident/4.0; GTB6; .NET CLR 1.1.4322; .NET CLR 2.0.50727; .NET CLR 3.0.4506.2152; .NET CLR 3.5.30729)"
65.52.110.147 - - [04/Jan/2012:09:12:46 -0500] "GET /forums/album.php?albumid=26&pictureid=2909 HTTP/1.1" 200 10641 "-" "Mozilla/5.0 (compatible; bingbot/2.0; +http://www.bing.com/bingbot.htm)"
205.134.249.170 - - [04/Jan/2012:09:12:46 -0500] "GET /weather.php?pands=48082 HTTP/1.1" 200 16166 "-" "PHP/5.2.17"
204.155.62.5 - - [04/Jan/2012:09:12:47 -0500] "GET /forums/image.php?u=18761&dateline=1264707445 HTTP/1.1" 200 2563 "http://www.walleyecentral.com/forums/showthread.php?t=189180" "Mozilla/4.0 (compatible; MSIE 8.0; Windows NT 5.2; Trident/4.0; .NET CLR 1.1.4322; .NET CLR 2.0.50727; .NET CLR 3.0.4506.2152; .NET CLR 3.5.30729)"
24.220.62.4 - - [04/Jan/2012:09:12:47 -0500] "GET /forums/images/icons/icon3.gif HTTP/1.1" 304 - "http://www.walleyecentral.com/forums/forumdisplay.php?f=5" "Mozilla/4.0 (compatible; MSIE 8.0; Windows NT 5.1; Trident/4.0; (R1 1.6); .NET CLR 1.1.4322; BRI/1)"
24.220.62.4 - - [04/Jan/2012:09:12:47 -0500] "GET /forums/images/icons/icon7.gif HTTP/1.1" 304 - "http://www.walleyecentral.com/forums/forumdisplay.php?f=5" "Mozilla/4.0 (compatible; MSIE 8.0; Windows NT 5.1; Trident/4.0; (R1 1.6); .NET CLR 1.1.4322; BRI/1)"
204.155.62.5 - - [04/Jan/2012:09:12:47 -0500] "GET /forums/image.php?u=5817&type=sigpic&dateline=1262816792 HTTP/1.1" 200 2791 "http://www.walleyecentral.com/forums/showthread.php?t=189180" "Mozilla/4.0 (compatible; MSIE 8.0; Windows NT 5.2; Trident/4.0; .NET CLR 1.1.4322; .NET CLR 2.0.50727; .NET CLR 3.0.4506.2152; .NET CLR 3.5.30729)"
204.155.62.5 - - [04/Jan/2012:09:12:46 -0500] "GET /forums/image.php?u=7060&dateline=1322687060 HTTP/1.1" 200 2067 "http://www.walleyecentral.com/forums/showthread.php?t=189180" "Mozilla/4.0 (compatible; MSIE 8.0; Windows NT 5.2; Trident/4.0; .NET CLR 1.1.4322; .NET CLR 2.0.50727; .NET CLR 3.0.4506.2152; .NET CLR 3.5.30729)"
204.155.62.5 - - [04/Jan/2012:09:12:47 -0500] "GET /forums/image.php?u=5817&dateline=1262815287 HTTP/1.1" 200 1461 "http://www.walleyecentral.com/forums/showthread.php?t=189180" "Mozilla/4.0 (compatible; MSIE 8.0; Windows NT 5.2; Trident/4.0; .NET CLR 1.1.4322; .NET CLR 2.0.50727; .NET CLR 3.0.4506.2152; .NET CLR 3.5.30729)"
99.157.224.150 - - [04/Jan/2012:09:12:46 -0500] "POST /forums/newreply.php?do=postreply&t=189236 HTTP/1.1" 302 - "http://www.walleyecentral.com/forums/newreply.php?do=newreply&noquote=1&p=1379048" "Mozilla/4.0 (compatible; MSIE 8.0; Windows NT 6.1; WOW64; Trident/4.0; SLCC2; .NET CLR 2.0.50727; .NET CLR 3.5.30729; .NET CLR 3.0.30729; Media Center PC 6.0; CPNTDF; BRI/1; BRI/2; .NET4.0C; .NAP 1.1)"
67.53.78.87 - - [04/Jan/2012:09:12:47 -0500] "GET /forums/clientscript/yui/connection/connection-min.js?v=373 HTTP/1.1" 304 - "http://www.walleyecentral.com/forums/index.php" "Mozilla/4.0 (compatible; MSIE 8.0; Windows NT 5.1; Trident/4.0; GTB6; .NET CLR 1.1.4322; .NET CLR 2.0.50727; .NET CLR 3.0.4506.2152; .NET CLR 3.5.30729)"
204.155.62.5 - - [04/Jan/2012:09:12:46 -0500] "GET /openx/www/delivery/lg.php?bannerid=98&campaignid=1&zoneid=87&loc=http%3A%2F%2Fwww.walleyecentral.com%2Fforums%2Fshowthread.php%3Ft%3D189180&referer=http%3A%2F%2Fwww.walleyecentral.com%2Fforums%2Fsearch.php%3Fsearchid%3D4437003%26pp%3D25%26page%3D3&cb=3114ce69e4 HTTP/1.1" 200 43 "http://www.walleyecentral.com/forums/showthread.php?t=189180" "Mozilla/4.0 (compatible; MSIE 8.0; Windows NT 5.2; Trident/4.0; .NET CLR 1.1.4322; .NET CLR 2.0.50727; .NET CLR 3.0.4506.2152; .NET CLR 3.5.30729)"
204.155.62.5 - - [04/Jan/2012:09:12:47 -0500] "GET /forums/images/misc/im_aim.gif HTTP/1.1" 200 1013 "http://www.walleyecentral.com/forums/showthread.php?t=189180" "Mozilla/4.0 (compatible; MSIE 8.0; Windows NT 5.2; Trident/4.0; .NET CLR 1.1.4322; .NET CLR 2.0.50727; .NET CLR 3.0.4506.2152; .NET CLR 3.5.30729)"
67.53.78.87 - - [04/Jan/2012:09:12:47 -0500] "GET /forums/clientscript/vbulletin_global.js?v=373 HTTP/1.1" 304 - "http://www.walleyecentral.com/forums/index.php" "Mozilla/4.0 (compatible; MSIE 8.0; Windows NT 5.1; Trident/4.0; GTB6; .NET CLR 1.1.4322; .NET CLR 2.0.50727; .NET CLR 3.0.4506.2152; .NET CLR 3.5.30729)"
204.155.62.5 - - [04/Jan/2012:09:12:47 -0500] "GET /forums/image.php?u=23109&dateline=1306194691 HTTP/1.1" 200 9112 "http://www.walleyecentral.com/forums/showthread.php?t=189180" "Mozilla/4.0 (compatible; MSIE 8.0; Windows NT 5.2; Trident/4.0; .NET CLR 1.1.4322; .NET CLR 2.0.50727; .NET CLR 3.0.4506.2152; .NET CLR 3.5.30729)"
204.155.62.5 - - [04/Jan/2012:09:12:46 -0500] "GET /openx/www/delivery/ai.php?filename=kidsbooks.png&contenttype=png HTTP/1.1" 200 19085 "http://www.walleyecentral.com/forums/showthread.php?t=189180" "Mozilla/4.0 (compatible; MSIE 8.0; Windows NT 5.2; Trident/4.0; .NET CLR 1.1.4322; .NET CLR 2.0.50727; .NET CLR 3.0.4506.2152; .NET CLR 3.5.30729)"
24.220.62.4 - - [04/Jan/2012:09:12:46 -0500] "GET /openx/www/delivery/lg.php?bannerid=75&campaignid=1&zoneid=86&channel_ids=,&loc=http%3A%2F%2Fwww.walleyecentral.com%2Fforums%2Fforumdisplay.php%3Ff%3D5&referer=http%3A%2F%2Fwww.walleyecentral.com%2Fforums%2Findex.php&cb=ef9abd037b HTTP/1.1" 200 43 "http://www.walleyecentral.com/forums/forumdisplay.php?f=5" "Mozilla/4.0 (compatible; MSIE 8.0; Windows NT 5.1; Trident/4.0; (R1 1.6); .NET CLR 1.1.4322; BRI/1)"
67.53.78.87 - - [04/Jan/2012:09:12:47 -0500] "GET /forums/clientscript/vbulletin_menu.js?v=373 HTTP/1.1" 304 - "http://www.walleyecentral.com/forums/index.php" "Mozilla/4.0 (compatible; MSIE 8.0; Windows NT 5.1; Trident/4.0; GTB6; .NET CLR 1.1.4322; .NET CLR 2.0.50727; .NET CLR 3.0.4506.2152; .NET CLR 3.5.30729)"
207.46.199.26 - - [04/Jan/2012:09:12:47 -0500] "GET /openx/www/delivery/ajs.php?n=a5212870&zoneid=102&source=&exclude=,&r=756702161&loc=http%3A//www.walleyecentral.com/forums/showthread.php%3Ft%3D165298 HTTP/1.1" 200 883 "http://www.walleyecentral.com/forums/showthread.php?t=165298" "Mozilla/4.0 (compatible; MSIE 7.0; Windows NT 5.2; SV1; .NET CLR 1.1.4325; .NET CLR 2.0.50727)"
99.157.224.150 - - [04/Jan/2012:09:12:47 -0500] "GET /forums/showthread.php?p=1379050&posted=1 HTTP/1.1" 200 17048 "http://www.walleyecentral.com/forums/newreply.php?do=newreply&noquote=1&p=1379048" "Mozilla/4.0 (compatible; MSIE 8.0; Windows NT 6.1; WOW64; Trident/4.0; SLCC2; .NET CLR 2.0.50727; .NET CLR 3.5.30729; .NET CLR 3.0.30729; Media Center PC 6.0; CPNTDF; BRI/1; BRI/2; .NET4.0C; .NAP 1.1)"
67.53.78.87 - - [04/Jan/2012:09:12:47 -0500] "GET /forums/images/misc/headerlogo2.png HTTP/1.1" 304 - "http://www.walleyecentral.com/forums/index.php" "Mozilla/4.0 (compatible; MSIE 8.0; Windows NT 5.1; Trident/4.0; GTB6; .NET CLR 1.1.4322; .NET CLR 2.0.50727; .NET CLR 3.0.4506.2152; .NET CLR 3.5.30729)"
67.53.78.87 - - [04/Jan/2012:09:12:47 -0500] "GET /qnav/bullet_sq_sm_slateblue.gif HTTP/1.1" 304 - "http://www.walleyecentral.com/forums/index.php" "Mozilla/4.0 (compatible; MSIE 8.0; Windows NT 5.1; Trident/4.0; GTB6; .NET CLR 1.1.4322; .NET CLR 2.0.50727; .NET CLR 3.0.4506.2152; .NET CLR 3.5.30729)"
205.134.249.170 - - [04/Jan/2012:09:12:47 -0500] "GET /weather.php?pands=Coudersport HTTP/1.1" 200 16166 "-" "PHP/5.2.17"
67.53.78.87 - - [04/Jan/2012:09:12:47 -0500] "GET /openx/www/delivery/ajs.php?n=a5212870&zoneid=1&source=&exclude=,&r=680683731&loc=http%3A//www.walleyecentral.com/forums/index.php HTTP/1.1" 200 904 "http://www.walleyecentral.com/forums/index.php" "Mozilla/4.0 (compatible; MSIE 8.0; Windows NT 5.1; Trident/4.0; GTB6; .NET CLR 1.1.4322; .NET CLR 2.0.50727; .NET CLR 3.0.4506.2152; .NET CLR 3.5.30729)"
67.53.78.87 - - [04/Jan/2012:09:12:47 -0500] "GET /openx/www/delivery/ai.php?filename=cabelas_8.jpg&contenttype=jpeg HTTP/1.1" 304 - "http://www.walleyecentral.com/forums/index.php" "Mozilla/4.0 (compatible; MSIE 8.0; Windows NT 5.1; Trident/4.0; GTB6; .NET CLR 1.1.4322; .NET CLR 2.0.50727; .NET CLR 3.0.4506.2152; .NET CLR 3.5.30729)"
67.53.78.87 - - [04/Jan/2012:09:12:47 -0500] "GET /forums/images/misc/navbits_start.gif HTTP/1.1" 304 - "http://www.walleyecentral.com/forums/index.php" "Mozilla/4.0 (compatible; MSIE 8.0; Windows NT 5.1; Trident/4.0; GTB6; .NET CLR 1.1.4322; .NET CLR 2.0.50727; .NET CLR 3.0.4506.2152; .NET CLR 3.5.30729)"
67.53.78.87 - - [04/Jan/2012:09:12:47 -0500] "GET /forums/images/buttons/collapse_thead.gif HTTP/1.1" 304 - "http://www.walleyecentral.com/forums/index.php" "Mozilla/4.0 (compatible; MSIE 8.0; Windows NT 5.1; Trident/4.0; GTB6; .NET CLR 1.1.4322; .NET CLR 2.0.50727; .NET CLR 3.0.4506.2152; .NET CLR 3.5.30729)"
67.53.78.87 - - [04/Jan/2012:09:12:47 -0500] "GET /forums/images/misc/menu_open.gif HTTP/1.1" 304 - "http://www.walleyecentral.com/forums/index.php" "Mozilla/4.0 (compatible; MSIE 8.0; Windows NT 5.1; Trident/4.0; GTB6; .NET CLR 1.1.4322; .NET CLR 2.0.50727; .NET CLR 3.0.4506.2152; .NET CLR 3.5.30729)"
99.157.224.150 - - [04/Jan/2012:09:12:47 -0500] "GET /openx/www/delivery/ajs.php?n=a5212870&zoneid=89&source=&exclude=,&r=883866051&loc=http%3A//www.walleyecentral.com/forums/showthread.php%3Fp%3D1379050%26posted%3D1%23post1379050&referer=http%3A//www.walleyecentral.com/forums/newreply.php%3Fdo%3Dnewreply%26noquote%3D1%26p%3D1379048 HTTP/1.1" 200 1131 "http://www.walleyecentral.com/forums/showthread.php?p=1379050&posted=1#post1379050" "Mozilla/4.0 (compatible; MSIE 8.0; Windows NT 6.1; WOW64; Trident/4.0; SLCC2; .NET CLR 2.0.50727; .NET CLR 3.5.30729; .NET CLR 3.0.30729; Media Center PC 6.0; CPNTDF; BRI/1; BRI/2; .NET4.0C; .NAP 1.1)"
67.53.78.87 - - [04/Jan/2012:09:12:48 -0500] "GET /forums/images/misc/whos_online.gif HTTP/1.1" 304 - "http://www.walleyecentral.com/forums/index.php" "Mozilla/4.0 (compatible; MSIE 8.0; Windows NT 5.1; Trident/4.0; GTB6; .NET CLR 1.1.4322; .NET CLR 2.0.50727; .NET CLR 3.0.4506.2152; .NET CLR 3.5.30729)"
67.53.78.87 - - [04/Jan/2012:09:12:47 -0500] "GET /openx/www/delivery/lg.php?bannerid=6&campaignid=1&zoneid=1&channel_ids=,&loc=http%3A%2F%2Fwww.walleyecentral.com%2Fforums%2Findex.php&cb=87e0902ae4 HTTP/1.1" 200 43 "http://www.walleyecentral.com/forums/index.php" "Mozilla/4.0 (compatible; MSIE 8.0; Windows NT 5.1; Trident/4.0; GTB6; .NET CLR 1.1.4322; .NET CLR 2.0.50727; .NET CLR 3.0.4506.2152; .NET CLR 3.5.30729)"
99.157.224.150 - - [04/Jan/2012:09:12:48 -0500] "GET /forums/images/statusicon/post_old.gif HTTP/1.1" 200 522 "http://www.walleyecentral.com/forums/showthread.php?p=1379050&posted=1#post1379050" "Mozilla/4.0 (compatible; MSIE 8.0; Windows NT 6.1; WOW64; Trident/4.0; SLCC2; .NET CLR 2.0.50727; .NET CLR 3.5.30729; .NET CLR 3.0.30729; Media Center PC 6.0; CPNTDF; BRI/1; BRI/2; .NET4.0C; .NAP 1.1)"
99.157.224.150 - - [04/Jan/2012:09:12:48 -0500] "GET /forums/images/smilies/smile.gif HTTP/1.1" 200 1061 "http://www.walleyecentral.com/forums/showthread.php?p=1379050&posted=1#post1379050" "Mozilla/4.0 (compatible; MSIE 8.0; Windows NT 6.1; WOW64; Trident/4.0; SLCC2; .NET CLR 2.0.50727; .NET CLR 3.5.30729; .NET CLR 3.0.30729; Media Center PC 6.0; CPNTDF; BRI/1; BRI/2; .NET4.0C; .NAP 1.1)"
207.46.13.160 - - [04/Jan/2012:09:12:48 -0500] "GET /forums/showthread.php?t=165167 HTTP/1.1" 200 13176 "-" "Mozilla/5.0 (compatible; bingbot/2.0; +http://www.bing.com/bingbot.htm)"
99.157.224.150 - - [04/Jan/2012:09:12:48 -0500] "GET /forums/clientscript/vbulletin_lightbox.js?v=373 HTTP/1.1" 200 10260 "http://www.walleyecentral.com/forums/showthread.php?p=1379050&posted=1#post1379050" "Mozilla/4.0 (compatible; MSIE 8.0; Windows NT 6.1; WOW64; Trident/4.0; SLCC2; .NET CLR 2.0.50727; .NET CLR 3.5.30729; .NET CLR 3.0.30729; Media Center PC 6.0; CPNTDF; BRI/1; BRI/2; .NET4.0C; .NAP 1.1)"
141.105.65.151 - - [04/Jan/2012:09:12:40 -0500] "GET /forums/index.php HTTP/1.0" 200 110065 "http://www.walleyecentral.com/forums/index.php" "Mozilla/4.0 (compatible; MSIE 6.0; Windows NT 5.0; APC; .NET CLR 1.0.3705; .NET CLR 1.1.4322; .NET CLR 2.0.50215; InfoPath.1)"
67.53.78.87 - - [04/Jan/2012:09:12:48 -0500] "GET /forums/picture_for_index.php?pictureid=4477&albumid=332 HTTP/1.1" 200 43894 "http://www.walleyecentral.com/forums/index.php" "Mozilla/4.0 (compatible; MSIE 8.0; Windows NT 5.1; Trident/4.0; GTB6; .NET CLR 1.1.4322; .NET CLR 2.0.50727; .NET CLR 3.0.4506.2152; .NET CLR 3.5.30729)"
157.55.17.77 - - [04/Jan/2012:09:12:48 -0500] "GET /forums/clientscript/vbulletin_post_loader.js?v=373 HTTP/1.1" 200 2037 "http://www.walleyecentral.com/forums/showthread.php?t=168525" "Mozilla/4.0 (compatible; MSIE 7.0; Windows NT 5.1; SV1; .NET CLR 1.1.4322; .NET CLR 2.0.50727; .NET CLR 3.0.30729; .NET CLR 3.5.30729; InfoPath.2)"
67.53.78.87 - - [04/Jan/2012:09:12:48 -0500] "GET /forums/picture_for_index.php?pictureid=3012&albumid=319 HTTP/1.1" 200 4373 "http://www.walleyecentral.com/forums/index.php" "Mozilla/4.0 (compatible; MSIE 8.0; Windows NT 5.1; Trident/4.0; GTB6; .NET CLR 1.1.4322; .NET CLR 2.0.50727; .NET CLR 3.0.4506.2152; .NET CLR 3.5.30729)"
67.53.78.87 - - [04/Jan/2012:09:12:48 -0500] "GET /forums/picture_for_index.php?pictureid=7177&albumid=790 HTTP/1.1" 200 43547 "http://www.walleyecentral.com/forums/index.php" "Mozilla/4.0 (compatible; MSIE 8.0; Windows NT 5.1; Trident/4.0; GTB6; .NET CLR 1.1.4322; .NET CLR 2.0.50727; .NET CLR 3.0.4506.2152; .NET CLR 3.5.30729)"
99.157.224.150 - - [04/Jan/2012:09:12:48 -0500] "GET /forums/images/buttons/printer.gif HTTP/1.1" 200 1072 "http://www.walleyecentral.com/forums/showthread.php?p=1379050&posted=1#post1379050" "Mozilla/4.0 (compatible; MSIE 8.0; Windows NT 6.1; WOW64; Trident/4.0; SLCC2; .NET CLR 2.0.50727; .NET CLR 3.5.30729; .NET CLR 3.0.30729; Media Center PC 6.0; CPNTDF; BRI/1; BRI/2; .NET4.0C; .NAP 1.1)"
99.157.224.150 - - [04/Jan/2012:09:12:48 -0500] "GET /forums/images/buttons/mode_linear.gif HTTP/1.1" 200 609 "http://www.walleyecentral.com/forums/showthread.php?p=1379050&posted=1#post1379050" "Mozilla/4.0 (compatible; MSIE 8.0; Windows NT 6.1; WOW64; Trident/4.0; SLCC2; .NET CLR 2.0.50727; .NET CLR 3.5.30729; .NET CLR 3.0.30729; Media Center PC 6.0; CPNTDF; BRI/1; BRI/2; .NET4.0C; .NAP 1.1)"
99.157.224.150 - - [04/Jan/2012:09:12:48 -0500] "GET /forums/images/buttons/mode_hybrid.gif HTTP/1.1" 200 588 "http://www.walleyecentral.com/forums/showthread.php?p=1379050&posted=1#post1379050" "Mozilla/4.0 (compatible; MSIE 8.0; Windows NT 6.1; WOW64; Trident/4.0; SLCC2; .NET CLR 2.0.50727; .NET CLR 3.5.30729; .NET CLR 3.0.30729; Media Center PC 6.0; CPNTDF; BRI/1; BRI/2; .NET4.0C; .NAP 1.1)"
99.157.224.150 - - [04/Jan/2012:09:12:48 -0500] "GET /forums/images/buttons/sendtofriend.gif HTTP/1.1" 200 1125 "http://www.walleyecentral.com/forums/showthread.php?p=1379050&posted=1#post1379050" "Mozilla/4.0 (compatible; MSIE 8.0; Windows NT 6.1; WOW64; Trident/4.0; SLCC2; .NET CLR 2.0.50727; .NET CLR 3.5.30729; .NET CLR 3.0.30729; Media Center PC 6.0; CPNTDF; BRI/1; BRI/2; .NET4.0C; .NAP 1.1)"
99.157.224.150 - - [04/Jan/2012:09:12:48 -0500] "GET /forums/images/buttons/mode_threaded.gif HTTP/1.1" 200 562 "http://www.walleyecentral.com/forums/showthread.php?p=1379050&posted=1#post1379050" "Mozilla/4.0 (compatible; MSIE 8.0; Windows NT 6.1; WOW64; Trident/4.0; SLCC2; .NET CLR 2.0.50727; .NET CLR 3.5.30729; .NET CLR 3.0.30729; Media Center PC 6.0; CPNTDF; BRI/1; BRI/2; .NET4.0C; .NAP 1.1)"
65.121.103.198 - - [04/Jan/2012:09:12:48 -0500] "GET /themes/default/theme.css HTTP/1.1" 200 6726 "http://walleyecentral.com/" "Mozilla/4.0 (compatible; MSIE 8.0; Windows NT 5.1; Trident/4.0; .NET CLR 1.1.4322; .NET CLR 2.0.50727; .NET CLR 3.0.04506.30; .NET CLR 3.0.4506.2152; .NET CLR 3.5.30729; .NET4.0C; .NET4.0E)"
67.53.78.87 - - [04/Jan/2012:09:12:48 -0500] "GET /forums/picture_for_index.php?pictureid=2288&albumid=215 HTTP/1.1" 200 30959 "http://www.walleyecentral.com/forums/index.php" "Mozilla/4.0 (compatible; MSIE 8.0; Windows NT 5.1; Trident/4.0; GTB6; .NET CLR 1.1.4322; .NET CLR 2.0.50727; .NET CLR 3.0.4506.2152; .NET CLR 3.5.30729)"
72.185.21.170 - - [04/Jan/2012:09:12:48 -0500] "GET /openx/www/delivery/ajs.php?n=a5212870&zoneid=85&source=&exclude=,&r=110270701&loc=http%3A//www.walleyecentral.com/forums/search.php%3Fsearchid%3D4437010&referer=http%3A//www.walleyecentral.com/forums/index.php HTTP/1.1" 200 978 "http://www.walleyecentral.com/forums/search.php?searchid=4437010" "Mozilla/5.0 (Macintosh; Intel Mac OS X 10_7_2) AppleWebKit/535.7 (KHTML, like Gecko) Chrome/16.0.912.63 Safari/535.7"
66.249.71.211 - - [04/Jan/2012:09:12:48 -0500] "GET /forums/archive/index.php/t-45715.html HTTP/1.1" 200 7716 "-" "Mozilla/5.0 (compatible; Googlebot/2.1; +http://www.google.com/bot.html)"
67.53.78.87 - - [04/Jan/2012:09:12:48 -0500] "GET /forums/picture_for_index.php?pictureid=2395&albumid=193 HTTP/1.1" 200 32413 "http://www.walleyecentral.com/forums/index.php" "Mozilla/4.0 (compatible; MSIE 8.0; Windows NT 5.1; Trident/4.0; GTB6; .NET CLR 1.1.4322; .NET CLR 2.0.50727; .NET CLR 3.0.4506.2152; .NET CLR 3.5.30729)"
67.53.78.87 - - [04/Jan/2012:09:12:48 -0500] "GET /forums/images/statusicon/forum_link.gif HTTP/1.1" 304 - "http://www.walleyecentral.com/forums/index.php" "Mozilla/4.0 (compatible; MSIE 8.0; Windows NT 5.1; Trident/4.0; GTB6; .NET CLR 1.1.4322; .NET CLR 2.0.50727; .NET CLR 3.0.4506.2152; .NET CLR 3.5.30729)"
67.53.78.87 - - [04/Jan/2012:09:12:48 -0500] "GET /forums/images/buttons/collapse_tcat.gif HTTP/1.1" 304 - "http://www.walleyecentral.com/forums/index.php" "Mozilla/4.0 (compatible; MSIE 8.0; Windows NT 5.1; Trident/4.0; GTB6; .NET CLR 1.1.4322; .NET CLR 2.0.50727; .NET CLR 3.0.4506.2152; .NET CLR 3.5.30729)"
65.121.103.198 - - [04/Jan/2012:09:12:48 -0500] "GET /themes/default/common.css HTTP/1.1" 200 688 "http://walleyecentral.com/" "Mozilla/4.0 (compatible; MSIE 8.0; Windows NT 5.1; Trident/4.0; .NET CLR 1.1.4322; .NET CLR 2.0.50727; .NET CLR 3.0.04506.30; .NET CLR 3.0.4506.2152; .NET CLR 3.5.30729; .NET4.0C; .NET4.0E)"
67.53.78.87 - - [04/Jan/2012:09:12:48 -0500] "GET /forums/picture_for_index.php?pictureid=6429&albumid=715 HTTP/1.1" 200 47382 "http://www.walleyecentral.com/forums/index.php" "Mozilla/4.0 (compatible; MSIE 8.0; Windows NT 5.1; Trident/4.0; GTB6; .NET CLR 1.1.4322; .NET CLR 2.0.50727; .NET CLR 3.0.4506.2152; .NET CLR 3.5.30729)"
67.53.78.87 - - [04/Jan/2012:09:12:49 -0500] "GET /forums/images/statusicon/forum_new.gif HTTP/1.1" 304 - "http://www.walleyecentral.com/forums/index.php" "Mozilla/4.0 (compatible; MSIE 8.0; Windows NT 5.1; Trident/4.0; GTB6; .NET CLR 1.1.4322; .NET CLR 2.0.50727; .NET CLR 3.0.4506.2152; .NET CLR 3.5.30729)"
70.178.48.174 - - [04/Jan/2012:09:12:48 -0500] "GET /forums/showthread.php?t=148186 HTTP/1.1" 200 13831 "http://www.walleyecentral.com/forums/forumdisplay.php?f=42&order=desc&page=6" "Mozilla/4.0 (compatible; MSIE 7.0; Windows NT 6.0; SLCC1; .NET CLR 2.0.50727; Media Center PC 5.0; .NET CLR 3.0.04506; AskTbFXTV5/5.14.0.19709)"
65.121.103.198 - - [04/Jan/2012:09:12:49 -0500] "GET /qnav/bullet_sq_sm_slateblue.gif HTTP/1.1" 200 820 "http://walleyecentral.com/" "Mozilla/4.0 (compatible; MSIE 8.0; Windows NT 5.1; Trident/4.0; .NET CLR 1.1.4322; .NET CLR 2.0.50727; .NET CLR 3.0.04506.30; .NET CLR 3.0.4506.2152; .NET CLR 3.5.30729; .NET4.0C; .NET4.0E)"
65.121.103.198 - - [04/Jan/2012:09:12:49 -0500] "GET /themes/default/images/bullet.png HTTP/1.1" 200 253 "http://walleyecentral.com/" "Mozilla/4.0 (compatible; MSIE 8.0; Windows NT 5.1; Trident/4.0; .NET CLR 1.1.4322; .NET CLR 2.0.50727; .NET CLR 3.0.04506.30; .NET CLR 3.0.4506.2152; .NET CLR 3.5.30729; .NET4.0C; .NET4.0E)"
65.121.103.198 - - [04/Jan/2012:09:12:49 -0500] "GET /themes/default/images/topback.png HTTP/1.1" 200 1241 "http://walleyecentral.com/" "Mozilla/4.0 (compatible; MSIE 8.0; Windows NT 5.1; Trident/4.0; .NET CLR 1.1.4322; .NET CLR 2.0.50727; .NET CLR 3.0.04506.30; .NET CLR 3.0.4506.2152; .NET CLR 3.5.30729; .NET4.0C; .NET4.0E)"
72.185.21.170 - - [04/Jan/2012:09:12:48 -0500] "GET /openx/www/delivery/lg.php?bannerid=99&campaignid=1&zoneid=85&loc=http%3A%2F%2Fwww.walleyecentral.com%2Fforums%2Fsearch.php%3Fsearchid%3D4437010&referer=http%3A%2F%2Fwww.walleyecentral.com%2Fforums%2Findex.php&cb=3d1f884c8a HTTP/1.1" 200 43 "http://www.walleyecentral.com/forums/search.php?searchid=4437010" "Mozilla/5.0 (Macintosh; Intel Mac OS X 10_7_2) AppleWebKit/535.7 (KHTML, like Gecko) Chrome/16.0.912.63 Safari/535.7"
67.53.78.87 - - [04/Jan/2012:09:12:49 -0500] "GET /forums/images/icons/icon1.gif HTTP/1.1" 304 - "http://www.walleyecentral.com/forums/index.php" "Mozilla/4.0 (compatible; MSIE 8.0; Windows NT 5.1; Trident/4.0; GTB6; .NET CLR 1.1.4322; .NET CLR 2.0.50727; .NET CLR 3.0.4506.2152; .NET CLR 3.5.30729)"
31.184.236.61 - - [04/Jan/2012:09:12:48 -0500] "POST /forums/register.php?do=addmember HTTP/1.0" 200 41497 "http://www.walleyecentral.com/forums/register.php" "Mozilla/4.0 (compatible; MSIE 5.0; Windows 3.1)"
67.53.78.87 - - [04/Jan/2012:09:12:49 -0500] "GET /forums/images/buttons/lastpost.gif HTTP/1.1" 304 - "http://www.walleyecentral.com/forums/index.php" "Mozilla/4.0 (compatible; MSIE 8.0; Windows NT 5.1; Trident/4.0; GTB6; .NET CLR 1.1.4322; .NET CLR 2.0.50727; .NET CLR 3.0.4506.2152; .NET CLR 3.5.30729)"
67.53.78.87 - - [04/Jan/2012:09:12:49 -0500] "GET /forums/images/statusicon/forum_old.gif HTTP/1.1" 304 - "http://www.walleyecentral.com/forums/index.php" "Mozilla/4.0 (compatible; MSIE 8.0; Windows NT 5.1; Trident/4.0; GTB6; .NET CLR 1.1.4322; .NET CLR 2.0.50727; .NET CLR 3.0.4506.2152; .NET CLR 3.5.30729)"
205.134.249.170 - - [04/Jan/2012:09:12:49 -0500] "GET /weather.php?pands=17019 HTTP/1.1" 200 16166 "-" "PHP/5.2.17"
65.121.103.198 - - [04/Jan/2012:09:12:49 -0500] "GET /forums/clientscript/vbulletin_md5.js?v=368 HTTP/1.1" 200 5464 "http://walleyecentral.com/" "Mozilla/4.0 (compatible; MSIE 8.0; Windows NT 5.1; Trident/4.0; .NET CLR 1.1.4322; .NET CLR 2.0.50727; .NET CLR 3.0.04506.30; .NET CLR 3.0.4506.2152; .NET CLR 3.5.30729; .NET4.0C; .NET4.0E)"
65.121.103.198 - - [04/Jan/2012:09:12:48 -0500] "GET / HTTP/1.1" 200 66159 "-" "Mozilla/4.0 (compatible; MSIE 8.0; Windows NT 5.1; Trident/4.0; .NET CLR 1.1.4322; .NET CLR 2.0.50727; .NET CLR 3.0.04506.30; .NET CLR 3.0.4506.2152; .NET CLR 3.5.30729; .NET4.0C; .NET4.0E)"
65.121.103.198 - - [04/Jan/2012:09:12:49 -0500] "GET /themes/default/images/headerlogo2.png HTTP/1.1" 200 12415 "http://walleyecentral.com/" "Mozilla/4.0 (compatible; MSIE 8.0; Windows NT 5.1; Trident/4.0; .NET CLR 1.1.4322; .NET CLR 2.0.50727; .NET CLR 3.0.04506.30; .NET CLR 3.0.4506.2152; .NET CLR 3.5.30729; .NET4.0C; .NET4.0E)"
67.53.78.87 - - [04/Jan/2012:09:12:49 -0500] "GET /forums/images/icons/icon6.gif HTTP/1.1" 304 - "http://www.walleyecentral.com/forums/index.php" "Mozilla/4.0 (compatible; MSIE 8.0; Windows NT 5.1; Trident/4.0; GTB6; .NET CLR 1.1.4322; .NET CLR 2.0.50727; .NET CLR 3.0.4506.2152; .NET CLR 3.5.30729)"
67.53.78.87 - - [04/Jan/2012:09:12:48 -0500] "GET /forums/picture_for_index.php?pictureid=5032&albumid=556 HTTP/1.1" 200 43098 "http://www.walleyecentral.com/forums/index.php" "Mozilla/4.0 (compatible; MSIE 8.0; Windows NT 5.1; Trident/4.0; GTB6; .NET CLR 1.1.4322; .NET CLR 2.0.50727; .NET CLR 3.0.4506.2152; .NET CLR 3.5.30729)"
67.53.78.87 - - [04/Jan/2012:09:12:49 -0500] "GET /forums/clientscript/vbulletin_read_marker.js?v=373 HTTP/1.1" 304 - "http://www.walleyecentral.com/forums/index.php" "Mozilla/4.0 (compatible; MSIE 8.0; Windows NT 5.1; Trident/4.0; GTB6; .NET CLR 1.1.4322; .NET CLR 2.0.50727; .NET CLR 3.0.4506.2152; .NET CLR 3.5.30729)"
70.178.48.174 - - [04/Jan/2012:09:12:49 -0500] "GET /openx/www/delivery/ajs.php?n=a5212870&zoneid=140&source=&exclude=,&r=215065251&loc=http%3A//www.walleyecentral.com/forums/showthread.php%3Ft%3D148186&referer=http%3A//www.walleyecentral.com/forums/forumdisplay.php%3Ff%3D42%26order%3Ddesc%26page%3D6 HTTP/1.1" 200 1000 "http://www.walleyecentral.com/forums/showthread.php?t=148186" "Mozilla/4.0 (compatible; MSIE 7.0; Windows NT 6.0; SLCC1; .NET CLR 2.0.50727; Media Center PC 5.0; .NET CLR 3.0.04506; AskTbFXTV5/5.14.0.19709)"
65.121.103.198 - - [04/Jan/2012:09:12:49 -0500] "GET /themes/default/images/x.gif HTTP/1.1" 200 1107 "http://walleyecentral.com/" "Mozilla/4.0 (compatible; MSIE 8.0; Windows NT 5.1; Trident/4.0; .NET CLR 1.1.4322; .NET CLR 2.0.50727; .NET CLR 3.0.04506.30; .NET CLR 3.0.4506.2152; .NET CLR 3.5.30729; .NET4.0C; .NET4.0E)"
65.121.103.198 - - [04/Jan/2012:09:12:49 -0500] "GET /themes/default/images/ranger_icon.jpg HTTP/1.1" 200 6291 "http://walleyecentral.com/" "Mozilla/4.0 (compatible; MSIE 8.0; Windows NT 5.1; Trident/4.0; .NET CLR 1.1.4322; .NET CLR 2.0.50727; .NET CLR 3.0.04506.30; .NET CLR 3.0.4506.2152; .NET CLR 3.5.30729; .NET4.0C; .NET4.0E)"
65.121.103.198 - - [04/Jan/2012:09:12:49 -0500] "GET /images/wc-hoodie.jpg HTTP/1.1" 200 2970 "http://walleyecentral.com/" "Mozilla/4.0 (compatible; MSIE 8.0; Windows NT 5.1; Trident/4.0; .NET CLR 1.1.4322; .NET CLR 2.0.50727; .NET CLR 3.0.04506.30; .NET CLR 3.0.4506.2152; .NET CLR 3.5.30729; .NET4.0C; .NET4.0E)"
65.121.103.198 - - [04/Jan/2012:09:12:49 -0500] "GET /images/fishhuron.jpg HTTP/1.1" 200 12090 "http://walleyecentral.com/" "Mozilla/4.0 (compatible; MSIE 8.0; Windows NT 5.1; Trident/4.0; .NET CLR 1.1.4322; .NET CLR 2.0.50727; .NET CLR 3.0.04506.30; .NET CLR 3.0.4506.2152; .NET CLR 3.5.30729; .NET4.0C; .NET4.0E)"
65.121.103.198 - - [04/Jan/2012:09:12:49 -0500] "GET /images/facebook.jpg HTTP/1.1" 200 1058 "http://walleyecentral.com/" "Mozilla/4.0 (compatible; MSIE 8.0; Windows NT 5.1; Trident/4.0; .NET CLR 1.1.4322; .NET CLR 2.0.50727; .NET CLR 3.0.04506.30; .NET CLR 3.0.4506.2152; .NET CLR 3.5.30729; .NET4.0C; .NET4.0E)"
67.53.78.87 - - [04/Jan/2012:09:12:49 -0500] "GET /forums/images/misc/stats.gif HTTP/1.1" 304 - "http://www.walleyecentral.com/forums/index.php" "Mozilla/4.0 (compatible; MSIE 8.0; Windows NT 5.1; Trident/4.0; GTB6; .NET CLR 1.1.4322; .NET CLR 2.0.50727; .NET CLR 3.0.4506.2152; .NET CLR 3.5.30729)"
67.53.78.87 - - [04/Jan/2012:09:12:49 -0500] "GET /forums/images/misc/birthday.gif HTTP/1.1" 304 - "http://www.walleyecentral.com/forums/index.php" "Mozilla/4.0 (compatible; MSIE 8.0; Windows NT 5.1; Trident/4.0; GTB6; .NET CLR 1.1.4322; .NET CLR 2.0.50727; .NET CLR 3.0.4506.2152; .NET CLR 3.5.30729)"
207.46.199.26 - - [04/Jan/2012:09:12:49 -0500] "GET /openx/www/delivery/ai.php?filename=mercury_2.jpg&contenttype=jpeg HTTP/1.1" 200 17944 "http://www.walleyecentral.com/forums/showthread.php?t=165298" "Mozilla/4.0 (compatible; MSIE 7.0; Windows NT 5.2; SV1; .NET CLR 1.1.4325; .NET CLR 2.0.50727)"
65.121.103.198 - - [04/Jan/2012:09:12:49 -0500] "GET /dbimages/articles-2011-12-20-231784295iconfile.jpg HTTP/1.1" 200 1086 "http://walleyecentral.com/" "Mozilla/4.0 (compatible; MSIE 8.0; Windows NT 5.1; Trident/4.0; .NET CLR 1.1.4322; .NET CLR 2.0.50727; .NET CLR 3.0.04506.30; .NET CLR 3.0.4506.2152; .NET CLR 3.5.30729; .NET4.0C; .NET4.0E)"
65.121.103.198 - - [04/Jan/2012:09:12:49 -0500] "GET /dbimages/articles-2011-12-20-993572124iconfile.jpg HTTP/1.1" 200 1433 "http://walleyecentral.com/" "Mozilla/4.0 (compatible; MSIE 8.0; Windows NT 5.1; Trident/4.0; .NET CLR 1.1.4322; .NET CLR 2.0.50727; .NET CLR 3.0.04506.30; .NET CLR 3.0.4506.2152; .NET CLR 3.5.30729; .NET4.0C; .NET4.0E)"
65.121.103.198 - - [04/Jan/2012:09:12:49 -0500] "GET /dbimages/articles-2011-12-09-612515290iconfile.jpg HTTP/1.1" 200 923 "http://walleyecentral.com/" "Mozilla/4.0 (compatible; MSIE 8.0; Windows NT 5.1; Trident/4.0; .NET CLR 1.1.4322; .NET CLR 2.0.50727; .NET CLR 3.0.04506.30; .NET CLR 3.0.4506.2152; .NET CLR 3.5.30729; .NET4.0C; .NET4.0E)"
65.121.103.198 - - [04/Jan/2012:09:12:49 -0500] "GET /dbimages/articles-2011-12-19-56677216iconfile.jpg HTTP/1.1" 200 1844 "http://walleyecentral.com/" "Mozilla/4.0 (compatible; MSIE 8.0; Windows NT 5.1; Trident/4.0; .NET CLR 1.1.4322; .NET CLR 2.0.50727; .NET CLR 3.0.04506.30; .NET CLR 3.0.4506.2152; .NET CLR 3.5.30729; .NET4.0C; .NET4.0E)"
65.121.103.198 - - [04/Jan/2012:09:12:49 -0500] "GET /dbimages/articles-2011-09-29-923068202iconfile.jpg HTTP/1.1" 200 1456 "http://walleyecentral.com/" "Mozilla/4.0 (compatible; MSIE 8.0; Windows NT 5.1; Trident/4.0; .NET CLR 1.1.4322; .NET CLR 2.0.50727; .NET CLR 3.0.04506.30; .NET CLR 3.0.4506.2152; .NET CLR 3.5.30729; .NET4.0C; .NET4.0E)"
