216.130.131.66 - - [04/Jan/2012:09:13:52 -0500] "GET /forums/clientscript/vbulletin_lightbox.js?v=373 HTTP/1.1" 304 - "http://www.walleyecentral.com/forums/showthread.php?t=189053" "Mozilla/4.0 (compatible; MSIE 8.0; Windows NT 6.1; Win64; x64; Trident/4.0; .NET CLR 2.0.50727; SLCC2; .NET CLR 3.5.30729; .NET CLR 3.0.30729; .NET4.0C; .NET4.0E)"
216.130.131.66 - - [04/Jan/2012:09:13:52 -0500] "GET /forums/clientscript/vbulletin_ajax_tagsugg.js?v=373 HTTP/1.1" 304 - "http://www.walleyecentral.com/forums/showthread.php?t=189053" "Mozilla/4.0 (compatible; MSIE 8.0; Windows NT 6.1; Win64; x64; Trident/4.0; .NET CLR 2.0.50727; SLCC2; .NET CLR 3.5.30729; .NET CLR 3.0.30729; .NET4.0C; .NET4.0E)"
216.130.131.66 - - [04/Jan/2012:09:13:52 -0500] "GET /forums/clientscript/vbulletin_quick_edit.js?v=373 HTTP/1.1" 304 - "http://www.walleyecentral.com/forums/showthread.php?t=189053" "Mozilla/4.0 (compatible; MSIE 8.0; Windows NT 6.1; Win64; x64; Trident/4.0; .NET CLR 2.0.50727; SLCC2; .NET CLR 3.5.30729; .NET CLR 3.0.30729; .NET4.0C; .NET4.0E)"
216.130.131.66 - - [04/Jan/2012:09:13:52 -0500] "GET /forums/clientscript/vbulletin_ajax_taglist.js?v=373 HTTP/1.1" 304 - "http://www.walleyecentral.com/forums/showthread.php?t=189053" "Mozilla/4.0 (compatible; MSIE 8.0; Windows NT 6.1; Win64; x64; Trident/4.0; .NET CLR 2.0.50727; SLCC2; .NET CLR 3.5.30729; .NET CLR 3.0.30729; .NET4.0C; .NET4.0E)"
216.130.131.66 - - [04/Jan/2012:09:13:52 -0500] "GET /forums/clientscript/vbulletin_quick_reply.js?v=373 HTTP/1.1" 304 - "http://www.walleyecentral.com/forums/showthread.php?t=189053" "Mozilla/4.0 (compatible; MSIE 8.0; Windows NT 6.1; Win64; x64; Trident/4.0; .NET CLR 2.0.50727; SLCC2; .NET CLR 3.5.30729; .NET CLR 3.0.30729; .NET4.0C; .NET4.0E)"
66.11.150.236 - - [04/Jan/2012:09:13:52 -0500] "GET /weather.php?pands=55110%2C+mn HTTP/1.0" 200 20835 "-" "-"
216.130.131.66 - - [04/Jan/2012:09:13:52 -0500] "GET /forums/images/misc/11x11progress.gif HTTP/1.1" 304 - "http://www.walleyecentral.com/forums/showthread.php?t=189053" "Mozilla/4.0 (compatible; MSIE 8.0; Windows NT 6.1; Win64; x64; Trident/4.0; .NET CLR 2.0.50727; SLCC2; .NET CLR 3.5.30729; .NET CLR 3.0.30729; .NET4.0C; .NET4.0E)"
216.130.131.66 - - [04/Jan/2012:09:13:52 -0500] "GET /openx/www/delivery/lg.php?bannerid=74&campaignid=1&zoneid=87&loc=http%3A%2F%2Fwww.walleyecentral.com%2Fforums%2Fshowthread.php%3Ft%3D189053&referer=http%3A%2F%2Fwww.walleyecentral.com%2Fforums%2Fforumdisplay.php%3Ff%3D5%26order%3Ddesc%26page%3D2&cb=3acf5553ca HTTP/1.1" 200 43 "http://www.walleyecentral.com/forums/showthread.php?t=189053" "Mozilla/4.0 (compatible; MSIE 8.0; Windows NT 6.1; Win64; x64; Trident/4.0; .NET CLR 2.0.50727; SLCC2; .NET CLR 3.5.30729; .NET CLR 3.0.30729; .NET4.0C; .NET4.0E)"
205.134.249.170 - - [04/Jan/2012:09:13:52 -0500] "GET /weather.php?pands=69337 HTTP/1.1" 200 16166 "-" "PHP/5.2.17"
216.130.131.66 - - [04/Jan/2012:09:13:52 -0500] "GET /forums/images/buttons/collapse_tcat.gif HTTP/1.1" 304 - "http://www.walleyecentral.com/forums/showthread.php?t=189053" "Mozilla/4.0 (compatible; MSIE 8.0; Windows NT 6.1; Win64; x64; Trident/4.0; .NET CLR 2.0.50727; SLCC2; .NET CLR 3.5.30729; .NET CLR 3.0.30729; .NET4.0C; .NET4.0E)"
216.130.131.66 - - [04/Jan/2012:09:13:52 -0500] "GET /forums/images/editor/italic.gif HTTP/1.1" 304 - "http://www.walleyecentral.com/forums/showthread.php?t=189053" "Mozilla/4.0 (compatible; MSIE 8.0; Windows NT 6.1; Win64; x64; Trident/4.0; .NET CLR 2.0.50727; SLCC2; .NET CLR 3.5.30729; .NET CLR 3.0.30729; .NET4.0C; .NET4.0E)"
216.130.131.66 - - [04/Jan/2012:09:13:52 -0500] "GET /forums/images/editor/removeformat.gif HTTP/1.1" 304 - "http://www.walleyecentral.com/forums/showthread.php?t=189053" "Mozilla/4.0 (compatible; MSIE 8.0; Windows NT 6.1; Win64; x64; Trident/4.0; .NET CLR 2.0.50727; SLCC2; .NET CLR 3.5.30729; .NET CLR 3.0.30729; .NET4.0C; .NET4.0E)"
216.130.131.66 - - [04/Jan/2012:09:13:52 -0500] "GET /forums/images/gradients/gradient_panel.gif HTTP/1.1" 304 - "http://www.walleyecentral.com/forums/showthread.php?t=189053" "Mozilla/4.0 (compatible; MSIE 8.0; Windows NT 6.1; Win64; x64; Trident/4.0; .NET CLR 2.0.50727; SLCC2; .NET CLR 3.5.30729; .NET CLR 3.0.30729; .NET4.0C; .NET4.0E)"
216.130.131.66 - - [04/Jan/2012:09:13:52 -0500] "GET /forums/images/editor/underline.gif HTTP/1.1" 304 - "http://www.walleyecentral.com/forums/showthread.php?t=189053" "Mozilla/4.0 (compatible; MSIE 8.0; Windows NT 6.1; Win64; x64; Trident/4.0; .NET CLR 2.0.50727; SLCC2; .NET CLR 3.5.30729; .NET CLR 3.0.30729; .NET4.0C; .NET4.0E)"
216.130.131.66 - - [04/Jan/2012:09:13:52 -0500] "GET /forums/images/editor/bold.gif HTTP/1.1" 304 - "http://www.walleyecentral.com/forums/showthread.php?t=189053" "Mozilla/4.0 (compatible; MSIE 8.0; Windows NT 6.1; Win64; x64; Trident/4.0; .NET CLR 2.0.50727; SLCC2; .NET CLR 3.5.30729; .NET CLR 3.0.30729; .NET4.0C; .NET4.0E)"
216.130.131.66 - - [04/Jan/2012:09:13:52 -0500] "GET /forums/images/editor/separator.gif HTTP/1.1" 304 - "http://www.walleyecentral.com/forums/showthread.php?t=189053" "Mozilla/4.0 (compatible; MSIE 8.0; Windows NT 6.1; Win64; x64; Trident/4.0; .NET CLR 2.0.50727; SLCC2; .NET CLR 3.5.30729; .NET CLR 3.0.30729; .NET4.0C; .NET4.0E)"
216.130.131.66 - - [04/Jan/2012:09:13:52 -0500] "GET /forums/images/gradients/gradient_panelsurround.gif HTTP/1.1" 304 - "http://www.walleyecentral.com/forums/showthread.php?t=189053" "Mozilla/4.0 (compatible; MSIE 8.0; Windows NT 6.1; Win64; x64; Trident/4.0; .NET CLR 2.0.50727; SLCC2; .NET CLR 3.5.30729; .NET CLR 3.0.30729; .NET4.0C; .NET4.0E)"
216.130.131.66 - - [04/Jan/2012:09:13:52 -0500] "GET /forums/images/editor/color.gif HTTP/1.1" 304 - "http://www.walleyecentral.com/forums/showthread.php?t=189053" "Mozilla/4.0 (compatible; MSIE 8.0; Windows NT 6.1; Win64; x64; Trident/4.0; .NET CLR 2.0.50727; SLCC2; .NET CLR 3.5.30729; .NET CLR 3.0.30729; .NET4.0C; .NET4.0E)"
50.116.161.56 - - [04/Jan/2012:09:13:52 -0500] "GET /openx/www/delivery/ai.php?filename=ranger.jpg&contenttype=jpeg HTTP/1.1" 200 27520 "http://www.walleyecentral.com/forums/showthread.php?t=189205" "Mozilla/5.0 (compatible; MSIE 9.0; Windows NT 6.1; WOW64; Trident/5.0)"
216.130.131.66 - - [04/Jan/2012:09:13:53 -0500] "GET /forums/clear.gif HTTP/1.1" 304 - "http://www.walleyecentral.com/forums/showthread.php?t=189053" "Mozilla/4.0 (compatible; MSIE 8.0; Windows NT 6.1; Win64; x64; Trident/4.0; .NET CLR 2.0.50727; SLCC2; .NET CLR 3.5.30729; .NET CLR 3.0.30729; .NET4.0C; .NET4.0E)"
66.11.150.236 - - [04/Jan/2012:09:13:52 -0500] "GET /weather.php?pands=red+wing%2Cmn HTTP/1.0" 200 24257 "-" "-"
216.130.131.66 - - [04/Jan/2012:09:13:53 -0500] "GET /forums/images/editor/menupop.gif HTTP/1.1" 304 - "http://www.walleyecentral.com/forums/showthread.php?t=189053" "Mozilla/4.0 (compatible; MSIE 8.0; Windows NT 6.1; Win64; x64; Trident/4.0; .NET CLR 2.0.50727; SLCC2; .NET CLR 3.5.30729; .NET CLR 3.0.30729; .NET4.0C; .NET4.0E)"
216.130.131.66 - - [04/Jan/2012:09:13:53 -0500] "GET /forums/images/editor/resize_1.gif HTTP/1.1" 304 - "http://www.walleyecentral.com/forums/showthread.php?t=189053" "Mozilla/4.0 (compatible; MSIE 8.0; Windows NT 6.1; Win64; x64; Trident/4.0; .NET CLR 2.0.50727; SLCC2; .NET CLR 3.5.30729; .NET CLR 3.0.30729; .NET4.0C; .NET4.0E)"
216.130.131.66 - - [04/Jan/2012:09:13:53 -0500] "GET /forums/images/editor/quote.gif HTTP/1.1" 304 - "http://www.walleyecentral.com/forums/showthread.php?t=189053" "Mozilla/4.0 (compatible; MSIE 8.0; Windows NT 6.1; Win64; x64; Trident/4.0; .NET CLR 2.0.50727; SLCC2; .NET CLR 3.5.30729; .NET CLR 3.0.30729; .NET4.0C; .NET4.0E)"
216.130.131.66 - - [04/Jan/2012:09:13:53 -0500] "GET /forums/images/misc/progress.gif HTTP/1.1" 304 - "http://www.walleyecentral.com/forums/showthread.php?t=189053" "Mozilla/4.0 (compatible; MSIE 8.0; Windows NT 6.1; Win64; x64; Trident/4.0; .NET CLR 2.0.50727; SLCC2; .NET CLR 3.5.30729; .NET CLR 3.0.30729; .NET4.0C; .NET4.0E)"
216.130.131.66 - - [04/Jan/2012:09:13:53 -0500] "GET /forums/images/buttons/printer.gif HTTP/1.1" 304 - "http://www.walleyecentral.com/forums/showthread.php?t=189053" "Mozilla/4.0 (compatible; MSIE 8.0; Windows NT 6.1; Win64; x64; Trident/4.0; .NET CLR 2.0.50727; SLCC2; .NET CLR 3.5.30729; .NET CLR 3.0.30729; .NET4.0C; .NET4.0E)"
216.130.131.66 - - [04/Jan/2012:09:13:53 -0500] "GET /forums/images/editor/resize_0.gif HTTP/1.1" 304 - "http://www.walleyecentral.com/forums/showthread.php?t=189053" "Mozilla/4.0 (compatible; MSIE 8.0; Windows NT 6.1; Win64; x64; Trident/4.0; .NET CLR 2.0.50727; SLCC2; .NET CLR 3.5.30729; .NET CLR 3.0.30729; .NET4.0C; .NET4.0E)"
216.130.131.66 - - [04/Jan/2012:09:13:53 -0500] "GET /forums/images/editor/switchmode.gif HTTP/1.1" 304 - "http://www.walleyecentral.com/forums/showthread.php?t=189053" "Mozilla/4.0 (compatible; MSIE 8.0; Windows NT 6.1; Win64; x64; Trident/4.0; .NET CLR 2.0.50727; SLCC2; .NET CLR 3.5.30729; .NET CLR 3.0.30729; .NET4.0C; .NET4.0E)"
216.130.131.66 - - [04/Jan/2012:09:13:53 -0500] "GET /forums/images/editor/createlink.gif HTTP/1.1" 304 - "http://www.walleyecentral.com/forums/showthread.php?t=189053" "Mozilla/4.0 (compatible; MSIE 8.0; Windows NT 6.1; Win64; x64; Trident/4.0; .NET CLR 2.0.50727; SLCC2; .NET CLR 3.5.30729; .NET CLR 3.0.30729; .NET4.0C; .NET4.0E)"
216.130.131.66 - - [04/Jan/2012:09:13:53 -0500] "GET /forums/images/editor/spelling.gif HTTP/1.1" 304 - "http://www.walleyecentral.com/forums/showthread.php?t=189053" "Mozilla/4.0 (compatible; MSIE 8.0; Windows NT 6.1; Win64; x64; Trident/4.0; .NET CLR 2.0.50727; SLCC2; .NET CLR 3.5.30729; .NET CLR 3.0.30729; .NET4.0C; .NET4.0E)"
216.130.131.66 - - [04/Jan/2012:09:13:53 -0500] "GET /forums/images/buttons/sendtofriend.gif HTTP/1.1" 304 - "http://www.walleyecentral.com/forums/showthread.php?t=189053" "Mozilla/4.0 (compatible; MSIE 8.0; Windows NT 6.1; Win64; x64; Trident/4.0; .NET CLR 2.0.50727; SLCC2; .NET CLR 3.5.30729; .NET CLR 3.0.30729; .NET4.0C; .NET4.0E)"
216.130.131.66 - - [04/Jan/2012:09:13:53 -0500] "GET /forums/images/buttons/subscribe.gif HTTP/1.1" 304 - "http://www.walleyecentral.com/forums/showthread.php?t=189053" "Mozilla/4.0 (compatible; MSIE 8.0; Windows NT 6.1; Win64; x64; Trident/4.0; .NET CLR 2.0.50727; SLCC2; .NET CLR 3.5.30729; .NET CLR 3.0.30729; .NET4.0C; .NET4.0E)"
216.130.131.66 - - [04/Jan/2012:09:13:53 -0500] "GET /forums/images/buttons/mode_hybrid.gif HTTP/1.1" 304 - "http://www.walleyecentral.com/forums/showthread.php?t=189053" "Mozilla/4.0 (compatible; MSIE 8.0; Windows NT 6.1; Win64; x64; Trident/4.0; .NET CLR 2.0.50727; SLCC2; .NET CLR 3.5.30729; .NET CLR 3.0.30729; .NET4.0C; .NET4.0E)"
216.130.131.66 - - [04/Jan/2012:09:13:53 -0500] "GET /forums/images/buttons/mode_linear.gif HTTP/1.1" 304 - "http://www.walleyecentral.com/forums/showthread.php?t=189053" "Mozilla/4.0 (compatible; MSIE 8.0; Windows NT 6.1; Win64; x64; Trident/4.0; .NET CLR 2.0.50727; SLCC2; .NET CLR 3.5.30729; .NET CLR 3.0.30729; .NET4.0C; .NET4.0E)"
216.130.131.66 - - [04/Jan/2012:09:13:53 -0500] "GET /forums/images/buttons/collapse_thead.gif HTTP/1.1" 304 - "http://www.walleyecentral.com/forums/showthread.php?t=189053" "Mozilla/4.0 (compatible; MSIE 8.0; Windows NT 6.1; Win64; x64; Trident/4.0; .NET CLR 2.0.50727; SLCC2; .NET CLR 3.5.30729; .NET CLR 3.0.30729; .NET4.0C; .NET4.0E)"
216.130.131.66 - - [04/Jan/2012:09:13:53 -0500] "GET /forums/images/buttons/mode_threaded.gif HTTP/1.1" 304 - "http://www.walleyecentral.com/forums/showthread.php?t=189053" "Mozilla/4.0 (compatible; MSIE 8.0; Windows NT 6.1; Win64; x64; Trident/4.0; .NET CLR 2.0.50727; SLCC2; .NET CLR 3.5.30729; .NET CLR 3.0.30729; .NET4.0C; .NET4.0E)"
205.134.249.170 - - [04/Jan/2012:09:13:53 -0500] "GET /weather.php?pands=50014 HTTP/1.1" 200 16166 "-" "PHP/5.2.17"
96.31.5.118 - - [04/Jan/2012:09:13:52 -0500] "GET /forums/forumdisplay.php?f=5 HTTP/1.1" 200 23932 "http://www.walleyecentral.com/forums/index.php" "Mozilla/4.0 (compatible; MSIE 8.0; Windows NT 6.1; WOW64; Trident/4.0; SLCC2; .NET CLR 2.0.50727; .NET CLR 3.5.30729; .NET CLR 3.0.30729; Media Center PC 6.0; .NET4.0C)"
180.76.6.227 - - [04/Jan/2012:09:13:53 -0500] "GET /forums/index.php HTTP/1.1" 200 20651 "-" "Mozilla/5.0 (compatible; Baiduspider/2.0; +http://www.baidu.com/search/spider.html)"
96.31.5.118 - - [04/Jan/2012:09:13:53 -0500] "GET /openx/www/delivery/ajs.php?n=a5212870&zoneid=86&source=&exclude=,&r=969776001&loc=http%3A//www.walleyecentral.com/forums/forumdisplay.php%3Ff%3D5&referer=http%3A//www.walleyecentral.com/forums/index.php HTTP/1.1" 200 937 "http://www.walleyecentral.com/forums/forumdisplay.php?f=5" "Mozilla/4.0 (compatible; MSIE 8.0; Windows NT 6.1; WOW64; Trident/4.0; SLCC2; .NET CLR 2.0.50727; .NET CLR 3.5.30729; .NET CLR 3.0.30729; Media Center PC 6.0; .NET4.0C)"
174.252.196.194 - - [04/Jan/2012:09:13:53 -0500] "GET /forums/forumdisplay.php?f=34 HTTP/1.1" 200 22152 "http://www.walleyecentral.com/forums/index.php" "Mozilla/5.0 (Linux; U; Android 2.2.3; en-us; Droid Build/FRK76) AppleWebKit/533.1 (KHTML, like Gecko) Version/4.0 Mobile Safari/533.1"
96.31.5.118 - - [04/Jan/2012:09:13:54 -0500] "GET /forums/images/misc/navbits_finallink_ltr.gif HTTP/1.1" 200 1035 "http://www.walleyecentral.com/forums/forumdisplay.php?f=5" "Mozilla/4.0 (compatible; MSIE 8.0; Windows NT 6.1; WOW64; Trident/4.0; SLCC2; .NET CLR 2.0.50727; .NET CLR 3.5.30729; .NET CLR 3.0.30729; Media Center PC 6.0; .NET4.0C)"
96.31.5.118 - - [04/Jan/2012:09:13:54 -0500] "GET /forums/images/buttons/newthread.gif HTTP/1.1" 200 3151 "http://www.walleyecentral.com/forums/forumdisplay.php?f=5" "Mozilla/4.0 (compatible; MSIE 8.0; Windows NT 6.1; WOW64; Trident/4.0; SLCC2; .NET CLR 2.0.50727; .NET CLR 3.5.30729; .NET CLR 3.0.30729; Media Center PC 6.0; .NET4.0C)"
12.2.142.12 - - [04/Jan/2012:09:13:52 -0500] "GET /forums/usercp.php HTTP/1.1" 200 54706 "http://www.walleyecentral.com/forums/index.php" "Mozilla/4.0 (compatible; MSIE 8.0; Windows NT 6.1; WOW64; Trident/4.0; SLCC2; .NET CLR 2.0.50727; .NET CLR 3.5.30729; .NET CLR 3.0.30729; Media Center PC 6.0; .NET4.0C; .NET4.0E; InfoPath.2)"
96.31.5.118 - - [04/Jan/2012:09:13:54 -0500] "GET /forums/images/misc/menu_open.gif HTTP/1.1" 200 279 "http://www.walleyecentral.com/forums/forumdisplay.php?f=5" "Mozilla/4.0 (compatible; MSIE 8.0; Windows NT 6.1; WOW64; Trident/4.0; SLCC2; .NET CLR 2.0.50727; .NET CLR 3.5.30729; .NET CLR 3.0.30729; Media Center PC 6.0; .NET4.0C)"
96.31.5.118 - - [04/Jan/2012:09:13:54 -0500] "GET /forums/images/buttons/sortasc.gif HTTP/1.1" 200 561 "http://www.walleyecentral.com/forums/forumdisplay.php?f=5" "Mozilla/4.0 (compatible; MSIE 8.0; Windows NT 6.1; WOW64; Trident/4.0; SLCC2; .NET CLR 2.0.50727; .NET CLR 3.5.30729; .NET CLR 3.0.30729; Media Center PC 6.0; .NET4.0C)"
96.31.5.118 - - [04/Jan/2012:09:13:54 -0500] "GET /forums/images/statusicon/thread_hot_new.gif HTTP/1.1" 200 1224 "http://www.walleyecentral.com/forums/forumdisplay.php?f=5" "Mozilla/4.0 (compatible; MSIE 8.0; Windows NT 6.1; WOW64; Trident/4.0; SLCC2; .NET CLR 2.0.50727; .NET CLR 3.5.30729; .NET CLR 3.0.30729; Media Center PC 6.0; .NET4.0C)"
96.31.5.118 - - [04/Jan/2012:09:13:54 -0500] "GET /forums/images/misc/sticky.gif HTTP/1.1" 200 521 "http://www.walleyecentral.com/forums/forumdisplay.php?f=5" "Mozilla/4.0 (compatible; MSIE 8.0; Windows NT 6.1; WOW64; Trident/4.0; SLCC2; .NET CLR 2.0.50727; .NET CLR 3.5.30729; .NET CLR 3.0.30729; Media Center PC 6.0; .NET4.0C)"
96.31.5.118 - - [04/Jan/2012:09:13:54 -0500] "GET /openx/www/delivery/ai.php?filename=okuma_citrix.gif&contenttype=gif HTTP/1.1" 200 20711 "http://www.walleyecentral.com/forums/forumdisplay.php?f=5" "Mozilla/4.0 (compatible; MSIE 8.0; Windows NT 6.1; WOW64; Trident/4.0; SLCC2; .NET CLR 2.0.50727; .NET CLR 3.5.30729; .NET CLR 3.0.30729; Media Center PC 6.0; .NET4.0C)"
96.31.5.118 - - [04/Jan/2012:09:13:54 -0500] "GET /forums/images/buttons/firstnew.gif HTTP/1.1" 200 561 "http://www.walleyecentral.com/forums/forumdisplay.php?f=5" "Mozilla/4.0 (compatible; MSIE 8.0; Windows NT 6.1; WOW64; Trident/4.0; SLCC2; .NET CLR 2.0.50727; .NET CLR 3.5.30729; .NET CLR 3.0.30729; Media Center PC 6.0; .NET4.0C)"
96.31.5.118 - - [04/Jan/2012:09:13:54 -0500] "GET /forums/images/misc/multipage.gif HTTP/1.1" 200 567 "http://www.walleyecentral.com/forums/forumdisplay.php?f=5" "Mozilla/4.0 (compatible; MSIE 8.0; Windows NT 6.1; WOW64; Trident/4.0; SLCC2; .NET CLR 2.0.50727; .NET CLR 3.5.30729; .NET CLR 3.0.30729; Media Center PC 6.0; .NET4.0C)"
96.31.5.118 - - [04/Jan/2012:09:13:54 -0500] "GET /forums/images/misc/paperclip.gif HTTP/1.1" 200 305 "http://www.walleyecentral.com/forums/forumdisplay.php?f=5" "Mozilla/4.0 (compatible; MSIE 8.0; Windows NT 6.1; WOW64; Trident/4.0; SLCC2; .NET CLR 2.0.50727; .NET CLR 3.5.30729; .NET CLR 3.0.30729; Media Center PC 6.0; .NET4.0C)"
96.31.5.118 - - [04/Jan/2012:09:13:54 -0500] "GET /forums/images/statusicon/thread_hot_lock.gif HTTP/1.1" 200 1156 "http://www.walleyecentral.com/forums/forumdisplay.php?f=5" "Mozilla/4.0 (compatible; MSIE 8.0; Windows NT 6.1; WOW64; Trident/4.0; SLCC2; .NET CLR 2.0.50727; .NET CLR 3.5.30729; .NET CLR 3.0.30729; Media Center PC 6.0; .NET4.0C)"
12.2.142.12 - - [04/Jan/2012:09:13:54 -0500] "GET /openx/www/delivery/ajs.php?n=a5212870&zoneid=85&source=&exclude=,&r=741327031&loc=http%3A//www.walleyecentral.com/forums/usercp.php&referer=http%3A//www.walleyecentral.com/forums/index.php HTTP/1.1" 200 957 "http://www.walleyecentral.com/forums/usercp.php" "Mozilla/4.0 (compatible; MSIE 8.0; Windows NT 6.1; WOW64; Trident/4.0; SLCC2; .NET CLR 2.0.50727; .NET CLR 3.5.30729; .NET CLR 3.0.30729; Media Center PC 6.0; .NET4.0C; .NET4.0E; InfoPath.2)"
96.31.5.118 - - [04/Jan/2012:09:13:54 -0500] "GET /forums/images/statusicon/thread_new.gif HTTP/1.1" 200 1230 "http://www.walleyecentral.com/forums/forumdisplay.php?f=5" "Mozilla/4.0 (compatible; MSIE 8.0; Windows NT 6.1; WOW64; Trident/4.0; SLCC2; .NET CLR 2.0.50727; .NET CLR 3.5.30729; .NET CLR 3.0.30729; Media Center PC 6.0; .NET4.0C)"
96.31.5.118 - - [04/Jan/2012:09:13:54 -0500] "GET /forums/images/icons/icon7.gif HTTP/1.1" 200 1058 "http://www.walleyecentral.com/forums/forumdisplay.php?f=5" "Mozilla/4.0 (compatible; MSIE 8.0; Windows NT 6.1; WOW64; Trident/4.0; SLCC2; .NET CLR 2.0.50727; .NET CLR 3.5.30729; .NET CLR 3.0.30729; Media Center PC 6.0; .NET4.0C)"
96.31.5.118 - - [04/Jan/2012:09:13:54 -0500] "GET /forums/images/misc/trashcan_small.gif HTTP/1.1" 200 936 "http://www.walleyecentral.com/forums/forumdisplay.php?f=5" "Mozilla/4.0 (compatible; MSIE 8.0; Windows NT 6.1; WOW64; Trident/4.0; SLCC2; .NET CLR 2.0.50727; .NET CLR 3.5.30729; .NET CLR 3.0.30729; Media Center PC 6.0; .NET4.0C)"
96.31.5.118 - - [04/Jan/2012:09:13:54 -0500] "GET /forums/images/icons/icon3.gif HTTP/1.1" 200 1018 "http://www.walleyecentral.com/forums/forumdisplay.php?f=5" "Mozilla/4.0 (compatible; MSIE 8.0; Windows NT 6.1; WOW64; Trident/4.0; SLCC2; .NET CLR 2.0.50727; .NET CLR 3.5.30729; .NET CLR 3.0.30729; Media Center PC 6.0; .NET4.0C)"
96.31.5.118 - - [04/Jan/2012:09:13:54 -0500] "GET /forums/images/statusicon/thread.gif HTTP/1.1" 200 1125 "http://www.walleyecentral.com/forums/forumdisplay.php?f=5" "Mozilla/4.0 (compatible; MSIE 8.0; Windows NT 6.1; WOW64; Trident/4.0; SLCC2; .NET CLR 2.0.50727; .NET CLR 3.5.30729; .NET CLR 3.0.30729; Media Center PC 6.0; .NET4.0C)"
96.31.5.118 - - [04/Jan/2012:09:13:54 -0500] "GET /openx/www/delivery/lg.php?bannerid=75&campaignid=1&zoneid=86&channel_ids=,&loc=http%3A%2F%2Fwww.walleyecentral.com%2Fforums%2Fforumdisplay.php%3Ff%3D5&referer=http%3A%2F%2Fwww.walleyecentral.com%2Fforums%2Findex.php&cb=15bb96543d HTTP/1.1" 200 43 "http://www.walleyecentral.com/forums/forumdisplay.php?f=5" "Mozilla/4.0 (compatible; MSIE 8.0; Windows NT 6.1; WOW64; Trident/4.0; SLCC2; .NET CLR 2.0.50727; .NET CLR 3.5.30729; .NET CLR 3.0.30729; Media Center PC 6.0; .NET4.0C)"
174.252.196.194 - - [04/Jan/2012:09:13:54 -0500] "GET /forums/clientscript/yui/connection/connection-min.js?v=373 HTTP/1.1" 200 14349 "http://www.walleyecentral.com/forums/forumdisplay.php?f=34" "Mozilla/5.0 (Linux; U; Android 2.2.3; en-us; Droid Build/FRK76) AppleWebKit/533.1 (KHTML, like Gecko) Version/4.0 Mobile Safari/533.1"
96.31.5.118 - - [04/Jan/2012:09:13:54 -0500] "GET /forums/images/statusicon/thread_hot.gif HTTP/1.1" 200 1125 "http://www.walleyecentral.com/forums/forumdisplay.php?f=5" "Mozilla/4.0 (compatible; MSIE 8.0; Windows NT 6.1; WOW64; Trident/4.0; SLCC2; .NET CLR 2.0.50727; .NET CLR 3.5.30729; .NET CLR 3.0.30729; Media Center PC 6.0; .NET4.0C)"
96.31.5.118 - - [04/Jan/2012:09:13:54 -0500] "GET /forums/images/statusicon/thread_lock.gif HTTP/1.1" 200 1156 "http://www.walleyecentral.com/forums/forumdisplay.php?f=5" "Mozilla/4.0 (compatible; MSIE 8.0; Windows NT 6.1; WOW64; Trident/4.0; SLCC2; .NET CLR 2.0.50727; .NET CLR 3.5.30729; .NET CLR 3.0.30729; Media Center PC 6.0; .NET4.0C)"
174.252.196.194 - - [04/Jan/2012:09:13:54 -0500] "GET /forums/clientscript/vbulletin_menu.js?v=373 HTTP/1.1" 200 9389 "http://www.walleyecentral.com/forums/forumdisplay.php?f=34" "Mozilla/5.0 (Linux; U; Android 2.2.3; en-us; Droid Build/FRK76) AppleWebKit/533.1 (KHTML, like Gecko) Version/4.0 Mobile Safari/533.1"
12.2.142.12 - - [04/Jan/2012:09:13:54 -0500] "GET /openx/www/delivery/ai.php?filename=jwfa_banner.jpg&contenttype=jpeg HTTP/1.1" 304 - "http://www.walleyecentral.com/forums/usercp.php" "Mozilla/4.0 (compatible; MSIE 8.0; Windows NT 6.1; WOW64; Trident/4.0; SLCC2; .NET CLR 2.0.50727; .NET CLR 3.5.30729; .NET CLR 3.0.30729; Media Center PC 6.0; .NET4.0C; .NET4.0E; InfoPath.2)"
12.2.142.12 - - [04/Jan/2012:09:13:54 -0500] "GET /forums/images/statusicon/pm_new.gif HTTP/1.1" 304 - "http://www.walleyecentral.com/forums/usercp.php" "Mozilla/4.0 (compatible; MSIE 8.0; Windows NT 6.1; WOW64; Trident/4.0; SLCC2; .NET CLR 2.0.50727; .NET CLR 3.5.30729; .NET CLR 3.0.30729; Media Center PC 6.0; .NET4.0C; .NET4.0E; InfoPath.2)"
12.2.142.12 - - [04/Jan/2012:09:13:54 -0500] "GET /forums/images/statusicon/thread_dot_hot_new.gif HTTP/1.1" 304 - "http://www.walleyecentral.com/forums/usercp.php" "Mozilla/4.0 (compatible; MSIE 8.0; Windows NT 6.1; WOW64; Trident/4.0; SLCC2; .NET CLR 2.0.50727; .NET CLR 3.5.30729; .NET CLR 3.0.30729; Media Center PC 6.0; .NET4.0C; .NET4.0E; InfoPath.2)"
174.252.196.194 - - [04/Jan/2012:09:13:54 -0500] "GET /forums/clientscript/vbulletin_global.js?v=373 HTTP/1.1" 200 25057 "http://www.walleyecentral.com/forums/forumdisplay.php?f=34" "Mozilla/5.0 (Linux; U; Android 2.2.3; en-us; Droid Build/FRK76) AppleWebKit/533.1 (KHTML, like Gecko) Version/4.0 Mobile Safari/533.1"
12.2.142.12 - - [04/Jan/2012:09:13:54 -0500] "GET /openx/www/delivery/lg.php?bannerid=99&campaignid=1&zoneid=85&loc=http%3A%2F%2Fwww.walleyecentral.com%2Fforums%2Fusercp.php&referer=http%3A%2F%2Fwww.walleyecentral.com%2Fforums%2Findex.php&cb=1b89c89786 HTTP/1.1" 200 43 "http://www.walleyecentral.com/forums/usercp.php" "Mozilla/4.0 (compatible; MSIE 8.0; Windows NT 6.1; WOW64; Trident/4.0; SLCC2; .NET CLR 2.0.50727; .NET CLR 3.5.30729; .NET CLR 3.0.30729; Media Center PC 6.0; .NET4.0C; .NET4.0E; InfoPath.2)"
180.76.5.110 - - [04/Jan/2012:09:13:54 -0500] "GET /forums/ HTTP/1.1" 200 20651 "-" "Mozilla/5.0 (compatible; Baiduspider/2.0; +http://www.baidu.com/search/spider.html)"
216.130.131.66 - - [04/Jan/2012:09:13:54 -0500] "GET /forums/images/misc/navbits_finallink_ltr.gif HTTP/1.1" 304 - "http://www.walleyecentral.com/forums/showthread.php?t=189177" "Mozilla/4.0 (compatible; MSIE 8.0; Windows NT 6.1; Win64; x64; Trident/4.0; .NET CLR 2.0.50727; SLCC2; .NET CLR 3.5.30729; .NET CLR 3.0.30729; .NET4.0C; .NET4.0E)"
216.130.131.66 - - [04/Jan/2012:09:13:55 -0500] "GET /forums/images/buttons/reply.gif HTTP/1.1" 304 - "http://www.walleyecentral.com/forums/showthread.php?t=189177" "Mozilla/4.0 (compatible; MSIE 8.0; Windows NT 6.1; Win64; x64; Trident/4.0; .NET CLR 2.0.50727; SLCC2; .NET CLR 3.5.30729; .NET CLR 3.0.30729; .NET4.0C; .NET4.0E)"
216.130.131.66 - - [04/Jan/2012:09:13:55 -0500] "GET /forums/images/misc/navbits_start.gif HTTP/1.1" 304 - "http://www.walleyecentral.com/forums/showthread.php?t=189177" "Mozilla/4.0 (compatible; MSIE 8.0; Windows NT 6.1; Win64; x64; Trident/4.0; .NET CLR 2.0.50727; SLCC2; .NET CLR 3.5.30729; .NET CLR 3.0.30729; .NET4.0C; .NET4.0E)"
216.130.131.66 - - [04/Jan/2012:09:13:55 -0500] "GET /openx/www/delivery/ai.php?filename=lureparts_2.gif&contenttype=gif HTTP/1.1" 304 - "http://www.walleyecentral.com/forums/showthread.php?t=189177" "Mozilla/4.0 (compatible; MSIE 8.0; Windows NT 6.1; Win64; x64; Trident/4.0; .NET CLR 2.0.50727; SLCC2; .NET CLR 3.5.30729; .NET CLR 3.0.30729; .NET4.0C; .NET4.0E)"
65.52.108.26 - - [04/Jan/2012:09:13:54 -0500] "GET /forums/showthread.php?t=71232 HTTP/1.1" 200 17265 "-" "Mozilla/5.0 (compatible; bingbot/2.0; +http://www.bing.com/bingbot.htm)"
174.252.196.194 - - [04/Jan/2012:09:13:55 -0500] "GET /openx/www/delivery/ajs.php?n=a5212870&zoneid=105&source=&exclude=,&r=814249691&loc=http%3A//www.walleyecentral.com/forums/forumdisplay.php%3Ff%3D34&referer=http%3A//www.walleyecentral.com/forums/index.php HTTP/1.1" 200 941 "http://www.walleyecentral.com/forums/forumdisplay.php?f=34" "Mozilla/5.0 (Linux; U; Android 2.2.3; en-us; Droid Build/FRK76) AppleWebKit/533.1 (KHTML, like Gecko) Version/4.0 Mobile Safari/533.1"
174.252.196.194 - - [04/Jan/2012:09:13:55 -0500] "GET /forums/clientscript/vbulletin_read_marker.js?v=373 HTTP/1.1" 200 3408 "http://www.walleyecentral.com/forums/forumdisplay.php?f=34" "Mozilla/5.0 (Linux; U; Android 2.2.3; en-us; Droid Build/FRK76) AppleWebKit/533.1 (KHTML, like Gecko) Version/4.0 Mobile Safari/533.1"
205.134.249.170 - - [04/Jan/2012:09:13:55 -0500] "GET /weather.php?pands=59501 HTTP/1.1" 200 16166 "-" "PHP/5.2.17"
216.130.131.66 - - [04/Jan/2012:09:13:55 -0500] "GET /forums/images/icons/icon1.gif HTTP/1.1" 304 - "http://www.walleyecentral.com/forums/showthread.php?t=189177" "Mozilla/4.0 (compatible; MSIE 8.0; Windows NT 6.1; Win64; x64; Trident/4.0; .NET CLR 2.0.50727; SLCC2; .NET CLR 3.5.30729; .NET CLR 3.0.30729; .NET4.0C; .NET4.0E)"
146.0.73.184 - - [04/Jan/2012:09:13:53 -0500] "GET /forums/forumdisplay.php?f=3 HTTP/1.0" 200 54220 "http://www.walleyecentral.com/forumdisplay.php?f=3" "Mozilla/4.0 (compatible; MSIE 6.0; Windows NT 5.1; FREE; .NET CLR 1.1.4322)"
66.11.150.236 - - [04/Jan/2012:09:13:54 -0500] "GET /weather.php?pands=54001 HTTP/1.0" 200 24270 "-" "-"
66.11.150.236 - - [04/Jan/2012:09:13:54 -0500] "GET /weather.php?pands=49854 HTTP/1.0" 200 24267 "-" "-"
174.252.196.194 - - [04/Jan/2012:09:13:55 -0500] "GET /openx/www/delivery/ai.php?filename=garmin_echo.jpg&contenttype=jpeg HTTP/1.1" 200 13341 "http://www.walleyecentral.com/forums/forumdisplay.php?f=34" "Mozilla/5.0 (Linux; U; Android 2.2.3; en-us; Droid Build/FRK76) AppleWebKit/533.1 (KHTML, like Gecko) Version/4.0 Mobile Safari/533.1"
66.249.71.211 - - [04/Jan/2012:09:13:55 -0500] "GET /forums/archive/index.php/t-46458.html HTTP/1.1" 200 6637 "-" "Mozilla/5.0 (compatible; Googlebot/2.1; +http://www.google.com/bot.html)"
74.33.91.83 - - [04/Jan/2012:09:13:55 -0500] "GET /openx/www/delivery/ajs.php?n=a5212870&zoneid=105&source=&exclude=,&r=794705951&loc=http%3A//www.walleyecentral.com/forums/forumdisplay.php%3Ff%3D34&referer=http%3A//www.walleyecentral.com/forums/forumdisplay.php%3Ff%3D32 HTTP/1.1" 200 925 "http://www.walleyecentral.com/forums/forumdisplay.php?f=34" "Mozilla/5.0 (compatible; MSIE 9.0; Windows NT 6.1; WOW64; Trident/5.0)"
74.33.91.83 - - [04/Jan/2012:09:13:55 -0500] "GET /forums/forumdisplay.php?f=34 HTTP/1.1" 200 21637 "http://www.walleyecentral.com/forums/forumdisplay.php?f=32" "Mozilla/5.0 (compatible; MSIE 9.0; Windows NT 6.1; WOW64; Trident/5.0)"
65.52.108.26 - - [04/Jan/2012:09:13:55 -0500] "GET /forums/showthread.php?t=113531 HTTP/1.1" 200 18730 "-" "Mozilla/5.0 (compatible; bingbot/2.0; +http://www.bing.com/bingbot.htm)"
205.134.249.170 - - [04/Jan/2012:09:13:55 -0500] "GET /weather.php?pands=55981 HTTP/1.1" 200 16166 "-" "PHP/5.2.17"
12.2.142.12 - - [04/Jan/2012:09:13:55 -0500] "GET /forums/private.php?do=showpm&pmid=142477 HTTP/1.1" 200 49558 "http://www.walleyecentral.com/forums/usercp.php" "Mozilla/4.0 (compatible; MSIE 8.0; Windows NT 6.1; WOW64; Trident/4.0; SLCC2; .NET CLR 2.0.50727; .NET CLR 3.5.30729; .NET CLR 3.0.30729; Media Center PC 6.0; .NET4.0C; .NET4.0E; InfoPath.2)"
65.52.108.198 - - [04/Jan/2012:09:13:55 -0500] "GET /forums/showthread.php?t=164858 HTTP/1.1" 200 17779 "-" "Mozilla/5.0 (compatible; bingbot/2.0; +http://www.bing.com/bingbot.htm)"
174.252.196.194 - - [04/Jan/2012:09:13:55 -0500] "GET /openx/www/delivery/lg.php?bannerid=64&campaignid=1&zoneid=105&loc=http%3A%2F%2Fwww.walleyecentral.com%2Fforums%2Fforumdisplay.php%3Ff%3D34&referer=http%3A%2F%2Fwww.walleyecentral.com%2Fforums%2Findex.php&cb=c54d388a96 HTTP/1.1" 200 43 "http://www.walleyecentral.com/forums/forumdisplay.php?f=34" "Mozilla/5.0 (Linux; U; Android 2.2.3; en-us; Droid Build/FRK76) AppleWebKit/533.1 (KHTML, like Gecko) Version/4.0 Mobile Safari/533.1"
12.2.142.12 - - [04/Jan/2012:09:13:55 -0500] "GET /openx/www/delivery/ajs.php?n=a5212870&zoneid=85&source=&exclude=,&r=268909611&loc=http%3A//www.walleyecentral.com/forums/private.php%3Fdo%3Dshowpm%26pmid%3D142477&referer=http%3A//www.walleyecentral.com/forums/usercp.php HTTP/1.1" 200 977 "http://www.walleyecentral.com/forums/private.php?do=showpm&pmid=142477" "Mozilla/4.0 (compatible; MSIE 8.0; Windows NT 6.1; WOW64; Trident/4.0; SLCC2; .NET CLR 2.0.50727; .NET CLR 3.5.30729; .NET CLR 3.0.30729; Media Center PC 6.0; .NET4.0C; .NET4.0E; InfoPath.2)"
74.33.91.83 - - [04/Jan/2012:09:13:55 -0500] "GET /openx/www/delivery/ai.php?filename=navionics.jpg&contenttype=jpeg HTTP/1.1" 200 14740 "http://www.walleyecentral.com/forums/forumdisplay.php?f=34" "Mozilla/5.0 (compatible; MSIE 9.0; Windows NT 6.1; WOW64; Trident/5.0)"
12.2.142.12 - - [04/Jan/2012:09:13:56 -0500] "GET /openx/www/delivery/ai.php?filename=bannersketch-jpg.jpg&contenttype=jpeg HTTP/1.1" 304 - "http://www.walleyecentral.com/forums/private.php?do=showpm&pmid=142477" "Mozilla/4.0 (compatible; MSIE 8.0; Windows NT 6.1; WOW64; Trident/4.0; SLCC2; .NET CLR 2.0.50727; .NET CLR 3.5.30729; .NET CLR 3.0.30729; Media Center PC 6.0; .NET4.0C; .NET4.0E; InfoPath.2)"
12.2.142.12 - - [04/Jan/2012:09:13:56 -0500] "GET /forums/images/buttons/forward.gif HTTP/1.1" 304 - "http://www.walleyecentral.com/forums/private.php?do=showpm&pmid=142477" "Mozilla/4.0 (compatible; MSIE 8.0; Windows NT 6.1; WOW64; Trident/4.0; SLCC2; .NET CLR 2.0.50727; .NET CLR 3.5.30729; .NET CLR 3.0.30729; Media Center PC 6.0; .NET4.0C; .NET4.0E; InfoPath.2)"
12.2.142.12 - - [04/Jan/2012:09:13:56 -0500] "GET /forums/images/buttons/reply_small.gif HTTP/1.1" 304 - "http://www.walleyecentral.com/forums/private.php?do=showpm&pmid=142477" "Mozilla/4.0 (compatible; MSIE 8.0; Windows NT 6.1; WOW64; Trident/4.0; SLCC2; .NET CLR 2.0.50727; .NET CLR 3.5.30729; .NET CLR 3.0.30729; Media Center PC 6.0; .NET4.0C; .NET4.0E; InfoPath.2)"
74.33.91.83 - - [04/Jan/2012:09:13:55 -0500] "GET /openx/www/delivery/lg.php?bannerid=93&campaignid=1&zoneid=105&loc=http%3A%2F%2Fwww.walleyecentral.com%2Fforums%2Fforumdisplay.php%3Ff%3D34&referer=http%3A%2F%2Fwww.walleyecentral.com%2Fforums%2Fforumdisplay.php%3Ff%3D32&cb=c70538d776 HTTP/1.1" 200 43 "http://www.walleyecentral.com/forums/forumdisplay.php?f=34" "Mozilla/5.0 (compatible; MSIE 9.0; Windows NT 6.1; WOW64; Trident/5.0)"
24.51.133.94 - - [04/Jan/2012:09:13:56 -0500] "GET /forums/clientscript/vbulletin_important.css?v=373 HTTP/1.1" 200 1687 "http://www.walleyecentral.com/forums/forumdisplay.php?f=5" "Mozilla/5.0 (Windows NT 6.1; WOW64) AppleWebKit/535.7 (KHTML, like Gecko) Chrome/16.0.912.63 Safari/535.7"
24.51.133.94 - - [04/Jan/2012:09:13:54 -0500] "GET /forums/forumdisplay.php?f=5 HTTP/1.1" 200 23529 "http://www.walleyecentral.com/" "Mozilla/5.0 (Windows NT 6.1; WOW64) AppleWebKit/535.7 (KHTML, like Gecko) Chrome/16.0.912.63 Safari/535.7"
24.51.133.94 - - [04/Jan/2012:09:13:56 -0500] "GET /forums/clientscript/vbulletin_menu.js?v=373 HTTP/1.1" 200 9389 "http://www.walleyecentral.com/forums/forumdisplay.php?f=5" "Mozilla/5.0 (Windows NT 6.1; WOW64) AppleWebKit/535.7 (KHTML, like Gecko) Chrome/16.0.912.63 Safari/535.7"
24.51.133.94 - - [04/Jan/2012:09:13:56 -0500] "GET /forums/clientscript/vbulletin_md5.js?v=373 HTTP/1.1" 200 5464 "http://www.walleyecentral.com/forums/forumdisplay.php?f=5" "Mozilla/5.0 (Windows NT 6.1; WOW64) AppleWebKit/535.7 (KHTML, like Gecko) Chrome/16.0.912.63 Safari/535.7"
24.51.133.94 - - [04/Jan/2012:09:13:56 -0500] "GET /forums/clientscript/yui/connection/connection-min.js?v=373 HTTP/1.1" 200 14349 "http://www.walleyecentral.com/forums/forumdisplay.php?f=5" "Mozilla/5.0 (Windows NT 6.1; WOW64) AppleWebKit/535.7 (KHTML, like Gecko) Chrome/16.0.912.63 Safari/535.7"
12.2.142.12 - - [04/Jan/2012:09:13:56 -0500] "GET /openx/www/delivery/lg.php?bannerid=100&campaignid=1&zoneid=85&loc=http%3A%2F%2Fwww.walleyecentral.com%2Fforums%2Fprivate.php%3Fdo%3Dshowpm%26pmid%3D142477&referer=http%3A%2F%2Fwww.walleyecentral.com%2Fforums%2Fusercp.php&cb=8197cf7c4a HTTP/1.1" 200 43 "http://www.walleyecentral.com/forums/private.php?do=showpm&pmid=142477" "Mozilla/4.0 (compatible; MSIE 8.0; Windows NT 6.1; WOW64; Trident/4.0; SLCC2; .NET CLR 2.0.50727; .NET CLR 3.5.30729; .NET CLR 3.0.30729; Media Center PC 6.0; .NET4.0C; .NET4.0E; InfoPath.2)"
24.51.133.94 - - [04/Jan/2012:09:13:56 -0500] "GET /forums/clientscript/yui/yahoo-dom-event/yahoo-dom-event.js?v=373 HTTP/1.1" 200 31100 "http://www.walleyecentral.com/forums/forumdisplay.php?f=5" "Mozilla/5.0 (Windows NT 6.1; WOW64) AppleWebKit/535.7 (KHTML, like Gecko) Chrome/16.0.912.63 Safari/535.7"
24.51.133.94 - - [04/Jan/2012:09:13:56 -0500] "GET /forums/clientscript/vbulletin_global.js?v=373 HTTP/1.1" 200 25057 "http://www.walleyecentral.com/forums/forumdisplay.php?f=5" "Mozilla/5.0 (Windows NT 6.1; WOW64) AppleWebKit/535.7 (KHTML, like Gecko) Chrome/16.0.912.63 Safari/535.7"
24.51.133.94 - - [04/Jan/2012:09:13:56 -0500] "GET /forums/clientscript/vbulletin_read_marker.js?v=373 HTTP/1.1" 200 3408 "http://www.walleyecentral.com/forums/forumdisplay.php?f=5" "Mozilla/5.0 (Windows NT 6.1; WOW64) AppleWebKit/535.7 (KHTML, like Gecko) Chrome/16.0.912.63 Safari/535.7"
24.51.133.94 - - [04/Jan/2012:09:13:56 -0500] "GET /forums/images/misc/headerlogo2.png HTTP/1.1" 200 11496 "http://www.walleyecentral.com/forums/forumdisplay.php?f=5" "Mozilla/5.0 (Windows NT 6.1; WOW64) AppleWebKit/535.7 (KHTML, like Gecko) Chrome/16.0.912.63 Safari/535.7"
24.51.133.94 - - [04/Jan/2012:09:13:56 -0500] "GET /forums/images/misc/navbits_finallink_ltr.gif HTTP/1.1" 200 1035 "http://www.walleyecentral.com/forums/forumdisplay.php?f=5" "Mozilla/5.0 (Windows NT 6.1; WOW64) AppleWebKit/535.7 (KHTML, like Gecko) Chrome/16.0.912.63 Safari/535.7"
24.51.133.94 - - [04/Jan/2012:09:13:56 -0500] "GET /forums/images/misc/navbits_start.gif HTTP/1.1" 200 1004 "http://www.walleyecentral.com/forums/forumdisplay.php?f=5" "Mozilla/5.0 (Windows NT 6.1; WOW64) AppleWebKit/535.7 (KHTML, like Gecko) Chrome/16.0.912.63 Safari/535.7"
24.51.133.94 - - [04/Jan/2012:09:13:56 -0500] "GET /forums/images/buttons/newthread.gif HTTP/1.1" 200 3151 "http://www.walleyecentral.com/forums/forumdisplay.php?f=5" "Mozilla/5.0 (Windows NT 6.1; WOW64) AppleWebKit/535.7 (KHTML, like Gecko) Chrome/16.0.912.63 Safari/535.7"
24.51.133.94 - - [04/Jan/2012:09:13:56 -0500] "GET /openx/www/delivery/ajs.php?n=a5212870&zoneid=86&source=&exclude=,&r=612859381&loc=http%3A//www.walleyecentral.com/forums/forumdisplay.php%3Ff%3D5&referer=http%3A//www.walleyecentral.com/ HTTP/1.1" 200 972 "http://www.walleyecentral.com/forums/forumdisplay.php?f=5" "Mozilla/5.0 (Windows NT 6.1; WOW64) AppleWebKit/535.7 (KHTML, like Gecko) Chrome/16.0.912.63 Safari/535.7"
24.51.133.94 - - [04/Jan/2012:09:13:56 -0500] "GET /forums/images/buttons/sortasc.gif HTTP/1.1" 200 561 "http://www.walleyecentral.com/forums/forumdisplay.php?f=5" "Mozilla/5.0 (Windows NT 6.1; WOW64) AppleWebKit/535.7 (KHTML, like Gecko) Chrome/16.0.912.63 Safari/535.7"
24.51.133.94 - - [04/Jan/2012:09:13:56 -0500] "GET /forums/images/statusicon/thread_hot.gif HTTP/1.1" 200 1125 "http://www.walleyecentral.com/forums/forumdisplay.php?f=5" "Mozilla/5.0 (Windows NT 6.1; WOW64) AppleWebKit/535.7 (KHTML, like Gecko) Chrome/16.0.912.63 Safari/535.7"
24.51.133.94 - - [04/Jan/2012:09:13:56 -0500] "GET /forums/images/icons/icon1.gif HTTP/1.1" 200 1032 "http://www.walleyecentral.com/forums/forumdisplay.php?f=5" "Mozilla/5.0 (Windows NT 6.1; WOW64) AppleWebKit/535.7 (KHTML, like Gecko) Chrome/16.0.912.63 Safari/535.7"
24.51.133.94 - - [04/Jan/2012:09:13:56 -0500] "GET /forums/images/misc/sticky.gif HTTP/1.1" 200 521 "http://www.walleyecentral.com/forums/forumdisplay.php?f=5" "Mozilla/5.0 (Windows NT 6.1; WOW64) AppleWebKit/535.7 (KHTML, like Gecko) Chrome/16.0.912.63 Safari/535.7"
24.51.133.94 - - [04/Jan/2012:09:13:56 -0500] "GET /forums/images/misc/multipage.gif HTTP/1.1" 200 567 "http://www.walleyecentral.com/forums/forumdisplay.php?f=5" "Mozilla/5.0 (Windows NT 6.1; WOW64) AppleWebKit/535.7 (KHTML, like Gecko) Chrome/16.0.912.63 Safari/535.7"
24.51.133.94 - - [04/Jan/2012:09:13:56 -0500] "GET /forums/images/buttons/lastpost.gif HTTP/1.1" 200 964 "http://www.walleyecentral.com/forums/forumdisplay.php?f=5" "Mozilla/5.0 (Windows NT 6.1; WOW64) AppleWebKit/535.7 (KHTML, like Gecko) Chrome/16.0.912.63 Safari/535.7"
24.51.133.94 - - [04/Jan/2012:09:13:56 -0500] "GET /forums/images/misc/paperclip.gif HTTP/1.1" 200 305 "http://www.walleyecentral.com/forums/forumdisplay.php?f=5" "Mozilla/5.0 (Windows NT 6.1; WOW64) AppleWebKit/535.7 (KHTML, like Gecko) Chrome/16.0.912.63 Safari/535.7"
24.51.133.94 - - [04/Jan/2012:09:13:56 -0500] "GET /forums/images/statusicon/thread_hot_lock.gif HTTP/1.1" 200 1156 "http://www.walleyecentral.com/forums/forumdisplay.php?f=5" "Mozilla/5.0 (Windows NT 6.1; WOW64) AppleWebKit/535.7 (KHTML, like Gecko) Chrome/16.0.912.63 Safari/535.7"
24.51.133.94 - - [04/Jan/2012:09:13:56 -0500] "GET /forums/images/statusicon/thread.gif HTTP/1.1" 200 1125 "http://www.walleyecentral.com/forums/forumdisplay.php?f=5" "Mozilla/5.0 (Windows NT 6.1; WOW64) AppleWebKit/535.7 (KHTML, like Gecko) Chrome/16.0.912.63 Safari/535.7"
24.51.133.94 - - [04/Jan/2012:09:13:56 -0500] "GET /forums/images/icons/icon7.gif HTTP/1.1" 200 1058 "http://www.walleyecentral.com/forums/forumdisplay.php?f=5" "Mozilla/5.0 (Windows NT 6.1; WOW64) AppleWebKit/535.7 (KHTML, like Gecko) Chrome/16.0.912.63 Safari/535.7"
24.51.133.94 - - [04/Jan/2012:09:13:57 -0500] "GET /forums/images/icons/icon3.gif HTTP/1.1" 200 1018 "http://www.walleyecentral.com/forums/forumdisplay.php?f=5" "Mozilla/5.0 (Windows NT 6.1; WOW64) AppleWebKit/535.7 (KHTML, like Gecko) Chrome/16.0.912.63 Safari/535.7"
24.51.133.94 - - [04/Jan/2012:09:13:57 -0500] "GET /forums/images/misc/trashcan_small.gif HTTP/1.1" 200 936 "http://www.walleyecentral.com/forums/forumdisplay.php?f=5" "Mozilla/5.0 (Windows NT 6.1; WOW64) AppleWebKit/535.7 (KHTML, like Gecko) Chrome/16.0.912.63 Safari/535.7"
24.51.133.94 - - [04/Jan/2012:09:13:57 -0500] "GET /forums/images/statusicon/thread_new.gif HTTP/1.1" 200 1230 "http://www.walleyecentral.com/forums/forumdisplay.php?f=5" "Mozilla/5.0 (Windows NT 6.1; WOW64) AppleWebKit/535.7 (KHTML, like Gecko) Chrome/16.0.912.63 Safari/535.7"
24.51.133.94 - - [04/Jan/2012:09:13:57 -0500] "GET /forums/images/statusicon/thread_hot_new.gif HTTP/1.1" 200 1224 "http://www.walleyecentral.com/forums/forumdisplay.php?f=5" "Mozilla/5.0 (Windows NT 6.1; WOW64) AppleWebKit/535.7 (KHTML, like Gecko) Chrome/16.0.912.63 Safari/535.7"
24.51.133.94 - - [04/Jan/2012:09:13:57 -0500] "GET /forums/images/statusicon/thread_lock.gif HTTP/1.1" 200 1156 "http://www.walleyecentral.com/forums/forumdisplay.php?f=5" "Mozilla/5.0 (Windows NT 6.1; WOW64) AppleWebKit/535.7 (KHTML, like Gecko) Chrome/16.0.912.63 Safari/535.7"
24.51.133.94 - - [04/Jan/2012:09:13:57 -0500] "GET /forums/images/buttons/collapse_thead.gif HTTP/1.1" 200 580 "http://www.walleyecentral.com/forums/forumdisplay.php?f=5" "Mozilla/5.0 (Windows NT 6.1; WOW64) AppleWebKit/535.7 (KHTML, like Gecko) Chrome/16.0.912.63 Safari/535.7"
66.11.150.236 - - [04/Jan/2012:09:13:56 -0500] "GET /weather.php?pands=54304 HTTP/1.0" 200 24179 "-" "-"
24.51.133.94 - - [04/Jan/2012:09:13:57 -0500] "GET /forums/images/misc/menu_open.gif HTTP/1.1" 200 279 "http://www.walleyecentral.com/forums/forumdisplay.php?f=5" "Mozilla/5.0 (Windows NT 6.1; WOW64) AppleWebKit/535.7 (KHTML, like Gecko) Chrome/16.0.912.63 Safari/535.7"
24.51.133.94 - - [04/Jan/2012:09:13:57 -0500] "GET /openx/www/delivery/ai.php?filename=cabelas_8.jpg&contenttype=jpeg HTTP/1.1" 200 15831 "http://www.walleyecentral.com/forums/forumdisplay.php?f=5" "Mozilla/5.0 (Windows NT 6.1; WOW64) AppleWebKit/535.7 (KHTML, like Gecko) Chrome/16.0.912.63 Safari/535.7"
205.134.249.170 - - [04/Jan/2012:09:13:57 -0500] "GET /weather.php?pands=43545 HTTP/1.1" 200 16166 "-" "PHP/5.2.17"
66.11.150.236 - - [04/Jan/2012:09:13:56 -0500] "GET /weather.php?pands=Cody%2C+WY HTTP/1.0" 200 24229 "-" "-"
24.51.133.94 - - [04/Jan/2012:09:13:57 -0500] "GET /openx/www/delivery/lg.php?bannerid=6&campaignid=1&zoneid=86&channel_ids=,&loc=http%3A%2F%2Fwww.walleyecentral.com%2Fforums%2Fforumdisplay.php%3Ff%3D5&referer=http%3A%2F%2Fwww.walleyecentral.com%2F&cb=24eed7ca11 HTTP/1.1" 200 43 "http://www.walleyecentral.com/forums/forumdisplay.php?f=5" "Mozilla/5.0 (Windows NT 6.1; WOW64) AppleWebKit/535.7 (KHTML, like Gecko) Chrome/16.0.912.63 Safari/535.7"
69.84.73.60 - - [04/Jan/2012:09:13:57 -0500] "GET /openx/www/delivery/ajs.php?n=a5212870&zoneid=97&source=&exclude=,&r=2548831&loc=http%3A//www.walleyecentral.com/forums/forumdisplay.php%3Ff%3D32&referer=http%3A//www.walleyecentral.com/ HTTP/1.1" 200 946 "http://www.walleyecentral.com/forums/forumdisplay.php?f=32" "Mozilla/4.0 (compatible; MSIE 8.0; Windows NT 5.1; Trident/4.0; InfoPath.1; .NET CLR 2.0.50727)"
205.134.249.170 - - [04/Jan/2012:09:13:57 -0500] "GET /weather.php?pands=59443 HTTP/1.1" 200 16166 "-" "PHP/5.2.17"
69.84.73.60 - - [04/Jan/2012:09:13:57 -0500] "GET /openx/www/delivery/lg.php?bannerid=71&campaignid=1&zoneid=97&loc=http%3A%2F%2Fwww.walleyecentral.com%2Fforums%2Fforumdisplay.php%3Ff%3D32&referer=http%3A%2F%2Fwww.walleyecentral.com%2F&cb=2b67627aac HTTP/1.1" 200 43 "http://www.walleyecentral.com/forums/forumdisplay.php?f=32" "Mozilla/4.0 (compatible; MSIE 8.0; Windows NT 5.1; Trident/4.0; InfoPath.1; .NET CLR 2.0.50727)"
63.135.136.202 - - [04/Jan/2012:09:13:57 -0500] "GET /forums/forumdisplay.php?f=34 HTTP/1.1" 200 21250 "http://www.walleyecentral.com/forums/forumdisplay.php?f=5" "Mozilla/4.0 (compatible; MSIE 8.0; Windows NT 5.1; Trident/4.0; GTB7.2; .NET CLR 1.1.4322; .NET CLR 2.0.50727; InfoPath.2; .NET CLR 3.0.4506.2152; .NET CLR 3.5.30729)"
180.76.5.143 - - [04/Jan/2012:09:13:57 -0500] "GET /forums/showthread.php?t=174077&page=2 HTTP/1.1" 200 14246 "-" "Mozilla/5.0 (compatible; Baiduspider/2.0; +http://www.baidu.com/search/spider.html)"
63.135.136.202 - - [04/Jan/2012:09:13:58 -0500] "GET /openx/www/delivery/ajs.php?n=a5212870&zoneid=105&source=&exclude=,&r=585607311&loc=http%3A//www.walleyecentral.com/forums/forumdisplay.php%3Ff%3D34&referer=http%3A//www.walleyecentral.com/forums/forumdisplay.php%3Ff%3D5 HTTP/1.1" 200 924 "http://www.walleyecentral.com/forums/forumdisplay.php?f=34" "Mozilla/4.0 (compatible; MSIE 8.0; Windows NT 5.1; Trident/4.0; GTB7.2; .NET CLR 1.1.4322; .NET CLR 2.0.50727; InfoPath.2; .NET CLR 3.0.4506.2152; .NET CLR 3.5.30729)"
76.199.12.144 - - [04/Jan/2012:09:13:57 -0500] "GET /forums/forumdisplay.php?f=7 HTTP/1.1" 200 23045 "-" "Mozilla/5.0 (compatible; MSIE 9.0; Windows NT 6.1; WOW64; Trident/5.0)"
76.199.12.144 - - [04/Jan/2012:09:13:58 -0500] "GET /openx/www/delivery/ajs.php?n=a5212870&zoneid=44&source=&exclude=,&r=837531611&loc=http%3A//www.walleyecentral.com/forums/forumdisplay.php%3Ff%3D7 HTTP/1.1" 200 844 "http://www.walleyecentral.com/forums/forumdisplay.php?f=7" "Mozilla/5.0 (compatible; MSIE 9.0; Windows NT 6.1; WOW64; Trident/5.0)"
76.199.12.144 - - [04/Jan/2012:09:13:58 -0500] "GET /openx/www/delivery/lg.php?bannerid=43&campaignid=1&zoneid=44&loc=http%3A%2F%2Fwww.walleyecentral.com%2Fforums%2Fforumdisplay.php%3Ff%3D7&cb=00b458f775 HTTP/1.1" 200 43 "http://www.walleyecentral.com/forums/forumdisplay.php?f=7" "Mozilla/5.0 (compatible; MSIE 9.0; Windows NT 6.1; WOW64; Trident/5.0)"
63.135.136.202 - - [04/Jan/2012:09:13:58 -0500] "GET /openx/www/delivery/ai.php?filename=navionics.jpg&contenttype=jpeg HTTP/1.1" 200 14740 "http://www.walleyecentral.com/forums/forumdisplay.php?f=34" "Mozilla/4.0 (compatible; MSIE 8.0; Windows NT 5.1; Trident/4.0; GTB7.2; .NET CLR 1.1.4322; .NET CLR 2.0.50727; InfoPath.2; .NET CLR 3.0.4506.2152; .NET CLR 3.5.30729)"
63.135.136.202 - - [04/Jan/2012:09:13:58 -0500] "GET /openx/www/delivery/lg.php?bannerid=93&campaignid=1&zoneid=105&loc=http%3A%2F%2Fwww.walleyecentral.com%2Fforums%2Fforumdisplay.php%3Ff%3D34&referer=http%3A%2F%2Fwww.walleyecentral.com%2Fforums%2Fforumdisplay.php%3Ff%3D5&cb=d88c638d49 HTTP/1.1" 200 43 "http://www.walleyecentral.com/forums/forumdisplay.php?f=34" "Mozilla/4.0 (compatible; MSIE 8.0; Windows NT 5.1; Trident/4.0; GTB7.2; .NET CLR 1.1.4322; .NET CLR 2.0.50727; InfoPath.2; .NET CLR 3.0.4506.2152; .NET CLR 3.5.30729)"
66.11.150.236 - - [04/Jan/2012:09:13:58 -0500] "GET /weather.php?pands=webster%2Cwi HTTP/1.0" 200 24250 "-" "-"
66.11.150.236 - - [04/Jan/2012:09:13:58 -0500] "GET /weather.php?pands=Laramie%2C+Wy HTTP/1.0" 200 24249 "-" "-"
205.134.249.170 - - [04/Jan/2012:09:13:59 -0500] "GET /weather.php?pands=87901 HTTP/1.1" 200 16166 "-" "PHP/5.2.17"
98.20.105.207 - - [04/Jan/2012:09:13:59 -0500] "POST /forums/login.php?do=login HTTP/1.1" 200 7302 "http://www.walleyecentral.com/forums/private.php" "Mozilla/4.0 (compatible; MSIE 8.0; Windows NT 5.1; Trident/4.0; GTB7.2; .NET CLR 2.0.50727; .NET CLR 3.0.4506.2152; .NET CLR 3.5.30729)"
205.134.249.170 - - [04/Jan/2012:09:13:59 -0500] "GET /weather.php?pands=56633 HTTP/1.1" 200 16166 "-" "PHP/5.2.17"
66.249.71.211 - - [04/Jan/2012:09:14:00 -0500] "GET /forums/archive/index.php/t-47339.html HTTP/1.1" 200 7913 "-" "Mozilla/5.0 (compatible; Googlebot/2.1; +http://www.google.com/bot.html)"
65.52.104.87 - - [04/Jan/2012:09:14:00 -0500] "GET /forums/showthread.php?p=1225210 HTTP/1.1" 200 20193 "-" "Mozilla/5.0 (compatible; bingbot/2.0; +http://www.bing.com/bingbot.htm)"
207.46.199.44 - - [04/Jan/2012:09:14:00 -0500] "GET /forums/newreply.php?do=newreply&p=1285753 HTTP/1.1" 200 15819 "-" "Mozilla/5.0 (compatible; bingbot/2.0; +http://www.bing.com/bingbot.htm)"
66.11.150.236 - - [04/Jan/2012:09:14:00 -0500] "GET /weather.php?pands=59105 HTTP/1.0" 200 24167 "-" "-"
66.11.150.236 - - [04/Jan/2012:09:14:00 -0500] "GET /weather.php?pands=hayward%2Cwi HTTP/1.0" 200 24243 "-" "-"
205.134.249.170 - - [04/Jan/2012:09:14:01 -0500] "GET /weather.php?pands=Denver%2C+CO HTTP/1.1" 200 16166 "-" "PHP/5.2.17"
95.211.74.85 - - [04/Jan/2012:09:14:01 -0500] "GET /forums/showthread.php?s=e2d983956899b5251dbd5b73653c03fc&t=135032 HTTP/1.1" 200 62373 "-" "Mozilla/4.0 (compatible; MSIE 7.0; Windows NT 5.2; .NET CLR 2.0;)"
216.130.131.66 - - [04/Jan/2012:09:14:02 -0500] "GET /openx/www/delivery/ajs.php?n=a5212870&zoneid=97&source=&exclude=,&r=428708401&loc=http%3A//www.walleyecentral.com/forums/forumdisplay.php%3Ff%3D32&referer=http%3A//www.walleyecentral.com/forums/forumdisplay.php%3Ff%3D5%26order%3Ddesc%26page%3D2 HTTP/1.1" 200 1005 "http://www.walleyecentral.com/forums/forumdisplay.php?f=32" "Mozilla/4.0 (compatible; MSIE 8.0; Windows NT 6.1; Win64; x64; Trident/4.0; .NET CLR 2.0.50727; SLCC2; .NET CLR 3.5.30729; .NET CLR 3.0.30729; .NET4.0C; .NET4.0E)"
205.134.249.170 - - [04/Jan/2012:09:14:02 -0500] "GET /weather.php?pands=58801 HTTP/1.1" 200 16166 "-" "PHP/5.2.17"
216.130.131.66 - - [04/Jan/2012:09:14:02 -0500] "GET /forums/images/buttons/newthread.gif HTTP/1.1" 304 - "http://www.walleyecentral.com/forums/forumdisplay.php?f=32" "Mozilla/4.0 (compatible; MSIE 8.0; Windows NT 6.1; Win64; x64; Trident/4.0; .NET CLR 2.0.50727; SLCC2; .NET CLR 3.5.30729; .NET CLR 3.0.30729; .NET4.0C; .NET4.0E)"
216.130.131.66 - - [04/Jan/2012:09:14:02 -0500] "GET /forums/images/misc/sticky.gif HTTP/1.1" 304 - "http://www.walleyecentral.com/forums/forumdisplay.php?f=32" "Mozilla/4.0 (compatible; MSIE 8.0; Windows NT 6.1; Win64; x64; Trident/4.0; .NET CLR 2.0.50727; SLCC2; .NET CLR 3.5.30729; .NET CLR 3.0.30729; .NET4.0C; .NET4.0E)"
216.130.131.66 - - [04/Jan/2012:09:14:02 -0500] "GET /forums/images/buttons/sortasc.gif HTTP/1.1" 304 - "http://www.walleyecentral.com/forums/forumdisplay.php?f=32" "Mozilla/4.0 (compatible; MSIE 8.0; Windows NT 6.1; Win64; x64; Trident/4.0; .NET CLR 2.0.50727; SLCC2; .NET CLR 3.5.30729; .NET CLR 3.0.30729; .NET4.0C; .NET4.0E)"
216.130.131.66 - - [04/Jan/2012:09:14:02 -0500] "GET /forums/images/misc/multipage.gif HTTP/1.1" 304 - "http://www.walleyecentral.com/forums/forumdisplay.php?f=32" "Mozilla/4.0 (compatible; MSIE 8.0; Windows NT 6.1; Win64; x64; Trident/4.0; .NET CLR 2.0.50727; SLCC2; .NET CLR 3.5.30729; .NET CLR 3.0.30729; .NET4.0C; .NET4.0E)"
216.130.131.66 - - [04/Jan/2012:09:14:02 -0500] "GET /forums/images/statusicon/thread_hot_new.gif HTTP/1.1" 304 - "http://www.walleyecentral.com/forums/forumdisplay.php?f=32" "Mozilla/4.0 (compatible; MSIE 8.0; Windows NT 6.1; Win64; x64; Trident/4.0; .NET CLR 2.0.50727; SLCC2; .NET CLR 3.5.30729; .NET CLR 3.0.30729; .NET4.0C; .NET4.0E)"
216.130.131.66 - - [04/Jan/2012:09:14:02 -0500] "GET /forums/images/misc/paperclip.gif HTTP/1.1" 304 - "http://www.walleyecentral.com/forums/forumdisplay.php?f=32" "Mozilla/4.0 (compatible; MSIE 8.0; Windows NT 6.1; Win64; x64; Trident/4.0; .NET CLR 2.0.50727; SLCC2; .NET CLR 3.5.30729; .NET CLR 3.0.30729; .NET4.0C; .NET4.0E)"
