68.170.118.65 - - [04/Jan/2012:09:14:11 -0500] "GET /dbimages/articles-2012-01-02-216201556iconfile.JPG HTTP/1.1" 200 1315 "http://www.walleyecentral.com/" "Mozilla/4.0 (compatible; MSIE 7.0; Windows NT 5.1; GTB7.2; .NET CLR 1.0.3705; .NET CLR 1.1.4322; Media Center PC 4.0; .NET CLR 2.0.50727; .NET CLR 3.0.4506.2152; .NET CLR 3.5.30729)"
68.170.118.65 - - [04/Jan/2012:09:14:11 -0500] "GET /dbimages/articles-2011-12-20-993572124iconfile.jpg HTTP/1.1" 200 1433 "http://www.walleyecentral.com/" "Mozilla/4.0 (compatible; MSIE 7.0; Windows NT 5.1; GTB7.2; .NET CLR 1.0.3705; .NET CLR 1.1.4322; Media Center PC 4.0; .NET CLR 2.0.50727; .NET CLR 3.0.4506.2152; .NET CLR 3.5.30729)"
68.170.118.65 - - [04/Jan/2012:09:14:11 -0500] "GET /dbimages/articles-2011-12-27-925807361iconfile.jpg HTTP/1.1" 200 946 "http://www.walleyecentral.com/" "Mozilla/4.0 (compatible; MSIE 7.0; Windows NT 5.1; GTB7.2; .NET CLR 1.0.3705; .NET CLR 1.1.4322; Media Center PC 4.0; .NET CLR 2.0.50727; .NET CLR 3.0.4506.2152; .NET CLR 3.5.30729)"
68.170.118.65 - - [04/Jan/2012:09:14:11 -0500] "GET /dbimages/articles-2011-12-19-56677216iconfile.jpg HTTP/1.1" 200 1844 "http://www.walleyecentral.com/" "Mozilla/4.0 (compatible; MSIE 7.0; Windows NT 5.1; GTB7.2; .NET CLR 1.0.3705; .NET CLR 1.1.4322; Media Center PC 4.0; .NET CLR 2.0.50727; .NET CLR 3.0.4506.2152; .NET CLR 3.5.30729)"
68.170.118.65 - - [04/Jan/2012:09:14:11 -0500] "GET /dbimages/articles-2011-12-20-231784295iconfile.jpg HTTP/1.1" 200 1086 "http://www.walleyecentral.com/" "Mozilla/4.0 (compatible; MSIE 7.0; Windows NT 5.1; GTB7.2; .NET CLR 1.0.3705; .NET CLR 1.1.4322; Media Center PC 4.0; .NET CLR 2.0.50727; .NET CLR 3.0.4506.2152; .NET CLR 3.5.30729)"
68.170.118.65 - - [04/Jan/2012:09:14:11 -0500] "GET /dbimages/articles-2011-12-20-429665774iconfile.jpg HTTP/1.1" 200 629 "http://www.walleyecentral.com/" "Mozilla/4.0 (compatible; MSIE 7.0; Windows NT 5.1; GTB7.2; .NET CLR 1.0.3705; .NET CLR 1.1.4322; Media Center PC 4.0; .NET CLR 2.0.50727; .NET CLR 3.0.4506.2152; .NET CLR 3.5.30729)"
68.170.118.65 - - [04/Jan/2012:09:14:11 -0500] "GET /dbimages/articles-2011-12-19-992528775iconfile.jpg HTTP/1.1" 200 1561 "http://www.walleyecentral.com/" "Mozilla/4.0 (compatible; MSIE 7.0; Windows NT 5.1; GTB7.2; .NET CLR 1.0.3705; .NET CLR 1.1.4322; Media Center PC 4.0; .NET CLR 2.0.50727; .NET CLR 3.0.4506.2152; .NET CLR 3.5.30729)"
66.11.150.236 - - [04/Jan/2012:09:14:10 -0500] "GET /weather.php?pands=56444 HTTP/1.0" 200 24171 "-" "-"
68.170.118.65 - - [04/Jan/2012:09:14:11 -0500] "GET /dbimages/articles-2011-12-05-541299785iconfile.jpg HTTP/1.1" 200 1567 "http://www.walleyecentral.com/" "Mozilla/4.0 (compatible; MSIE 7.0; Windows NT 5.1; GTB7.2; .NET CLR 1.0.3705; .NET CLR 1.1.4322; Media Center PC 4.0; .NET CLR 2.0.50727; .NET CLR 3.0.4506.2152; .NET CLR 3.5.30729)"
68.170.118.65 - - [04/Jan/2012:09:14:11 -0500] "GET /dbimages/articles-2011-12-09-612515290iconfile.jpg HTTP/1.1" 200 923 "http://www.walleyecentral.com/" "Mozilla/4.0 (compatible; MSIE 7.0; Windows NT 5.1; GTB7.2; .NET CLR 1.0.3705; .NET CLR 1.1.4322; Media Center PC 4.0; .NET CLR 2.0.50727; .NET CLR 3.0.4506.2152; .NET CLR 3.5.30729)"
65.52.110.147 - - [04/Jan/2012:09:14:11 -0500] "GET /forums/showthread.php?t=178198 HTTP/1.1" 200 13071 "-" "Mozilla/5.0 (compatible; bingbot/2.0; +http://www.bing.com/bingbot.htm)"
63.135.136.202 - - [04/Jan/2012:09:14:11 -0500] "GET /openx/www/delivery/lg.php?bannerid=64&campaignid=1&zoneid=106&loc=http%3A%2F%2Fwww.walleyecentral.com%2Fforums%2Fshowthread.php%3Ft%3D189109&referer=http%3A%2F%2Fwww.walleyecentral.com%2Fforums%2Fforumdisplay.php%3Ff%3D34&cb=da872e37e9 HTTP/1.1" 200 43 "http://www.walleyecentral.com/forums/showthread.php?t=189109" "Mozilla/4.0 (compatible; MSIE 8.0; Windows NT 5.1; Trident/4.0; GTB7.2; .NET CLR 1.1.4322; .NET CLR 2.0.50727; InfoPath.2; .NET CLR 3.0.4506.2152; .NET CLR 3.5.30729)"
68.170.118.65 - - [04/Jan/2012:09:14:11 -0500] "GET /dbimages/articles-2011-09-29-923068202iconfile.jpg HTTP/1.1" 200 1456 "http://www.walleyecentral.com/" "Mozilla/4.0 (compatible; MSIE 7.0; Windows NT 5.1; GTB7.2; .NET CLR 1.0.3705; .NET CLR 1.1.4322; Media Center PC 4.0; .NET CLR 2.0.50727; .NET CLR 3.0.4506.2152; .NET CLR 3.5.30729)"
68.170.118.65 - - [04/Jan/2012:09:14:11 -0500] "GET /dbimages/tenpoundclub-2011-12-23-141169268thumbnail.jpg HTTP/1.1" 200 10939 "http://www.walleyecentral.com/" "Mozilla/4.0 (compatible; MSIE 7.0; Windows NT 5.1; GTB7.2; .NET CLR 1.0.3705; .NET CLR 1.1.4322; Media Center PC 4.0; .NET CLR 2.0.50727; .NET CLR 3.0.4506.2152; .NET CLR 3.5.30729)"
68.170.118.65 - - [04/Jan/2012:09:14:11 -0500] "GET /dbimages/tenpoundclub-2011-12-23-97306314thumbnail.jpg HTTP/1.1" 200 9587 "http://www.walleyecentral.com/" "Mozilla/4.0 (compatible; MSIE 7.0; Windows NT 5.1; GTB7.2; .NET CLR 1.0.3705; .NET CLR 1.1.4322; Media Center PC 4.0; .NET CLR 2.0.50727; .NET CLR 3.0.4506.2152; .NET CLR 3.5.30729)"
68.170.118.65 - - [04/Jan/2012:09:14:11 -0500] "GET /wcvideo/video/20110925-150928.jpg HTTP/1.1" 200 8753 "http://www.walleyecentral.com/" "Mozilla/4.0 (compatible; MSIE 7.0; Windows NT 5.1; GTB7.2; .NET CLR 1.0.3705; .NET CLR 1.1.4322; Media Center PC 4.0; .NET CLR 2.0.50727; .NET CLR 3.0.4506.2152; .NET CLR 3.5.30729)"
68.170.118.65 - - [04/Jan/2012:09:14:11 -0500] "GET /phpQJr/embedjr.php?pid=50&w=175&h=400 HTTP/1.1" 200 1036 "http://www.walleyecentral.com/" "Mozilla/4.0 (compatible; MSIE 7.0; Windows NT 5.1; GTB7.2; .NET CLR 1.0.3705; .NET CLR 1.1.4322; Media Center PC 4.0; .NET CLR 2.0.50727; .NET CLR 3.0.4506.2152; .NET CLR 3.5.30729)"
68.170.118.65 - - [04/Jan/2012:09:14:11 -0500] "GET /dbimages/tenpoundclub-2012-01-03-862352758thumbnail.jpg HTTP/1.1" 200 12900 "http://www.walleyecentral.com/" "Mozilla/4.0 (compatible; MSIE 7.0; Windows NT 5.1; GTB7.2; .NET CLR 1.0.3705; .NET CLR 1.1.4322; Media Center PC 4.0; .NET CLR 2.0.50727; .NET CLR 3.0.4506.2152; .NET CLR 3.5.30729)"
68.170.118.65 - - [04/Jan/2012:09:14:11 -0500] "GET /wcvideo/video/20110918-060900.jpg HTTP/1.1" 200 16164 "http://www.walleyecentral.com/" "Mozilla/4.0 (compatible; MSIE 7.0; Windows NT 5.1; GTB7.2; .NET CLR 1.0.3705; .NET CLR 1.1.4322; Media Center PC 4.0; .NET CLR 2.0.50727; .NET CLR 3.0.4506.2152; .NET CLR 3.5.30729)"
68.170.118.65 - - [04/Jan/2012:09:14:11 -0500] "GET /wcvideo/video/20110808-130818.jpg HTTP/1.1" 200 14547 "http://www.walleyecentral.com/" "Mozilla/4.0 (compatible; MSIE 7.0; Windows NT 5.1; GTB7.2; .NET CLR 1.0.3705; .NET CLR 1.1.4322; Media Center PC 4.0; .NET CLR 2.0.50727; .NET CLR 3.0.4506.2152; .NET CLR 3.5.30729)"
70.178.48.174 - - [04/Jan/2012:09:14:11 -0500] "GET /forums/forumdisplay.php?f=42&order=desc HTTP/1.1" 200 21022 "http://www.walleyecentral.com/forums/forumdisplay.php?f=42&order=desc&page=6" "Mozilla/4.0 (compatible; MSIE 7.0; Windows NT 6.0; SLCC1; .NET CLR 2.0.50727; Media Center PC 5.0; .NET CLR 3.0.04506; AskTbFXTV5/5.14.0.19709)"
68.170.118.65 - - [04/Jan/2012:09:14:12 -0500] "GET /commonimages/blocks.png HTTP/1.1" 200 3241 "http://www.walleyecentral.com/" "Mozilla/4.0 (compatible; MSIE 7.0; Windows NT 5.1; GTB7.2; .NET CLR 1.0.3705; .NET CLR 1.1.4322; Media Center PC 4.0; .NET CLR 2.0.50727; .NET CLR 3.0.4506.2152; .NET CLR 3.5.30729)"
68.170.118.65 - - [04/Jan/2012:09:14:12 -0500] "GET /images/navionics_app.jpg HTTP/1.1" 200 3556 "http://www.walleyecentral.com/" "Mozilla/4.0 (compatible; MSIE 7.0; Windows NT 5.1; GTB7.2; .NET CLR 1.0.3705; .NET CLR 1.1.4322; Media Center PC 4.0; .NET CLR 2.0.50727; .NET CLR 3.0.4506.2152; .NET CLR 3.5.30729)"
68.170.118.65 - - [04/Jan/2012:09:14:12 -0500] "GET /images/shutup1.gif HTTP/1.1" 200 635 "http://www.walleyecentral.com/" "Mozilla/4.0 (compatible; MSIE 7.0; Windows NT 5.1; GTB7.2; .NET CLR 1.0.3705; .NET CLR 1.1.4322; Media Center PC 4.0; .NET CLR 2.0.50727; .NET CLR 3.0.4506.2152; .NET CLR 3.5.30729)"
70.178.48.174 - - [04/Jan/2012:09:14:12 -0500] "GET /openx/www/delivery/ajs.php?n=a5212870&zoneid=137&source=&exclude=,&r=773287031&loc=http%3A//www.walleyecentral.com/forums/forumdisplay.php%3Ff%3D42%26order%3Ddesc&referer=http%3A//www.walleyecentral.com/forums/forumdisplay.php%3Ff%3D42%26order%3Ddesc%26page%3D6 HTTP/1.1" 200 1013 "http://www.walleyecentral.com/forums/forumdisplay.php?f=42&order=desc" "Mozilla/4.0 (compatible; MSIE 7.0; Windows NT 6.0; SLCC1; .NET CLR 2.0.50727; Media Center PC 5.0; .NET CLR 3.0.04506; AskTbFXTV5/5.14.0.19709)"
68.170.118.65 - - [04/Jan/2012:09:14:12 -0500] "GET /phpQJr/poll.php?pid=50&url=http%3A//www.walleyecentral.com/ HTTP/1.1" 200 3982 "http://www.walleyecentral.com/" "Mozilla/4.0 (compatible; MSIE 7.0; Windows NT 5.1; GTB7.2; .NET CLR 1.0.3705; .NET CLR 1.1.4322; Media Center PC 4.0; .NET CLR 2.0.50727; .NET CLR 3.0.4506.2152; .NET CLR 3.5.30729)"
180.76.5.52 - - [04/Jan/2012:09:14:11 -0500] "GET /forums/showthread.php?t=173478 HTTP/1.1" 200 14192 "-" "Mozilla/5.0 (compatible; Baiduspider/2.0; +http://www.baidu.com/search/spider.html)"
68.170.118.65 - - [04/Jan/2012:09:14:12 -0500] "GET /themes/default/images/footerback.gif HTTP/1.1" 200 1309 "http://www.walleyecentral.com/" "Mozilla/4.0 (compatible; MSIE 7.0; Windows NT 5.1; GTB7.2; .NET CLR 1.0.3705; .NET CLR 1.1.4322; Media Center PC 4.0; .NET CLR 2.0.50727; .NET CLR 3.0.4506.2152; .NET CLR 3.5.30729)"
68.170.118.65 - - [04/Jan/2012:09:14:12 -0500] "GET /phpQJr/inc/poll.js HTTP/1.1" 200 897 "http://www.walleyecentral.com/phpQJr/poll.php?pid=50&url=http%3A//www.walleyecentral.com/" "Mozilla/4.0 (compatible; MSIE 7.0; Windows NT 5.1; GTB7.2; .NET CLR 1.0.3705; .NET CLR 1.1.4322; Media Center PC 4.0; .NET CLR 2.0.50727; .NET CLR 3.0.4506.2152; .NET CLR 3.5.30729)"
205.134.249.170 - - [04/Jan/2012:09:14:12 -0500] "GET /weather.php?pands=69155 HTTP/1.1" 200 16166 "-" "PHP/5.2.17"
66.11.150.236 - - [04/Jan/2012:09:14:12 -0500] "GET /weather.php?pands=lake+erie HTTP/1.0" 200 20835 "-" "-"
205.134.249.170 - - [04/Jan/2012:09:14:12 -0500] "GET /weather.php?pands=44281 HTTP/1.1" 200 16166 "-" "PHP/5.2.17"
66.11.150.236 - - [04/Jan/2012:09:14:12 -0500] "GET /weather.php?pands=80015 HTTP/1.0" 200 24171 "-" "-"
66.249.71.211 - - [04/Jan/2012:09:14:13 -0500] "GET /forums/archive/index.php/t-46303.html HTTP/1.1" 200 3496 "-" "Mozilla/5.0 (compatible; Googlebot/2.1; +http://www.google.com/bot.html)"
216.130.131.66 - - [04/Jan/2012:09:14:13 -0500] "GET /forums/showthread.php?t=189053&page=4 HTTP/1.1" 200 20601 "http://www.walleyecentral.com/forums/showthread.php?t=189053&page=3" "Mozilla/4.0 (compatible; MSIE 8.0; Windows NT 6.1; Win64; x64; Trident/4.0; .NET CLR 2.0.50727; SLCC2; .NET CLR 3.5.30729; .NET CLR 3.0.30729; .NET4.0C; .NET4.0E)"
216.130.131.66 - - [04/Jan/2012:09:14:13 -0500] "GET /openx/www/delivery/ajs.php?n=a5212870&zoneid=87&source=&exclude=,&r=936763061&loc=http%3A//www.walleyecentral.com/forums/showthread.php%3Ft%3D189053%26page%3D4&referer=http%3A//www.walleyecentral.com/forums/showthread.php%3Ft%3D189053%26page%3D3 HTTP/1.1" 200 972 "http://www.walleyecentral.com/forums/showthread.php?t=189053&page=4" "Mozilla/4.0 (compatible; MSIE 8.0; Windows NT 6.1; Win64; x64; Trident/4.0; .NET CLR 2.0.50727; SLCC2; .NET CLR 3.5.30729; .NET CLR 3.0.30729; .NET4.0C; .NET4.0E)"
216.130.131.66 - - [04/Jan/2012:09:14:14 -0500] "GET /forums/image.php?u=45811&dateline=1323524102 HTTP/1.1" 200 1403 "http://www.walleyecentral.com/forums/showthread.php?t=189053&page=4" "Mozilla/4.0 (compatible; MSIE 8.0; Windows NT 6.1; Win64; x64; Trident/4.0; .NET CLR 2.0.50727; SLCC2; .NET CLR 3.5.30729; .NET CLR 3.0.30729; .NET4.0C; .NET4.0E)"
189.165.3.217 - - [04/Jan/2012:09:14:14 -0500] "GET /openx/www/delivery/ajs.php?n=a5212870&zoneid=44&source=&exclude=,&r=246216831&loc=http%3A//www.walleyecentral.com/forums/forumdisplay.php%3Fs%3D%26daysprune%3D%26f%3D7 HTTP/1.0" 200 866 "http://www.walleyecentral.com/forums/forumdisplay.php?s=&daysprune=&f=7" "Mozilla/5.0 (compatible; MSIE 9.0; Windows NT 6.1; Trident/5.0; msn OptimizedIE8;ENCA)"
24.220.62.4 - - [04/Jan/2012:09:14:14 -0500] "GET /openx/www/delivery/ajs.php?n=a5212870&zoneid=86&source=&exclude=,&r=87334101&loc=http%3A//www.walleyecentral.com/forums/forumdisplay.php%3Ff%3D5&referer=http%3A//www.walleyecentral.com/forums/index.php HTTP/1.1" 200 990 "http://www.walleyecentral.com/forums/forumdisplay.php?f=5" "Mozilla/4.0 (compatible; MSIE 8.0; Windows NT 5.1; Trident/4.0; (R1 1.6); .NET CLR 1.1.4322; BRI/1)"
199.19.250.71 - - [04/Jan/2012:09:14:14 -0500] "POST /forums/attachment.php?attachmentid=12563&d=1323122730 HTTP/1.1" 200 1410 "http://www.walleyecentral.com/forums/showthread.php?t=188287" "Mozilla/4.0 (compatible; MSIE 8.0; Windows NT 6.1; WOW64; Trident/4.0; SLCC2; .NET CLR 2.0.50727; .NET CLR 3.5.30729; .NET CLR 3.0.30729; Media Center PC 6.0; InfoPath.2; .NET4.0C)"
216.130.131.66 - - [04/Jan/2012:09:14:14 -0500] "GET /openx/www/delivery/lg.php?bannerid=74&campaignid=1&zoneid=87&loc=http%3A%2F%2Fwww.walleyecentral.com%2Fforums%2Fshowthread.php%3Ft%3D189053%26page%3D4&referer=http%3A%2F%2Fwww.walleyecentral.com%2Fforums%2Fshowthread.php%3Ft%3D189053%26page%3D3&cb=7da3dc7950 HTTP/1.1" 200 43 "http://www.walleyecentral.com/forums/showthread.php?t=189053&page=4" "Mozilla/4.0 (compatible; MSIE 8.0; Windows NT 6.1; Win64; x64; Trident/4.0; .NET CLR 2.0.50727; SLCC2; .NET CLR 3.5.30729; .NET CLR 3.0.30729; .NET4.0C; .NET4.0E)"
205.134.249.170 - - [04/Jan/2012:09:14:14 -0500] "GET /weather.php?pands=58203 HTTP/1.1" 200 16166 "-" "PHP/5.2.17"
199.19.250.71 - - [04/Jan/2012:09:14:14 -0500] "GET /forums/images/misc/lightbox_progress.gif HTTP/1.1" 304 - "http://www.walleyecentral.com/forums/showthread.php?t=188287" "Mozilla/4.0 (compatible; MSIE 8.0; Windows NT 6.1; WOW64; Trident/4.0; SLCC2; .NET CLR 2.0.50727; .NET CLR 3.5.30729; .NET CLR 3.0.30729; Media Center PC 6.0; InfoPath.2; .NET4.0C)"
24.220.62.4 - - [04/Jan/2012:09:14:14 -0500] "GET /openx/www/delivery/lg.php?bannerid=6&campaignid=1&zoneid=86&channel_ids=,&loc=http%3A%2F%2Fwww.walleyecentral.com%2Fforums%2Fforumdisplay.php%3Ff%3D5&referer=http%3A%2F%2Fwww.walleyecentral.com%2Fforums%2Findex.php&cb=e4920f845e HTTP/1.1" 200 43 "http://www.walleyecentral.com/forums/forumdisplay.php?f=5" "Mozilla/4.0 (compatible; MSIE 8.0; Windows NT 5.1; Trident/4.0; (R1 1.6); .NET CLR 1.1.4322; BRI/1)"
189.165.3.217 - - [04/Jan/2012:09:14:14 -0500] "GET /openx/www/delivery/lg.php?bannerid=43&campaignid=1&zoneid=44&loc=http%3A%2F%2Fwww.walleyecentral.com%2Fforums%2Fforumdisplay.php%3Fs%3D%26daysprune%3D%26f%3D7&cb=4cfe0fc722 HTTP/1.0" 200 43 "http://www.walleyecentral.com/forums/forumdisplay.php?s=&daysprune=&f=7" "Mozilla/5.0 (compatible; MSIE 9.0; Windows NT 6.1; Trident/5.0; msn OptimizedIE8;ENCA)"
199.19.250.71 - - [04/Jan/2012:09:14:14 -0500] "GET /forums/attachment.php?attachmentid=12563&d=1323122730 HTTP/1.1" 200 333179 "http://www.walleyecentral.com/forums/showthread.php?t=188287" "Mozilla/4.0 (compatible; MSIE 8.0; Windows NT 6.1; WOW64; Trident/4.0; SLCC2; .NET CLR 2.0.50727; .NET CLR 3.5.30729; .NET CLR 3.0.30729; Media Center PC 6.0; InfoPath.2; .NET4.0C)"
66.11.150.236 - - [04/Jan/2012:09:14:14 -0500] "GET /weather.php?pands=detroit HTTP/1.0" 200 24195 "-" "-"
205.134.249.170 - - [04/Jan/2012:09:14:15 -0500] "GET /weather.php?pands=57075 HTTP/1.1" 200 16166 "-" "PHP/5.2.17"
204.155.62.5 - - [04/Jan/2012:09:14:15 -0500] "GET /themes/default/common.css HTTP/1.1" 304 - "http://www.walleyecentral.com/" "Mozilla/4.0 (compatible; MSIE 8.0; Windows NT 5.2; Trident/4.0; .NET CLR 1.1.4322; .NET CLR 2.0.50727; .NET CLR 3.0.4506.2152; .NET CLR 3.5.30729)"
66.11.150.236 - - [04/Jan/2012:09:14:14 -0500] "GET /weather.php?pands=39520 HTTP/1.0" 200 24207 "-" "-"
204.155.62.5 - - [04/Jan/2012:09:14:15 -0500] "GET /themes/default/images/topback.png HTTP/1.1" 304 - "http://www.walleyecentral.com/" "Mozilla/4.0 (compatible; MSIE 8.0; Windows NT 5.2; Trident/4.0; .NET CLR 1.1.4322; .NET CLR 2.0.50727; .NET CLR 3.0.4506.2152; .NET CLR 3.5.30729)"
204.155.62.5 - - [04/Jan/2012:09:14:15 -0500] "GET /themes/default/images/x.gif HTTP/1.1" 304 - "http://www.walleyecentral.com/" "Mozilla/4.0 (compatible; MSIE 8.0; Windows NT 5.2; Trident/4.0; .NET CLR 1.1.4322; .NET CLR 2.0.50727; .NET CLR 3.0.4506.2152; .NET CLR 3.5.30729)"
204.155.62.5 - - [04/Jan/2012:09:14:15 -0500] "GET /themes/default/images/bullet.png HTTP/1.1" 304 - "http://www.walleyecentral.com/" "Mozilla/4.0 (compatible; MSIE 8.0; Windows NT 5.2; Trident/4.0; .NET CLR 1.1.4322; .NET CLR 2.0.50727; .NET CLR 3.0.4506.2152; .NET CLR 3.5.30729)"
204.155.62.5 - - [04/Jan/2012:09:14:15 -0500] "GET /themes/default/images/headerlogo2.png HTTP/1.1" 304 - "http://www.walleyecentral.com/" "Mozilla/4.0 (compatible; MSIE 8.0; Windows NT 5.2; Trident/4.0; .NET CLR 1.1.4322; .NET CLR 2.0.50727; .NET CLR 3.0.4506.2152; .NET CLR 3.5.30729)"
204.155.62.5 - - [04/Jan/2012:09:14:15 -0500] "GET /images/wc-hoodie.jpg HTTP/1.1" 304 - "http://www.walleyecentral.com/" "Mozilla/4.0 (compatible; MSIE 8.0; Windows NT 5.2; Trident/4.0; .NET CLR 1.1.4322; .NET CLR 2.0.50727; .NET CLR 3.0.4506.2152; .NET CLR 3.5.30729)"
204.155.62.5 - - [04/Jan/2012:09:14:15 -0500] "GET /images/fishhuron.jpg HTTP/1.1" 304 - "http://www.walleyecentral.com/" "Mozilla/4.0 (compatible; MSIE 8.0; Windows NT 5.2; Trident/4.0; .NET CLR 1.1.4322; .NET CLR 2.0.50727; .NET CLR 3.0.4506.2152; .NET CLR 3.5.30729)"
204.155.62.5 - - [04/Jan/2012:09:14:15 -0500] "GET /images/facebook.jpg HTTP/1.1" 304 - "http://www.walleyecentral.com/" "Mozilla/4.0 (compatible; MSIE 8.0; Windows NT 5.2; Trident/4.0; .NET CLR 1.1.4322; .NET CLR 2.0.50727; .NET CLR 3.0.4506.2152; .NET CLR 3.5.30729)"
173.54.229.229 - - [04/Jan/2012:09:14:15 -0500] "GET /dbimages/articles-2012-01-02-216201556iconfile.JPG HTTP/1.1" 304 - "http://www.walleyecentral.com/" "Mozilla/5.0 (compatible; MSIE 9.0; Windows NT 6.1; Win64; x64; Trident/5.0)"
204.155.62.5 - - [04/Jan/2012:09:14:15 -0500] "GET /themes/default/images/edit.gif HTTP/1.1" 304 - "http://www.walleyecentral.com/" "Mozilla/4.0 (compatible; MSIE 8.0; Windows NT 5.2; Trident/4.0; .NET CLR 1.1.4322; .NET CLR 2.0.50727; .NET CLR 3.0.4506.2152; .NET CLR 3.5.30729)"
173.54.229.229 - - [04/Jan/2012:09:14:15 -0500] "GET /dbimages/articles-2011-12-27-925807361iconfile.jpg HTTP/1.1" 304 - "http://www.walleyecentral.com/" "Mozilla/5.0 (compatible; MSIE 9.0; Windows NT 6.1; Win64; x64; Trident/5.0)"
204.155.62.5 - - [04/Jan/2012:09:14:15 -0500] "GET /dbimages/articles-2011-12-20-231784295iconfile.jpg HTTP/1.1" 304 - "http://www.walleyecentral.com/" "Mozilla/4.0 (compatible; MSIE 8.0; Windows NT 5.2; Trident/4.0; .NET CLR 1.1.4322; .NET CLR 2.0.50727; .NET CLR 3.0.4506.2152; .NET CLR 3.5.30729)"
173.54.229.229 - - [04/Jan/2012:09:14:15 -0500] "GET /dbimages/tenpoundclub-2012-01-03-862352758thumbnail.jpg HTTP/1.1" 200 12900 "http://www.walleyecentral.com/" "Mozilla/5.0 (compatible; MSIE 9.0; Windows NT 6.1; Win64; x64; Trident/5.0)"
204.155.62.5 - - [04/Jan/2012:09:14:15 -0500] "GET /dbimages/articles-2011-12-27-925807361iconfile.jpg HTTP/1.1" 304 - "http://www.walleyecentral.com/" "Mozilla/4.0 (compatible; MSIE 8.0; Windows NT 5.2; Trident/4.0; .NET CLR 1.1.4322; .NET CLR 2.0.50727; .NET CLR 3.0.4506.2152; .NET CLR 3.5.30729)"
204.155.62.5 - - [04/Jan/2012:09:14:15 -0500] "GET /dbimages/articles-2011-12-20-429665774iconfile.jpg HTTP/1.1" 304 - "http://www.walleyecentral.com/" "Mozilla/4.0 (compatible; MSIE 8.0; Windows NT 5.2; Trident/4.0; .NET CLR 1.1.4322; .NET CLR 2.0.50727; .NET CLR 3.0.4506.2152; .NET CLR 3.5.30729)"
204.155.62.5 - - [04/Jan/2012:09:14:14 -0500] "GET / HTTP/1.1" 200 45884 "-" "Mozilla/4.0 (compatible; MSIE 8.0; Windows NT 5.2; Trident/4.0; .NET CLR 1.1.4322; .NET CLR 2.0.50727; .NET CLR 3.0.4506.2152; .NET CLR 3.5.30729)"
204.155.62.5 - - [04/Jan/2012:09:14:15 -0500] "GET /dbimages/articles-2011-12-20-993572124iconfile.jpg HTTP/1.1" 304 - "http://www.walleyecentral.com/" "Mozilla/4.0 (compatible; MSIE 8.0; Windows NT 5.2; Trident/4.0; .NET CLR 1.1.4322; .NET CLR 2.0.50727; .NET CLR 3.0.4506.2152; .NET CLR 3.5.30729)"
204.155.62.5 - - [04/Jan/2012:09:14:15 -0500] "GET /dbimages/articles-2011-12-19-56677216iconfile.jpg HTTP/1.1" 304 - "http://www.walleyecentral.com/" "Mozilla/4.0 (compatible; MSIE 8.0; Windows NT 5.2; Trident/4.0; .NET CLR 1.1.4322; .NET CLR 2.0.50727; .NET CLR 3.0.4506.2152; .NET CLR 3.5.30729)"
204.155.62.5 - - [04/Jan/2012:09:14:15 -0500] "GET /dbimages/articles-2011-12-19-992528775iconfile.jpg HTTP/1.1" 304 - "http://www.walleyecentral.com/" "Mozilla/4.0 (compatible; MSIE 8.0; Windows NT 5.2; Trident/4.0; .NET CLR 1.1.4322; .NET CLR 2.0.50727; .NET CLR 3.0.4506.2152; .NET CLR 3.5.30729)"
204.155.62.5 - - [04/Jan/2012:09:14:16 -0500] "GET /dbimages/articles-2011-12-09-612515290iconfile.jpg HTTP/1.1" 304 - "http://www.walleyecentral.com/" "Mozilla/4.0 (compatible; MSIE 8.0; Windows NT 5.2; Trident/4.0; .NET CLR 1.1.4322; .NET CLR 2.0.50727; .NET CLR 3.0.4506.2152; .NET CLR 3.5.30729)"
204.155.62.5 - - [04/Jan/2012:09:14:16 -0500] "GET /dbimages/articles-2011-12-05-541299785iconfile.jpg HTTP/1.1" 304 - "http://www.walleyecentral.com/" "Mozilla/4.0 (compatible; MSIE 8.0; Windows NT 5.2; Trident/4.0; .NET CLR 1.1.4322; .NET CLR 2.0.50727; .NET CLR 3.0.4506.2152; .NET CLR 3.5.30729)"
204.155.62.5 - - [04/Jan/2012:09:14:16 -0500] "GET /dbimages/tenpoundclub-2012-01-03-862352758thumbnail.jpg HTTP/1.1" 304 - "http://www.walleyecentral.com/" "Mozilla/4.0 (compatible; MSIE 8.0; Windows NT 5.2; Trident/4.0; .NET CLR 1.1.4322; .NET CLR 2.0.50727; .NET CLR 3.0.4506.2152; .NET CLR 3.5.30729)"
204.155.62.5 - - [04/Jan/2012:09:14:16 -0500] "GET /dbimages/articles-2011-09-29-923068202iconfile.jpg HTTP/1.1" 304 - "http://www.walleyecentral.com/" "Mozilla/4.0 (compatible; MSIE 8.0; Windows NT 5.2; Trident/4.0; .NET CLR 1.1.4322; .NET CLR 2.0.50727; .NET CLR 3.0.4506.2152; .NET CLR 3.5.30729)"
204.155.62.5 - - [04/Jan/2012:09:14:16 -0500] "GET /dbimages/tenpoundclub-2011-12-23-141169268thumbnail.jpg HTTP/1.1" 304 - "http://www.walleyecentral.com/" "Mozilla/4.0 (compatible; MSIE 8.0; Windows NT 5.2; Trident/4.0; .NET CLR 1.1.4322; .NET CLR 2.0.50727; .NET CLR 3.0.4506.2152; .NET CLR 3.5.30729)"
204.155.62.5 - - [04/Jan/2012:09:14:16 -0500] "GET /dbimages/tenpoundclub-2011-12-23-97306314thumbnail.jpg HTTP/1.1" 304 - "http://www.walleyecentral.com/" "Mozilla/4.0 (compatible; MSIE 8.0; Windows NT 5.2; Trident/4.0; .NET CLR 1.1.4322; .NET CLR 2.0.50727; .NET CLR 3.0.4506.2152; .NET CLR 3.5.30729)"
70.178.48.174 - - [04/Jan/2012:09:14:15 -0500] "GET /forums/showthread.php?t=148090 HTTP/1.1" 200 17768 "http://www.walleyecentral.com/forums/forumdisplay.php?f=42&order=desc" "Mozilla/4.0 (compatible; MSIE 7.0; Windows NT 6.0; SLCC1; .NET CLR 2.0.50727; Media Center PC 5.0; .NET CLR 3.0.04506; AskTbFXTV5/5.14.0.19709)"
66.11.154.82 - - [04/Jan/2012:09:14:15 -0500] "GET / HTTP/1.1" 200 66159 "-" "up.time HTTP monitor 4.0"
173.54.229.229 - - [04/Jan/2012:09:14:15 -0500] "GET / HTTP/1.1" 200 58846 "-" "Mozilla/5.0 (compatible; MSIE 9.0; Windows NT 6.1; Win64; x64; Trident/5.0)"
68.170.118.65 - - [04/Jan/2012:09:14:16 -0500] "GET /classified/new/searchresults.jsp HTTP/1.1" 301 360 "http://www.walleyecentral.com/" "Mozilla/4.0 (compatible; MSIE 7.0; Windows NT 5.1; GTB7.2; .NET CLR 1.0.3705; .NET CLR 1.1.4322; Media Center PC 4.0; .NET CLR 2.0.50727; .NET CLR 3.0.4506.2152; .NET CLR 3.5.30729)"
204.155.62.5 - - [04/Jan/2012:09:14:16 -0500] "GET /dbimages/articles-2012-01-02-216201556iconfile.JPG HTTP/1.1" 304 - "http://www.walleyecentral.com/" "Mozilla/4.0 (compatible; MSIE 8.0; Windows NT 5.2; Trident/4.0; .NET CLR 1.1.4322; .NET CLR 2.0.50727; .NET CLR 3.0.4506.2152; .NET CLR 3.5.30729)"
204.155.62.5 - - [04/Jan/2012:09:14:16 -0500] "GET /phpQJr/embedjr.php?pid=50&w=175&h=400 HTTP/1.1" 200 1036 "http://www.walleyecentral.com/" "Mozilla/4.0 (compatible; MSIE 8.0; Windows NT 5.2; Trident/4.0; .NET CLR 1.1.4322; .NET CLR 2.0.50727; .NET CLR 3.0.4506.2152; .NET CLR 3.5.30729)"
173.54.229.229 - - [04/Jan/2012:09:14:16 -0500] "GET /phpQJr/embedjr.php?pid=50&w=175&h=400 HTTP/1.1" 200 1036 "http://www.walleyecentral.com/" "Mozilla/5.0 (compatible; MSIE 9.0; Windows NT 6.1; Win64; x64; Trident/5.0)"
173.54.229.229 - - [04/Jan/2012:09:14:16 -0500] "GET /phpQJr/poll.php?pid=47&url=http%3A//www.walleyecentral.com/ HTTP/1.1" 200 3697 "http://www.walleyecentral.com/" "Mozilla/5.0 (compatible; MSIE 9.0; Windows NT 6.1; Win64; x64; Trident/5.0)"
204.155.62.5 - - [04/Jan/2012:09:14:16 -0500] "GET /images/navionics_app.jpg HTTP/1.1" 304 - "http://www.walleyecentral.com/" "Mozilla/4.0 (compatible; MSIE 8.0; Windows NT 5.2; Trident/4.0; .NET CLR 1.1.4322; .NET CLR 2.0.50727; .NET CLR 3.0.4506.2152; .NET CLR 3.5.30729)"
204.155.62.5 - - [04/Jan/2012:09:14:16 -0500] "GET /images/shutup1.gif HTTP/1.1" 304 - "http://www.walleyecentral.com/" "Mozilla/4.0 (compatible; MSIE 8.0; Windows NT 5.2; Trident/4.0; .NET CLR 1.1.4322; .NET CLR 2.0.50727; .NET CLR 3.0.4506.2152; .NET CLR 3.5.30729)"
204.155.62.5 - - [04/Jan/2012:09:14:16 -0500] "GET /themes/default/images/footerback.gif HTTP/1.1" 304 - "http://www.walleyecentral.com/" "Mozilla/4.0 (compatible; MSIE 8.0; Windows NT 5.2; Trident/4.0; .NET CLR 1.1.4322; .NET CLR 2.0.50727; .NET CLR 3.0.4506.2152; .NET CLR 3.5.30729)"
204.155.62.5 - - [04/Jan/2012:09:14:16 -0500] "GET /commonimages/blocks.png HTTP/1.1" 304 - "http://www.walleyecentral.com/" "Mozilla/4.0 (compatible; MSIE 8.0; Windows NT 5.2; Trident/4.0; .NET CLR 1.1.4322; .NET CLR 2.0.50727; .NET CLR 3.0.4506.2152; .NET CLR 3.5.30729)"
204.155.62.5 - - [04/Jan/2012:09:14:16 -0500] "GET /blocks/ham/images/fcicons/sunny.gif HTTP/1.1" 304 - "http://www.walleyecentral.com/" "Mozilla/4.0 (compatible; MSIE 8.0; Windows NT 5.2; Trident/4.0; .NET CLR 1.1.4322; .NET CLR 2.0.50727; .NET CLR 3.0.4506.2152; .NET CLR 3.5.30729)"
204.155.62.5 - - [04/Jan/2012:09:14:16 -0500] "GET /phpQJr/poll.php?pid=50&url=http%3A//www.walleyecentral.com/ HTTP/1.1" 200 4210 "http://www.walleyecentral.com/" "Mozilla/4.0 (compatible; MSIE 8.0; Windows NT 5.2; Trident/4.0; .NET CLR 1.1.4322; .NET CLR 2.0.50727; .NET CLR 3.0.4506.2152; .NET CLR 3.5.30729)"
70.178.48.174 - - [04/Jan/2012:09:14:16 -0500] "GET /openx/www/delivery/ajs.php?n=a5212870&zoneid=140&source=&exclude=,&r=65568201&loc=http%3A//www.walleyecentral.com/forums/showthread.php%3Ft%3D148090&referer=http%3A//www.walleyecentral.com/forums/forumdisplay.php%3Ff%3D42%26order%3Ddesc HTTP/1.1" 200 989 "http://www.walleyecentral.com/forums/showthread.php?t=148090" "Mozilla/4.0 (compatible; MSIE 7.0; Windows NT 6.0; SLCC1; .NET CLR 2.0.50727; Media Center PC 5.0; .NET CLR 3.0.04506; AskTbFXTV5/5.14.0.19709)"
207.46.199.44 - - [04/Jan/2012:09:14:16 -0500] "GET /forums/archive/index.php/t-15811.html HTTP/1.1" 200 4268 "-" "Mozilla/5.0 (compatible; bingbot/2.0; +http://www.bing.com/bingbot.htm)"
205.134.249.170 - - [04/Jan/2012:09:14:16 -0500] "GET /weather.php?pands=bemidji+mn HTTP/1.1" 200 16166 "-" "PHP/5.2.17"
204.155.62.5 - - [04/Jan/2012:09:14:16 -0500] "GET /phpQJr/inc/poll.js HTTP/1.1" 304 - "http://www.walleyecentral.com/phpQJr/poll.php?pid=50&url=http%3A//www.walleyecentral.com/" "Mozilla/4.0 (compatible; MSIE 8.0; Windows NT 5.2; Trident/4.0; .NET CLR 1.1.4322; .NET CLR 2.0.50727; .NET CLR 3.0.4506.2152; .NET CLR 3.5.30729)"
204.155.62.5 - - [04/Jan/2012:09:14:16 -0500] "GET /phpQJr/images/invdot.gif HTTP/1.1" 404 311 "http://www.walleyecentral.com/phpQJr/poll.php?pid=50&url=http%3A//www.walleyecentral.com/" "Mozilla/4.0 (compatible; MSIE 8.0; Windows NT 5.2; Trident/4.0; .NET CLR 1.1.4322; .NET CLR 2.0.50727; .NET CLR 3.0.4506.2152; .NET CLR 3.5.30729)"
180.76.5.49 - - [04/Jan/2012:09:14:16 -0500] "GET /forums/showthread.php?t=173459 HTTP/1.1" 200 14874 "-" "Mozilla/5.0 (compatible; Baiduspider/2.0; +http://www.baidu.com/search/spider.html)"
66.11.150.236 - - [04/Jan/2012:09:14:16 -0500] "GET /weather.php?pands=55122 HTTP/1.0" 200 24169 "-" "-"
70.178.48.174 - - [04/Jan/2012:09:14:16 -0500] "GET /openx/www/delivery/lg.php?bannerid=91&campaignid=1&zoneid=140&loc=http%3A%2F%2Fwww.walleyecentral.com%2Fforums%2Fshowthread.php%3Ft%3D148090&referer=http%3A%2F%2Fwww.walleyecentral.com%2Fforums%2Fforumdisplay.php%3Ff%3D42%26order%3Ddesc&cb=c46345ee8c HTTP/1.1" 200 43 "http://www.walleyecentral.com/forums/showthread.php?t=148090" "Mozilla/4.0 (compatible; MSIE 7.0; Windows NT 6.0; SLCC1; .NET CLR 2.0.50727; Media Center PC 5.0; .NET CLR 3.0.04506; AskTbFXTV5/5.14.0.19709)"
205.134.249.170 - - [04/Jan/2012:09:14:17 -0500] "GET /weather.php?pands=80525 HTTP/1.1" 200 16166 "-" "PHP/5.2.17"
66.11.150.236 - - [04/Jan/2012:09:14:16 -0500] "GET /weather.php?pands=43348 HTTP/1.0" 200 24203 "-" "-"
66.249.71.211 - - [04/Jan/2012:09:14:17 -0500] "GET /forums/archive/index.php/t-46519.html HTTP/1.1" 200 2315 "-" "Mozilla/5.0 (compatible; Googlebot/2.1; +http://www.google.com/bot.html)"
205.134.249.170 - - [04/Jan/2012:09:14:18 -0500] "GET /weather.php?pands=22193 HTTP/1.1" 200 16166 "-" "PHP/5.2.17"
205.134.249.170 - - [04/Jan/2012:09:14:19 -0500] "GET /weather.php?pands=56475 HTTP/1.1" 200 16166 "-" "PHP/5.2.17"
66.11.150.236 - - [04/Jan/2012:09:14:18 -0500] "GET /weather.php?pands=56763 HTTP/1.0" 200 24181 "-" "-"
68.170.118.65 - - [04/Jan/2012:09:14:19 -0500] "GET /phpQJr/poll.php?pid=50&url=http%3A//www.walleyecentral.com/ HTTP/1.1" 200 3982 "http://www.walleyecentral.com/" "Mozilla/4.0 (compatible; MSIE 7.0; Windows NT 5.1; GTB7.2; .NET CLR 1.0.3705; .NET CLR 1.1.4322; Media Center PC 4.0; .NET CLR 2.0.50727; .NET CLR 3.0.4506.2152; .NET CLR 3.5.30729)"
66.11.150.236 - - [04/Jan/2012:09:14:18 -0500] "GET /weather.php?pands=13691 HTTP/1.0" 200 24168 "-" "-"
24.111.18.138 - - [04/Jan/2012:09:14:19 -0500] "GET /forums/forumdisplay.php?f=32&order=desc&page=2 HTTP/1.1" 200 22471 "http://www.walleyecentral.com/forums/forumdisplay.php?f=32" "Mozilla/4.0 (compatible; MSIE 8.0; Windows NT 5.1; Trident/4.0; GTB7.2; Mozilla/4.0 (compatible; MSIE 6.0; Windows NT 5.1; SV1) ; .NET CLR 1.1.4322; .NET CLR 2.0.50727; .NET CLR 3.0.04506.30; .NET CLR 3.0.04506.648; .NET CLR 3.0.4506.2152; .NET CLR 3.5.30729; OfficeLiveConnector.1.3; OfficeLivePatch.0.0; .NET4.0C; .NET4.0E)"
24.111.18.138 - - [04/Jan/2012:09:14:20 -0500] "GET /openx/www/delivery/ajs.php?n=a5212870&zoneid=97&source=&exclude=,&r=921876451&loc=http%3A//www.walleyecentral.com/forums/forumdisplay.php%3Ff%3D32%26order%3Ddesc%26page%3D2&referer=http%3A//www.walleyecentral.com/forums/forumdisplay.php%3Ff%3D32 HTTP/1.1" 200 1006 "http://www.walleyecentral.com/forums/forumdisplay.php?f=32&order=desc&page=2" "Mozilla/4.0 (compatible; MSIE 8.0; Windows NT 5.1; Trident/4.0; GTB7.2; Mozilla/4.0 (compatible; MSIE 6.0; Windows NT 5.1; SV1) ; .NET CLR 1.1.4322; .NET CLR 2.0.50727; .NET CLR 3.0.04506.30; .NET CLR 3.0.04506.648; .NET CLR 3.0.4506.2152; .NET CLR 3.5.30729; OfficeLiveConnector.1.3; OfficeLivePatch.0.0; .NET4.0C; .NET4.0E)"
107.10.115.31 - - [04/Jan/2012:09:14:20 -0500] "GET /forums/showthread.php?t=188924 HTTP/1.1" 200 17052 "http://www.walleyecentral.com/forums/forumdisplay.php?f=32&order=desc&page=2" "Mozilla/4.0 (compatible; MSIE 8.0; Windows NT 6.1; WOW64; Trident/4.0; GTB7.2; SLCC2; .NET CLR 2.0.50727; .NET CLR 3.5.30729; .NET CLR 3.0.30729; Media Center PC 6.0; HPDTDF; .NET4.0C)"
107.10.115.31 - - [04/Jan/2012:09:14:20 -0500] "GET /forums/clientscript/vbulletin_post_loader.js?v=373 HTTP/1.1" 200 2037 "http://www.walleyecentral.com/forums/showthread.php?t=188924" "Mozilla/4.0 (compatible; MSIE 8.0; Windows NT 6.1; WOW64; Trident/4.0; GTB7.2; SLCC2; .NET CLR 2.0.50727; .NET CLR 3.5.30729; .NET CLR 3.0.30729; Media Center PC 6.0; HPDTDF; .NET4.0C)"
107.10.115.31 - - [04/Jan/2012:09:14:20 -0500] "GET /openx/www/delivery/ajs.php?n=a5212870&zoneid=98&source=&exclude=,&r=376903031&loc=http%3A//www.walleyecentral.com/forums/showthread.php%3Ft%3D188924&referer=http%3A//www.walleyecentral.com/forums/forumdisplay.php%3Ff%3D32%26order%3Ddesc%26page%3D2 HTTP/1.1" 200 1014 "http://www.walleyecentral.com/forums/showthread.php?t=188924" "Mozilla/4.0 (compatible; MSIE 8.0; Windows NT 6.1; WOW64; Trident/4.0; GTB7.2; SLCC2; .NET CLR 2.0.50727; .NET CLR 3.5.30729; .NET CLR 3.0.30729; Media Center PC 6.0; HPDTDF; .NET4.0C)"
24.111.18.138 - - [04/Jan/2012:09:14:20 -0500] "GET /forums/images/icons/icon6.gif HTTP/1.1" 200 1043 "http://www.walleyecentral.com/forums/forumdisplay.php?f=32&order=desc&page=2" "Mozilla/4.0 (compatible; MSIE 8.0; Windows NT 5.1; Trident/4.0; GTB7.2; Mozilla/4.0 (compatible; MSIE 6.0; Windows NT 5.1; SV1) ; .NET CLR 1.1.4322; .NET CLR 2.0.50727; .NET CLR 3.0.04506.30; .NET CLR 3.0.04506.648; .NET CLR 3.0.4506.2152; .NET CLR 3.5.30729; OfficeLiveConnector.1.3; OfficeLivePatch.0.0; .NET4.0C; .NET4.0E)"
24.111.18.138 - - [04/Jan/2012:09:14:20 -0500] "GET /forums/images/misc/tag.png HTTP/1.1" 200 376 "http://www.walleyecentral.com/forums/forumdisplay.php?f=32&order=desc&page=2" "Mozilla/4.0 (compatible; MSIE 8.0; Windows NT 5.1; Trident/4.0; GTB7.2; Mozilla/4.0 (compatible; MSIE 6.0; Windows NT 5.1; SV1) ; .NET CLR 1.1.4322; .NET CLR 2.0.50727; .NET CLR 3.0.04506.30; .NET CLR 3.0.04506.648; .NET CLR 3.0.4506.2152; .NET CLR 3.5.30729; OfficeLiveConnector.1.3; OfficeLivePatch.0.0; .NET4.0C; .NET4.0E)"
107.10.115.31 - - [04/Jan/2012:09:14:20 -0500] "GET /forums/images/buttons/reply.gif HTTP/1.1" 200 3226 "http://www.walleyecentral.com/forums/showthread.php?t=188924" "Mozilla/4.0 (compatible; MSIE 8.0; Windows NT 6.1; WOW64; Trident/4.0; GTB7.2; SLCC2; .NET CLR 2.0.50727; .NET CLR 3.5.30729; .NET CLR 3.0.30729; Media Center PC 6.0; HPDTDF; .NET4.0C)"
24.111.18.138 - - [04/Jan/2012:09:14:20 -0500] "GET /forums/images/icons/icon13.gif HTTP/1.1" 200 1022 "http://www.walleyecentral.com/forums/forumdisplay.php?f=32&order=desc&page=2" "Mozilla/4.0 (compatible; MSIE 8.0; Windows NT 5.1; Trident/4.0; GTB7.2; Mozilla/4.0 (compatible; MSIE 6.0; Windows NT 5.1; SV1) ; .NET CLR 1.1.4322; .NET CLR 2.0.50727; .NET CLR 3.0.04506.30; .NET CLR 3.0.04506.648; .NET CLR 3.0.4506.2152; .NET CLR 3.5.30729; OfficeLiveConnector.1.3; OfficeLivePatch.0.0; .NET4.0C; .NET4.0E)"
107.10.115.31 - - [04/Jan/2012:09:14:20 -0500] "GET /forums/images/statusicon/user_offline.gif HTTP/1.1" 200 1026 "http://www.walleyecentral.com/forums/showthread.php?t=188924" "Mozilla/4.0 (compatible; MSIE 8.0; Windows NT 6.1; WOW64; Trident/4.0; GTB7.2; SLCC2; .NET CLR 2.0.50727; .NET CLR 3.5.30729; .NET CLR 3.0.30729; Media Center PC 6.0; HPDTDF; .NET4.0C)"
107.10.115.31 - - [04/Jan/2012:09:14:20 -0500] "GET /forums/images/statusicon/post_old.gif HTTP/1.1" 200 522 "http://www.walleyecentral.com/forums/showthread.php?t=188924" "Mozilla/4.0 (compatible; MSIE 8.0; Windows NT 6.1; WOW64; Trident/4.0; GTB7.2; SLCC2; .NET CLR 2.0.50727; .NET CLR 3.5.30729; .NET CLR 3.0.30729; Media Center PC 6.0; HPDTDF; .NET4.0C)"
107.10.115.31 - - [04/Jan/2012:09:14:20 -0500] "GET /forums/images/buttons/quote.gif HTTP/1.1" 200 2182 "http://www.walleyecentral.com/forums/showthread.php?t=188924" "Mozilla/4.0 (compatible; MSIE 8.0; Windows NT 6.1; WOW64; Trident/4.0; GTB7.2; SLCC2; .NET CLR 2.0.50727; .NET CLR 3.5.30729; .NET CLR 3.0.30729; Media Center PC 6.0; HPDTDF; .NET4.0C)"
24.111.18.138 - - [04/Jan/2012:09:14:20 -0500] "GET /openx/www/delivery/ai.php?filename=wc-ranger_2.gif&contenttype=gif HTTP/1.1" 200 13505 "http://www.walleyecentral.com/forums/forumdisplay.php?f=32&order=desc&page=2" "Mozilla/4.0 (compatible; MSIE 8.0; Windows NT 5.1; Trident/4.0; GTB7.2; Mozilla/4.0 (compatible; MSIE 6.0; Windows NT 5.1; SV1) ; .NET CLR 1.1.4322; .NET CLR 2.0.50727; .NET CLR 3.0.04506.30; .NET CLR 3.0.04506.648; .NET CLR 3.0.4506.2152; .NET CLR 3.5.30729; OfficeLiveConnector.1.3; OfficeLivePatch.0.0; .NET4.0C; .NET4.0E)"
107.10.115.31 - - [04/Jan/2012:09:14:20 -0500] "GET /forums/clientscript/vbulletin_lightbox.js?v=373 HTTP/1.1" 200 10260 "http://www.walleyecentral.com/forums/showthread.php?t=188924" "Mozilla/4.0 (compatible; MSIE 8.0; Windows NT 6.1; WOW64; Trident/4.0; GTB7.2; SLCC2; .NET CLR 2.0.50727; .NET CLR 3.5.30729; .NET CLR 3.0.30729; Media Center PC 6.0; HPDTDF; .NET4.0C)"
107.10.115.31 - - [04/Jan/2012:09:14:20 -0500] "GET /openx/www/delivery/ai.php?filename=alumacraft.jpg&contenttype=jpeg HTTP/1.1" 200 18786 "http://www.walleyecentral.com/forums/showthread.php?t=188924" "Mozilla/4.0 (compatible; MSIE 8.0; Windows NT 6.1; WOW64; Trident/4.0; GTB7.2; SLCC2; .NET CLR 2.0.50727; .NET CLR 3.5.30729; .NET CLR 3.0.30729; Media Center PC 6.0; HPDTDF; .NET4.0C)"
107.10.115.31 - - [04/Jan/2012:09:14:20 -0500] "GET /forums/image.php?u=8300&dateline=1236613638 HTTP/1.1" 200 2208 "http://www.walleyecentral.com/forums/showthread.php?t=188924" "Mozilla/4.0 (compatible; MSIE 8.0; Windows NT 6.1; WOW64; Trident/4.0; GTB7.2; SLCC2; .NET CLR 2.0.50727; .NET CLR 3.5.30729; .NET CLR 3.0.30729; Media Center PC 6.0; HPDTDF; .NET4.0C)"
107.10.115.31 - - [04/Jan/2012:09:14:20 -0500] "GET /openx/www/delivery/lg.php?bannerid=94&campaignid=1&zoneid=98&loc=http%3A%2F%2Fwww.walleyecentral.com%2Fforums%2Fshowthread.php%3Ft%3D188924&referer=http%3A%2F%2Fwww.walleyecentral.com%2Fforums%2Fforumdisplay.php%3Ff%3D32%26order%3Ddesc%26page%3D2&cb=d45907311b HTTP/1.1" 200 43 "http://www.walleyecentral.com/forums/showthread.php?t=188924" "Mozilla/4.0 (compatible; MSIE 8.0; Windows NT 6.1; WOW64; Trident/4.0; GTB7.2; SLCC2; .NET CLR 2.0.50727; .NET CLR 3.5.30729; .NET CLR 3.0.30729; Media Center PC 6.0; HPDTDF; .NET4.0C)"
107.10.115.31 - - [04/Jan/2012:09:14:20 -0500] "GET /forums/images/buttons/printer.gif HTTP/1.1" 200 1072 "http://www.walleyecentral.com/forums/showthread.php?t=188924" "Mozilla/4.0 (compatible; MSIE 8.0; Windows NT 6.1; WOW64; Trident/4.0; GTB7.2; SLCC2; .NET CLR 2.0.50727; .NET CLR 3.5.30729; .NET CLR 3.0.30729; Media Center PC 6.0; HPDTDF; .NET4.0C)"
107.10.115.31 - - [04/Jan/2012:09:14:20 -0500] "GET /forums/images/buttons/mode_linear.gif HTTP/1.1" 200 609 "http://www.walleyecentral.com/forums/showthread.php?t=188924" "Mozilla/4.0 (compatible; MSIE 8.0; Windows NT 6.1; WOW64; Trident/4.0; GTB7.2; SLCC2; .NET CLR 2.0.50727; .NET CLR 3.5.30729; .NET CLR 3.0.30729; Media Center PC 6.0; HPDTDF; .NET4.0C)"
107.10.115.31 - - [04/Jan/2012:09:14:20 -0500] "GET /forums/images/buttons/sendtofriend.gif HTTP/1.1" 200 1125 "http://www.walleyecentral.com/forums/showthread.php?t=188924" "Mozilla/4.0 (compatible; MSIE 8.0; Windows NT 6.1; WOW64; Trident/4.0; GTB7.2; SLCC2; .NET CLR 2.0.50727; .NET CLR 3.5.30729; .NET CLR 3.0.30729; Media Center PC 6.0; HPDTDF; .NET4.0C)"
107.10.115.31 - - [04/Jan/2012:09:14:20 -0500] "GET /forums/images/buttons/mode_threaded.gif HTTP/1.1" 200 562 "http://www.walleyecentral.com/forums/showthread.php?t=188924" "Mozilla/4.0 (compatible; MSIE 8.0; Windows NT 6.1; WOW64; Trident/4.0; GTB7.2; SLCC2; .NET CLR 2.0.50727; .NET CLR 3.5.30729; .NET CLR 3.0.30729; Media Center PC 6.0; HPDTDF; .NET4.0C)"
107.10.115.31 - - [04/Jan/2012:09:14:20 -0500] "GET /forums/images/buttons/mode_hybrid.gif HTTP/1.1" 200 588 "http://www.walleyecentral.com/forums/showthread.php?t=188924" "Mozilla/4.0 (compatible; MSIE 8.0; Windows NT 6.1; WOW64; Trident/4.0; GTB7.2; SLCC2; .NET CLR 2.0.50727; .NET CLR 3.5.30729; .NET CLR 3.0.30729; Media Center PC 6.0; HPDTDF; .NET4.0C)"
205.134.249.170 - - [04/Jan/2012:09:14:20 -0500] "GET /weather.php?pands=49779 HTTP/1.1" 200 16166 "-" "PHP/5.2.17"
24.111.18.138 - - [04/Jan/2012:09:14:20 -0500] "GET /openx/www/delivery/lg.php?bannerid=71&campaignid=1&zoneid=97&loc=http%3A%2F%2Fwww.walleyecentral.com%2Fforums%2Fforumdisplay.php%3Ff%3D32%26order%3Ddesc%26page%3D2&referer=http%3A%2F%2Fwww.walleyecentral.com%2Fforums%2Fforumdisplay.php%3Ff%3D32&cb=c913f1c183 HTTP/1.1" 200 43 "http://www.walleyecentral.com/forums/forumdisplay.php?f=32&order=desc&page=2" "Mozilla/4.0 (compatible; MSIE 8.0; Windows NT 5.1; Trident/4.0; GTB7.2; Mozilla/4.0 (compatible; MSIE 6.0; Windows NT 5.1; SV1) ; .NET CLR 1.1.4322; .NET CLR 2.0.50727; .NET CLR 3.0.04506.30; .NET CLR 3.0.04506.648; .NET CLR 3.0.4506.2152; .NET CLR 3.5.30729; OfficeLiveConnector.1.3; OfficeLivePatch.0.0; .NET4.0C; .NET4.0E)"
66.11.150.236 - - [04/Jan/2012:09:14:20 -0500] "GET /weather.php?pands=13088 HTTP/1.0" 200 24167 "-" "-"
173.54.229.229 - - [04/Jan/2012:09:14:20 -0500] "GET /forums/forumdisplay.php?f=5 HTTP/1.1" 200 24637 "http://www.walleyecentral.com/" "Mozilla/5.0 (compatible; MSIE 9.0; Windows NT 6.1; Win64; x64; Trident/5.0)"
204.155.62.5 - - [04/Jan/2012:09:14:21 -0500] "GET /classified/new/searchresults.jsp HTTP/1.1" 301 360 "http://www.walleyecentral.com/" "Mozilla/4.0 (compatible; MSIE 8.0; Windows NT 5.2; Trident/4.0; .NET CLR 1.1.4322; .NET CLR 2.0.50727; .NET CLR 3.0.4506.2152; .NET CLR 3.5.30729)"
66.11.150.236 - - [04/Jan/2012:09:14:20 -0500] "GET /weather.php?pands=14712 HTTP/1.0" 200 24190 "-" "-"
173.54.229.229 - - [04/Jan/2012:09:14:21 -0500] "GET /openx/www/delivery/ajs.php?n=a5212870&zoneid=86&source=&exclude=,&r=957469061&loc=http%3A//www.walleyecentral.com/forums/forumdisplay.php%3Ff%3D5&referer=http%3A//www.walleyecentral.com/ HTTP/1.1" 200 919 "http://www.walleyecentral.com/forums/forumdisplay.php?f=5" "Mozilla/5.0 (compatible; MSIE 9.0; Windows NT 6.1; Win64; x64; Trident/5.0)"
65.52.108.142 - - [04/Jan/2012:09:14:21 -0500] "GET /forums/showthread.php?p=63 HTTP/1.1" 200 18258 "-" "Mozilla/5.0 (compatible; bingbot/2.0; +http://www.bing.com/bingbot.htm)"
173.54.229.229 - - [04/Jan/2012:09:14:21 -0500] "GET /openx/www/delivery/ai.php?filename=okuma_citrix.gif&contenttype=gif HTTP/1.1" 200 20711 "http://www.walleyecentral.com/forums/forumdisplay.php?f=5" "Mozilla/5.0 (compatible; MSIE 9.0; Windows NT 6.1; Win64; x64; Trident/5.0)"
173.17.242.6 - - [04/Jan/2012:09:14:21 -0500] "GET /forums/archive/index.php/t-87325.html HTTP/1.1" 200 7609 "-" "Mozilla/5.0 (Windows NT 5.0; rv:9.0.1) Gecko/20100101 Firefox/9.0.1"
205.134.249.170 - - [04/Jan/2012:09:14:21 -0500] "GET /weather.php?pands=48604 HTTP/1.1" 200 16166 "-" "PHP/5.2.17"
173.54.229.229 - - [04/Jan/2012:09:14:21 -0500] "GET /openx/www/delivery/lg.php?bannerid=75&campaignid=1&zoneid=86&channel_ids=,&loc=http%3A%2F%2Fwww.walleyecentral.com%2Fforums%2Fforumdisplay.php%3Ff%3D5&referer=http%3A%2F%2Fwww.walleyecentral.com%2F&cb=b4c5e99765 HTTP/1.1" 200 43 "http://www.walleyecentral.com/forums/forumdisplay.php?f=5" "Mozilla/5.0 (compatible; MSIE 9.0; Windows NT 6.1; Win64; x64; Trident/5.0)"
180.76.5.184 - - [04/Jan/2012:09:14:20 -0500] "GET /forums/showthread.php?t=173370 HTTP/1.1" 200 15536 "-" "Mozilla/5.0 (compatible; Baiduspider/2.0; +http://www.baidu.com/search/spider.html)"
75.42.232.39 - - [04/Jan/2012:09:14:21 -0500] "GET / HTTP/1.1" 200 63910 "-" "Mozilla/5.0 (Windows NT 6.1; rv:8.0) Gecko/20100101 Firefox/8.0"
75.42.232.39 - - [04/Jan/2012:09:14:21 -0500] "GET /dbimages/articles-2012-01-02-216201556iconfile.JPG HTTP/1.1" 304 - "http://www.walleyecentral.com/" "Mozilla/5.0 (Windows NT 6.1; rv:8.0) Gecko/20100101 Firefox/8.0"
75.42.232.39 - - [04/Jan/2012:09:14:21 -0500] "GET /dbimages/articles-2011-12-27-925807361iconfile.jpg HTTP/1.1" 304 - "http://www.walleyecentral.com/" "Mozilla/5.0 (Windows NT 6.1; rv:8.0) Gecko/20100101 Firefox/8.0"
75.42.232.39 - - [04/Jan/2012:09:14:21 -0500] "GET /dbimages/articles-2011-12-09-612515290iconfile.jpg HTTP/1.1" 304 - "http://www.walleyecentral.com/" "Mozilla/5.0 (Windows NT 6.1; rv:8.0) Gecko/20100101 Firefox/8.0"
75.42.232.39 - - [04/Jan/2012:09:14:22 -0500] "GET /phpQJr/embedjr.php?pid=50&w=175&h=400 HTTP/1.1" 200 1036 "http://www.walleyecentral.com/" "Mozilla/5.0 (Windows NT 6.1; rv:8.0) Gecko/20100101 Firefox/8.0"
208.38.64.34 - - [04/Jan/2012:09:14:21 -0500] "GET /forums/showthread.php?t=189144 HTTP/1.1" 200 26407 "http://www.walleyecentral.com/forums/forumdisplay.php?f=32" "Mozilla/5.0 (Windows NT 5.1) AppleWebKit/535.7 (KHTML, like Gecko) Chrome/16.0.912.63 Safari/535.7"
75.42.232.39 - - [04/Jan/2012:09:14:22 -0500] "GET /dbimages/tenpoundclub-2012-01-03-862352758thumbnail.jpg HTTP/1.1" 200 12900 "http://www.walleyecentral.com/" "Mozilla/5.0 (Windows NT 6.1; rv:8.0) Gecko/20100101 Firefox/8.0"
75.42.232.39 - - [04/Jan/2012:09:14:22 -0500] "GET /phpQJr/poll.php?pid=50&url=http%3A//www.walleyecentral.com/ HTTP/1.1" 200 3982 "http://www.walleyecentral.com/" "Mozilla/5.0 (Windows NT 6.1; rv:8.0) Gecko/20100101 Firefox/8.0"
66.249.71.211 - - [04/Jan/2012:09:14:22 -0500] "GET /forums/archive/index.php/t-46961.html HTTP/1.1" 200 2285 "-" "Mozilla/5.0 (compatible; Googlebot/2.1; +http://www.google.com/bot.html)"
208.38.64.34 - - [04/Jan/2012:09:14:22 -0500] "GET /openx/www/delivery/ajs.php?n=a5212870&zoneid=98&source=&exclude=,&r=38296751&loc=http%3A//www.walleyecentral.com/forums/showthread.php%3Ft%3D189144&referer=http%3A//www.walleyecentral.com/forums/forumdisplay.php%3Ff%3D32 HTTP/1.1" 200 953 "http://www.walleyecentral.com/forums/showthread.php?t=189144" "Mozilla/5.0 (Windows NT 5.1) AppleWebKit/535.7 (KHTML, like Gecko) Chrome/16.0.912.63 Safari/535.7"
208.38.64.34 - - [04/Jan/2012:09:14:22 -0500] "GET /forums/images/buttons/viewpost.gif HTTP/1.1" 200 964 "http://www.walleyecentral.com/forums/showthread.php?t=189144" "Mozilla/5.0 (Windows NT 5.1) AppleWebKit/535.7 (KHTML, like Gecko) Chrome/16.0.912.63 Safari/535.7"
208.38.64.34 - - [04/Jan/2012:09:14:22 -0500] "GET /forums/images/smilies/cheers.gif HTTP/1.1" 200 2265 "http://www.walleyecentral.com/forums/showthread.php?t=189144" "Mozilla/5.0 (Windows NT 5.1) AppleWebKit/535.7 (KHTML, like Gecko) Chrome/16.0.912.63 Safari/535.7"
208.38.64.34 - - [04/Jan/2012:09:14:22 -0500] "GET /forums/image.php?u=26395&dateline=1268483766 HTTP/1.1" 200 2330 "http://www.walleyecentral.com/forums/showthread.php?t=189144" "Mozilla/5.0 (Windows NT 5.1) AppleWebKit/535.7 (KHTML, like Gecko) Chrome/16.0.912.63 Safari/535.7"
208.38.64.34 - - [04/Jan/2012:09:14:22 -0500] "GET /forums/attachment.php?attachmentid=12923&thumb=1&d=1325483767 HTTP/1.1" 200 2835 "http://www.walleyecentral.com/forums/showthread.php?t=189144" "Mozilla/5.0 (Windows NT 5.1) AppleWebKit/535.7 (KHTML, like Gecko) Chrome/16.0.912.63 Safari/535.7"
208.38.64.34 - - [04/Jan/2012:09:14:22 -0500] "GET /forums/attachment.php?attachmentid=12922&thumb=1&d=1325483691 HTTP/1.1" 200 3370 "http://www.walleyecentral.com/forums/showthread.php?t=189144" "Mozilla/5.0 (Windows NT 5.1) AppleWebKit/535.7 (KHTML, like Gecko) Chrome/16.0.912.63 Safari/535.7"
208.38.64.34 - - [04/Jan/2012:09:14:22 -0500] "GET /forums/images/misc/im_aim.gif HTTP/1.1" 200 1013 "http://www.walleyecentral.com/forums/showthread.php?t=189144" "Mozilla/5.0 (Windows NT 5.1) AppleWebKit/535.7 (KHTML, like Gecko) Chrome/16.0.912.63 Safari/535.7"
208.38.64.34 - - [04/Jan/2012:09:14:22 -0500] "GET /forums/image.php?u=3388&dateline=1297860080 HTTP/1.1" 200 1686 "http://www.walleyecentral.com/forums/showthread.php?t=189144" "Mozilla/5.0 (Windows NT 5.1) AppleWebKit/535.7 (KHTML, like Gecko) Chrome/16.0.912.63 Safari/535.7"
208.38.64.34 - - [04/Jan/2012:09:14:22 -0500] "GET /forums/image.php?u=7512&dateline=1237644329 HTTP/1.1" 200 7246 "http://www.walleyecentral.com/forums/showthread.php?t=189144" "Mozilla/5.0 (Windows NT 5.1) AppleWebKit/535.7 (KHTML, like Gecko) Chrome/16.0.912.63 Safari/535.7"
180.76.6.36 - - [04/Jan/2012:09:14:22 -0500] "GET /forums/search.php?searchid=4400628 HTTP/1.1" 200 10521 "-" "Mozilla/5.0 (compatible; Baiduspider/2.0; +http://www.baidu.com/search/spider.html)"
208.38.64.34 - - [04/Jan/2012:09:14:22 -0500] "GET /openx/www/delivery/lg.php?bannerid=97&campaignid=1&zoneid=98&loc=http%3A%2F%2Fwww.walleyecentral.com%2Fforums%2Fshowthread.php%3Ft%3D189144&referer=http%3A%2F%2Fwww.walleyecentral.com%2Fforums%2Fforumdisplay.php%3Ff%3D32&cb=ace601e0e8 HTTP/1.1" 200 43 "http://www.walleyecentral.com/forums/showthread.php?t=189144" "Mozilla/5.0 (Windows NT 5.1) AppleWebKit/535.7 (KHTML, like Gecko) Chrome/16.0.912.63 Safari/535.7"
66.11.150.236 - - [04/Jan/2012:09:14:22 -0500] "GET /weather.php?pands=hurley HTTP/1.0" 200 24296 "-" "-"
76.199.12.144 - - [04/Jan/2012:09:14:22 -0500] "GET /forums/showthread.php?t=189105&page=3 HTTP/1.1" 200 14399 "http://www.walleyecentral.com/forums/forumdisplay.php?f=7" "Mozilla/5.0 (compatible; MSIE 9.0; Windows NT 6.1; WOW64; Trident/5.0)"
205.134.249.170 - - [04/Jan/2012:09:14:23 -0500] "GET /weather.php?pands=57717 HTTP/1.1" 200 16166 "-" "PHP/5.2.17"
76.199.12.144 - - [04/Jan/2012:09:14:23 -0500] "GET /forums/image.php?u=12781&dateline=1235234325 HTTP/1.1" 200 1569 "http://www.walleyecentral.com/forums/showthread.php?t=189105&page=3" "Mozilla/5.0 (compatible; MSIE 9.0; Windows NT 6.1; WOW64; Trident/5.0)"
205.134.249.170 - - [04/Jan/2012:09:14:23 -0500] "GET /weather.php?pands=60175 HTTP/1.1" 200 16166 "-" "PHP/5.2.17"
76.199.12.144 - - [04/Jan/2012:09:14:23 -0500] "GET /openx/www/delivery/ajs.php?n=a5212870&zoneid=47&source=&exclude=,&r=341216841&loc=http%3A//www.walleyecentral.com/forums/showthread.php%3Ft%3D189105%26page%3D3&referer=http%3A//www.walleyecentral.com/forums/forumdisplay.php%3Ff%3D7 HTTP/1.1" 200 1082 "http://www.walleyecentral.com/forums/showthread.php?t=189105&page=3" "Mozilla/5.0 (compatible; MSIE 9.0; Windows NT 6.1; WOW64; Trident/5.0)"
50.116.161.56 - - [04/Jan/2012:09:14:23 -0500] "GET /openx/www/delivery/ajs.php?n=a5212870&zoneid=85&source=&exclude=,&r=920838851&loc=http%3A//www.walleyecentral.com/forums/search.php%3Fsearchid%3D4436996%26pp%3D25%26page%3D3&referer=http%3A//www.walleyecentral.com/forums/search.php%3Fsearchid%3D4436996%26pp%3D25%26page%3D2 HTTP/1.1" 200 1042 "http://www.walleyecentral.com/forums/search.php?searchid=4436996&pp=25&page=3" "Mozilla/5.0 (compatible; MSIE 9.0; Windows NT 6.1; WOW64; Trident/5.0)"
66.11.150.236 - - [04/Jan/2012:09:14:22 -0500] "GET /weather.php?pands=CYLD HTTP/1.0" 200 25498 "-" "-"
173.54.229.229 - - [04/Jan/2012:09:14:24 -0500] "GET /forums/showthread.php?t=189236 HTTP/1.1" 200 22687 "http://www.walleyecentral.com/forums/forumdisplay.php?f=5" "Mozilla/5.0 (compatible; MSIE 9.0; Windows NT 6.1; Win64; x64; Trident/5.0)"
