216.16.37.152 - - [04/Jan/2012:09:15:50 -0500] "GET /openx/www/delivery/ajs.php?n=a5212870&zoneid=55&source=&exclude=,&r=106145411&loc=http%3A//www.walleyecentral.com/forums/showthread.php%3Ft%3D189238&referer=http%3A//www.walleyecentral.com/forums/forumdisplay.php%3Ff%3D13 HTTP/1.1" 200 1009 "http://www.walleyecentral.com/forums/showthread.php?t=189238" "Mozilla/4.0 (compatible; MSIE 7.0; Windows NT 6.0; SLCC1; .NET CLR 2.0.50727; Media Center PC 5.0; .NET CLR 3.5.30729; .NET4.0C; .NET CLR 3.0.30729; .NET4.0E)"
199.131.242.220 - - [04/Jan/2012:09:15:50 -0500] "GET /themes/default/common.css HTTP/1.1" 304 - "http://www.walleyecentral.com/" "Mozilla/4.0 (compatible; MSIE 8.0; Windows NT 5.1; Trident/4.0; GTB7.2; .NET CLR 2.0.50727; .NET CLR 1.1.4322; InfoPath.2; .NET CLR 3.0.4506.2152; .NET CLR 3.5.30729; MS-RTC LM 8; .NET4.0C; .NET4.0E; MS-RTC LM 8)"
216.16.37.152 - - [04/Jan/2012:09:15:50 -0500] "GET /openx/www/delivery/ai.php?filename=cabelas_8.jpg&contenttype=jpeg HTTP/1.1" 304 - "http://www.walleyecentral.com/forums/showthread.php?t=189238" "Mozilla/4.0 (compatible; MSIE 7.0; Windows NT 6.0; SLCC1; .NET CLR 2.0.50727; Media Center PC 5.0; .NET CLR 3.5.30729; .NET4.0C; .NET CLR 3.0.30729; .NET4.0E)"
205.134.249.170 - - [04/Jan/2012:09:15:50 -0500] "GET /weather.php?pands=44420 HTTP/1.1" 200 16166 "-" "PHP/5.2.17"
216.16.37.152 - - [04/Jan/2012:09:15:50 -0500] "GET /forums/images/buttons/reply.gif HTTP/1.1" 304 - "http://www.walleyecentral.com/forums/showthread.php?t=189238" "Mozilla/4.0 (compatible; MSIE 7.0; Windows NT 6.0; SLCC1; .NET CLR 2.0.50727; Media Center PC 5.0; .NET CLR 3.5.30729; .NET4.0C; .NET CLR 3.0.30729; .NET4.0E)"
199.131.242.220 - - [04/Jan/2012:09:15:50 -0500] "GET /forums/clientscript/vbulletin_md5.js?v=368 HTTP/1.1" 304 - "http://www.walleyecentral.com/" "Mozilla/4.0 (compatible; MSIE 8.0; Windows NT 5.1; Trident/4.0; GTB7.2; .NET CLR 2.0.50727; .NET CLR 1.1.4322; InfoPath.2; .NET CLR 3.0.4506.2152; .NET CLR 3.5.30729; MS-RTC LM 8; .NET4.0C; .NET4.0E; MS-RTC LM 8)"
216.16.37.152 - - [04/Jan/2012:09:15:50 -0500] "GET /openx/www/delivery/lg.php?bannerid=6&campaignid=1&zoneid=55&channel_ids=,&loc=http%3A%2F%2Fwww.walleyecentral.com%2Fforums%2Fshowthread.php%3Ft%3D189238&referer=http%3A%2F%2Fwww.walleyecentral.com%2Fforums%2Fforumdisplay.php%3Ff%3D13&cb=4e3903a00c HTTP/1.1" 200 43 "http://www.walleyecentral.com/forums/showthread.php?t=189238" "Mozilla/4.0 (compatible; MSIE 7.0; Windows NT 6.0; SLCC1; .NET CLR 2.0.50727; Media Center PC 5.0; .NET CLR 3.5.30729; .NET4.0C; .NET CLR 3.0.30729; .NET4.0E)"
216.16.37.152 - - [04/Jan/2012:09:15:50 -0500] "GET /forums/images/buttons/report.gif HTTP/1.1" 304 - "http://www.walleyecentral.com/forums/showthread.php?t=189238" "Mozilla/4.0 (compatible; MSIE 7.0; Windows NT 6.0; SLCC1; .NET CLR 2.0.50727; Media Center PC 5.0; .NET CLR 3.5.30729; .NET4.0C; .NET CLR 3.0.30729; .NET4.0E)"
216.16.37.152 - - [04/Jan/2012:09:15:50 -0500] "GET /forums/images/statusicon/post_new.gif HTTP/1.1" 304 - "http://www.walleyecentral.com/forums/showthread.php?t=189238" "Mozilla/4.0 (compatible; MSIE 7.0; Windows NT 6.0; SLCC1; .NET CLR 2.0.50727; Media Center PC 5.0; .NET CLR 3.5.30729; .NET4.0C; .NET CLR 3.0.30729; .NET4.0E)"
199.131.242.220 - - [04/Jan/2012:09:15:50 -0500] "GET /themes/default/images/bullet.png HTTP/1.1" 304 - "http://www.walleyecentral.com/" "Mozilla/4.0 (compatible; MSIE 8.0; Windows NT 5.1; Trident/4.0; GTB7.2; .NET CLR 2.0.50727; .NET CLR 1.1.4322; InfoPath.2; .NET CLR 3.0.4506.2152; .NET CLR 3.5.30729; MS-RTC LM 8; .NET4.0C; .NET4.0E; MS-RTC LM 8)"
199.131.242.220 - - [04/Jan/2012:09:15:50 -0500] "GET /qnav/bullet_sq_sm_slateblue.gif HTTP/1.1" 304 - "http://www.walleyecentral.com/" "Mozilla/4.0 (compatible; MSIE 8.0; Windows NT 5.1; Trident/4.0; GTB7.2; .NET CLR 2.0.50727; .NET CLR 1.1.4322; InfoPath.2; .NET CLR 3.0.4506.2152; .NET CLR 3.5.30729; MS-RTC LM 8; .NET4.0C; .NET4.0E; MS-RTC LM 8)"
216.16.37.152 - - [04/Jan/2012:09:15:50 -0500] "GET /forums/images/statusicon/user_offline.gif HTTP/1.1" 304 - "http://www.walleyecentral.com/forums/showthread.php?t=189238" "Mozilla/4.0 (compatible; MSIE 7.0; Windows NT 6.0; SLCC1; .NET CLR 2.0.50727; Media Center PC 5.0; .NET CLR 3.5.30729; .NET4.0C; .NET CLR 3.0.30729; .NET4.0E)"
216.16.37.152 - - [04/Jan/2012:09:15:50 -0500] "GET /forums/image.php?u=3674&dateline=1235864625 HTTP/1.1" 200 1532 "http://www.walleyecentral.com/forums/showthread.php?t=189238" "Mozilla/4.0 (compatible; MSIE 7.0; Windows NT 6.0; SLCC1; .NET CLR 2.0.50727; Media Center PC 5.0; .NET CLR 3.5.30729; .NET4.0C; .NET CLR 3.0.30729; .NET4.0E)"
199.131.242.220 - - [04/Jan/2012:09:15:50 -0500] "GET /themes/default/images/headerlogo2.png HTTP/1.1" 304 - "http://www.walleyecentral.com/" "Mozilla/4.0 (compatible; MSIE 8.0; Windows NT 5.1; Trident/4.0; GTB7.2; .NET CLR 2.0.50727; .NET CLR 1.1.4322; InfoPath.2; .NET CLR 3.0.4506.2152; .NET CLR 3.5.30729; MS-RTC LM 8; .NET4.0C; .NET4.0E; MS-RTC LM 8)"
184.6.103.113 - - [04/Jan/2012:09:15:50 -0500] "GET /openx/www/delivery/lg.php?bannerid=65&campaignid=1&zoneid=97&loc=http%3A%2F%2Fwww.walleyecentral.com%2Fforums%2Fforumdisplay.php%3Ff%3D32&referer=http%3A%2F%2Fwww.walleyecentral.com%2Fforums%2Findex.php&cb=9e51537e45 HTTP/1.1" 200 43 "http://www.walleyecentral.com/forums/forumdisplay.php?f=32" "Mozilla/5.0 (Linux; U; Android 3.2.1; en-us; A500 Build/HTK55D) AppleWebKit/534.13 (KHTML, like Gecko) Version/4.0 Safari/534.13"
66.11.150.236 - - [04/Jan/2012:09:15:50 -0500] "GET /weather.php?pands=14810 HTTP/1.0" 200 24167 "-" "-"
199.131.242.220 - - [04/Jan/2012:09:15:51 -0500] "GET /themes/default/images/topback.png HTTP/1.1" 304 - "http://www.walleyecentral.com/" "Mozilla/4.0 (compatible; MSIE 8.0; Windows NT 5.1; Trident/4.0; GTB7.2; .NET CLR 2.0.50727; .NET CLR 1.1.4322; InfoPath.2; .NET CLR 3.0.4506.2152; .NET CLR 3.5.30729; MS-RTC LM 8; .NET4.0C; .NET4.0E; MS-RTC LM 8)"
66.11.150.236 - - [04/Jan/2012:09:15:50 -0500] "GET /weather.php?pands=43410 HTTP/1.0" 200 24268 "-" "-"
216.16.37.152 - - [04/Jan/2012:09:15:51 -0500] "GET /forums/images/buttons/quote.gif HTTP/1.1" 304 - "http://www.walleyecentral.com/forums/showthread.php?t=189238" "Mozilla/4.0 (compatible; MSIE 7.0; Windows NT 6.0; SLCC1; .NET CLR 2.0.50727; Media Center PC 5.0; .NET CLR 3.5.30729; .NET4.0C; .NET CLR 3.0.30729; .NET4.0E)"
69.84.73.60 - - [04/Jan/2012:09:15:51 -0500] "GET /openx/www/delivery/ajs.php?n=a5212870&zoneid=98&source=&exclude=,&r=734302511&loc=http%3A//www.walleyecentral.com/forums/showthread.php%3Ft%3D189137&referer=http%3A//www.walleyecentral.com/forums/forumdisplay.php%3Ff%3D32 HTTP/1.1" 200 988 "http://www.walleyecentral.com/forums/showthread.php?t=189137" "Mozilla/4.0 (compatible; MSIE 8.0; Windows NT 5.1; Trident/4.0; InfoPath.1; .NET CLR 2.0.50727)"
216.16.37.152 - - [04/Jan/2012:09:15:51 -0500] "GET /forums/images/buttons/multiquote_off.gif HTTP/1.1" 304 - "http://www.walleyecentral.com/forums/showthread.php?t=189238" "Mozilla/4.0 (compatible; MSIE 7.0; Windows NT 6.0; SLCC1; .NET CLR 2.0.50727; Media Center PC 5.0; .NET CLR 3.5.30729; .NET4.0C; .NET CLR 3.0.30729; .NET4.0E)"
199.131.242.220 - - [04/Jan/2012:09:15:51 -0500] "GET /themes/default/images/x.gif HTTP/1.1" 304 - "http://www.walleyecentral.com/" "Mozilla/4.0 (compatible; MSIE 8.0; Windows NT 5.1; Trident/4.0; GTB7.2; .NET CLR 2.0.50727; .NET CLR 1.1.4322; InfoPath.2; .NET CLR 3.0.4506.2152; .NET CLR 3.5.30729; MS-RTC LM 8; .NET4.0C; .NET4.0E; MS-RTC LM 8)"
63.135.136.202 - - [04/Jan/2012:09:15:50 -0500] "GET /forums/showthread.php?t=189215 HTTP/1.1" 200 15299 "http://www.walleyecentral.com/forums/forumdisplay.php?f=34" "Mozilla/4.0 (compatible; MSIE 8.0; Windows NT 5.1; Trident/4.0; GTB7.2; .NET CLR 1.1.4322; .NET CLR 2.0.50727; InfoPath.2; .NET CLR 3.0.4506.2152; .NET CLR 3.5.30729)"
216.16.37.152 - - [04/Jan/2012:09:15:51 -0500] "GET /forums/images/buttons/quickreply.gif HTTP/1.1" 304 - "http://www.walleyecentral.com/forums/showthread.php?t=189238" "Mozilla/4.0 (compatible; MSIE 7.0; Windows NT 6.0; SLCC1; .NET CLR 2.0.50727; Media Center PC 5.0; .NET CLR 3.5.30729; .NET4.0C; .NET CLR 3.0.30729; .NET4.0E)"
199.131.242.220 - - [04/Jan/2012:09:15:51 -0500] "GET /images/wc-hoodie.jpg HTTP/1.1" 304 - "http://www.walleyecentral.com/" "Mozilla/4.0 (compatible; MSIE 8.0; Windows NT 5.1; Trident/4.0; GTB7.2; .NET CLR 2.0.50727; .NET CLR 1.1.4322; InfoPath.2; .NET CLR 3.0.4506.2152; .NET CLR 3.5.30729; MS-RTC LM 8; .NET4.0C; .NET4.0E; MS-RTC LM 8)"
199.131.242.220 - - [04/Jan/2012:09:15:51 -0500] "GET /themes/default/images/ranger_icon.jpg HTTP/1.1" 304 - "http://www.walleyecentral.com/" "Mozilla/4.0 (compatible; MSIE 8.0; Windows NT 5.1; Trident/4.0; GTB7.2; .NET CLR 2.0.50727; .NET CLR 1.1.4322; InfoPath.2; .NET CLR 3.0.4506.2152; .NET CLR 3.5.30729; MS-RTC LM 8; .NET4.0C; .NET4.0E; MS-RTC LM 8)"
199.131.242.220 - - [04/Jan/2012:09:15:51 -0500] "GET /images/fishhuron.jpg HTTP/1.1" 304 - "http://www.walleyecentral.com/" "Mozilla/4.0 (compatible; MSIE 8.0; Windows NT 5.1; Trident/4.0; GTB7.2; .NET CLR 2.0.50727; .NET CLR 1.1.4322; InfoPath.2; .NET CLR 3.0.4506.2152; .NET CLR 3.5.30729; MS-RTC LM 8; .NET4.0C; .NET4.0E; MS-RTC LM 8)"
199.131.242.220 - - [04/Jan/2012:09:15:51 -0500] "GET /images/facebook.jpg HTTP/1.1" 304 - "http://www.walleyecentral.com/" "Mozilla/4.0 (compatible; MSIE 8.0; Windows NT 5.1; Trident/4.0; GTB7.2; .NET CLR 2.0.50727; .NET CLR 1.1.4322; InfoPath.2; .NET CLR 3.0.4506.2152; .NET CLR 3.5.30729; MS-RTC LM 8; .NET4.0C; .NET4.0E; MS-RTC LM 8)"
216.16.37.152 - - [04/Jan/2012:09:15:51 -0500] "GET /forums/images/misc/11x11progress.gif HTTP/1.1" 304 - "http://www.walleyecentral.com/forums/showthread.php?t=189238" "Mozilla/4.0 (compatible; MSIE 7.0; Windows NT 6.0; SLCC1; .NET CLR 2.0.50727; Media Center PC 5.0; .NET CLR 3.5.30729; .NET4.0C; .NET CLR 3.0.30729; .NET4.0E)"
216.16.37.152 - - [04/Jan/2012:09:15:51 -0500] "GET /forums/clientscript/vbulletin_ajax_taglist.js?v=373 HTTP/1.1" 304 - "http://www.walleyecentral.com/forums/showthread.php?t=189238" "Mozilla/4.0 (compatible; MSIE 7.0; Windows NT 6.0; SLCC1; .NET CLR 2.0.50727; Media Center PC 5.0; .NET CLR 3.5.30729; .NET4.0C; .NET CLR 3.0.30729; .NET4.0E)"
199.131.242.220 - - [04/Jan/2012:09:15:51 -0500] "GET /themes/default/images/edit.gif HTTP/1.1" 304 - "http://www.walleyecentral.com/" "Mozilla/4.0 (compatible; MSIE 8.0; Windows NT 5.1; Trident/4.0; GTB7.2; .NET CLR 2.0.50727; .NET CLR 1.1.4322; InfoPath.2; .NET CLR 3.0.4506.2152; .NET CLR 3.5.30729; MS-RTC LM 8; .NET4.0C; .NET4.0E; MS-RTC LM 8)"
69.84.73.60 - - [04/Jan/2012:09:15:51 -0500] "GET /openx/www/delivery/ai.php?filename=alumacraft.jpg&contenttype=jpeg HTTP/1.1" 304 - "http://www.walleyecentral.com/forums/showthread.php?t=189137" "Mozilla/4.0 (compatible; MSIE 8.0; Windows NT 5.1; Trident/4.0; InfoPath.1; .NET CLR 2.0.50727)"
216.16.37.152 - - [04/Jan/2012:09:15:51 -0500] "GET /forums/clientscript/vbulletin_ajax_tagsugg.js?v=373 HTTP/1.1" 304 - "http://www.walleyecentral.com/forums/showthread.php?t=189238" "Mozilla/4.0 (compatible; MSIE 7.0; Windows NT 6.0; SLCC1; .NET CLR 2.0.50727; Media Center PC 5.0; .NET CLR 3.5.30729; .NET4.0C; .NET CLR 3.0.30729; .NET4.0E)"
199.131.242.220 - - [04/Jan/2012:09:15:51 -0500] "GET /dbimages/articles-2012-01-02-216201556iconfile.JPG HTTP/1.1" 304 - "http://www.walleyecentral.com/" "Mozilla/4.0 (compatible; MSIE 8.0; Windows NT 5.1; Trident/4.0; GTB7.2; .NET CLR 2.0.50727; .NET CLR 1.1.4322; InfoPath.2; .NET CLR 3.0.4506.2152; .NET CLR 3.5.30729; MS-RTC LM 8; .NET4.0C; .NET4.0E; MS-RTC LM 8)"
199.131.242.220 - - [04/Jan/2012:09:15:51 -0500] "GET /dbimages/articles-2011-12-20-231784295iconfile.jpg HTTP/1.1" 304 - "http://www.walleyecentral.com/" "Mozilla/4.0 (compatible; MSIE 8.0; Windows NT 5.1; Trident/4.0; GTB7.2; .NET CLR 2.0.50727; .NET CLR 1.1.4322; InfoPath.2; .NET CLR 3.0.4506.2152; .NET CLR 3.5.30729; MS-RTC LM 8; .NET4.0C; .NET4.0E; MS-RTC LM 8)"
216.16.37.152 - - [04/Jan/2012:09:15:51 -0500] "GET /forums/clientscript/vbulletin_lightbox.js?v=373 HTTP/1.1" 304 - "http://www.walleyecentral.com/forums/showthread.php?t=189238" "Mozilla/4.0 (compatible; MSIE 7.0; Windows NT 6.0; SLCC1; .NET CLR 2.0.50727; Media Center PC 5.0; .NET CLR 3.5.30729; .NET4.0C; .NET CLR 3.0.30729; .NET4.0E)"
199.131.242.220 - - [04/Jan/2012:09:15:51 -0500] "GET /dbimages/articles-2011-12-27-925807361iconfile.jpg HTTP/1.1" 304 - "http://www.walleyecentral.com/" "Mozilla/4.0 (compatible; MSIE 8.0; Windows NT 5.1; Trident/4.0; GTB7.2; .NET CLR 2.0.50727; .NET CLR 1.1.4322; InfoPath.2; .NET CLR 3.0.4506.2152; .NET CLR 3.5.30729; MS-RTC LM 8; .NET4.0C; .NET4.0E; MS-RTC LM 8)"
199.131.242.220 - - [04/Jan/2012:09:15:51 -0500] "GET /dbimages/articles-2011-12-20-993572124iconfile.jpg HTTP/1.1" 304 - "http://www.walleyecentral.com/" "Mozilla/4.0 (compatible; MSIE 8.0; Windows NT 5.1; Trident/4.0; GTB7.2; .NET CLR 2.0.50727; .NET CLR 1.1.4322; InfoPath.2; .NET CLR 3.0.4506.2152; .NET CLR 3.5.30729; MS-RTC LM 8; .NET4.0C; .NET4.0E; MS-RTC LM 8)"
63.135.136.202 - - [04/Jan/2012:09:15:51 -0500] "GET /openx/www/delivery/ajs.php?n=a5212870&zoneid=106&source=&exclude=,&r=692972421&loc=http%3A//www.walleyecentral.com/forums/showthread.php%3Ft%3D189215&referer=http%3A//www.walleyecentral.com/forums/forumdisplay.php%3Ff%3D34 HTTP/1.1" 200 959 "http://www.walleyecentral.com/forums/showthread.php?t=189215" "Mozilla/4.0 (compatible; MSIE 8.0; Windows NT 5.1; Trident/4.0; GTB7.2; .NET CLR 1.1.4322; .NET CLR 2.0.50727; InfoPath.2; .NET CLR 3.0.4506.2152; .NET CLR 3.5.30729)"
199.131.242.220 - - [04/Jan/2012:09:15:51 -0500] "GET /dbimages/articles-2011-12-20-429665774iconfile.jpg HTTP/1.1" 304 - "http://www.walleyecentral.com/" "Mozilla/4.0 (compatible; MSIE 8.0; Windows NT 5.1; Trident/4.0; GTB7.2; .NET CLR 2.0.50727; .NET CLR 1.1.4322; InfoPath.2; .NET CLR 3.0.4506.2152; .NET CLR 3.5.30729; MS-RTC LM 8; .NET4.0C; .NET4.0E; MS-RTC LM 8)"
216.16.37.152 - - [04/Jan/2012:09:15:51 -0500] "GET /forums/clientscript/vbulletin_multi_quote.js?v=373 HTTP/1.1" 304 - "http://www.walleyecentral.com/forums/showthread.php?t=189238" "Mozilla/4.0 (compatible; MSIE 7.0; Windows NT 6.0; SLCC1; .NET CLR 2.0.50727; Media Center PC 5.0; .NET CLR 3.5.30729; .NET4.0C; .NET CLR 3.0.30729; .NET4.0E)"
199.131.242.220 - - [04/Jan/2012:09:15:51 -0500] "GET /dbimages/articles-2011-12-19-56677216iconfile.jpg HTTP/1.1" 304 - "http://www.walleyecentral.com/" "Mozilla/4.0 (compatible; MSIE 8.0; Windows NT 5.1; Trident/4.0; GTB7.2; .NET CLR 2.0.50727; .NET CLR 1.1.4322; InfoPath.2; .NET CLR 3.0.4506.2152; .NET CLR 3.5.30729; MS-RTC LM 8; .NET4.0C; .NET4.0E; MS-RTC LM 8)"
216.16.37.152 - - [04/Jan/2012:09:15:51 -0500] "GET /forums/clientscript/vbulletin_textedit.js?v=373 HTTP/1.1" 304 - "http://www.walleyecentral.com/forums/showthread.php?t=189238" "Mozilla/4.0 (compatible; MSIE 7.0; Windows NT 6.0; SLCC1; .NET CLR 2.0.50727; Media Center PC 5.0; .NET CLR 3.5.30729; .NET4.0C; .NET CLR 3.0.30729; .NET4.0E)"
199.131.242.220 - - [04/Jan/2012:09:15:51 -0500] "GET /dbimages/articles-2011-12-19-992528775iconfile.jpg HTTP/1.1" 304 - "http://www.walleyecentral.com/" "Mozilla/4.0 (compatible; MSIE 8.0; Windows NT 5.1; Trident/4.0; GTB7.2; .NET CLR 2.0.50727; .NET CLR 1.1.4322; InfoPath.2; .NET CLR 3.0.4506.2152; .NET CLR 3.5.30729; MS-RTC LM 8; .NET4.0C; .NET4.0E; MS-RTC LM 8)"
199.131.242.220 - - [04/Jan/2012:09:15:51 -0500] "GET /dbimages/articles-2011-12-09-612515290iconfile.jpg HTTP/1.1" 304 - "http://www.walleyecentral.com/" "Mozilla/4.0 (compatible; MSIE 8.0; Windows NT 5.1; Trident/4.0; GTB7.2; .NET CLR 2.0.50727; .NET CLR 1.1.4322; InfoPath.2; .NET CLR 3.0.4506.2152; .NET CLR 3.5.30729; MS-RTC LM 8; .NET4.0C; .NET4.0E; MS-RTC LM 8)"
69.84.73.60 - - [04/Jan/2012:09:15:51 -0500] "GET /openx/www/delivery/lg.php?bannerid=94&campaignid=1&zoneid=98&loc=http%3A%2F%2Fwww.walleyecentral.com%2Fforums%2Fshowthread.php%3Ft%3D189137&referer=http%3A%2F%2Fwww.walleyecentral.com%2Fforums%2Fforumdisplay.php%3Ff%3D32&cb=abb11e9199 HTTP/1.1" 200 43 "http://www.walleyecentral.com/forums/showthread.php?t=189137" "Mozilla/4.0 (compatible; MSIE 8.0; Windows NT 5.1; Trident/4.0; InfoPath.1; .NET CLR 2.0.50727)"
199.131.242.220 - - [04/Jan/2012:09:15:51 -0500] "GET /dbimages/articles-2011-12-05-541299785iconfile.jpg HTTP/1.1" 304 - "http://www.walleyecentral.com/" "Mozilla/4.0 (compatible; MSIE 8.0; Windows NT 5.1; Trident/4.0; GTB7.2; .NET CLR 2.0.50727; .NET CLR 1.1.4322; InfoPath.2; .NET CLR 3.0.4506.2152; .NET CLR 3.5.30729; MS-RTC LM 8; .NET4.0C; .NET4.0E; MS-RTC LM 8)"
216.16.37.152 - - [04/Jan/2012:09:15:51 -0500] "GET /forums/clientscript/vbulletin_quick_edit.js?v=373 HTTP/1.1" 304 - "http://www.walleyecentral.com/forums/showthread.php?t=189238" "Mozilla/4.0 (compatible; MSIE 7.0; Windows NT 6.0; SLCC1; .NET CLR 2.0.50727; Media Center PC 5.0; .NET CLR 3.5.30729; .NET4.0C; .NET CLR 3.0.30729; .NET4.0E)"
199.131.242.220 - - [04/Jan/2012:09:15:51 -0500] "GET /dbimages/articles-2011-09-29-923068202iconfile.jpg HTTP/1.1" 304 - "http://www.walleyecentral.com/" "Mozilla/4.0 (compatible; MSIE 8.0; Windows NT 5.1; Trident/4.0; GTB7.2; .NET CLR 2.0.50727; .NET CLR 1.1.4322; InfoPath.2; .NET CLR 3.0.4506.2152; .NET CLR 3.5.30729; MS-RTC LM 8; .NET4.0C; .NET4.0E; MS-RTC LM 8)"
199.131.242.220 - - [04/Jan/2012:09:15:51 -0500] "GET /dbimages/tenpoundclub-2011-12-23-141169268thumbnail.jpg HTTP/1.1" 304 - "http://www.walleyecentral.com/" "Mozilla/4.0 (compatible; MSIE 8.0; Windows NT 5.1; Trident/4.0; GTB7.2; .NET CLR 2.0.50727; .NET CLR 1.1.4322; InfoPath.2; .NET CLR 3.0.4506.2152; .NET CLR 3.5.30729; MS-RTC LM 8; .NET4.0C; .NET4.0E; MS-RTC LM 8)"
216.16.37.152 - - [04/Jan/2012:09:15:51 -0500] "GET /forums/clientscript/vbulletin_quick_reply.js?v=373 HTTP/1.1" 304 - "http://www.walleyecentral.com/forums/showthread.php?t=189238" "Mozilla/4.0 (compatible; MSIE 7.0; Windows NT 6.0; SLCC1; .NET CLR 2.0.50727; Media Center PC 5.0; .NET CLR 3.5.30729; .NET4.0C; .NET CLR 3.0.30729; .NET4.0E)"
69.84.73.60 - - [04/Jan/2012:09:15:51 -0500] "GET /openx/www/delivery/ajs.php?n=a5212870&zoneid=97&source=&exclude=,&r=788951761&loc=http%3A//www.walleyecentral.com/forums/forumdisplay.php%3Ff%3D32&referer=http%3A//www.walleyecentral.com/ HTTP/1.1" 200 980 "http://www.walleyecentral.com/forums/forumdisplay.php?f=32" "Mozilla/4.0 (compatible; MSIE 8.0; Windows NT 5.1; Trident/4.0; InfoPath.1; .NET CLR 2.0.50727)"
66.249.71.211 - - [04/Jan/2012:09:15:51 -0500] "GET /forums/archive/index.php/t-49044.html HTTP/1.1" 200 7868 "-" "Mozilla/5.0 (compatible; Googlebot/2.1; +http://www.google.com/bot.html)"
199.131.242.220 - - [04/Jan/2012:09:15:51 -0500] "GET /dbimages/tenpoundclub-2012-01-03-862352758thumbnail.jpg HTTP/1.1" 200 12900 "http://www.walleyecentral.com/" "Mozilla/4.0 (compatible; MSIE 8.0; Windows NT 5.1; Trident/4.0; GTB7.2; .NET CLR 2.0.50727; .NET CLR 1.1.4322; InfoPath.2; .NET CLR 3.0.4506.2152; .NET CLR 3.5.30729; MS-RTC LM 8; .NET4.0C; .NET4.0E; MS-RTC LM 8)"
216.16.37.152 - - [04/Jan/2012:09:15:51 -0500] "GET /forums/images/buttons/collapse_tcat.gif HTTP/1.1" 304 - "http://www.walleyecentral.com/forums/showthread.php?t=189238" "Mozilla/4.0 (compatible; MSIE 7.0; Windows NT 6.0; SLCC1; .NET CLR 2.0.50727; Media Center PC 5.0; .NET CLR 3.5.30729; .NET4.0C; .NET CLR 3.0.30729; .NET4.0E)"
216.16.37.152 - - [04/Jan/2012:09:15:51 -0500] "GET /forums/images/gradients/gradient_panelsurround.gif HTTP/1.1" 304 - "http://www.walleyecentral.com/forums/showthread.php?t=189238" "Mozilla/4.0 (compatible; MSIE 7.0; Windows NT 6.0; SLCC1; .NET CLR 2.0.50727; Media Center PC 5.0; .NET CLR 3.5.30729; .NET4.0C; .NET CLR 3.0.30729; .NET4.0E)"
199.131.242.220 - - [04/Jan/2012:09:15:51 -0500] "GET /dbimages/tenpoundclub-2011-12-23-97306314thumbnail.jpg HTTP/1.1" 304 - "http://www.walleyecentral.com/" "Mozilla/4.0 (compatible; MSIE 8.0; Windows NT 5.1; Trident/4.0; GTB7.2; .NET CLR 2.0.50727; .NET CLR 1.1.4322; InfoPath.2; .NET CLR 3.0.4506.2152; .NET CLR 3.5.30729; MS-RTC LM 8; .NET4.0C; .NET4.0E; MS-RTC LM 8)"
199.131.242.220 - - [04/Jan/2012:09:15:51 -0500] "GET /wcvideo/video/20110925-150928.jpg HTTP/1.1" 304 - "http://www.walleyecentral.com/" "Mozilla/4.0 (compatible; MSIE 8.0; Windows NT 5.1; Trident/4.0; GTB7.2; .NET CLR 2.0.50727; .NET CLR 1.1.4322; InfoPath.2; .NET CLR 3.0.4506.2152; .NET CLR 3.5.30729; MS-RTC LM 8; .NET4.0C; .NET4.0E; MS-RTC LM 8)"
205.134.249.170 - - [04/Jan/2012:09:15:51 -0500] "GET /weather.php?pands=49764 HTTP/1.1" 200 16166 "-" "PHP/5.2.17"
63.135.136.202 - - [04/Jan/2012:09:15:51 -0500] "GET /forums/image.php?u=9375&dateline=1291899563 HTTP/1.1" 200 1925 "http://www.walleyecentral.com/forums/showthread.php?t=189215" "Mozilla/4.0 (compatible; MSIE 8.0; Windows NT 5.1; Trident/4.0; GTB7.2; .NET CLR 1.1.4322; .NET CLR 2.0.50727; InfoPath.2; .NET CLR 3.0.4506.2152; .NET CLR 3.5.30729)"
199.131.242.220 - - [04/Jan/2012:09:15:52 -0500] "GET /wcvideo/video/20110918-060900.jpg HTTP/1.1" 304 - "http://www.walleyecentral.com/" "Mozilla/4.0 (compatible; MSIE 8.0; Windows NT 5.1; Trident/4.0; GTB7.2; .NET CLR 2.0.50727; .NET CLR 1.1.4322; InfoPath.2; .NET CLR 3.0.4506.2152; .NET CLR 3.5.30729; MS-RTC LM 8; .NET4.0C; .NET4.0E; MS-RTC LM 8)"
199.131.242.220 - - [04/Jan/2012:09:15:52 -0500] "GET /wcvideo/video/20110808-130818.jpg HTTP/1.1" 304 - "http://www.walleyecentral.com/" "Mozilla/4.0 (compatible; MSIE 8.0; Windows NT 5.1; Trident/4.0; GTB7.2; .NET CLR 2.0.50727; .NET CLR 1.1.4322; InfoPath.2; .NET CLR 3.0.4506.2152; .NET CLR 3.5.30729; MS-RTC LM 8; .NET4.0C; .NET4.0E; MS-RTC LM 8)"
216.16.37.152 - - [04/Jan/2012:09:15:52 -0500] "GET /forums/images/buttons/subscribe.gif HTTP/1.1" 304 - "http://www.walleyecentral.com/forums/showthread.php?t=189238" "Mozilla/4.0 (compatible; MSIE 7.0; Windows NT 6.0; SLCC1; .NET CLR 2.0.50727; Media Center PC 5.0; .NET CLR 3.5.30729; .NET4.0C; .NET CLR 3.0.30729; .NET4.0E)"
216.16.37.152 - - [04/Jan/2012:09:15:52 -0500] "GET /forums/images/editor/bold.gif HTTP/1.1" 304 - "http://www.walleyecentral.com/forums/showthread.php?t=189238" "Mozilla/4.0 (compatible; MSIE 7.0; Windows NT 6.0; SLCC1; .NET CLR 2.0.50727; Media Center PC 5.0; .NET CLR 3.5.30729; .NET4.0C; .NET CLR 3.0.30729; .NET4.0E)"
205.134.249.170 - - [04/Jan/2012:09:15:52 -0500] "GET /weather.php?pands=14712 HTTP/1.1" 200 16166 "-" "PHP/5.2.17"
71.64.144.236 - - [04/Jan/2012:09:15:51 -0500] "GET /forums/showthread.php?t=189098&page=3 HTTP/1.1" 200 21435 "http://www.walleyecentral.com/forums/search.php?searchid=4437016" "Mozilla/5.0 (compatible; MSIE 9.0; Windows NT 6.0; Trident/5.0)"
63.135.136.202 - - [04/Jan/2012:09:15:51 -0500] "GET /openx/www/delivery/lg.php?bannerid=64&campaignid=1&zoneid=106&loc=http%3A%2F%2Fwww.walleyecentral.com%2Fforums%2Fshowthread.php%3Ft%3D189215&referer=http%3A%2F%2Fwww.walleyecentral.com%2Fforums%2Fforumdisplay.php%3Ff%3D34&cb=44694f336e HTTP/1.1" 200 43 "http://www.walleyecentral.com/forums/showthread.php?t=189215" "Mozilla/4.0 (compatible; MSIE 8.0; Windows NT 5.1; Trident/4.0; GTB7.2; .NET CLR 1.1.4322; .NET CLR 2.0.50727; InfoPath.2; .NET CLR 3.0.4506.2152; .NET CLR 3.5.30729)"
199.131.242.220 - - [04/Jan/2012:09:15:52 -0500] "GET /phpQJr/embedjr.php?pid=50&w=175&h=400 HTTP/1.1" 200 1036 "http://www.walleyecentral.com/" "Mozilla/4.0 (compatible; MSIE 8.0; Windows NT 5.1; Trident/4.0; GTB7.2; .NET CLR 2.0.50727; .NET CLR 1.1.4322; InfoPath.2; .NET CLR 3.0.4506.2152; .NET CLR 3.5.30729; MS-RTC LM 8; .NET4.0C; .NET4.0E; MS-RTC LM 8)"
71.64.144.236 - - [04/Jan/2012:09:15:52 -0500] "GET /forums/clientscript/vbulletin_post_loader.js?v=373 HTTP/1.1" 200 2037 "http://www.walleyecentral.com/forums/showthread.php?t=189098&page=3" "Mozilla/5.0 (compatible; MSIE 9.0; Windows NT 6.0; Trident/5.0)"
216.16.37.152 - - [04/Jan/2012:09:15:52 -0500] "GET /forums/images/editor/underline.gif HTTP/1.1" 304 - "http://www.walleyecentral.com/forums/showthread.php?t=189238" "Mozilla/4.0 (compatible; MSIE 7.0; Windows NT 6.0; SLCC1; .NET CLR 2.0.50727; Media Center PC 5.0; .NET CLR 3.5.30729; .NET4.0C; .NET CLR 3.0.30729; .NET4.0E)"
71.64.144.236 - - [04/Jan/2012:09:15:52 -0500] "GET /forums/images/buttons/reply.gif HTTP/1.1" 200 3226 "http://www.walleyecentral.com/forums/showthread.php?t=189098&page=3" "Mozilla/5.0 (compatible; MSIE 9.0; Windows NT 6.0; Trident/5.0)"
216.16.37.152 - - [04/Jan/2012:09:15:52 -0500] "GET /forums/images/editor/italic.gif HTTP/1.1" 304 - "http://www.walleyecentral.com/forums/showthread.php?t=189238" "Mozilla/4.0 (compatible; MSIE 7.0; Windows NT 6.0; SLCC1; .NET CLR 2.0.50727; Media Center PC 5.0; .NET CLR 3.5.30729; .NET4.0C; .NET CLR 3.0.30729; .NET4.0E)"
71.64.144.236 - - [04/Jan/2012:09:15:52 -0500] "GET /forums/images/statusicon/post_new.gif HTTP/1.1" 200 529 "http://www.walleyecentral.com/forums/showthread.php?t=189098&page=3" "Mozilla/5.0 (compatible; MSIE 9.0; Windows NT 6.0; Trident/5.0)"
71.64.144.236 - - [04/Jan/2012:09:15:52 -0500] "GET /forums/images/statusicon/user_offline.gif HTTP/1.1" 200 1026 "http://www.walleyecentral.com/forums/showthread.php?t=189098&page=3" "Mozilla/5.0 (compatible; MSIE 9.0; Windows NT 6.0; Trident/5.0)"
71.64.144.236 - - [04/Jan/2012:09:15:52 -0500] "GET /forums/images/buttons/report.gif HTTP/1.1" 200 1014 "http://www.walleyecentral.com/forums/showthread.php?t=189098&page=3" "Mozilla/5.0 (compatible; MSIE 9.0; Windows NT 6.0; Trident/5.0)"
71.64.144.236 - - [04/Jan/2012:09:15:52 -0500] "GET /forums/images/buttons/quickreply.gif HTTP/1.1" 200 1407 "http://www.walleyecentral.com/forums/showthread.php?t=189098&page=3" "Mozilla/5.0 (compatible; MSIE 9.0; Windows NT 6.0; Trident/5.0)"
71.64.144.236 - - [04/Jan/2012:09:15:52 -0500] "GET /forums/images/buttons/viewpost.gif HTTP/1.1" 200 964 "http://www.walleyecentral.com/forums/showthread.php?t=189098&page=3" "Mozilla/5.0 (compatible; MSIE 9.0; Windows NT 6.0; Trident/5.0)"
71.64.144.236 - - [04/Jan/2012:09:15:52 -0500] "GET /forums/images/buttons/multiquote_off.gif HTTP/1.1" 200 1355 "http://www.walleyecentral.com/forums/showthread.php?t=189098&page=3" "Mozilla/5.0 (compatible; MSIE 9.0; Windows NT 6.0; Trident/5.0)"
71.64.144.236 - - [04/Jan/2012:09:15:52 -0500] "GET /forums/images/buttons/quote.gif HTTP/1.1" 200 2182 "http://www.walleyecentral.com/forums/showthread.php?t=189098&page=3" "Mozilla/5.0 (compatible; MSIE 9.0; Windows NT 6.0; Trident/5.0)"
71.64.144.236 - - [04/Jan/2012:09:15:52 -0500] "GET /forums/clientscript/vbulletin_editor.css?v=373 HTTP/1.1" 200 3229 "http://www.walleyecentral.com/forums/showthread.php?t=189098&page=3" "Mozilla/5.0 (compatible; MSIE 9.0; Windows NT 6.0; Trident/5.0)"
216.16.37.152 - - [04/Jan/2012:09:15:52 -0500] "GET /forums/images/editor/color.gif HTTP/1.1" 304 - "http://www.walleyecentral.com/forums/showthread.php?t=189238" "Mozilla/4.0 (compatible; MSIE 7.0; Windows NT 6.0; SLCC1; .NET CLR 2.0.50727; Media Center PC 5.0; .NET CLR 3.5.30729; .NET4.0C; .NET CLR 3.0.30729; .NET4.0E)"
216.16.37.152 - - [04/Jan/2012:09:15:52 -0500] "GET /forums/clear.gif HTTP/1.1" 304 - "http://www.walleyecentral.com/forums/showthread.php?t=189238" "Mozilla/4.0 (compatible; MSIE 7.0; Windows NT 6.0; SLCC1; .NET CLR 2.0.50727; Media Center PC 5.0; .NET CLR 3.5.30729; .NET4.0C; .NET CLR 3.0.30729; .NET4.0E)"
69.84.73.60 - - [04/Jan/2012:09:15:51 -0500] "GET /openx/www/delivery/lg.php?bannerid=34&campaignid=1&zoneid=97&loc=http%3A%2F%2Fwww.walleyecentral.com%2Fforums%2Fforumdisplay.php%3Ff%3D32&referer=http%3A%2F%2Fwww.walleyecentral.com%2F&cb=1fab7aab51 HTTP/1.1" 200 43 "http://www.walleyecentral.com/forums/forumdisplay.php?f=32" "Mozilla/4.0 (compatible; MSIE 8.0; Windows NT 5.1; Trident/4.0; InfoPath.1; .NET CLR 2.0.50727)"
216.16.37.152 - - [04/Jan/2012:09:15:52 -0500] "GET /forums/images/editor/menupop.gif HTTP/1.1" 304 - "http://www.walleyecentral.com/forums/showthread.php?t=189238" "Mozilla/4.0 (compatible; MSIE 7.0; Windows NT 6.0; SLCC1; .NET CLR 2.0.50727; Media Center PC 5.0; .NET CLR 3.5.30729; .NET4.0C; .NET CLR 3.0.30729; .NET4.0E)"
216.16.37.152 - - [04/Jan/2012:09:15:52 -0500] "GET /forums/images/editor/createlink.gif HTTP/1.1" 304 - "http://www.walleyecentral.com/forums/showthread.php?t=189238" "Mozilla/4.0 (compatible; MSIE 7.0; Windows NT 6.0; SLCC1; .NET CLR 2.0.50727; Media Center PC 5.0; .NET CLR 3.5.30729; .NET4.0C; .NET CLR 3.0.30729; .NET4.0E)"
71.64.144.236 - - [04/Jan/2012:09:15:52 -0500] "GET /openx/www/delivery/ajs.php?n=a5212870&zoneid=87&source=&exclude=,&r=847174741&loc=http%3A//www.walleyecentral.com/forums/showthread.php%3Ft%3D189098%26page%3D3&referer=http%3A//www.walleyecentral.com/forums/search.php%3Fsearchid%3D4437016 HTTP/1.1" 200 951 "http://www.walleyecentral.com/forums/showthread.php?t=189098&page=3" "Mozilla/5.0 (compatible; MSIE 9.0; Windows NT 6.0; Trident/5.0)"
216.16.37.152 - - [04/Jan/2012:09:15:52 -0500] "GET /forums/images/editor/quote.gif HTTP/1.1" 304 - "http://www.walleyecentral.com/forums/showthread.php?t=189238" "Mozilla/4.0 (compatible; MSIE 7.0; Windows NT 6.0; SLCC1; .NET CLR 2.0.50727; Media Center PC 5.0; .NET CLR 3.5.30729; .NET4.0C; .NET CLR 3.0.30729; .NET4.0E)"
216.16.37.152 - - [04/Jan/2012:09:15:52 -0500] "GET /forums/images/editor/spelling.gif HTTP/1.1" 304 - "http://www.walleyecentral.com/forums/showthread.php?t=189238" "Mozilla/4.0 (compatible; MSIE 7.0; Windows NT 6.0; SLCC1; .NET CLR 2.0.50727; Media Center PC 5.0; .NET CLR 3.5.30729; .NET4.0C; .NET CLR 3.0.30729; .NET4.0E)"
216.16.37.152 - - [04/Jan/2012:09:15:52 -0500] "GET /forums/images/editor/resize_0.gif HTTP/1.1" 304 - "http://www.walleyecentral.com/forums/showthread.php?t=189238" "Mozilla/4.0 (compatible; MSIE 7.0; Windows NT 6.0; SLCC1; .NET CLR 2.0.50727; Media Center PC 5.0; .NET CLR 3.5.30729; .NET4.0C; .NET CLR 3.0.30729; .NET4.0E)"
216.16.37.152 - - [04/Jan/2012:09:15:52 -0500] "GET /forums/images/editor/resize_1.gif HTTP/1.1" 304 - "http://www.walleyecentral.com/forums/showthread.php?t=189238" "Mozilla/4.0 (compatible; MSIE 7.0; Windows NT 6.0; SLCC1; .NET CLR 2.0.50727; Media Center PC 5.0; .NET CLR 3.5.30729; .NET4.0C; .NET CLR 3.0.30729; .NET4.0E)"
71.64.144.236 - - [04/Jan/2012:09:15:52 -0500] "GET /forums/images/statusicon/user_online.gif HTTP/1.1" 200 1026 "http://www.walleyecentral.com/forums/showthread.php?t=189098&page=3" "Mozilla/5.0 (compatible; MSIE 9.0; Windows NT 6.0; Trident/5.0)"
71.64.144.236 - - [04/Jan/2012:09:15:52 -0500] "GET /forums/images/smilies/laugh.gif HTTP/1.1" 200 262 "http://www.walleyecentral.com/forums/showthread.php?t=189098&page=3" "Mozilla/5.0 (compatible; MSIE 9.0; Windows NT 6.0; Trident/5.0)"
71.64.144.236 - - [04/Jan/2012:09:15:52 -0500] "GET /forums/images/smilies/cookoo.gif HTTP/1.1" 200 1125 "http://www.walleyecentral.com/forums/showthread.php?t=189098&page=3" "Mozilla/5.0 (compatible; MSIE 9.0; Windows NT 6.0; Trident/5.0)"
71.64.144.236 - - [04/Jan/2012:09:15:52 -0500] "GET /forums/clientscript/vbulletin_ajax_taglist.js?v=373 HTTP/1.1" 200 4615 "http://www.walleyecentral.com/forums/showthread.php?t=189098&page=3" "Mozilla/5.0 (compatible; MSIE 9.0; Windows NT 6.0; Trident/5.0)"
71.64.144.236 - - [04/Jan/2012:09:15:52 -0500] "GET /forums/images/misc/11x11progress.gif HTTP/1.1" 200 537 "http://www.walleyecentral.com/forums/showthread.php?t=189098&page=3" "Mozilla/5.0 (compatible; MSIE 9.0; Windows NT 6.0; Trident/5.0)"
199.131.242.220 - - [04/Jan/2012:09:15:52 -0500] "GET /commonimages/blocks.png HTTP/1.1" 304 - "http://www.walleyecentral.com/" "Mozilla/4.0 (compatible; MSIE 8.0; Windows NT 5.1; Trident/4.0; GTB7.2; .NET CLR 2.0.50727; .NET CLR 1.1.4322; InfoPath.2; .NET CLR 3.0.4506.2152; .NET CLR 3.5.30729; MS-RTC LM 8; .NET4.0C; .NET4.0E; MS-RTC LM 8)"
71.64.144.236 - - [04/Jan/2012:09:15:52 -0500] "GET /forums/clientscript/vbulletin_lightbox.js?v=373 HTTP/1.1" 200 10260 "http://www.walleyecentral.com/forums/showthread.php?t=189098&page=3" "Mozilla/5.0 (compatible; MSIE 9.0; Windows NT 6.0; Trident/5.0)"
71.64.144.236 - - [04/Jan/2012:09:15:52 -0500] "GET /forums/clientscript/vbulletin_ajax_tagsugg.js?v=373 HTTP/1.1" 200 5332 "http://www.walleyecentral.com/forums/showthread.php?t=189098&page=3" "Mozilla/5.0 (compatible; MSIE 9.0; Windows NT 6.0; Trident/5.0)"
199.131.242.220 - - [04/Jan/2012:09:15:52 -0500] "GET /images/navionics_app.jpg HTTP/1.1" 304 - "http://www.walleyecentral.com/" "Mozilla/4.0 (compatible; MSIE 8.0; Windows NT 5.1; Trident/4.0; GTB7.2; .NET CLR 2.0.50727; .NET CLR 1.1.4322; InfoPath.2; .NET CLR 3.0.4506.2152; .NET CLR 3.5.30729; MS-RTC LM 8; .NET4.0C; .NET4.0E; MS-RTC LM 8)"
199.131.242.220 - - [04/Jan/2012:09:15:52 -0500] "GET /phpQJr/poll.php?pid=50&url=http%3A//www.walleyecentral.com/ HTTP/1.1" 200 3982 "http://www.walleyecentral.com/" "Mozilla/4.0 (compatible; MSIE 8.0; Windows NT 5.1; Trident/4.0; GTB7.2; .NET CLR 2.0.50727; .NET CLR 1.1.4322; InfoPath.2; .NET CLR 3.0.4506.2152; .NET CLR 3.5.30729; MS-RTC LM 8; .NET4.0C; .NET4.0E; MS-RTC LM 8)"
199.131.242.220 - - [04/Jan/2012:09:15:52 -0500] "GET /images/shutup1.gif HTTP/1.1" 304 - "http://www.walleyecentral.com/" "Mozilla/4.0 (compatible; MSIE 8.0; Windows NT 5.1; Trident/4.0; GTB7.2; .NET CLR 2.0.50727; .NET CLR 1.1.4322; InfoPath.2; .NET CLR 3.0.4506.2152; .NET CLR 3.5.30729; MS-RTC LM 8; .NET4.0C; .NET4.0E; MS-RTC LM 8)"
71.64.144.236 - - [04/Jan/2012:09:15:52 -0500] "GET /forums/image.php?u=28333&dateline=1320803063 HTTP/1.1" 200 2552 "http://www.walleyecentral.com/forums/showthread.php?t=189098&page=3" "Mozilla/5.0 (compatible; MSIE 9.0; Windows NT 6.0; Trident/5.0)"
71.64.144.236 - - [04/Jan/2012:09:15:52 -0500] "GET /openx/www/delivery/ai.php?filename=kidsbooks.png&contenttype=png HTTP/1.1" 200 19085 "http://www.walleyecentral.com/forums/showthread.php?t=189098&page=3" "Mozilla/5.0 (compatible; MSIE 9.0; Windows NT 6.0; Trident/5.0)"
216.16.37.152 - - [04/Jan/2012:09:15:52 -0500] "GET /forums/images/editor/switchmode.gif HTTP/1.1" 304 - "http://www.walleyecentral.com/forums/showthread.php?t=189238" "Mozilla/4.0 (compatible; MSIE 7.0; Windows NT 6.0; SLCC1; .NET CLR 2.0.50727; Media Center PC 5.0; .NET CLR 3.5.30729; .NET4.0C; .NET CLR 3.0.30729; .NET4.0E)"
216.16.37.152 - - [04/Jan/2012:09:15:52 -0500] "GET /forums/images/editor/removeformat.gif HTTP/1.1" 304 - "http://www.walleyecentral.com/forums/showthread.php?t=189238" "Mozilla/4.0 (compatible; MSIE 7.0; Windows NT 6.0; SLCC1; .NET CLR 2.0.50727; Media Center PC 5.0; .NET CLR 3.5.30729; .NET4.0C; .NET CLR 3.0.30729; .NET4.0E)"
71.64.144.236 - - [04/Jan/2012:09:15:52 -0500] "GET /forums/clientscript/vbulletin_multi_quote.js?v=373 HTTP/1.1" 200 1799 "http://www.walleyecentral.com/forums/showthread.php?t=189098&page=3" "Mozilla/5.0 (compatible; MSIE 9.0; Windows NT 6.0; Trident/5.0)"
216.16.37.152 - - [04/Jan/2012:09:15:52 -0500] "GET /forums/images/gradients/gradient_panel.gif HTTP/1.1" 304 - "http://www.walleyecentral.com/forums/showthread.php?t=189238" "Mozilla/4.0 (compatible; MSIE 7.0; Windows NT 6.0; SLCC1; .NET CLR 2.0.50727; Media Center PC 5.0; .NET CLR 3.5.30729; .NET4.0C; .NET CLR 3.0.30729; .NET4.0E)"
71.64.144.236 - - [04/Jan/2012:09:15:52 -0500] "GET /forums/clientscript/vbulletin_quick_edit.js?v=373 HTTP/1.1" 200 10341 "http://www.walleyecentral.com/forums/showthread.php?t=189098&page=3" "Mozilla/5.0 (compatible; MSIE 9.0; Windows NT 6.0; Trident/5.0)"
216.16.37.152 - - [04/Jan/2012:09:15:52 -0500] "GET /forums/images/misc/progress.gif HTTP/1.1" 304 - "http://www.walleyecentral.com/forums/showthread.php?t=189238" "Mozilla/4.0 (compatible; MSIE 7.0; Windows NT 6.0; SLCC1; .NET CLR 2.0.50727; Media Center PC 5.0; .NET CLR 3.5.30729; .NET4.0C; .NET CLR 3.0.30729; .NET4.0E)"
71.64.144.236 - - [04/Jan/2012:09:15:52 -0500] "GET /forums/clientscript/vbulletin_quick_reply.js?v=373 HTTP/1.1" 200 5470 "http://www.walleyecentral.com/forums/showthread.php?t=189098&page=3" "Mozilla/5.0 (compatible; MSIE 9.0; Windows NT 6.0; Trident/5.0)"
71.64.144.236 - - [04/Jan/2012:09:15:52 -0500] "GET /forums/images/buttons/sendtofriend.gif HTTP/1.1" 200 1125 "http://www.walleyecentral.com/forums/showthread.php?t=189098&page=3" "Mozilla/5.0 (compatible; MSIE 9.0; Windows NT 6.0; Trident/5.0)"
71.64.144.236 - - [04/Jan/2012:09:15:52 -0500] "GET /forums/images/misc/progress.gif HTTP/1.1" 200 701 "http://www.walleyecentral.com/forums/showthread.php?t=189098&page=3" "Mozilla/5.0 (compatible; MSIE 9.0; Windows NT 6.0; Trident/5.0)"
71.64.144.236 - - [04/Jan/2012:09:15:52 -0500] "GET /forums/images/buttons/mode_linear.gif HTTP/1.1" 200 609 "http://www.walleyecentral.com/forums/showthread.php?t=189098&page=3" "Mozilla/5.0 (compatible; MSIE 9.0; Windows NT 6.0; Trident/5.0)"
71.64.144.236 - - [04/Jan/2012:09:15:52 -0500] "GET /forums/images/buttons/subscribe.gif HTTP/1.1" 200 1102 "http://www.walleyecentral.com/forums/showthread.php?t=189098&page=3" "Mozilla/5.0 (compatible; MSIE 9.0; Windows NT 6.0; Trident/5.0)"
205.134.249.170 - - [04/Jan/2012:09:15:52 -0500] "GET /weather.php?pands=43334 HTTP/1.1" 200 16166 "-" "PHP/5.2.17"
71.64.144.236 - - [04/Jan/2012:09:15:52 -0500] "GET /forums/images/buttons/printer.gif HTTP/1.1" 200 1072 "http://www.walleyecentral.com/forums/showthread.php?t=189098&page=3" "Mozilla/5.0 (compatible; MSIE 9.0; Windows NT 6.0; Trident/5.0)"
71.64.144.236 - - [04/Jan/2012:09:15:52 -0500] "GET /openx/www/delivery/lg.php?bannerid=98&campaignid=1&zoneid=87&loc=http%3A%2F%2Fwww.walleyecentral.com%2Fforums%2Fshowthread.php%3Ft%3D189098%26page%3D3&referer=http%3A%2F%2Fwww.walleyecentral.com%2Fforums%2Fsearch.php%3Fsearchid%3D4437016&cb=a026787a24 HTTP/1.1" 200 43 "http://www.walleyecentral.com/forums/showthread.php?t=189098&page=3" "Mozilla/5.0 (compatible; MSIE 9.0; Windows NT 6.0; Trident/5.0)"
71.64.144.236 - - [04/Jan/2012:09:15:52 -0500] "GET /forums/images/buttons/mode_hybrid.gif HTTP/1.1" 200 588 "http://www.walleyecentral.com/forums/showthread.php?t=189098&page=3" "Mozilla/5.0 (compatible; MSIE 9.0; Windows NT 6.0; Trident/5.0)"
216.16.37.152 - - [04/Jan/2012:09:15:52 -0500] "GET /forums/images/buttons/printer.gif HTTP/1.1" 304 - "http://www.walleyecentral.com/forums/showthread.php?t=189238" "Mozilla/4.0 (compatible; MSIE 7.0; Windows NT 6.0; SLCC1; .NET CLR 2.0.50727; Media Center PC 5.0; .NET CLR 3.5.30729; .NET4.0C; .NET CLR 3.0.30729; .NET4.0E)"
216.16.37.152 - - [04/Jan/2012:09:15:52 -0500] "GET /forums/images/buttons/sendtofriend.gif HTTP/1.1" 304 - "http://www.walleyecentral.com/forums/showthread.php?t=189238" "Mozilla/4.0 (compatible; MSIE 7.0; Windows NT 6.0; SLCC1; .NET CLR 2.0.50727; Media Center PC 5.0; .NET CLR 3.5.30729; .NET4.0C; .NET CLR 3.0.30729; .NET4.0E)"
71.64.144.236 - - [04/Jan/2012:09:15:52 -0500] "GET /forums/images/buttons/mode_threaded.gif HTTP/1.1" 200 562 "http://www.walleyecentral.com/forums/showthread.php?t=189098&page=3" "Mozilla/5.0 (compatible; MSIE 9.0; Windows NT 6.0; Trident/5.0)"
216.16.37.152 - - [04/Jan/2012:09:15:52 -0500] "GET /forums/images/buttons/mode_linear.gif HTTP/1.1" 304 - "http://www.walleyecentral.com/forums/showthread.php?t=189238" "Mozilla/4.0 (compatible; MSIE 7.0; Windows NT 6.0; SLCC1; .NET CLR 2.0.50727; Media Center PC 5.0; .NET CLR 3.5.30729; .NET4.0C; .NET CLR 3.0.30729; .NET4.0E)"
199.131.242.220 - - [04/Jan/2012:09:15:52 -0500] "GET /themes/default/images/footerback.gif HTTP/1.1" 304 - "http://www.walleyecentral.com/" "Mozilla/4.0 (compatible; MSIE 8.0; Windows NT 5.1; Trident/4.0; GTB7.2; .NET CLR 2.0.50727; .NET CLR 1.1.4322; InfoPath.2; .NET CLR 3.0.4506.2152; .NET CLR 3.5.30729; MS-RTC LM 8; .NET4.0C; .NET4.0E; MS-RTC LM 8)"
216.16.37.152 - - [04/Jan/2012:09:15:52 -0500] "GET /forums/images/buttons/mode_hybrid.gif HTTP/1.1" 304 - "http://www.walleyecentral.com/forums/showthread.php?t=189238" "Mozilla/4.0 (compatible; MSIE 7.0; Windows NT 6.0; SLCC1; .NET CLR 2.0.50727; Media Center PC 5.0; .NET CLR 3.5.30729; .NET4.0C; .NET CLR 3.0.30729; .NET4.0E)"
71.64.144.236 - - [04/Jan/2012:09:15:52 -0500] "GET /forums/clientscript/vbulletin_textedit.js?v=373 HTTP/1.1" 200 54568 "http://www.walleyecentral.com/forums/showthread.php?t=189098&page=3" "Mozilla/5.0 (compatible; MSIE 9.0; Windows NT 6.0; Trident/5.0)"
199.131.242.220 - - [04/Jan/2012:09:15:52 -0500] "GET /phpQJr/inc/poll.js HTTP/1.1" 304 - "http://www.walleyecentral.com/phpQJr/poll.php?pid=50&url=http%3A//www.walleyecentral.com/" "Mozilla/4.0 (compatible; MSIE 8.0; Windows NT 5.1; Trident/4.0; GTB7.2; .NET CLR 2.0.50727; .NET CLR 1.1.4322; InfoPath.2; .NET CLR 3.0.4506.2152; .NET CLR 3.5.30729; MS-RTC LM 8; .NET4.0C; .NET4.0E; MS-RTC LM 8)"
66.11.150.236 - - [04/Jan/2012:09:15:52 -0500] "GET /weather.php?pands=61401 HTTP/1.0" 200 24177 "-" "-"
66.11.150.236 - - [04/Jan/2012:09:15:52 -0500] "GET /weather.php?pands=44839 HTTP/1.0" 200 24268 "-" "-"
216.16.37.152 - - [04/Jan/2012:09:15:53 -0500] "GET /forums/images/buttons/mode_threaded.gif HTTP/1.1" 304 - "http://www.walleyecentral.com/forums/showthread.php?t=189238" "Mozilla/4.0 (compatible; MSIE 7.0; Windows NT 6.0; SLCC1; .NET CLR 2.0.50727; Media Center PC 5.0; .NET CLR 3.5.30729; .NET4.0C; .NET CLR 3.0.30729; .NET4.0E)"
216.16.37.152 - - [04/Jan/2012:09:15:53 -0500] "GET /forums/images/editor/separator.gif HTTP/1.1" 304 - "http://www.walleyecentral.com/forums/showthread.php?t=189238" "Mozilla/4.0 (compatible; MSIE 7.0; Windows NT 6.0; SLCC1; .NET CLR 2.0.50727; Media Center PC 5.0; .NET CLR 3.5.30729; .NET4.0C; .NET CLR 3.0.30729; .NET4.0E)"
71.64.144.236 - - [04/Jan/2012:09:15:53 -0500] "GET /forums/images/gradients/gradient_panel.gif HTTP/1.1" 200 3314 "http://www.walleyecentral.com/forums/showthread.php?t=189098&page=3" "Mozilla/5.0 (compatible; MSIE 9.0; Windows NT 6.0; Trident/5.0)"
71.64.144.236 - - [04/Jan/2012:09:15:53 -0500] "GET /forums/images/gradients/gradient_panelsurround.gif HTTP/1.1" 200 3395 "http://www.walleyecentral.com/forums/showthread.php?t=189098&page=3" "Mozilla/5.0 (compatible; MSIE 9.0; Windows NT 6.0; Trident/5.0)"
205.134.249.170 - - [04/Jan/2012:09:15:54 -0500] "GET /weather.php?pands=49769 HTTP/1.1" 200 16166 "-" "PHP/5.2.17"
180.76.5.184 - - [04/Jan/2012:09:15:53 -0500] "GET /forums/showthread.php?t=16964 HTTP/1.1" 200 14648 "-" "Mozilla/5.0 (compatible; Baiduspider/2.0; +http://www.baidu.com/search/spider.html)"
205.134.249.170 - - [04/Jan/2012:09:15:54 -0500] "GET /weather.php?pands=hurley HTTP/1.1" 200 16166 "-" "PHP/5.2.17"
99.157.224.150 - - [04/Jan/2012:09:15:54 -0500] "GET /forums/forumdisplay.php?f=32 HTTP/1.1" 200 22200 "http://www.walleyecentral.com/forums/index.php" "Mozilla/4.0 (compatible; MSIE 8.0; Windows NT 6.1; WOW64; Trident/4.0; SLCC2; .NET CLR 2.0.50727; .NET CLR 3.5.30729; .NET CLR 3.0.30729; Media Center PC 6.0; CPNTDF; BRI/1; BRI/2; .NET4.0C; .NAP 1.1)"
166.250.96.24 - - [04/Jan/2012:09:15:54 -0500] "GET /forums/forumdisplay.php?f=15 HTTP/1.1" 200 22207 "-" "Mozilla/5.0 (Linux; U; Android 2.3.4; en-us; ADR6425LVW 4G Build/GRJ22) AppleWebKit/533.1 (KHTML, like Gecko) Version/4.0 Mobile Safari/533.1"
99.157.224.150 - - [04/Jan/2012:09:15:54 -0500] "GET /openx/www/delivery/ajs.php?n=a5212870&zoneid=97&source=&exclude=,&r=91877271&loc=http%3A//www.walleyecentral.com/forums/forumdisplay.php%3Ff%3D32&referer=http%3A//www.walleyecentral.com/forums/index.php HTTP/1.1" 200 998 "http://www.walleyecentral.com/forums/forumdisplay.php?f=32" "Mozilla/4.0 (compatible; MSIE 8.0; Windows NT 6.1; WOW64; Trident/4.0; SLCC2; .NET CLR 2.0.50727; .NET CLR 3.5.30729; .NET CLR 3.0.30729; Media Center PC 6.0; CPNTDF; BRI/1; BRI/2; .NET4.0C; .NAP 1.1)"
205.134.249.170 - - [04/Jan/2012:09:15:54 -0500] "GET /weather.php?pands=61265 HTTP/1.1" 200 16166 "-" "PHP/5.2.17"
173.54.229.229 - - [04/Jan/2012:09:15:54 -0500] "GET /forums/showthread.php?t=189098 HTTP/1.1" 200 25146 "http://www.walleyecentral.com/forums/forumdisplay.php?f=5" "Mozilla/5.0 (compatible; MSIE 9.0; Windows NT 6.1; Win64; x64; Trident/5.0)"
173.54.229.229 - - [04/Jan/2012:09:15:54 -0500] "GET /openx/www/delivery/ajs.php?n=a5212870&zoneid=87&source=&exclude=,&r=299964661&loc=http%3A//www.walleyecentral.com/forums/showthread.php%3Ft%3D189098&referer=http%3A//www.walleyecentral.com/forums/forumdisplay.php%3Ff%3D5 HTTP/1.1" 200 947 "http://www.walleyecentral.com/forums/showthread.php?t=189098" "Mozilla/5.0 (compatible; MSIE 9.0; Windows NT 6.1; Win64; x64; Trident/5.0)"
173.54.229.229 - - [04/Jan/2012:09:15:54 -0500] "GET /forums/image.php?u=5836&dateline=1216599246 HTTP/1.1" 200 3539 "http://www.walleyecentral.com/forums/showthread.php?t=189098" "Mozilla/5.0 (compatible; MSIE 9.0; Windows NT 6.1; Win64; x64; Trident/5.0)"
66.11.150.236 - - [04/Jan/2012:09:15:54 -0500] "GET /weather.php?pands=58366 HTTP/1.0" 200 24168 "-" "-"
66.11.150.236 - - [04/Jan/2012:09:15:54 -0500] "GET /weather.php?pands=15317 HTTP/1.0" 200 24171 "-" "-"
173.54.229.229 - - [04/Jan/2012:09:15:55 -0500] "GET /forums/image.php?u=9467&dateline=1292120269 HTTP/1.1" 200 2029 "http://www.walleyecentral.com/forums/showthread.php?t=189098" "Mozilla/5.0 (compatible; MSIE 9.0; Windows NT 6.1; Win64; x64; Trident/5.0)"
99.157.224.150 - - [04/Jan/2012:09:15:54 -0500] "GET /openx/www/delivery/ai.php?filename=ranger.jpg&contenttype=jpeg HTTP/1.1" 200 27520 "http://www.walleyecentral.com/forums/forumdisplay.php?f=32" "Mozilla/4.0 (compatible; MSIE 8.0; Windows NT 6.1; WOW64; Trident/4.0; SLCC2; .NET CLR 2.0.50727; .NET CLR 3.5.30729; .NET CLR 3.0.30729; Media Center PC 6.0; CPNTDF; BRI/1; BRI/2; .NET4.0C; .NAP 1.1)"
173.54.229.229 - - [04/Jan/2012:09:15:55 -0500] "GET /openx/www/delivery/lg.php?bannerid=74&campaignid=1&zoneid=87&loc=http%3A%2F%2Fwww.walleyecentral.com%2Fforums%2Fshowthread.php%3Ft%3D189098&referer=http%3A%2F%2Fwww.walleyecentral.com%2Fforums%2Fforumdisplay.php%3Ff%3D5&cb=19dddd6e88 HTTP/1.1" 200 43 "http://www.walleyecentral.com/forums/showthread.php?t=189098" "Mozilla/5.0 (compatible; MSIE 9.0; Windows NT 6.1; Win64; x64; Trident/5.0)"
207.255.147.25 - - [04/Jan/2012:09:15:55 -0500] "GET /openx/www/delivery/ajs.php?n=a5212870&zoneid=86&source=&exclude=,&r=294837011&loc=http%3A//www.walleyecentral.com/forums/forumdisplay.php%3Ff%3D5&referer=http%3A//www.walleyecentral.com/forums/index.php HTTP/1.1" 200 937 "http://www.walleyecentral.com/forums/forumdisplay.php?f=5" "Mozilla/5.0 (Windows NT 6.1; WOW64; rv:7.0.1) Gecko/20100101 Firefox/7.0.1"
166.250.96.24 - - [04/Jan/2012:09:15:55 -0500] "GET /forums/clientscript/vbulletin_important.css?v=373 HTTP/1.1" 200 1687 "http://www.walleyecentral.com/forums/forumdisplay.php?f=15" "Mozilla/5.0 (Linux; U; Android 2.3.4; en-us; ADR6425LVW 4G Build/GRJ22) AppleWebKit/533.1 (KHTML, like Gecko) Version/4.0 Mobile Safari/533.1"
216.16.37.152 - - [04/Jan/2012:09:15:55 -0500] "GET /openx/www/delivery/ajs.php?n=a5212870&zoneid=52&source=&exclude=,&r=4656721&loc=http%3A//www.walleyecentral.com/forums/forumdisplay.php%3Ff%3D13&referer=http%3A//www.walleyecentral.com/forums/forumdisplay.php%3Ff%3D15 HTTP/1.1" 200 1008 "http://www.walleyecentral.com/forums/forumdisplay.php?f=13" "Mozilla/4.0 (compatible; MSIE 7.0; Windows NT 6.0; SLCC1; .NET CLR 2.0.50727; Media Center PC 5.0; .NET CLR 3.5.30729; .NET4.0C; .NET CLR 3.0.30729; .NET4.0E)"
99.157.224.150 - - [04/Jan/2012:09:15:54 -0500] "GET /openx/www/delivery/lg.php?bannerid=34&campaignid=1&zoneid=97&loc=http%3A%2F%2Fwww.walleyecentral.com%2Fforums%2Fforumdisplay.php%3Ff%3D32&referer=http%3A%2F%2Fwww.walleyecentral.com%2Fforums%2Findex.php&cb=806a954b06 HTTP/1.1" 200 43 "http://www.walleyecentral.com/forums/forumdisplay.php?f=32" "Mozilla/4.0 (compatible; MSIE 8.0; Windows NT 6.1; WOW64; Trident/4.0; SLCC2; .NET CLR 2.0.50727; .NET CLR 3.5.30729; .NET CLR 3.0.30729; Media Center PC 6.0; CPNTDF; BRI/1; BRI/2; .NET4.0C; .NAP 1.1)"
166.250.96.24 - - [04/Jan/2012:09:15:55 -0500] "GET /themes/default/theme.css HTTP/1.1" 200 6726 "http://www.walleyecentral.com/forums/forumdisplay.php?f=15" "Mozilla/5.0 (Linux; U; Android 2.3.4; en-us; ADR6425LVW 4G Build/GRJ22) AppleWebKit/533.1 (KHTML, like Gecko) Version/4.0 Mobile Safari/533.1"
166.250.96.24 - - [04/Jan/2012:09:15:55 -0500] "GET /forums/clientscript/vbulletin_menu.js?v=373 HTTP/1.1" 200 9389 "http://www.walleyecentral.com/forums/forumdisplay.php?f=15" "Mozilla/5.0 (Linux; U; Android 2.3.4; en-us; ADR6425LVW 4G Build/GRJ22) AppleWebKit/533.1 (KHTML, like Gecko) Version/4.0 Mobile Safari/533.1"
216.16.37.152 - - [04/Jan/2012:09:15:55 -0500] "GET /openx/www/delivery/lg.php?bannerid=70&campaignid=1&zoneid=52&loc=http%3A%2F%2Fwww.walleyecentral.com%2Fforums%2Fforumdisplay.php%3Ff%3D13&referer=http%3A%2F%2Fwww.walleyecentral.com%2Fforums%2Fforumdisplay.php%3Ff%3D15&cb=25bff46abb HTTP/1.1" 200 43 "http://www.walleyecentral.com/forums/forumdisplay.php?f=13" "Mozilla/4.0 (compatible; MSIE 7.0; Windows NT 6.0; SLCC1; .NET CLR 2.0.50727; Media Center PC 5.0; .NET CLR 3.5.30729; .NET4.0C; .NET CLR 3.0.30729; .NET4.0E)"
207.255.147.25 - - [04/Jan/2012:09:15:55 -0500] "GET /openx/www/delivery/lg.php?bannerid=75&campaignid=1&zoneid=86&channel_ids=,&loc=http%3A%2F%2Fwww.walleyecentral.com%2Fforums%2Fforumdisplay.php%3Ff%3D5&referer=http%3A%2F%2Fwww.walleyecentral.com%2Fforums%2Findex.php&cb=c04fa3ba3f HTTP/1.1" 200 43 "http://www.walleyecentral.com/forums/forumdisplay.php?f=5" "Mozilla/5.0 (Windows NT 6.1; WOW64; rv:7.0.1) Gecko/20100101 Firefox/7.0.1"
199.131.242.220 - - [04/Jan/2012:09:15:55 -0500] "GET /classified/new/searchresults.jsp HTTP/1.1" 301 360 "http://www.walleyecentral.com/" "Mozilla/4.0 (compatible; MSIE 8.0; Windows NT 5.1; Trident/4.0; GTB7.2; .NET CLR 2.0.50727; .NET CLR 1.1.4322; InfoPath.2; .NET CLR 3.0.4506.2152; .NET CLR 3.5.30729; MS-RTC LM 8; .NET4.0C; .NET4.0E; MS-RTC LM 8)"
166.250.96.24 - - [04/Jan/2012:09:15:55 -0500] "GET /forums/clientscript/vbulletin_global.js?v=373 HTTP/1.1" 200 25057 "http://www.walleyecentral.com/forums/forumdisplay.php?f=15" "Mozilla/5.0 (Linux; U; Android 2.3.4; en-us; ADR6425LVW 4G Build/GRJ22) AppleWebKit/533.1 (KHTML, like Gecko) Version/4.0 Mobile Safari/533.1"
180.76.5.177 - - [04/Jan/2012:09:15:55 -0500] "GET /forums/search.php?searchid=4403953 HTTP/1.1" 200 10519 "-" "Mozilla/5.0 (compatible; Baiduspider/2.0; +http://www.baidu.com/search/spider.html)"
