97.86.237.127 - - [04/Jan/2012:09:15:17 -0500] "GET /openx/www/delivery/ajs.php?n=a5212870&zoneid=15&source=&exclude=,&r=199002811&loc=http%3A//www.walleyecentral.com/forums/showthread.php%3Ft%3D189152&referer=http%3A//www.walleyecentral.com/forums/forumdisplay.php%3Fs%3D%26daysprune%3D-1%26f%3D16 HTTP/1.1" 200 959 "http://www.walleyecentral.com/forums/showthread.php?t=189152" "Mozilla/5.0 (Windows NT 6.0; WOW64; rv:8.0) Gecko/20100101 Firefox/8.0"
74.33.68.224 - - [04/Jan/2012:09:15:17 -0500] "GET /openx/www/delivery/ajs.php?n=a5212870&zoneid=19&source=&exclude=,&r=433065741&loc=http%3A//www.walleyecentral.com/forums/showthread.php%3Ft%3D189090&referer=http%3A//www.walleyecentral.com/forums/forumdisplay.php%3Ff%3D6 HTTP/1.1" 200 924 "http://www.walleyecentral.com/forums/showthread.php?t=189090" "Mozilla/5.0 (compatible; MSIE 9.0; Windows NT 6.1; WOW64; Trident/5.0)"
74.33.68.224 - - [04/Jan/2012:09:15:17 -0500] "GET /forums/attachment.php?attachmentid=12897&stc=1&thumb=1&d=1325352934 HTTP/1.1" 200 2888 "http://www.walleyecentral.com/forums/showthread.php?t=189090" "Mozilla/5.0 (compatible; MSIE 9.0; Windows NT 6.1; WOW64; Trident/5.0)"
74.33.68.224 - - [04/Jan/2012:09:15:17 -0500] "GET /forums/attachment.php?attachmentid=12895&stc=1&thumb=1&d=1325352934 HTTP/1.1" 200 2838 "http://www.walleyecentral.com/forums/showthread.php?t=189090" "Mozilla/5.0 (compatible; MSIE 9.0; Windows NT 6.1; WOW64; Trident/5.0)"
74.33.68.224 - - [04/Jan/2012:09:15:17 -0500] "GET /forums/attachment.php?attachmentid=12896&stc=1&thumb=1&d=1325352934 HTTP/1.1" 200 1583 "http://www.walleyecentral.com/forums/showthread.php?t=189090" "Mozilla/5.0 (compatible; MSIE 9.0; Windows NT 6.1; WOW64; Trident/5.0)"
74.33.68.224 - - [04/Jan/2012:09:15:17 -0500] "GET /forums/attachment.php?attachmentid=12898&stc=1&thumb=1&d=1325352957 HTTP/1.1" 200 2245 "http://www.walleyecentral.com/forums/showthread.php?t=189090" "Mozilla/5.0 (compatible; MSIE 9.0; Windows NT 6.1; WOW64; Trident/5.0)"
97.86.237.127 - - [04/Jan/2012:09:15:17 -0500] "GET /openx/www/delivery/ai.php?filename=pamps.gif&contenttype=gif HTTP/1.1" 200 30776 "http://www.walleyecentral.com/forums/showthread.php?t=189152" "Mozilla/5.0 (Windows NT 6.0; WOW64; rv:8.0) Gecko/20100101 Firefox/8.0"
74.33.68.224 - - [04/Jan/2012:09:15:17 -0500] "GET /openx/www/delivery/lg.php?bannerid=93&campaignid=1&zoneid=19&loc=http%3A%2F%2Fwww.walleyecentral.com%2Fforums%2Fshowthread.php%3Ft%3D189090&referer=http%3A%2F%2Fwww.walleyecentral.com%2Fforums%2Fforumdisplay.php%3Ff%3D6&cb=3c4ab68e25 HTTP/1.1" 200 43 "http://www.walleyecentral.com/forums/showthread.php?t=189090" "Mozilla/5.0 (compatible; MSIE 9.0; Windows NT 6.1; WOW64; Trident/5.0)"
97.86.237.127 - - [04/Jan/2012:09:15:17 -0500] "GET /openx/www/delivery/lg.php?bannerid=47&campaignid=1&zoneid=15&loc=http%3A%2F%2Fwww.walleyecentral.com%2Fforums%2Fshowthread.php%3Ft%3D189152&referer=http%3A%2F%2Fwww.walleyecentral.com%2Fforums%2Fforumdisplay.php%3Fs%3D%26daysprune%3D-1%26f%3D16&cb=3cf996b9e3 HTTP/1.1" 200 43 "http://www.walleyecentral.com/forums/showthread.php?t=189152" "Mozilla/5.0 (Windows NT 6.0; WOW64; rv:8.0) Gecko/20100101 Firefox/8.0"
146.0.73.184 - - [04/Jan/2012:09:15:17 -0500] "POST /forums/register.php?do=register HTTP/1.0" 200 40930 "http://www.walleyecentral.com/forums/register.php?s=2285d0fe4c3988144f2d965e3cbb5f9e" "Mozilla/4.0 (compatible; MSIE 6.0; Windows NT 5.1; SV1)"
66.11.150.236 - - [04/Jan/2012:09:15:18 -0500] "GET /weather.php?pands=43334 HTTP/1.0" 200 24175 "-" "-"
98.20.105.207 - - [04/Jan/2012:09:15:18 -0500] "GET /forums/forumdisplay.php?f=15 HTTP/1.1" 200 22663 "http://www.walleyecentral.com/forums/forumdisplay.php?f=16" "Mozilla/4.0 (compatible; MSIE 8.0; Windows NT 5.1; Trident/4.0; GTB7.2; .NET CLR 2.0.50727; .NET CLR 3.0.4506.2152; .NET CLR 3.5.30729)"
96.31.5.118 - - [04/Jan/2012:09:15:18 -0500] "GET /forums/showthread.php?t=189221 HTTP/1.1" 200 17589 "http://www.walleyecentral.com/forums/forumdisplay.php?f=5" "Mozilla/4.0 (compatible; MSIE 8.0; Windows NT 6.1; WOW64; Trident/4.0; SLCC2; .NET CLR 2.0.50727; .NET CLR 3.5.30729; .NET CLR 3.0.30729; Media Center PC 6.0; .NET4.0C)"
98.20.105.207 - - [04/Jan/2012:09:15:18 -0500] "GET /openx/www/delivery/ajs.php?n=a5212870&zoneid=7&source=&exclude=,&r=353250091&loc=http%3A//www.walleyecentral.com/forums/forumdisplay.php%3Ff%3D15&referer=http%3A//www.walleyecentral.com/forums/forumdisplay.php%3Ff%3D16 HTTP/1.1" 200 984 "http://www.walleyecentral.com/forums/forumdisplay.php?f=15" "Mozilla/4.0 (compatible; MSIE 8.0; Windows NT 5.1; Trident/4.0; GTB7.2; .NET CLR 2.0.50727; .NET CLR 3.0.4506.2152; .NET CLR 3.5.30729)"
96.31.5.118 - - [04/Jan/2012:09:15:18 -0500] "GET /openx/www/delivery/ajs.php?n=a5212870&zoneid=87&source=&exclude=,&r=574743311&loc=http%3A//www.walleyecentral.com/forums/showthread.php%3Ft%3D189221&referer=http%3A//www.walleyecentral.com/forums/forumdisplay.php%3Ff%3D5 HTTP/1.1" 200 933 "http://www.walleyecentral.com/forums/showthread.php?t=189221" "Mozilla/4.0 (compatible; MSIE 8.0; Windows NT 6.1; WOW64; Trident/4.0; SLCC2; .NET CLR 2.0.50727; .NET CLR 3.5.30729; .NET CLR 3.0.30729; Media Center PC 6.0; .NET4.0C)"
98.20.105.207 - - [04/Jan/2012:09:15:18 -0500] "GET /forums/images/icons/icon10.gif HTTP/1.1" 304 - "http://www.walleyecentral.com/forums/forumdisplay.php?f=15" "Mozilla/4.0 (compatible; MSIE 8.0; Windows NT 5.1; Trident/4.0; GTB7.2; .NET CLR 2.0.50727; .NET CLR 3.0.4506.2152; .NET CLR 3.5.30729)"
98.20.105.207 - - [04/Jan/2012:09:15:18 -0500] "GET /openx/www/delivery/ai.php?filename=alumacraft.jpg&contenttype=jpeg HTTP/1.1" 304 - "http://www.walleyecentral.com/forums/forumdisplay.php?f=15" "Mozilla/4.0 (compatible; MSIE 8.0; Windows NT 5.1; Trident/4.0; GTB7.2; .NET CLR 2.0.50727; .NET CLR 3.0.4506.2152; .NET CLR 3.5.30729)"
96.31.5.118 - - [04/Jan/2012:09:15:18 -0500] "GET /forums/images/misc/im_aim.gif HTTP/1.1" 200 1013 "http://www.walleyecentral.com/forums/showthread.php?t=189221" "Mozilla/4.0 (compatible; MSIE 8.0; Windows NT 6.1; WOW64; Trident/4.0; SLCC2; .NET CLR 2.0.50727; .NET CLR 3.5.30729; .NET CLR 3.0.30729; Media Center PC 6.0; .NET4.0C)"
96.31.5.118 - - [04/Jan/2012:09:15:18 -0500] "GET /forums/image.php?u=28333&dateline=1320803063 HTTP/1.1" 200 2552 "http://www.walleyecentral.com/forums/showthread.php?t=189221" "Mozilla/4.0 (compatible; MSIE 8.0; Windows NT 6.1; WOW64; Trident/4.0; SLCC2; .NET CLR 2.0.50727; .NET CLR 3.5.30729; .NET CLR 3.0.30729; Media Center PC 6.0; .NET4.0C)"
96.31.5.118 - - [04/Jan/2012:09:15:18 -0500] "GET /forums/image.php?u=3388&dateline=1297860080 HTTP/1.1" 200 1686 "http://www.walleyecentral.com/forums/showthread.php?t=189221" "Mozilla/4.0 (compatible; MSIE 8.0; Windows NT 6.1; WOW64; Trident/4.0; SLCC2; .NET CLR 2.0.50727; .NET CLR 3.5.30729; .NET CLR 3.0.30729; Media Center PC 6.0; .NET4.0C)"
96.31.5.118 - - [04/Jan/2012:09:15:18 -0500] "GET /openx/www/delivery/lg.php?bannerid=98&campaignid=1&zoneid=87&loc=http%3A%2F%2Fwww.walleyecentral.com%2Fforums%2Fshowthread.php%3Ft%3D189221&referer=http%3A%2F%2Fwww.walleyecentral.com%2Fforums%2Fforumdisplay.php%3Ff%3D5&cb=7b8dd56322 HTTP/1.1" 200 43 "http://www.walleyecentral.com/forums/showthread.php?t=189221" "Mozilla/4.0 (compatible; MSIE 8.0; Windows NT 6.1; WOW64; Trident/4.0; SLCC2; .NET CLR 2.0.50727; .NET CLR 3.5.30729; .NET CLR 3.0.30729; Media Center PC 6.0; .NET4.0C)"
205.134.249.170 - - [04/Jan/2012:09:15:18 -0500] "GET /weather.php?pands=Red+lake%2C+o HTTP/1.1" 200 16166 "-" "PHP/5.2.17"
174.253.3.28 - - [04/Jan/2012:09:15:18 -0500] "GET /tenpoundclub/?PID=1710 HTTP/1.1" 200 20530 "http://www.walleyecentral.com/" "Mozilla/5.0 (Linux; U; Android 2.3.5; en-us; SCH-I500 Build/GINGERBREAD) AppleWebKit/533.1 (KHTML, like Gecko) Version/4.0 Mobile Safari/533.1"
98.20.105.207 - - [04/Jan/2012:09:15:18 -0500] "GET /openx/www/delivery/lg.php?bannerid=94&campaignid=1&zoneid=7&loc=http%3A%2F%2Fwww.walleyecentral.com%2Fforums%2Fforumdisplay.php%3Ff%3D15&referer=http%3A%2F%2Fwww.walleyecentral.com%2Fforums%2Fforumdisplay.php%3Ff%3D16&cb=cd888f0ae9 HTTP/1.1" 200 43 "http://www.walleyecentral.com/forums/forumdisplay.php?f=15" "Mozilla/4.0 (compatible; MSIE 8.0; Windows NT 5.1; Trident/4.0; GTB7.2; .NET CLR 2.0.50727; .NET CLR 3.0.4506.2152; .NET CLR 3.5.30729)"
76.17.148.149 - - [04/Jan/2012:09:15:19 -0500] "GET /themes/default/theme.css HTTP/1.1" 200 6726 "http://www.walleyecentral.com/articles/?a=1182" "Mozilla/5.0 (Macintosh; U; Intel Mac OS X 10_6_7; en-us) AppleWebKit/533.21.1 (KHTML, like Gecko) Version/5.0.5 Safari/533.21.1"
66.11.150.236 - - [04/Jan/2012:09:15:19 -0500] "GET /weather.php?pands=ortonville%2C HTTP/1.0" 200 20837 "-" "-"
76.17.148.149 - - [04/Jan/2012:09:15:19 -0500] "GET /themes/default/common.css HTTP/1.1" 200 688 "http://www.walleyecentral.com/articles/?a=1182" "Mozilla/5.0 (Macintosh; U; Intel Mac OS X 10_6_7; en-us) AppleWebKit/533.21.1 (KHTML, like Gecko) Version/5.0.5 Safari/533.21.1"
76.17.148.149 - - [04/Jan/2012:09:15:19 -0500] "GET /articles/?a=1182 HTTP/1.1" 200 22531 "http://www.google.com/url?sa=t&rct=j&q=top%20walleye%20lures%20ice%20fishing&source=web&cd=1&ved=0CEMQFjAA&url=http%3A%2F%2Fwww.walleyecentral.com%2Farticles%2F%3Fa%3D1182&ei=zF4ET5qSH5DciAK0kPWaDQ&usg=AFQjCNGKwvkrctqsThpk9kGx1UdOjfEHig" "Mozilla/5.0 (Macintosh; U; Intel Mac OS X 10_6_7; en-us) AppleWebKit/533.21.1 (KHTML, like Gecko) Version/5.0.5 Safari/533.21.1"
174.253.3.28 - - [04/Jan/2012:09:15:19 -0500] "GET /tenpoundclub/trophy.png HTTP/1.1" 200 4796 "http://www.walleyecentral.com/tenpoundclub/?PID=1710" "Mozilla/5.0 (Linux; U; Android 2.3.5; en-us; SCH-I500 Build/GINGERBREAD) AppleWebKit/533.1 (KHTML, like Gecko) Version/4.0 Mobile Safari/533.1"
63.232.194.234 - - [04/Jan/2012:09:15:18 -0500] "GET /forums/showthread.php?t=168800 HTTP/1.1" 200 20209 "http://www.google.com/url?sa=t&rct=j&q=2050%20ranger%20reata%20weight%20on%20trailer&source=web&cd=4&ved=0CEIQrAIoATAD&url=http%3A%2F%2Fwww.walleyecentral.com%2Fforums%2Fshowthread.php%3Ft%3D168800&ei=lV4ET_SKEYX0sQKh1-GQCg&usg=AFQjCNEZ6i25wN9VaNOj2H6deLhhzdJBmw" "Mozilla/4.0 (compatible; MSIE 8.0; Windows NT 5.1; Trident/4.0; GTB7.2; .NET CLR 2.0.50727; .NET CLR 3.0.4506.2152; .NET CLR 3.5.30729; WinNT-A8I 09.04.2011; IE0006_ver1;EN_US)"
63.232.194.234 - - [04/Jan/2012:09:15:19 -0500] "GET /openx/www/delivery/ajs.php?n=a5212870&zoneid=98&source=&exclude=,&r=131859431&loc=http%3A//www.walleyecentral.com/forums/showthread.php%3Ft%3D168800&referer=http%3A//www.google.com/url%3Fsa%3Dt%26rct%3Dj%26q%3D2050%2520ranger%2520reata%2520weight%2520on%2520trailer%26source%3Dweb%26cd%3D4%26ved%3D0CEIQrAIoATAD%26url%3Dhttp%253A%252F%252Fwww.walleyecentral.com%252Fforums%252Fshowthread.php%253Ft%253D168800%26ei%3DlV4ET_SKEYX0sQKh1-GQCg%26usg%3DAFQjCNEZ6i25wN9VaNOj2H6deLhhzdJBmw HTTP/1.1" 200 1274 "http://www.walleyecentral.com/forums/showthread.php?t=168800" "Mozilla/4.0 (compatible; MSIE 8.0; Windows NT 5.1; Trident/4.0; GTB7.2; .NET CLR 2.0.50727; .NET CLR 3.0.4506.2152; .NET CLR 3.5.30729; WinNT-A8I 09.04.2011; IE0006_ver1;EN_US)"
76.17.148.149 - - [04/Jan/2012:09:15:19 -0500] "GET /articles/search.png HTTP/1.1" 200 2681 "http://www.walleyecentral.com/articles/?a=1182" "Mozilla/5.0 (Macintosh; U; Intel Mac OS X 10_6_7; en-us) AppleWebKit/533.21.1 (KHTML, like Gecko) Version/5.0.5 Safari/533.21.1"
76.17.148.149 - - [04/Jan/2012:09:15:19 -0500] "GET /images/navionics_app.jpg HTTP/1.1" 200 3556 "http://www.walleyecentral.com/articles/?a=1182" "Mozilla/5.0 (Macintosh; U; Intel Mac OS X 10_6_7; en-us) AppleWebKit/533.21.1 (KHTML, like Gecko) Version/5.0.5 Safari/533.21.1"
76.17.148.149 - - [04/Jan/2012:09:15:19 -0500] "GET /images/shutup1.gif HTTP/1.1" 200 635 "http://www.walleyecentral.com/articles/?a=1182" "Mozilla/5.0 (Macintosh; U; Intel Mac OS X 10_6_7; en-us) AppleWebKit/533.21.1 (KHTML, like Gecko) Version/5.0.5 Safari/533.21.1"
76.17.148.149 - - [04/Jan/2012:09:15:19 -0500] "GET /dbimages/uploaded-2005-12-16-648296931.jpg HTTP/1.1" 200 7202 "http://www.walleyecentral.com/articles/?a=1182" "Mozilla/5.0 (Macintosh; U; Intel Mac OS X 10_6_7; en-us) AppleWebKit/533.21.1 (KHTML, like Gecko) Version/5.0.5 Safari/533.21.1"
63.232.194.234 - - [04/Jan/2012:09:15:19 -0500] "GET /forums/images/buttons/threadclosed.gif HTTP/1.1" 200 3177 "http://www.walleyecentral.com/forums/showthread.php?t=168800" "Mozilla/4.0 (compatible; MSIE 8.0; Windows NT 5.1; Trident/4.0; GTB7.2; .NET CLR 2.0.50727; .NET CLR 3.0.4506.2152; .NET CLR 3.5.30729; WinNT-A8I 09.04.2011; IE0006_ver1;EN_US)"
63.232.194.234 - - [04/Jan/2012:09:15:19 -0500] "GET /forums/images/icons/icon5.gif HTTP/1.1" 200 1057 "http://www.walleyecentral.com/forums/showthread.php?t=168800" "Mozilla/4.0 (compatible; MSIE 8.0; Windows NT 5.1; Trident/4.0; GTB7.2; .NET CLR 2.0.50727; .NET CLR 3.0.4506.2152; .NET CLR 3.5.30729; WinNT-A8I 09.04.2011; IE0006_ver1;EN_US)"
63.232.194.234 - - [04/Jan/2012:09:15:19 -0500] "GET /forums/images/buttons/viewpost.gif HTTP/1.1" 200 964 "http://www.walleyecentral.com/forums/showthread.php?t=168800" "Mozilla/4.0 (compatible; MSIE 8.0; Windows NT 5.1; Trident/4.0; GTB7.2; .NET CLR 2.0.50727; .NET CLR 3.0.4506.2152; .NET CLR 3.5.30729; WinNT-A8I 09.04.2011; IE0006_ver1;EN_US)"
174.253.3.28 - - [04/Jan/2012:09:15:19 -0500] "GET /dbimages/tenpoundclub-2012-01-03-862352758photo.jpg HTTP/1.1" 200 48587 "http://www.walleyecentral.com/tenpoundclub/?PID=1710" "Mozilla/5.0 (Linux; U; Android 2.3.5; en-us; SCH-I500 Build/GINGERBREAD) AppleWebKit/533.1 (KHTML, like Gecko) Version/4.0 Mobile Safari/533.1"
174.147.30.183 - - [04/Jan/2012:09:15:15 -0500] "GET /forums/showthread.php?t=188855 HTTP/1.1" 200 19807 "-" "Mozilla/5.0 (Linux; U; Android 2.3.5; en-us; SPH-D700 Build/GINGERBREAD) AppleWebKit/533.1 (KHTML, like Gecko) Version/4.0 Mobile Safari/533.1"
76.17.148.149 - - [04/Jan/2012:09:15:19 -0500] "GET /qnav/bullet_sq_sm_slateblue.gif HTTP/1.1" 200 820 "http://www.walleyecentral.com/articles/?a=1182" "Mozilla/5.0 (Macintosh; U; Intel Mac OS X 10_6_7; en-us) AppleWebKit/533.21.1 (KHTML, like Gecko) Version/5.0.5 Safari/533.21.1"
76.17.148.149 - - [04/Jan/2012:09:15:19 -0500] "GET /themes/default/images/footerback.gif HTTP/1.1" 200 1309 "http://www.walleyecentral.com/articles/?a=1182" "Mozilla/5.0 (Macintosh; U; Intel Mac OS X 10_6_7; en-us) AppleWebKit/533.21.1 (KHTML, like Gecko) Version/5.0.5 Safari/533.21.1"
76.17.148.149 - - [04/Jan/2012:09:15:19 -0500] "GET /themes/default/images/topback.png HTTP/1.1" 200 1241 "http://www.walleyecentral.com/articles/?a=1182" "Mozilla/5.0 (Macintosh; U; Intel Mac OS X 10_6_7; en-us) AppleWebKit/533.21.1 (KHTML, like Gecko) Version/5.0.5 Safari/533.21.1"
63.232.194.234 - - [04/Jan/2012:09:15:19 -0500] "GET /forums/image.php?u=212&dateline=1279255066 HTTP/1.1" 200 1672 "http://www.walleyecentral.com/forums/showthread.php?t=168800" "Mozilla/4.0 (compatible; MSIE 8.0; Windows NT 5.1; Trident/4.0; GTB7.2; .NET CLR 2.0.50727; .NET CLR 3.0.4506.2152; .NET CLR 3.5.30729; WinNT-A8I 09.04.2011; IE0006_ver1;EN_US)"
205.134.249.170 - - [04/Jan/2012:09:15:19 -0500] "GET /weather.php?pands=53516 HTTP/1.1" 200 16166 "-" "PHP/5.2.17"
162.40.64.101 - - [04/Jan/2012:09:15:19 -0500] "GET /openx/www/delivery/lg.php?bannerid=94&campaignid=1&zoneid=98&loc=http%3A%2F%2Fwww.walleyecentral.com%2Fforums%2Fshowthread.php%3Ft%3D189065%26page%3D3&referer=http%3A%2F%2Fwww.walleyecentral.com%2Fforums%2Fshowthread.php%3Ft%3D189065%26page%3D2&cb=d683397f0c HTTP/1.1" 200 43 "http://www.walleyecentral.com/forums/showthread.php?t=189065&page=3" "Mozilla/4.0 (compatible; MSIE 8.0; Windows NT 6.0; Trident/4.0; SLCC1; .NET CLR 2.0.50727; .NET CLR 3.5.30729; .NET4.0C; .NET CLR 3.0.30729)"
63.232.194.234 - - [04/Jan/2012:09:15:19 -0500] "GET /openx/www/delivery/lg.php?bannerid=34&campaignid=1&zoneid=98&loc=http%3A%2F%2Fwww.walleyecentral.com%2Fforums%2Fshowthread.php%3Ft%3D168800&referer=http%3A%2F%2Fwww.google.com%2Furl%3Fsa%3Dt%26rct%3Dj%26q%3D2050%2520ranger%2520reata%2520weight%2520on%2520trailer%26source%3Dweb%26cd%3D4%26ved%3D0CEIQrAIoATAD%26url%3Dhttp%253A%252F%252Fwww.walleyecentral.com%252Fforums%252Fshowthread.php%253Ft%253D168800%26ei%3DlV4ET_SKEYX0sQKh1-GQCg%26usg%3DAFQjCNEZ6i25wN9VaNOj2H6deLhhzdJBmw&cb=d928b9c871 HTTP/1.1" 200 43 "http://www.walleyecentral.com/forums/showthread.php?t=168800" "Mozilla/4.0 (compatible; MSIE 8.0; Windows NT 5.1; Trident/4.0; GTB7.2; .NET CLR 2.0.50727; .NET CLR 3.0.4506.2152; .NET CLR 3.5.30729; WinNT-A8I 09.04.2011; IE0006_ver1;EN_US)"
76.17.148.149 - - [04/Jan/2012:09:15:19 -0500] "GET /themes/default/images/headerlogo2.png HTTP/1.1" 200 12415 "http://www.walleyecentral.com/articles/?a=1182" "Mozilla/5.0 (Macintosh; U; Intel Mac OS X 10_6_7; en-us) AppleWebKit/533.21.1 (KHTML, like Gecko) Version/5.0.5 Safari/533.21.1"
63.232.194.234 - - [04/Jan/2012:09:15:19 -0500] "GET /forums/images/smilies/cookoo.gif HTTP/1.1" 200 1125 "http://www.walleyecentral.com/forums/showthread.php?t=168800" "Mozilla/4.0 (compatible; MSIE 8.0; Windows NT 5.1; Trident/4.0; GTB7.2; .NET CLR 2.0.50727; .NET CLR 3.0.4506.2152; .NET CLR 3.5.30729; WinNT-A8I 09.04.2011; IE0006_ver1;EN_US)"
63.232.194.234 - - [04/Jan/2012:09:15:19 -0500] "GET /forums/images/smilies/funnypost.gif HTTP/1.1" 200 570 "http://www.walleyecentral.com/forums/showthread.php?t=168800" "Mozilla/4.0 (compatible; MSIE 8.0; Windows NT 5.1; Trident/4.0; GTB7.2; .NET CLR 2.0.50727; .NET CLR 3.0.4506.2152; .NET CLR 3.5.30729; WinNT-A8I 09.04.2011; IE0006_ver1;EN_US)"
63.232.194.234 - - [04/Jan/2012:09:15:19 -0500] "GET /forums/images/smilies/boozer.gif HTTP/1.1" 200 5378 "http://www.walleyecentral.com/forums/showthread.php?t=168800" "Mozilla/4.0 (compatible; MSIE 8.0; Windows NT 5.1; Trident/4.0; GTB7.2; .NET CLR 2.0.50727; .NET CLR 3.0.4506.2152; .NET CLR 3.5.30729; WinNT-A8I 09.04.2011; IE0006_ver1;EN_US)"
63.232.194.234 - - [04/Jan/2012:09:15:19 -0500] "GET /forums/images/misc/11x11progress.gif HTTP/1.1" 200 537 "http://www.walleyecentral.com/forums/showthread.php?t=168800" "Mozilla/4.0 (compatible; MSIE 8.0; Windows NT 5.1; Trident/4.0; GTB7.2; .NET CLR 2.0.50727; .NET CLR 3.0.4506.2152; .NET CLR 3.5.30729; WinNT-A8I 09.04.2011; IE0006_ver1;EN_US)"
66.11.150.236 - - [04/Jan/2012:09:15:19 -0500] "GET /weather.php?pands=45503 HTTP/1.0" 200 24181 "-" "-"
63.232.194.234 - - [04/Jan/2012:09:15:19 -0500] "GET /openx/www/delivery/ai.php?filename=ranger.jpg&contenttype=jpeg HTTP/1.1" 200 27520 "http://www.walleyecentral.com/forums/showthread.php?t=168800" "Mozilla/4.0 (compatible; MSIE 8.0; Windows NT 5.1; Trident/4.0; GTB7.2; .NET CLR 2.0.50727; .NET CLR 3.0.4506.2152; .NET CLR 3.5.30729; WinNT-A8I 09.04.2011; IE0006_ver1;EN_US)"
63.232.194.234 - - [04/Jan/2012:09:15:19 -0500] "GET /forums/clientscript/vbulletin_ajax_taglist.js?v=373 HTTP/1.1" 200 4615 "http://www.walleyecentral.com/forums/showthread.php?t=168800" "Mozilla/4.0 (compatible; MSIE 8.0; Windows NT 5.1; Trident/4.0; GTB7.2; .NET CLR 2.0.50727; .NET CLR 3.0.4506.2152; .NET CLR 3.5.30729; WinNT-A8I 09.04.2011; IE0006_ver1;EN_US)"
76.17.148.149 - - [04/Jan/2012:09:15:19 -0500] "GET /favicon.ico HTTP/1.1" 200 822 "http://www.walleyecentral.com/articles/?a=1182" "Mozilla/5.0 (Macintosh; U; Intel Mac OS X 10_6_7; en-us) AppleWebKit/533.21.1 (KHTML, like Gecko) Version/5.0.5 Safari/533.21.1"
63.232.194.234 - - [04/Jan/2012:09:15:19 -0500] "GET /forums/clientscript/vbulletin_ajax_tagsugg.js?v=373 HTTP/1.1" 200 5332 "http://www.walleyecentral.com/forums/showthread.php?t=168800" "Mozilla/4.0 (compatible; MSIE 8.0; Windows NT 5.1; Trident/4.0; GTB7.2; .NET CLR 2.0.50727; .NET CLR 3.0.4506.2152; .NET CLR 3.5.30729; WinNT-A8I 09.04.2011; IE0006_ver1;EN_US)"
174.147.30.183 - - [04/Jan/2012:09:15:20 -0500] "GET /openx/www/delivery/ajs.php?n=a5212870&zoneid=59&source=&exclude=,&r=510853841&loc=http%3A//www.walleyecentral.com/forums/showthread.php%3Ft%3D188855 HTTP/1.1" 200 893 "http://www.walleyecentral.com/forums/showthread.php?t=188855" "Mozilla/5.0 (Linux; U; Android 2.3.5; en-us; SPH-D700 Build/GINGERBREAD) AppleWebKit/533.1 (KHTML, like Gecko) Version/4.0 Mobile Safari/533.1"
66.11.150.236 - - [04/Jan/2012:09:15:20 -0500] "GET /weather.php?pands=61265 HTTP/1.0" 200 24170 "-" "-"
66.249.71.211 - - [04/Jan/2012:09:15:20 -0500] "GET /forums/archive/index.php/t-4736.html HTTP/1.1" 200 14479 "-" "Mozilla/5.0 (compatible; Googlebot/2.1; +http://www.google.com/bot.html)"
162.40.64.101 - - [04/Jan/2012:09:15:19 -0500] "GET /openx/www/delivery/ai.php?filename=alumacraft.jpg&contenttype=jpeg HTTP/1.1" 200 18786 "http://www.walleyecentral.com/forums/showthread.php?t=189065&page=3" "Mozilla/4.0 (compatible; MSIE 8.0; Windows NT 6.0; Trident/4.0; SLCC1; .NET CLR 2.0.50727; .NET CLR 3.5.30729; .NET4.0C; .NET CLR 3.0.30729)"
205.134.249.170 - - [04/Jan/2012:09:15:21 -0500] "GET /weather.php?pands=red+wing%2Cmn HTTP/1.1" 200 16166 "-" "PHP/5.2.17"
65.52.108.198 - - [04/Jan/2012:09:15:20 -0500] "GET /forums/showthread.php?p=1015767 HTTP/1.1" 200 20569 "-" "Mozilla/5.0 (compatible; bingbot/2.0; +http://www.bing.com/bingbot.htm)"
216.16.67.98 - - [04/Jan/2012:09:15:21 -0500] "GET /classified/new/searchresults.jsp HTTP/1.1" 301 360 "http://www.walleyecentral.com/" "Mozilla/4.0 (compatible; MSIE 8.0; Windows NT 5.1; Trident/4.0; GTB7.2)"
174.147.30.183 - - [04/Jan/2012:09:15:21 -0500] "GET /openx/www/delivery/lg.php?bannerid=100&campaignid=1&zoneid=59&loc=http%3A%2F%2Fwww.walleyecentral.com%2Fforums%2Fshowthread.php%3Ft%3D188855&cb=e9e34ba3b7 HTTP/1.1" 200 43 "http://www.walleyecentral.com/forums/showthread.php?t=188855" "Mozilla/5.0 (Linux; U; Android 2.3.5; en-us; SPH-D700 Build/GINGERBREAD) AppleWebKit/533.1 (KHTML, like Gecko) Version/4.0 Mobile Safari/533.1"
66.11.150.236 - - [04/Jan/2012:09:15:21 -0500] "GET /weather.php?pands=Glad+Valley HTTP/1.0" 200 24178 "-" "-"
66.11.150.236 - - [04/Jan/2012:09:15:21 -0500] "GET /weather.php?pands=61761 HTTP/1.0" 200 24172 "-" "-"
205.134.249.170 - - [04/Jan/2012:09:15:21 -0500] "GET /weather.php?pands=59422 HTTP/1.1" 200 16166 "-" "PHP/5.2.17"
180.76.5.182 - - [04/Jan/2012:09:15:21 -0500] "GET /forums/showthread.php?t=170957 HTTP/1.1" 200 18148 "-" "Mozilla/5.0 (compatible; Baiduspider/2.0; +http://www.baidu.com/search/spider.html)"
66.11.150.236 - - [04/Jan/2012:09:15:22 -0500] "GET /weather.php?pands=48083 HTTP/1.0" 200 24173 "-" "-"
207.219.4.171 - - [04/Jan/2012:09:15:22 -0500] "GET /themes/default/theme.css HTTP/1.1" 200 6726 "http://walleyecentral.com/" "Mozilla/4.0 (compatible; MSIE 7.0; Windows NT 5.1; .NET CLR 1.1.4322; .NET CLR 3.0.4506.2152; .NET CLR 3.5.30729; .NET CLR 2.0.50727; .NET4.0C; .NET4.0E; InfoPath.3)"
216.16.37.152 - - [04/Jan/2012:09:15:22 -0500] "GET /forums/forumdisplay.php?f=15 HTTP/1.1" 200 22821 "http://www.walleyecentral.com/" "Mozilla/4.0 (compatible; MSIE 7.0; Windows NT 6.0; SLCC1; .NET CLR 2.0.50727; Media Center PC 5.0; .NET CLR 3.5.30729; .NET4.0C; .NET CLR 3.0.30729; .NET4.0E)"
64.229.226.155 - - [04/Jan/2012:09:15:23 -0500] "GET /themes/default/theme.css HTTP/1.1" 200 6726 "http://www.walleyecentral.com/" "Mozilla/5.0 (compatible; MSIE 9.0; Windows NT 6.1; WOW64; Trident/5.0)"
64.229.226.155 - - [04/Jan/2012:09:15:23 -0500] "GET /themes/default/common.css HTTP/1.1" 200 688 "http://www.walleyecentral.com/" "Mozilla/5.0 (compatible; MSIE 9.0; Windows NT 6.1; WOW64; Trident/5.0)"
216.16.37.152 - - [04/Jan/2012:09:15:23 -0500] "GET /forums/clientscript/vbulletin_important.css?v=373 HTTP/1.1" 304 - "http://www.walleyecentral.com/forums/forumdisplay.php?f=15" "Mozilla/4.0 (compatible; MSIE 7.0; Windows NT 6.0; SLCC1; .NET CLR 2.0.50727; Media Center PC 5.0; .NET CLR 3.5.30729; .NET4.0C; .NET CLR 3.0.30729; .NET4.0E)"
207.219.4.171 - - [04/Jan/2012:09:15:23 -0500] "GET /themes/default/common.css HTTP/1.1" 200 688 "http://walleyecentral.com/" "Mozilla/4.0 (compatible; MSIE 7.0; Windows NT 5.1; .NET CLR 1.1.4322; .NET CLR 3.0.4506.2152; .NET CLR 3.5.30729; .NET CLR 2.0.50727; .NET4.0C; .NET4.0E; InfoPath.3)"
64.229.226.155 - - [04/Jan/2012:09:15:23 -0500] "GET /themes/default/common.css HTTP/1.1" 200 688 "http://www.walleyecentral.com/" "Mozilla/5.0 (compatible; MSIE 9.0; Windows NT 6.1; WOW64; Trident/5.0)"
64.229.226.155 - - [04/Jan/2012:09:15:23 -0500] "GET /themes/default/theme.css HTTP/1.1" 200 6726 "http://www.walleyecentral.com/" "Mozilla/5.0 (compatible; MSIE 9.0; Windows NT 6.1; WOW64; Trident/5.0)"
207.219.4.171 - - [04/Jan/2012:09:15:23 -0500] "GET /qnav/bullet_sq_sm_slateblue.gif HTTP/1.1" 200 820 "http://walleyecentral.com/" "Mozilla/4.0 (compatible; MSIE 7.0; Windows NT 5.1; .NET CLR 1.1.4322; .NET CLR 3.0.4506.2152; .NET CLR 3.5.30729; .NET CLR 2.0.50727; .NET4.0C; .NET4.0E; InfoPath.3)"
216.16.37.152 - - [04/Jan/2012:09:15:23 -0500] "GET /forums/clientscript/yui/yahoo-dom-event/yahoo-dom-event.js?v=373 HTTP/1.1" 304 - "http://www.walleyecentral.com/forums/forumdisplay.php?f=15" "Mozilla/4.0 (compatible; MSIE 7.0; Windows NT 6.0; SLCC1; .NET CLR 2.0.50727; Media Center PC 5.0; .NET CLR 3.5.30729; .NET4.0C; .NET CLR 3.0.30729; .NET4.0E)"
207.219.4.171 - - [04/Jan/2012:09:15:23 -0500] "GET /themes/default/images/bullet.png HTTP/1.1" 200 253 "http://walleyecentral.com/" "Mozilla/4.0 (compatible; MSIE 7.0; Windows NT 5.1; .NET CLR 1.1.4322; .NET CLR 3.0.4506.2152; .NET CLR 3.5.30729; .NET CLR 2.0.50727; .NET4.0C; .NET4.0E; InfoPath.3)"
205.134.249.170 - - [04/Jan/2012:09:15:23 -0500] "GET /weather.php?pands=54001 HTTP/1.1" 200 16166 "-" "PHP/5.2.17"
216.16.37.152 - - [04/Jan/2012:09:15:23 -0500] "GET /forums/clientscript/yui/connection/connection-min.js?v=373 HTTP/1.1" 304 - "http://www.walleyecentral.com/forums/forumdisplay.php?f=15" "Mozilla/4.0 (compatible; MSIE 7.0; Windows NT 6.0; SLCC1; .NET CLR 2.0.50727; Media Center PC 5.0; .NET CLR 3.5.30729; .NET4.0C; .NET CLR 3.0.30729; .NET4.0E)"
207.219.4.171 - - [04/Jan/2012:09:15:23 -0500] "GET /forums/clientscript/vbulletin_md5.js?v=368 HTTP/1.1" 200 5464 "http://walleyecentral.com/" "Mozilla/4.0 (compatible; MSIE 7.0; Windows NT 5.1; .NET CLR 1.1.4322; .NET CLR 3.0.4506.2152; .NET CLR 3.5.30729; .NET CLR 2.0.50727; .NET4.0C; .NET4.0E; InfoPath.3)"
64.229.226.155 - - [04/Jan/2012:09:15:23 -0500] "GET /qnav/bullet_sq_sm_slateblue.gif HTTP/1.1" 200 820 "http://www.walleyecentral.com/" "Mozilla/5.0 (compatible; MSIE 9.0; Windows NT 6.1; WOW64; Trident/5.0)"
64.229.226.155 - - [04/Jan/2012:09:15:23 -0500] "GET /themes/default/images/bullet.png HTTP/1.1" 200 253 "http://www.walleyecentral.com/" "Mozilla/5.0 (compatible; MSIE 9.0; Windows NT 6.1; WOW64; Trident/5.0)"
66.11.150.236 - - [04/Jan/2012:09:15:23 -0500] "GET /weather.php?pands=hayward+wis HTTP/1.0" 200 20837 "-" "-"
64.229.226.155 - - [04/Jan/2012:09:15:23 -0500] "GET /themes/default/images/topback.png HTTP/1.1" 200 1241 "http://www.walleyecentral.com/" "Mozilla/5.0 (compatible; MSIE 9.0; Windows NT 6.1; WOW64; Trident/5.0)"
216.16.37.152 - - [04/Jan/2012:09:15:23 -0500] "GET /forums/clientscript/vbulletin_global.js?v=373 HTTP/1.1" 304 - "http://www.walleyecentral.com/forums/forumdisplay.php?f=15" "Mozilla/4.0 (compatible; MSIE 7.0; Windows NT 6.0; SLCC1; .NET CLR 2.0.50727; Media Center PC 5.0; .NET CLR 3.5.30729; .NET4.0C; .NET CLR 3.0.30729; .NET4.0E)"
64.229.226.155 - - [04/Jan/2012:09:15:23 -0500] "GET /forums/clientscript/vbulletin_md5.js?v=368 HTTP/1.1" 200 5464 "http://www.walleyecentral.com/" "Mozilla/5.0 (compatible; MSIE 9.0; Windows NT 6.1; WOW64; Trident/5.0)"
207.219.4.171 - - [04/Jan/2012:09:15:22 -0500] "GET / HTTP/1.1" 200 66159 "-" "Mozilla/4.0 (compatible; MSIE 7.0; Windows NT 5.1; .NET CLR 1.1.4322; .NET CLR 3.0.4506.2152; .NET CLR 3.5.30729; .NET CLR 2.0.50727; .NET4.0C; .NET4.0E; InfoPath.3)"
207.219.4.171 - - [04/Jan/2012:09:15:23 -0500] "GET /themes/default/images/topback.png HTTP/1.1" 200 1241 "http://walleyecentral.com/" "Mozilla/4.0 (compatible; MSIE 7.0; Windows NT 5.1; .NET CLR 1.1.4322; .NET CLR 3.0.4506.2152; .NET CLR 3.5.30729; .NET CLR 2.0.50727; .NET4.0C; .NET4.0E; InfoPath.3)"
146.0.73.184 - - [04/Jan/2012:09:15:22 -0500] "POST /forums/register.php?do=addmember HTTP/1.0" 200 41622 "http://www.walleyecentral.com/forums/register.php?s=2285d0fe4c3988144f2d965e3cbb5f9e" "Mozilla/4.0 (compatible; MSIE 6.0; Windows NT 5.1; SV1)"
64.229.226.155 - - [04/Jan/2012:09:15:23 -0500] "GET /themes/default/images/x.gif HTTP/1.1" 200 1107 "http://www.walleyecentral.com/" "Mozilla/5.0 (compatible; MSIE 9.0; Windows NT 6.1; WOW64; Trident/5.0)"
216.16.37.152 - - [04/Jan/2012:09:15:23 -0500] "GET /forums/clientscript/vbulletin_menu.js?v=373 HTTP/1.1" 304 - "http://www.walleyecentral.com/forums/forumdisplay.php?f=15" "Mozilla/4.0 (compatible; MSIE 7.0; Windows NT 6.0; SLCC1; .NET CLR 2.0.50727; Media Center PC 5.0; .NET CLR 3.5.30729; .NET4.0C; .NET CLR 3.0.30729; .NET4.0E)"
64.229.226.155 - - [04/Jan/2012:09:15:23 -0500] "GET /themes/default/images/ranger_icon.jpg HTTP/1.1" 200 6291 "http://www.walleyecentral.com/" "Mozilla/5.0 (compatible; MSIE 9.0; Windows NT 6.1; WOW64; Trident/5.0)"
64.229.226.155 - - [04/Jan/2012:09:15:22 -0500] "GET / HTTP/1.1" 200 66159 "http://www.google.ca/url?sa=t&rct=j&q=walleye+central&source=web&cd=1&ved=0CC0QFjAA&url=http%3A%2F%2Fwww.walleyecentral.com%2F&ei=1F4ET4H7CcHk0QG16NGZAg&usg=AFQjCNEtmFm-PoozBabIW7Gw-BUVniZN7g" "Mozilla/5.0 (compatible; MSIE 9.0; Windows NT 6.1; WOW64; Trident/5.0)"
207.219.4.171 - - [04/Jan/2012:09:15:23 -0500] "GET /themes/default/images/headerlogo2.png HTTP/1.1" 200 12415 "http://walleyecentral.com/" "Mozilla/4.0 (compatible; MSIE 7.0; Windows NT 5.1; .NET CLR 1.1.4322; .NET CLR 3.0.4506.2152; .NET CLR 3.5.30729; .NET CLR 2.0.50727; .NET4.0C; .NET4.0E; InfoPath.3)"
207.219.4.171 - - [04/Jan/2012:09:15:23 -0500] "GET /themes/default/images/x.gif HTTP/1.1" 200 1107 "http://walleyecentral.com/" "Mozilla/4.0 (compatible; MSIE 7.0; Windows NT 5.1; .NET CLR 1.1.4322; .NET CLR 3.0.4506.2152; .NET CLR 3.5.30729; .NET CLR 2.0.50727; .NET4.0C; .NET4.0E; InfoPath.3)"
64.229.226.155 - - [04/Jan/2012:09:15:23 -0500] "GET /themes/default/images/headerlogo2.png HTTP/1.1" 200 12415 "http://www.walleyecentral.com/" "Mozilla/5.0 (compatible; MSIE 9.0; Windows NT 6.1; WOW64; Trident/5.0)"
216.16.37.152 - - [04/Jan/2012:09:15:23 -0500] "GET /forums/images/misc/headerlogo2.png HTTP/1.1" 304 - "http://www.walleyecentral.com/forums/forumdisplay.php?f=15" "Mozilla/4.0 (compatible; MSIE 7.0; Windows NT 6.0; SLCC1; .NET CLR 2.0.50727; Media Center PC 5.0; .NET CLR 3.5.30729; .NET4.0C; .NET CLR 3.0.30729; .NET4.0E)"
64.229.226.155 - - [04/Jan/2012:09:15:23 -0500] "GET /images/wc-hoodie.jpg HTTP/1.1" 200 2970 "http://www.walleyecentral.com/" "Mozilla/5.0 (compatible; MSIE 9.0; Windows NT 6.1; WOW64; Trident/5.0)"
207.219.4.171 - - [04/Jan/2012:09:15:23 -0500] "GET /themes/default/images/ranger_icon.jpg HTTP/1.1" 200 6291 "http://walleyecentral.com/" "Mozilla/4.0 (compatible; MSIE 7.0; Windows NT 5.1; .NET CLR 1.1.4322; .NET CLR 3.0.4506.2152; .NET CLR 3.5.30729; .NET CLR 2.0.50727; .NET4.0C; .NET4.0E; InfoPath.3)"
207.219.4.171 - - [04/Jan/2012:09:15:23 -0500] "GET /dbimages/articles-2012-01-02-216201556iconfile.JPG HTTP/1.1" 200 1315 "http://walleyecentral.com/" "Mozilla/4.0 (compatible; MSIE 7.0; Windows NT 5.1; .NET CLR 1.1.4322; .NET CLR 3.0.4506.2152; .NET CLR 3.5.30729; .NET CLR 2.0.50727; .NET4.0C; .NET4.0E; InfoPath.3)"
207.219.4.171 - - [04/Jan/2012:09:15:23 -0500] "GET /dbimages/articles-2011-12-20-231784295iconfile.jpg HTTP/1.1" 200 1086 "http://walleyecentral.com/" "Mozilla/4.0 (compatible; MSIE 7.0; Windows NT 5.1; .NET CLR 1.1.4322; .NET CLR 3.0.4506.2152; .NET CLR 3.5.30729; .NET CLR 2.0.50727; .NET4.0C; .NET4.0E; InfoPath.3)"
216.16.37.152 - - [04/Jan/2012:09:15:23 -0500] "GET /openx/www/delivery/ajs.php?n=a5212870&zoneid=7&source=&exclude=,&r=114544801&loc=http%3A//www.walleyecentral.com/forums/forumdisplay.php%3Ff%3D15&referer=http%3A//www.walleyecentral.com/ HTTP/1.1" 200 950 "http://www.walleyecentral.com/forums/forumdisplay.php?f=15" "Mozilla/4.0 (compatible; MSIE 7.0; Windows NT 6.0; SLCC1; .NET CLR 2.0.50727; Media Center PC 5.0; .NET CLR 3.5.30729; .NET4.0C; .NET CLR 3.0.30729; .NET4.0E)"
207.219.4.171 - - [04/Jan/2012:09:15:23 -0500] "GET /dbimages/articles-2011-12-27-925807361iconfile.jpg HTTP/1.1" 200 946 "http://walleyecentral.com/" "Mozilla/4.0 (compatible; MSIE 7.0; Windows NT 5.1; .NET CLR 1.1.4322; .NET CLR 3.0.4506.2152; .NET CLR 3.5.30729; .NET CLR 2.0.50727; .NET4.0C; .NET4.0E; InfoPath.3)"
207.219.4.171 - - [04/Jan/2012:09:15:23 -0500] "GET /dbimages/articles-2011-12-20-993572124iconfile.jpg HTTP/1.1" 200 1433 "http://walleyecentral.com/" "Mozilla/4.0 (compatible; MSIE 7.0; Windows NT 5.1; .NET CLR 1.1.4322; .NET CLR 3.0.4506.2152; .NET CLR 3.5.30729; .NET CLR 2.0.50727; .NET4.0C; .NET4.0E; InfoPath.3)"
207.219.4.171 - - [04/Jan/2012:09:15:23 -0500] "GET /images/wc-hoodie.jpg HTTP/1.1" 200 2970 "http://walleyecentral.com/" "Mozilla/4.0 (compatible; MSIE 7.0; Windows NT 5.1; .NET CLR 1.1.4322; .NET CLR 3.0.4506.2152; .NET CLR 3.5.30729; .NET CLR 2.0.50727; .NET4.0C; .NET4.0E; InfoPath.3)"
207.219.4.171 - - [04/Jan/2012:09:15:23 -0500] "GET /images/fishhuron.jpg HTTP/1.1" 200 12090 "http://walleyecentral.com/" "Mozilla/4.0 (compatible; MSIE 7.0; Windows NT 5.1; .NET CLR 1.1.4322; .NET CLR 3.0.4506.2152; .NET CLR 3.5.30729; .NET CLR 2.0.50727; .NET4.0C; .NET4.0E; InfoPath.3)"
66.11.150.236 - - [04/Jan/2012:09:15:23 -0500] "GET /weather.php?pands=44830 HTTP/1.0" 200 24168 "-" "-"
216.16.37.152 - - [04/Jan/2012:09:15:23 -0500] "GET /openx/www/delivery/ai.php?filename=alumacraft.jpg&contenttype=jpeg HTTP/1.1" 304 - "http://www.walleyecentral.com/forums/forumdisplay.php?f=15" "Mozilla/4.0 (compatible; MSIE 7.0; Windows NT 6.0; SLCC1; .NET CLR 2.0.50727; Media Center PC 5.0; .NET CLR 3.5.30729; .NET4.0C; .NET CLR 3.0.30729; .NET4.0E)"
64.229.226.155 - - [04/Jan/2012:09:15:23 -0500] "GET /images/facebook.jpg HTTP/1.1" 200 1058 "http://www.walleyecentral.com/" "Mozilla/5.0 (compatible; MSIE 9.0; Windows NT 6.1; WOW64; Trident/5.0)"
207.219.4.171 - - [04/Jan/2012:09:15:23 -0500] "GET /dbimages/articles-2011-12-19-56677216iconfile.jpg HTTP/1.1" 200 1844 "http://walleyecentral.com/" "Mozilla/4.0 (compatible; MSIE 7.0; Windows NT 5.1; .NET CLR 1.1.4322; .NET CLR 3.0.4506.2152; .NET CLR 3.5.30729; .NET CLR 2.0.50727; .NET4.0C; .NET4.0E; InfoPath.3)"
207.219.4.171 - - [04/Jan/2012:09:15:23 -0500] "GET /dbimages/articles-2011-12-20-429665774iconfile.jpg HTTP/1.1" 200 629 "http://walleyecentral.com/" "Mozilla/4.0 (compatible; MSIE 7.0; Windows NT 5.1; .NET CLR 1.1.4322; .NET CLR 3.0.4506.2152; .NET CLR 3.5.30729; .NET CLR 2.0.50727; .NET4.0C; .NET4.0E; InfoPath.3)"
64.229.226.155 - - [04/Jan/2012:09:15:23 -0500] "GET /themes/default/images/edit.gif HTTP/1.1" 200 1214 "http://www.walleyecentral.com/" "Mozilla/5.0 (compatible; MSIE 9.0; Windows NT 6.1; WOW64; Trident/5.0)"
207.219.4.171 - - [04/Jan/2012:09:15:23 -0500] "GET /images/facebook.jpg HTTP/1.1" 200 1058 "http://walleyecentral.com/" "Mozilla/4.0 (compatible; MSIE 7.0; Windows NT 5.1; .NET CLR 1.1.4322; .NET CLR 3.0.4506.2152; .NET CLR 3.5.30729; .NET CLR 2.0.50727; .NET4.0C; .NET4.0E; InfoPath.3)"
64.229.226.155 - - [04/Jan/2012:09:15:23 -0500] "GET /dbimages/articles-2012-01-02-216201556iconfile.JPG HTTP/1.1" 200 1315 "http://www.walleyecentral.com/" "Mozilla/5.0 (compatible; MSIE 9.0; Windows NT 6.1; WOW64; Trident/5.0)"
64.229.226.155 - - [04/Jan/2012:09:15:23 -0500] "GET /dbimages/articles-2011-12-20-231784295iconfile.jpg HTTP/1.1" 200 1086 "http://www.walleyecentral.com/" "Mozilla/5.0 (compatible; MSIE 9.0; Windows NT 6.1; WOW64; Trident/5.0)"
65.52.108.26 - - [04/Jan/2012:09:15:23 -0500] "GET /forums/showthread.php?t=60831 HTTP/1.1" 200 14151 "-" "Mozilla/5.0 (compatible; bingbot/2.0; +http://www.bing.com/bingbot.htm)"
207.219.4.171 - - [04/Jan/2012:09:15:23 -0500] "GET /dbimages/articles-2011-12-19-992528775iconfile.jpg HTTP/1.1" 200 1561 "http://walleyecentral.com/" "Mozilla/4.0 (compatible; MSIE 7.0; Windows NT 5.1; .NET CLR 1.1.4322; .NET CLR 3.0.4506.2152; .NET CLR 3.5.30729; .NET CLR 2.0.50727; .NET4.0C; .NET4.0E; InfoPath.3)"
207.219.4.171 - - [04/Jan/2012:09:15:23 -0500] "GET /dbimages/articles-2011-12-09-612515290iconfile.jpg HTTP/1.1" 200 923 "http://walleyecentral.com/" "Mozilla/4.0 (compatible; MSIE 7.0; Windows NT 5.1; .NET CLR 1.1.4322; .NET CLR 3.0.4506.2152; .NET CLR 3.5.30729; .NET CLR 2.0.50727; .NET4.0C; .NET4.0E; InfoPath.3)"
216.16.37.152 - - [04/Jan/2012:09:15:23 -0500] "GET /forums/images/misc/navbits_start.gif HTTP/1.1" 304 - "http://www.walleyecentral.com/forums/forumdisplay.php?f=15" "Mozilla/4.0 (compatible; MSIE 7.0; Windows NT 6.0; SLCC1; .NET CLR 2.0.50727; Media Center PC 5.0; .NET CLR 3.5.30729; .NET4.0C; .NET CLR 3.0.30729; .NET4.0E)"
64.229.226.155 - - [04/Jan/2012:09:15:23 -0500] "GET /dbimages/articles-2011-12-27-925807361iconfile.jpg HTTP/1.1" 200 946 "http://www.walleyecentral.com/" "Mozilla/5.0 (compatible; MSIE 9.0; Windows NT 6.1; WOW64; Trident/5.0)"
64.229.226.155 - - [04/Jan/2012:09:15:23 -0500] "GET /images/fishhuron.jpg HTTP/1.1" 200 12090 "http://www.walleyecentral.com/" "Mozilla/5.0 (compatible; MSIE 9.0; Windows NT 6.1; WOW64; Trident/5.0)"
64.229.226.155 - - [04/Jan/2012:09:15:23 -0500] "GET /dbimages/articles-2011-12-20-993572124iconfile.jpg HTTP/1.1" 200 1433 "http://www.walleyecentral.com/" "Mozilla/5.0 (compatible; MSIE 9.0; Windows NT 6.1; WOW64; Trident/5.0)"
207.219.4.171 - - [04/Jan/2012:09:15:23 -0500] "GET /themes/default/images/edit.gif HTTP/1.1" 200 1214 "http://walleyecentral.com/" "Mozilla/4.0 (compatible; MSIE 7.0; Windows NT 5.1; .NET CLR 1.1.4322; .NET CLR 3.0.4506.2152; .NET CLR 3.5.30729; .NET CLR 2.0.50727; .NET4.0C; .NET4.0E; InfoPath.3)"
64.229.226.155 - - [04/Jan/2012:09:15:23 -0500] "GET /dbimages/articles-2011-12-20-429665774iconfile.jpg HTTP/1.1" 200 629 "http://www.walleyecentral.com/" "Mozilla/5.0 (compatible; MSIE 9.0; Windows NT 6.1; WOW64; Trident/5.0)"
216.16.37.152 - - [04/Jan/2012:09:15:23 -0500] "GET /openx/www/delivery/lg.php?bannerid=94&campaignid=1&zoneid=7&loc=http%3A%2F%2Fwww.walleyecentral.com%2Fforums%2Fforumdisplay.php%3Ff%3D15&referer=http%3A%2F%2Fwww.walleyecentral.com%2F&cb=b8cdff104f HTTP/1.1" 200 43 "http://www.walleyecentral.com/forums/forumdisplay.php?f=15" "Mozilla/4.0 (compatible; MSIE 7.0; Windows NT 6.0; SLCC1; .NET CLR 2.0.50727; Media Center PC 5.0; .NET CLR 3.5.30729; .NET4.0C; .NET CLR 3.0.30729; .NET4.0E)"
207.219.4.171 - - [04/Jan/2012:09:15:23 -0500] "GET /dbimages/articles-2011-12-05-541299785iconfile.jpg HTTP/1.1" 200 1567 "http://walleyecentral.com/" "Mozilla/4.0 (compatible; MSIE 7.0; Windows NT 5.1; .NET CLR 1.1.4322; .NET CLR 3.0.4506.2152; .NET CLR 3.5.30729; .NET CLR 2.0.50727; .NET4.0C; .NET4.0E; InfoPath.3)"
207.219.4.171 - - [04/Jan/2012:09:15:23 -0500] "GET /dbimages/articles-2011-09-29-923068202iconfile.jpg HTTP/1.1" 200 1456 "http://walleyecentral.com/" "Mozilla/4.0 (compatible; MSIE 7.0; Windows NT 5.1; .NET CLR 1.1.4322; .NET CLR 3.0.4506.2152; .NET CLR 3.5.30729; .NET CLR 2.0.50727; .NET4.0C; .NET4.0E; InfoPath.3)"
216.16.37.152 - - [04/Jan/2012:09:15:23 -0500] "GET /forums/images/misc/navbits_finallink_ltr.gif HTTP/1.1" 304 - "http://www.walleyecentral.com/forums/forumdisplay.php?f=15" "Mozilla/4.0 (compatible; MSIE 7.0; Windows NT 6.0; SLCC1; .NET CLR 2.0.50727; Media Center PC 5.0; .NET CLR 3.5.30729; .NET4.0C; .NET CLR 3.0.30729; .NET4.0E)"
207.219.4.171 - - [04/Jan/2012:09:15:23 -0500] "GET /dbimages/tenpoundclub-2011-12-23-141169268thumbnail.jpg HTTP/1.1" 200 10939 "http://walleyecentral.com/" "Mozilla/4.0 (compatible; MSIE 7.0; Windows NT 5.1; .NET CLR 1.1.4322; .NET CLR 3.0.4506.2152; .NET CLR 3.5.30729; .NET CLR 2.0.50727; .NET4.0C; .NET4.0E; InfoPath.3)"
216.16.37.152 - - [04/Jan/2012:09:15:23 -0500] "GET /forums/images/misc/menu_open.gif HTTP/1.1" 304 - "http://www.walleyecentral.com/forums/forumdisplay.php?f=15" "Mozilla/4.0 (compatible; MSIE 7.0; Windows NT 6.0; SLCC1; .NET CLR 2.0.50727; Media Center PC 5.0; .NET CLR 3.5.30729; .NET4.0C; .NET CLR 3.0.30729; .NET4.0E)"
207.219.4.171 - - [04/Jan/2012:09:15:23 -0500] "GET /dbimages/tenpoundclub-2012-01-03-862352758thumbnail.jpg HTTP/1.1" 200 12900 "http://walleyecentral.com/" "Mozilla/4.0 (compatible; MSIE 7.0; Windows NT 5.1; .NET CLR 1.1.4322; .NET CLR 3.0.4506.2152; .NET CLR 3.5.30729; .NET CLR 2.0.50727; .NET4.0C; .NET4.0E; InfoPath.3)"
205.134.249.170 - - [04/Jan/2012:09:15:23 -0500] "GET /weather.php?pands=Alma%2C+Ne HTTP/1.1" 200 16166 "-" "PHP/5.2.17"
207.219.4.171 - - [04/Jan/2012:09:15:23 -0500] "GET /themes/default/images/x.gif HTTP/1.1" 200 1107 "http://walleyecentral.com/" "Mozilla/4.0 (compatible; MSIE 7.0; Windows NT 5.1; .NET CLR 1.1.4322; .NET CLR 3.0.4506.2152; .NET CLR 3.5.30729; .NET CLR 2.0.50727; .NET4.0C; .NET4.0E; InfoPath.3)"
207.219.4.171 - - [04/Jan/2012:09:15:23 -0500] "GET /themes/default/images/edit.gif HTTP/1.1" 200 1214 "http://walleyecentral.com/" "Mozilla/4.0 (compatible; MSIE 7.0; Windows NT 5.1; .NET CLR 1.1.4322; .NET CLR 3.0.4506.2152; .NET CLR 3.5.30729; .NET CLR 2.0.50727; .NET4.0C; .NET4.0E; InfoPath.3)"
64.229.226.155 - - [04/Jan/2012:09:15:23 -0500] "GET /dbimages/articles-2011-12-19-56677216iconfile.jpg HTTP/1.1" 200 1844 "http://www.walleyecentral.com/" "Mozilla/5.0 (compatible; MSIE 9.0; Windows NT 6.1; WOW64; Trident/5.0)"
64.229.226.155 - - [04/Jan/2012:09:15:24 -0500] "GET /dbimages/articles-2011-12-19-992528775iconfile.jpg HTTP/1.1" 200 1561 "http://www.walleyecentral.com/" "Mozilla/5.0 (compatible; MSIE 9.0; Windows NT 6.1; WOW64; Trident/5.0)"
216.16.37.152 - - [04/Jan/2012:09:15:24 -0500] "GET /forums/images/buttons/newthread.gif HTTP/1.1" 304 - "http://www.walleyecentral.com/forums/forumdisplay.php?f=15" "Mozilla/4.0 (compatible; MSIE 7.0; Windows NT 6.0; SLCC1; .NET CLR 2.0.50727; Media Center PC 5.0; .NET CLR 3.5.30729; .NET4.0C; .NET CLR 3.0.30729; .NET4.0E)"
64.229.226.155 - - [04/Jan/2012:09:15:24 -0500] "GET /dbimages/articles-2011-12-09-612515290iconfile.jpg HTTP/1.1" 200 923 "http://www.walleyecentral.com/" "Mozilla/5.0 (compatible; MSIE 9.0; Windows NT 6.1; WOW64; Trident/5.0)"
216.16.37.152 - - [04/Jan/2012:09:15:24 -0500] "GET /forums/images/icons/icon1.gif HTTP/1.1" 304 - "http://www.walleyecentral.com/forums/forumdisplay.php?f=15" "Mozilla/4.0 (compatible; MSIE 7.0; Windows NT 6.0; SLCC1; .NET CLR 2.0.50727; Media Center PC 5.0; .NET CLR 3.5.30729; .NET4.0C; .NET CLR 3.0.30729; .NET4.0E)"
64.229.226.155 - - [04/Jan/2012:09:15:24 -0500] "GET /dbimages/articles-2011-12-05-541299785iconfile.jpg HTTP/1.1" 200 1567 "http://www.walleyecentral.com/" "Mozilla/5.0 (compatible; MSIE 9.0; Windows NT 6.1; WOW64; Trident/5.0)"
64.229.226.155 - - [04/Jan/2012:09:15:24 -0500] "GET /dbimages/articles-2011-09-29-923068202iconfile.jpg HTTP/1.1" 200 1456 "http://www.walleyecentral.com/" "Mozilla/5.0 (compatible; MSIE 9.0; Windows NT 6.1; WOW64; Trident/5.0)"
207.219.4.171 - - [04/Jan/2012:09:15:24 -0500] "GET /dbimages/tenpoundclub-2011-12-23-97306314thumbnail.jpg HTTP/1.1" 200 9587 "http://walleyecentral.com/" "Mozilla/4.0 (compatible; MSIE 7.0; Windows NT 5.1; .NET CLR 1.1.4322; .NET CLR 3.0.4506.2152; .NET CLR 3.5.30729; .NET CLR 2.0.50727; .NET4.0C; .NET4.0E; InfoPath.3)"
207.219.4.171 - - [04/Jan/2012:09:15:24 -0500] "GET /wcvideo/video/20110925-150928.jpg HTTP/1.1" 200 8753 "http://walleyecentral.com/" "Mozilla/4.0 (compatible; MSIE 7.0; Windows NT 5.1; .NET CLR 1.1.4322; .NET CLR 3.0.4506.2152; .NET CLR 3.5.30729; .NET CLR 2.0.50727; .NET4.0C; .NET4.0E; InfoPath.3)"
64.229.226.155 - - [04/Jan/2012:09:15:24 -0500] "GET /dbimages/tenpoundclub-2011-12-23-141169268thumbnail.jpg HTTP/1.1" 200 10939 "http://www.walleyecentral.com/" "Mozilla/5.0 (compatible; MSIE 9.0; Windows NT 6.1; WOW64; Trident/5.0)"
64.229.226.155 - - [04/Jan/2012:09:15:24 -0500] "GET /dbimages/tenpoundclub-2011-12-23-97306314thumbnail.jpg HTTP/1.1" 200 9587 "http://www.walleyecentral.com/" "Mozilla/5.0 (compatible; MSIE 9.0; Windows NT 6.1; WOW64; Trident/5.0)"
64.229.226.155 - - [04/Jan/2012:09:15:24 -0500] "GET /wcvideo/video/20110925-150928.jpg HTTP/1.1" 200 8753 "http://www.walleyecentral.com/" "Mozilla/5.0 (compatible; MSIE 9.0; Windows NT 6.1; WOW64; Trident/5.0)"
216.16.37.152 - - [04/Jan/2012:09:15:24 -0500] "GET /forums/images/statusicon/thread_hot_new.gif HTTP/1.1" 304 - "http://www.walleyecentral.com/forums/forumdisplay.php?f=15" "Mozilla/4.0 (compatible; MSIE 7.0; Windows NT 6.0; SLCC1; .NET CLR 2.0.50727; Media Center PC 5.0; .NET CLR 3.5.30729; .NET4.0C; .NET CLR 3.0.30729; .NET4.0E)"
216.16.37.152 - - [04/Jan/2012:09:15:24 -0500] "GET /forums/images/misc/sticky.gif HTTP/1.1" 304 - "http://www.walleyecentral.com/forums/forumdisplay.php?f=15" "Mozilla/4.0 (compatible; MSIE 7.0; Windows NT 6.0; SLCC1; .NET CLR 2.0.50727; Media Center PC 5.0; .NET CLR 3.5.30729; .NET4.0C; .NET CLR 3.0.30729; .NET4.0E)"
64.229.226.155 - - [04/Jan/2012:09:15:24 -0500] "GET /dbimages/tenpoundclub-2012-01-03-862352758thumbnail.jpg HTTP/1.1" 200 12900 "http://www.walleyecentral.com/" "Mozilla/5.0 (compatible; MSIE 9.0; Windows NT 6.1; WOW64; Trident/5.0)"
216.16.37.152 - - [04/Jan/2012:09:15:24 -0500] "GET /forums/images/buttons/firstnew.gif HTTP/1.1" 304 - "http://www.walleyecentral.com/forums/forumdisplay.php?f=15" "Mozilla/4.0 (compatible; MSIE 7.0; Windows NT 6.0; SLCC1; .NET CLR 2.0.50727; Media Center PC 5.0; .NET CLR 3.5.30729; .NET4.0C; .NET CLR 3.0.30729; .NET4.0E)"
216.16.37.152 - - [04/Jan/2012:09:15:24 -0500] "GET /forums/images/buttons/lastpost.gif HTTP/1.1" 304 - "http://www.walleyecentral.com/forums/forumdisplay.php?f=15" "Mozilla/4.0 (compatible; MSIE 7.0; Windows NT 6.0; SLCC1; .NET CLR 2.0.50727; Media Center PC 5.0; .NET CLR 3.5.30729; .NET4.0C; .NET CLR 3.0.30729; .NET4.0E)"
24.220.62.4 - - [04/Jan/2012:09:15:24 -0500] "GET /openx/www/delivery/ajs.php?n=a5212870&zoneid=86&source=&exclude=,&r=95977301&loc=http%3A//www.walleyecentral.com/forums/forumdisplay.php%3Ff%3D5&referer=http%3A//www.walleyecentral.com/forums/index.php HTTP/1.1" 200 937 "http://www.walleyecentral.com/forums/forumdisplay.php?f=5" "Mozilla/4.0 (compatible; MSIE 8.0; Windows NT 5.1; Trident/4.0; (R1 1.6); .NET CLR 1.1.4322; BRI/1)"
207.219.4.171 - - [04/Jan/2012:09:15:24 -0500] "GET /wcvideo/video/20110918-060900.jpg HTTP/1.1" 200 16164 "http://walleyecentral.com/" "Mozilla/4.0 (compatible; MSIE 7.0; Windows NT 5.1; .NET CLR 1.1.4322; .NET CLR 3.0.4506.2152; .NET CLR 3.5.30729; .NET CLR 2.0.50727; .NET4.0C; .NET4.0E; InfoPath.3)"
207.219.4.171 - - [04/Jan/2012:09:15:24 -0500] "GET /wcvideo/video/20110808-130818.jpg HTTP/1.1" 200 14547 "http://walleyecentral.com/" "Mozilla/4.0 (compatible; MSIE 7.0; Windows NT 5.1; .NET CLR 1.1.4322; .NET CLR 3.0.4506.2152; .NET CLR 3.5.30729; .NET CLR 2.0.50727; .NET4.0C; .NET4.0E; InfoPath.3)"
216.16.37.152 - - [04/Jan/2012:09:15:24 -0500] "GET /forums/images/statusicon/thread_hot_lock.gif HTTP/1.1" 304 - "http://www.walleyecentral.com/forums/forumdisplay.php?f=15" "Mozilla/4.0 (compatible; MSIE 7.0; Windows NT 6.0; SLCC1; .NET CLR 2.0.50727; Media Center PC 5.0; .NET CLR 3.5.30729; .NET4.0C; .NET CLR 3.0.30729; .NET4.0E)"
216.16.37.152 - - [04/Jan/2012:09:15:24 -0500] "GET /forums/images/statusicon/thread_new.gif HTTP/1.1" 304 - "http://www.walleyecentral.com/forums/forumdisplay.php?f=15" "Mozilla/4.0 (compatible; MSIE 7.0; Windows NT 6.0; SLCC1; .NET CLR 2.0.50727; Media Center PC 5.0; .NET CLR 3.5.30729; .NET4.0C; .NET CLR 3.0.30729; .NET4.0E)"
64.229.226.155 - - [04/Jan/2012:09:15:24 -0500] "GET /wcvideo/video/20110918-060900.jpg HTTP/1.1" 200 16164 "http://www.walleyecentral.com/" "Mozilla/5.0 (compatible; MSIE 9.0; Windows NT 6.1; WOW64; Trident/5.0)"
74.33.91.83 - - [04/Jan/2012:09:15:23 -0500] "GET /forums/showthread.php?t=189109 HTTP/1.1" 200 18137 "http://www.walleyecentral.com/forums/forumdisplay.php?f=34" "Mozilla/5.0 (compatible; MSIE 9.0; Windows NT 6.1; WOW64; Trident/5.0)"
74.33.91.83 - - [04/Jan/2012:09:15:24 -0500] "GET /openx/www/delivery/ajs.php?n=a5212870&zoneid=106&source=&exclude=,&r=655425641&loc=http%3A//www.walleyecentral.com/forums/showthread.php%3Ft%3D189109&referer=http%3A//www.walleyecentral.com/forums/forumdisplay.php%3Ff%3D34 HTTP/1.1" 200 927 "http://www.walleyecentral.com/forums/showthread.php?t=189109" "Mozilla/5.0 (compatible; MSIE 9.0; Windows NT 6.1; WOW64; Trident/5.0)"
207.219.4.171 - - [04/Jan/2012:09:15:24 -0500] "GET /phpQJr/embedjr.php?pid=50&w=175&h=400 HTTP/1.1" 200 1036 "http://walleyecentral.com/" "Mozilla/4.0 (compatible; MSIE 7.0; Windows NT 5.1; .NET CLR 1.1.4322; .NET CLR 3.0.4506.2152; .NET CLR 3.5.30729; .NET CLR 2.0.50727; .NET4.0C; .NET4.0E; InfoPath.3)"
64.229.226.155 - - [04/Jan/2012:09:15:24 -0500] "GET /wcvideo/video/20110808-130818.jpg HTTP/1.1" 200 14547 "http://www.walleyecentral.com/" "Mozilla/5.0 (compatible; MSIE 9.0; Windows NT 6.1; WOW64; Trident/5.0)"
216.16.37.152 - - [04/Jan/2012:09:15:24 -0500] "GET /forums/images/icons/icon10.gif HTTP/1.1" 304 - "http://www.walleyecentral.com/forums/forumdisplay.php?f=15" "Mozilla/4.0 (compatible; MSIE 7.0; Windows NT 6.0; SLCC1; .NET CLR 2.0.50727; Media Center PC 5.0; .NET CLR 3.5.30729; .NET4.0C; .NET CLR 3.0.30729; .NET4.0E)"
216.16.37.152 - - [04/Jan/2012:09:15:24 -0500] "GET /forums/images/statusicon/thread_dot_hot.gif HTTP/1.1" 304 - "http://www.walleyecentral.com/forums/forumdisplay.php?f=15" "Mozilla/4.0 (compatible; MSIE 7.0; Windows NT 6.0; SLCC1; .NET CLR 2.0.50727; Media Center PC 5.0; .NET CLR 3.5.30729; .NET4.0C; .NET CLR 3.0.30729; .NET4.0E)"
207.219.4.171 - - [04/Jan/2012:09:15:24 -0500] "GET /commonimages/blocks.png HTTP/1.1" 200 3241 "http://walleyecentral.com/" "Mozilla/4.0 (compatible; MSIE 7.0; Windows NT 5.1; .NET CLR 1.1.4322; .NET CLR 3.0.4506.2152; .NET CLR 3.5.30729; .NET CLR 2.0.50727; .NET4.0C; .NET4.0E; InfoPath.3)"
207.219.4.171 - - [04/Jan/2012:09:15:24 -0500] "GET /images/navionics_app.jpg HTTP/1.1" 200 3556 "http://walleyecentral.com/" "Mozilla/4.0 (compatible; MSIE 7.0; Windows NT 5.1; .NET CLR 1.1.4322; .NET CLR 3.0.4506.2152; .NET CLR 3.5.30729; .NET CLR 2.0.50727; .NET4.0C; .NET4.0E; InfoPath.3)"
