207.219.4.171 - - [04/Jan/2012:09:15:24 -0500] "GET /images/shutup1.gif HTTP/1.1" 200 635 "http://walleyecentral.com/" "Mozilla/4.0 (compatible; MSIE 7.0; Windows NT 5.1; .NET CLR 1.1.4322; .NET CLR 3.0.4506.2152; .NET CLR 3.5.30729; .NET CLR 2.0.50727; .NET4.0C; .NET4.0E; InfoPath.3)"
207.219.4.171 - - [04/Jan/2012:09:15:24 -0500] "GET /phpQJr/poll.php?pid=50&url=http%3A//walleyecentral.com/ HTTP/1.1" 200 3978 "http://walleyecentral.com/" "Mozilla/4.0 (compatible; MSIE 7.0; Windows NT 5.1; .NET CLR 1.1.4322; .NET CLR 3.0.4506.2152; .NET CLR 3.5.30729; .NET CLR 2.0.50727; .NET4.0C; .NET4.0E; InfoPath.3)"
216.16.37.152 - - [04/Jan/2012:09:15:24 -0500] "GET /forums/images/misc/subscribed.gif HTTP/1.1" 304 - "http://www.walleyecentral.com/forums/forumdisplay.php?f=15" "Mozilla/4.0 (compatible; MSIE 7.0; Windows NT 6.0; SLCC1; .NET CLR 2.0.50727; Media Center PC 5.0; .NET CLR 3.5.30729; .NET4.0C; .NET CLR 3.0.30729; .NET4.0E)"
216.16.37.152 - - [04/Jan/2012:09:15:24 -0500] "GET /forums/images/misc/multipage.gif HTTP/1.1" 304 - "http://www.walleyecentral.com/forums/forumdisplay.php?f=15" "Mozilla/4.0 (compatible; MSIE 7.0; Windows NT 6.0; SLCC1; .NET CLR 2.0.50727; Media Center PC 5.0; .NET CLR 3.5.30729; .NET4.0C; .NET CLR 3.0.30729; .NET4.0E)"
64.229.226.155 - - [04/Jan/2012:09:15:24 -0500] "GET /phpQJr/embedjr.php?pid=50&w=175&h=400 HTTP/1.1" 200 1036 "http://www.walleyecentral.com/" "Mozilla/5.0 (compatible; MSIE 9.0; Windows NT 6.1; WOW64; Trident/5.0)"
66.11.150.236 - - [04/Jan/2012:09:15:24 -0500] "GET /weather.php?pands=55725 HTTP/1.0" 200 24182 "-" "-"
64.229.226.155 - - [04/Jan/2012:09:15:24 -0500] "GET /commonimages/blocks.png HTTP/1.1" 200 3241 "http://www.walleyecentral.com/" "Mozilla/5.0 (compatible; MSIE 9.0; Windows NT 6.1; WOW64; Trident/5.0)"
74.33.91.83 - - [04/Jan/2012:09:15:24 -0500] "GET /forums/images/smilies/yea-right.gif HTTP/1.1" 200 830 "http://www.walleyecentral.com/forums/showthread.php?t=189109" "Mozilla/5.0 (compatible; MSIE 9.0; Windows NT 6.1; WOW64; Trident/5.0)"
64.229.226.155 - - [04/Jan/2012:09:15:24 -0500] "GET /images/navionics_app.jpg HTTP/1.1" 200 3556 "http://www.walleyecentral.com/" "Mozilla/5.0 (compatible; MSIE 9.0; Windows NT 6.1; WOW64; Trident/5.0)"
64.229.226.155 - - [04/Jan/2012:09:15:24 -0500] "GET /images/shutup1.gif HTTP/1.1" 200 635 "http://www.walleyecentral.com/" "Mozilla/5.0 (compatible; MSIE 9.0; Windows NT 6.1; WOW64; Trident/5.0)"
74.33.91.83 - - [04/Jan/2012:09:15:24 -0500] "GET /forums/image.php?u=13650&dateline=1318217195 HTTP/1.1" 200 8421 "http://www.walleyecentral.com/forums/showthread.php?t=189109" "Mozilla/5.0 (compatible; MSIE 9.0; Windows NT 6.1; WOW64; Trident/5.0)"
207.219.4.171 - - [04/Jan/2012:09:15:24 -0500] "GET /themes/default/images/footerback.gif HTTP/1.1" 200 1309 "http://walleyecentral.com/" "Mozilla/4.0 (compatible; MSIE 7.0; Windows NT 5.1; .NET CLR 1.1.4322; .NET CLR 3.0.4506.2152; .NET CLR 3.5.30729; .NET CLR 2.0.50727; .NET4.0C; .NET4.0E; InfoPath.3)"
207.219.4.171 - - [04/Jan/2012:09:15:24 -0500] "GET /phpQJr/inc/poll.js HTTP/1.1" 200 897 "http://walleyecentral.com/phpQJr/poll.php?pid=50&url=http%3A//walleyecentral.com/" "Mozilla/4.0 (compatible; MSIE 7.0; Windows NT 5.1; .NET CLR 1.1.4322; .NET CLR 3.0.4506.2152; .NET CLR 3.5.30729; .NET CLR 2.0.50727; .NET4.0C; .NET4.0E; InfoPath.3)"
74.33.91.83 - - [04/Jan/2012:09:15:24 -0500] "GET /openx/www/delivery/lg.php?bannerid=93&campaignid=1&zoneid=106&loc=http%3A%2F%2Fwww.walleyecentral.com%2Fforums%2Fshowthread.php%3Ft%3D189109&referer=http%3A%2F%2Fwww.walleyecentral.com%2Fforums%2Fforumdisplay.php%3Ff%3D34&cb=e73ab2068e HTTP/1.1" 200 43 "http://www.walleyecentral.com/forums/showthread.php?t=189109" "Mozilla/5.0 (compatible; MSIE 9.0; Windows NT 6.1; WOW64; Trident/5.0)"
216.16.37.152 - - [04/Jan/2012:09:15:24 -0500] "GET /forums/clientscript/vbulletin_read_marker.js?v=373 HTTP/1.1" 304 - "http://www.walleyecentral.com/forums/forumdisplay.php?f=15" "Mozilla/4.0 (compatible; MSIE 7.0; Windows NT 6.0; SLCC1; .NET CLR 2.0.50727; Media Center PC 5.0; .NET CLR 3.5.30729; .NET4.0C; .NET CLR 3.0.30729; .NET4.0E)"
216.16.37.152 - - [04/Jan/2012:09:15:24 -0500] "GET /forums/images/misc/paperclip.gif HTTP/1.1" 304 - "http://www.walleyecentral.com/forums/forumdisplay.php?f=15" "Mozilla/4.0 (compatible; MSIE 7.0; Windows NT 6.0; SLCC1; .NET CLR 2.0.50727; Media Center PC 5.0; .NET CLR 3.5.30729; .NET4.0C; .NET CLR 3.0.30729; .NET4.0E)"
216.16.37.152 - - [04/Jan/2012:09:15:24 -0500] "GET /forums/images/statusicon/thread.gif HTTP/1.1" 304 - "http://www.walleyecentral.com/forums/forumdisplay.php?f=15" "Mozilla/4.0 (compatible; MSIE 7.0; Windows NT 6.0; SLCC1; .NET CLR 2.0.50727; Media Center PC 5.0; .NET CLR 3.5.30729; .NET4.0C; .NET CLR 3.0.30729; .NET4.0E)"
216.16.37.152 - - [04/Jan/2012:09:15:24 -0500] "GET /forums/images/statusicon/thread_lock.gif HTTP/1.1" 304 - "http://www.walleyecentral.com/forums/forumdisplay.php?f=15" "Mozilla/4.0 (compatible; MSIE 7.0; Windows NT 6.0; SLCC1; .NET CLR 2.0.50727; Media Center PC 5.0; .NET CLR 3.5.30729; .NET4.0C; .NET CLR 3.0.30729; .NET4.0E)"
64.229.226.155 - - [04/Jan/2012:09:15:24 -0500] "GET /themes/default/images/footerback.gif HTTP/1.1" 200 1309 "http://www.walleyecentral.com/" "Mozilla/5.0 (compatible; MSIE 9.0; Windows NT 6.1; WOW64; Trident/5.0)"
64.229.226.155 - - [04/Jan/2012:09:15:24 -0500] "GET /phpQJr/poll.php?pid=50&url=http%3A//www.walleyecentral.com/ HTTP/1.1" 200 3982 "http://www.walleyecentral.com/" "Mozilla/5.0 (compatible; MSIE 9.0; Windows NT 6.1; WOW64; Trident/5.0)"
24.220.62.4 - - [04/Jan/2012:09:15:24 -0500] "GET /openx/www/delivery/lg.php?bannerid=75&campaignid=1&zoneid=86&channel_ids=,&loc=http%3A%2F%2Fwww.walleyecentral.com%2Fforums%2Fforumdisplay.php%3Ff%3D5&referer=http%3A%2F%2Fwww.walleyecentral.com%2Fforums%2Findex.php&cb=9af02e2e78 HTTP/1.1" 200 43 "http://www.walleyecentral.com/forums/forumdisplay.php?f=5" "Mozilla/4.0 (compatible; MSIE 8.0; Windows NT 5.1; Trident/4.0; (R1 1.6); .NET CLR 1.1.4322; BRI/1)"
216.16.37.152 - - [04/Jan/2012:09:15:24 -0500] "GET /forums/images/statusicon/thread_dot.gif HTTP/1.1" 304 - "http://www.walleyecentral.com/forums/forumdisplay.php?f=15" "Mozilla/4.0 (compatible; MSIE 7.0; Windows NT 6.0; SLCC1; .NET CLR 2.0.50727; Media Center PC 5.0; .NET CLR 3.5.30729; .NET4.0C; .NET CLR 3.0.30729; .NET4.0E)"
216.16.37.152 - - [04/Jan/2012:09:15:24 -0500] "GET /forums/images/buttons/collapse_thead.gif HTTP/1.1" 304 - "http://www.walleyecentral.com/forums/forumdisplay.php?f=15" "Mozilla/4.0 (compatible; MSIE 7.0; Windows NT 6.0; SLCC1; .NET CLR 2.0.50727; Media Center PC 5.0; .NET CLR 3.5.30729; .NET4.0C; .NET CLR 3.0.30729; .NET4.0E)"
64.229.226.155 - - [04/Jan/2012:09:15:25 -0500] "GET /phpQJr/inc/poll.js HTTP/1.1" 200 897 "http://www.walleyecentral.com/phpQJr/poll.php?pid=50&url=http%3A//www.walleyecentral.com/" "Mozilla/5.0 (compatible; MSIE 9.0; Windows NT 6.1; WOW64; Trident/5.0)"
66.249.71.211 - - [04/Jan/2012:09:15:24 -0500] "GET /forums/archive/index.php/t-48787.html HTTP/1.1" 200 3704 "-" "Mozilla/5.0 (compatible; Googlebot/2.1; +http://www.google.com/bot.html)"
204.248.124.170 - - [04/Jan/2012:09:15:25 -0500] "GET /forums/showthread.php?t=189108&page=2 HTTP/1.1" 200 19597 "http://www.walleyecentral.com/forums/forumdisplay.php?f=32" "Mozilla/4.0 (compatible; MSIE 8.0; Windows NT 5.1; Trident/4.0)"
205.134.249.170 - - [04/Jan/2012:09:15:25 -0500] "GET /weather.php?pands=54304 HTTP/1.1" 200 16166 "-" "PHP/5.2.17"
204.248.124.170 - - [04/Jan/2012:09:15:25 -0500] "GET /openx/www/delivery/ajs.php?n=a5212870&zoneid=98&source=&exclude=,&r=441521051&loc=http%3A//www.walleyecentral.com/forums/showthread.php%3Ft%3D189108%26page%3D2&referer=http%3A//www.walleyecentral.com/forums/forumdisplay.php%3Ff%3D32 HTTP/1.1" 200 964 "http://www.walleyecentral.com/forums/showthread.php?t=189108&page=2" "Mozilla/4.0 (compatible; MSIE 8.0; Windows NT 5.1; Trident/4.0)"
66.11.150.236 - - [04/Jan/2012:09:15:25 -0500] "GET /weather.php?pands=55934 HTTP/1.0" 200 24272 "-" "-"
66.11.150.236 - - [04/Jan/2012:09:15:25 -0500] "GET /weather.php?pands=50676 HTTP/1.0" 200 24175 "-" "-"
204.248.124.170 - - [04/Jan/2012:09:15:25 -0500] "GET /forums/image.php?u=3388&dateline=1297860080 HTTP/1.1" 200 1686 "http://www.walleyecentral.com/forums/showthread.php?t=189108&page=2" "Mozilla/4.0 (compatible; MSIE 8.0; Windows NT 5.1; Trident/4.0)"
204.248.124.170 - - [04/Jan/2012:09:15:25 -0500] "GET /forums/image.php?u=6708&dateline=1232732603 HTTP/1.1" 200 2431 "http://www.walleyecentral.com/forums/showthread.php?t=189108&page=2" "Mozilla/4.0 (compatible; MSIE 8.0; Windows NT 5.1; Trident/4.0)"
204.248.124.170 - - [04/Jan/2012:09:15:25 -0500] "GET /forums/image.php?u=24625&dateline=1279823694 HTTP/1.1" 200 1969 "http://www.walleyecentral.com/forums/showthread.php?t=189108&page=2" "Mozilla/4.0 (compatible; MSIE 8.0; Windows NT 5.1; Trident/4.0)"
67.136.168.90 - - [04/Jan/2012:09:15:25 -0500] "GET /themes/default/theme.css HTTP/1.1" 304 - "http://www.walleyecentral.com/" "Mozilla/4.0 (compatible; MSIE 8.0; Windows NT 5.1; Trident/4.0; .NET CLR 2.0.50727; .NET CLR 3.0.4506.2152; .NET CLR 3.5.30729)"
204.248.124.170 - - [04/Jan/2012:09:15:25 -0500] "GET /forums/images/misc/im_aim.gif HTTP/1.1" 200 1013 "http://www.walleyecentral.com/forums/showthread.php?t=189108&page=2" "Mozilla/4.0 (compatible; MSIE 8.0; Windows NT 5.1; Trident/4.0)"
205.144.147.4 - - [04/Jan/2012:09:15:25 -0500] "GET /forums/showthread.php?t=162860 HTTP/1.1" 200 28265 "http://www.walleyecentral.com/forums/forumdisplay.php?f=5" "Mozilla/4.0 (compatible; MSIE 8.0; Windows NT 6.1; Trident/4.0; SLCC2; .NET CLR 2.0.50727; .NET CLR 3.5.30729; .NET CLR 3.0.30729; Media Center PC 6.0; .NET4.0C; Tablet PC 2.0; InfoPath.3; MS-RTC LM 8; .NET4.0E)"
205.144.147.4 - - [04/Jan/2012:09:15:26 -0500] "GET /openx/www/delivery/ajs.php?n=a5212870&zoneid=87&source=&exclude=,&r=570799231&loc=http%3A//www.walleyecentral.com/forums/showthread.php%3Ft%3D162860&referer=http%3A//www.walleyecentral.com/forums/forumdisplay.php%3Ff%3D5 HTTP/1.1" 200 933 "http://www.walleyecentral.com/forums/showthread.php?t=162860" "Mozilla/4.0 (compatible; MSIE 8.0; Windows NT 6.1; Trident/4.0; SLCC2; .NET CLR 2.0.50727; .NET CLR 3.5.30729; .NET CLR 3.0.30729; Media Center PC 6.0; .NET4.0C; Tablet PC 2.0; InfoPath.3; MS-RTC LM 8; .NET4.0E)"
67.136.168.90 - - [04/Jan/2012:09:15:26 -0500] "GET /themes/default/common.css HTTP/1.1" 304 - "http://www.walleyecentral.com/" "Mozilla/4.0 (compatible; MSIE 8.0; Windows NT 5.1; Trident/4.0; .NET CLR 2.0.50727; .NET CLR 3.0.4506.2152; .NET CLR 3.5.30729)"
205.144.147.4 - - [04/Jan/2012:09:15:26 -0500] "GET /forums/images/statusicon/post_old.gif HTTP/1.1" 304 - "http://www.walleyecentral.com/forums/showthread.php?t=162860" "Mozilla/4.0 (compatible; MSIE 8.0; Windows NT 6.1; Trident/4.0; SLCC2; .NET CLR 2.0.50727; .NET CLR 3.5.30729; .NET CLR 3.0.30729; Media Center PC 6.0; .NET4.0C; Tablet PC 2.0; InfoPath.3; MS-RTC LM 8; .NET4.0E)"
205.134.249.170 - - [04/Jan/2012:09:15:26 -0500] "GET /weather.php?pands=Oregon%2C+Ohi HTTP/1.1" 200 16166 "-" "PHP/5.2.17"
205.144.147.4 - - [04/Jan/2012:09:15:26 -0500] "GET /forums/images/smilies/yum.gif HTTP/1.1" 200 244 "http://www.walleyecentral.com/forums/showthread.php?t=162860" "Mozilla/4.0 (compatible; MSIE 8.0; Windows NT 6.1; Trident/4.0; SLCC2; .NET CLR 2.0.50727; .NET CLR 3.5.30729; .NET CLR 3.0.30729; Media Center PC 6.0; .NET4.0C; Tablet PC 2.0; InfoPath.3; MS-RTC LM 8; .NET4.0E)"
205.144.147.4 - - [04/Jan/2012:09:15:26 -0500] "GET /forums/images/buttons/viewpost.gif HTTP/1.1" 304 - "http://www.walleyecentral.com/forums/showthread.php?t=162860" "Mozilla/4.0 (compatible; MSIE 8.0; Windows NT 6.1; Trident/4.0; SLCC2; .NET CLR 2.0.50727; .NET CLR 3.5.30729; .NET CLR 3.0.30729; Media Center PC 6.0; .NET4.0C; Tablet PC 2.0; InfoPath.3; MS-RTC LM 8; .NET4.0E)"
205.144.147.4 - - [04/Jan/2012:09:15:26 -0500] "GET /forums/images/smilies/smile.gif HTTP/1.1" 304 - "http://www.walleyecentral.com/forums/showthread.php?t=162860" "Mozilla/4.0 (compatible; MSIE 8.0; Windows NT 6.1; Trident/4.0; SLCC2; .NET CLR 2.0.50727; .NET CLR 3.5.30729; .NET CLR 3.0.30729; Media Center PC 6.0; .NET4.0C; Tablet PC 2.0; InfoPath.3; MS-RTC LM 8; .NET4.0E)"
205.144.147.4 - - [04/Jan/2012:09:15:26 -0500] "GET /forums/image.php?u=14129&dateline=1302287074 HTTP/1.1" 200 2243 "http://www.walleyecentral.com/forums/showthread.php?t=162860" "Mozilla/4.0 (compatible; MSIE 8.0; Windows NT 6.1; Trident/4.0; SLCC2; .NET CLR 2.0.50727; .NET CLR 3.5.30729; .NET CLR 3.0.30729; Media Center PC 6.0; .NET4.0C; Tablet PC 2.0; InfoPath.3; MS-RTC LM 8; .NET4.0E)"
204.248.124.170 - - [04/Jan/2012:09:15:25 -0500] "GET /openx/www/delivery/lg.php?bannerid=97&campaignid=1&zoneid=98&loc=http%3A%2F%2Fwww.walleyecentral.com%2Fforums%2Fshowthread.php%3Ft%3D189108%26page%3D2&referer=http%3A%2F%2Fwww.walleyecentral.com%2Fforums%2Fforumdisplay.php%3Ff%3D32&cb=5b3a7bd290 HTTP/1.1" 200 43 "http://www.walleyecentral.com/forums/showthread.php?t=189108&page=2" "Mozilla/4.0 (compatible; MSIE 8.0; Windows NT 5.1; Trident/4.0)"
205.144.147.4 - - [04/Jan/2012:09:15:26 -0500] "GET /forums/images/smilies/cheers.gif HTTP/1.1" 200 2265 "http://www.walleyecentral.com/forums/showthread.php?t=162860" "Mozilla/4.0 (compatible; MSIE 8.0; Windows NT 6.1; Trident/4.0; SLCC2; .NET CLR 2.0.50727; .NET CLR 3.5.30729; .NET CLR 3.0.30729; Media Center PC 6.0; .NET4.0C; Tablet PC 2.0; InfoPath.3; MS-RTC LM 8; .NET4.0E)"
205.144.147.4 - - [04/Jan/2012:09:15:26 -0500] "GET /forums/images/smilies/bowdown.gif HTTP/1.1" 200 5438 "http://www.walleyecentral.com/forums/showthread.php?t=162860" "Mozilla/4.0 (compatible; MSIE 8.0; Windows NT 6.1; Trident/4.0; SLCC2; .NET CLR 2.0.50727; .NET CLR 3.5.30729; .NET CLR 3.0.30729; Media Center PC 6.0; .NET4.0C; Tablet PC 2.0; InfoPath.3; MS-RTC LM 8; .NET4.0E)"
66.11.150.236 - - [04/Jan/2012:09:15:26 -0500] "GET /weather.php?pands=toronto HTTP/1.0" 200 24954 "-" "-"
205.144.147.4 - - [04/Jan/2012:09:15:26 -0500] "GET /forums/image.php?u=24665&dateline=1267548061 HTTP/1.1" 200 7994 "http://www.walleyecentral.com/forums/showthread.php?t=162860" "Mozilla/4.0 (compatible; MSIE 8.0; Windows NT 6.1; Trident/4.0; SLCC2; .NET CLR 2.0.50727; .NET CLR 3.5.30729; .NET CLR 3.0.30729; Media Center PC 6.0; .NET4.0C; Tablet PC 2.0; InfoPath.3; MS-RTC LM 8; .NET4.0E)"
67.136.168.90 - - [04/Jan/2012:09:15:26 -0500] "GET /qnav/bullet_sq_sm_slateblue.gif HTTP/1.1" 304 - "http://www.walleyecentral.com/" "Mozilla/4.0 (compatible; MSIE 8.0; Windows NT 5.1; Trident/4.0; .NET CLR 2.0.50727; .NET CLR 3.0.4506.2152; .NET CLR 3.5.30729)"
205.144.147.4 - - [04/Jan/2012:09:15:26 -0500] "GET /forums/image.php?u=7677&dateline=1250543948 HTTP/1.1" 200 2157 "http://www.walleyecentral.com/forums/showthread.php?t=162860" "Mozilla/4.0 (compatible; MSIE 8.0; Windows NT 6.1; Trident/4.0; SLCC2; .NET CLR 2.0.50727; .NET CLR 3.5.30729; .NET CLR 3.0.30729; Media Center PC 6.0; .NET4.0C; Tablet PC 2.0; InfoPath.3; MS-RTC LM 8; .NET4.0E)"
67.136.168.90 - - [04/Jan/2012:09:15:26 -0500] "GET /themes/default/images/bullet.png HTTP/1.1" 304 - "http://www.walleyecentral.com/" "Mozilla/4.0 (compatible; MSIE 8.0; Windows NT 5.1; Trident/4.0; .NET CLR 2.0.50727; .NET CLR 3.0.4506.2152; .NET CLR 3.5.30729)"
67.136.168.90 - - [04/Jan/2012:09:15:26 -0500] "GET /themes/default/images/topback.png HTTP/1.1" 304 - "http://www.walleyecentral.com/" "Mozilla/4.0 (compatible; MSIE 8.0; Windows NT 5.1; Trident/4.0; .NET CLR 2.0.50727; .NET CLR 3.0.4506.2152; .NET CLR 3.5.30729)"
67.136.168.90 - - [04/Jan/2012:09:15:26 -0500] "GET /themes/default/images/headerlogo2.png HTTP/1.1" 304 - "http://www.walleyecentral.com/" "Mozilla/4.0 (compatible; MSIE 8.0; Windows NT 5.1; Trident/4.0; .NET CLR 2.0.50727; .NET CLR 3.0.4506.2152; .NET CLR 3.5.30729)"
67.136.168.90 - - [04/Jan/2012:09:15:26 -0500] "GET /forums/clientscript/vbulletin_md5.js?v=368 HTTP/1.1" 304 - "http://www.walleyecentral.com/" "Mozilla/4.0 (compatible; MSIE 8.0; Windows NT 5.1; Trident/4.0; .NET CLR 2.0.50727; .NET CLR 3.0.4506.2152; .NET CLR 3.5.30729)"
208.118.158.140 - - [04/Jan/2012:09:15:26 -0500] "GET /dbimages/uploaded-2012-01-02-938288249.jpg HTTP/1.1" 200 10154 "-" "Mozilla/5.0 (compatible; MSIE 9.0; Windows NT 6.1; WOW64; Trident/5.0; MAAU; FunWebProducts)"
67.136.168.90 - - [04/Jan/2012:09:15:25 -0500] "GET / HTTP/1.1" 200 66159 "-" "Mozilla/4.0 (compatible; MSIE 8.0; Windows NT 5.1; Trident/4.0; .NET CLR 2.0.50727; .NET CLR 3.0.4506.2152; .NET CLR 3.5.30729)"
180.76.5.140 - - [04/Jan/2012:09:15:25 -0500] "GET /forums/showthread.php?t=170754 HTTP/1.1" 200 20897 "-" "Mozilla/5.0 (compatible; Baiduspider/2.0; +http://www.baidu.com/search/spider.html)"
67.136.168.90 - - [04/Jan/2012:09:15:26 -0500] "GET /themes/default/images/x.gif HTTP/1.1" 304 - "http://www.walleyecentral.com/" "Mozilla/4.0 (compatible; MSIE 8.0; Windows NT 5.1; Trident/4.0; .NET CLR 2.0.50727; .NET CLR 3.0.4506.2152; .NET CLR 3.5.30729)"
205.144.147.4 - - [04/Jan/2012:09:15:26 -0500] "GET /openx/www/delivery/lg.php?bannerid=98&campaignid=1&zoneid=87&loc=http%3A%2F%2Fwww.walleyecentral.com%2Fforums%2Fshowthread.php%3Ft%3D162860&referer=http%3A%2F%2Fwww.walleyecentral.com%2Fforums%2Fforumdisplay.php%3Ff%3D5&cb=182993bfbc HTTP/1.1" 200 43 "http://www.walleyecentral.com/forums/showthread.php?t=162860" "Mozilla/4.0 (compatible; MSIE 8.0; Windows NT 6.1; Trident/4.0; SLCC2; .NET CLR 2.0.50727; .NET CLR 3.5.30729; .NET CLR 3.0.30729; Media Center PC 6.0; .NET4.0C; Tablet PC 2.0; InfoPath.3; MS-RTC LM 8; .NET4.0E)"
67.136.168.90 - - [04/Jan/2012:09:15:26 -0500] "GET /themes/default/images/ranger_icon.jpg HTTP/1.1" 304 - "http://www.walleyecentral.com/" "Mozilla/4.0 (compatible; MSIE 8.0; Windows NT 5.1; Trident/4.0; .NET CLR 2.0.50727; .NET CLR 3.0.4506.2152; .NET CLR 3.5.30729)"
67.136.168.90 - - [04/Jan/2012:09:15:26 -0500] "GET /images/fishhuron.jpg HTTP/1.1" 304 - "http://www.walleyecentral.com/" "Mozilla/4.0 (compatible; MSIE 8.0; Windows NT 5.1; Trident/4.0; .NET CLR 2.0.50727; .NET CLR 3.0.4506.2152; .NET CLR 3.5.30729)"
67.136.168.90 - - [04/Jan/2012:09:15:26 -0500] "GET /images/wc-hoodie.jpg HTTP/1.1" 304 - "http://www.walleyecentral.com/" "Mozilla/4.0 (compatible; MSIE 8.0; Windows NT 5.1; Trident/4.0; .NET CLR 2.0.50727; .NET CLR 3.0.4506.2152; .NET CLR 3.5.30729)"
208.118.158.140 - - [04/Jan/2012:09:15:26 -0500] "GET /dbimages/uploaded-2012-01-02-32146545.jpg HTTP/1.1" 200 13138 "-" "Mozilla/5.0 (compatible; MSIE 9.0; Windows NT 6.1; WOW64; Trident/5.0; MAAU; FunWebProducts)"
67.136.168.90 - - [04/Jan/2012:09:15:26 -0500] "GET /images/facebook.jpg HTTP/1.1" 304 - "http://www.walleyecentral.com/" "Mozilla/4.0 (compatible; MSIE 8.0; Windows NT 5.1; Trident/4.0; .NET CLR 2.0.50727; .NET CLR 3.0.4506.2152; .NET CLR 3.5.30729)"
67.136.168.90 - - [04/Jan/2012:09:15:26 -0500] "GET /themes/default/images/edit.gif HTTP/1.1" 304 - "http://www.walleyecentral.com/" "Mozilla/4.0 (compatible; MSIE 8.0; Windows NT 5.1; Trident/4.0; .NET CLR 2.0.50727; .NET CLR 3.0.4506.2152; .NET CLR 3.5.30729)"
67.136.168.90 - - [04/Jan/2012:09:15:26 -0500] "GET /dbimages/articles-2012-01-02-216201556iconfile.JPG HTTP/1.1" 304 - "http://www.walleyecentral.com/" "Mozilla/4.0 (compatible; MSIE 8.0; Windows NT 5.1; Trident/4.0; .NET CLR 2.0.50727; .NET CLR 3.0.4506.2152; .NET CLR 3.5.30729)"
67.136.168.90 - - [04/Jan/2012:09:15:26 -0500] "GET /dbimages/articles-2011-12-20-231784295iconfile.jpg HTTP/1.1" 304 - "http://www.walleyecentral.com/" "Mozilla/4.0 (compatible; MSIE 8.0; Windows NT 5.1; Trident/4.0; .NET CLR 2.0.50727; .NET CLR 3.0.4506.2152; .NET CLR 3.5.30729)"
67.136.168.90 - - [04/Jan/2012:09:15:26 -0500] "GET /dbimages/articles-2011-12-27-925807361iconfile.jpg HTTP/1.1" 304 - "http://www.walleyecentral.com/" "Mozilla/4.0 (compatible; MSIE 8.0; Windows NT 5.1; Trident/4.0; .NET CLR 2.0.50727; .NET CLR 3.0.4506.2152; .NET CLR 3.5.30729)"
67.136.168.90 - - [04/Jan/2012:09:15:26 -0500] "GET /dbimages/articles-2011-12-20-993572124iconfile.jpg HTTP/1.1" 304 - "http://www.walleyecentral.com/" "Mozilla/4.0 (compatible; MSIE 8.0; Windows NT 5.1; Trident/4.0; .NET CLR 2.0.50727; .NET CLR 3.0.4506.2152; .NET CLR 3.5.30729)"
67.136.168.90 - - [04/Jan/2012:09:15:26 -0500] "GET /dbimages/articles-2011-12-20-429665774iconfile.jpg HTTP/1.1" 304 - "http://www.walleyecentral.com/" "Mozilla/4.0 (compatible; MSIE 8.0; Windows NT 5.1; Trident/4.0; .NET CLR 2.0.50727; .NET CLR 3.0.4506.2152; .NET CLR 3.5.30729)"
67.136.168.90 - - [04/Jan/2012:09:15:26 -0500] "GET /dbimages/articles-2011-12-19-56677216iconfile.jpg HTTP/1.1" 304 - "http://www.walleyecentral.com/" "Mozilla/4.0 (compatible; MSIE 8.0; Windows NT 5.1; Trident/4.0; .NET CLR 2.0.50727; .NET CLR 3.0.4506.2152; .NET CLR 3.5.30729)"
67.136.168.90 - - [04/Jan/2012:09:15:26 -0500] "GET /dbimages/articles-2011-12-19-992528775iconfile.jpg HTTP/1.1" 304 - "http://www.walleyecentral.com/" "Mozilla/4.0 (compatible; MSIE 8.0; Windows NT 5.1; Trident/4.0; .NET CLR 2.0.50727; .NET CLR 3.0.4506.2152; .NET CLR 3.5.30729)"
67.136.168.90 - - [04/Jan/2012:09:15:26 -0500] "GET /dbimages/articles-2011-12-09-612515290iconfile.jpg HTTP/1.1" 304 - "http://www.walleyecentral.com/" "Mozilla/4.0 (compatible; MSIE 8.0; Windows NT 5.1; Trident/4.0; .NET CLR 2.0.50727; .NET CLR 3.0.4506.2152; .NET CLR 3.5.30729)"
67.136.168.90 - - [04/Jan/2012:09:15:26 -0500] "GET /dbimages/articles-2011-12-05-541299785iconfile.jpg HTTP/1.1" 304 - "http://www.walleyecentral.com/" "Mozilla/4.0 (compatible; MSIE 8.0; Windows NT 5.1; Trident/4.0; .NET CLR 2.0.50727; .NET CLR 3.0.4506.2152; .NET CLR 3.5.30729)"
67.136.168.90 - - [04/Jan/2012:09:15:26 -0500] "GET /dbimages/articles-2011-09-29-923068202iconfile.jpg HTTP/1.1" 304 - "http://www.walleyecentral.com/" "Mozilla/4.0 (compatible; MSIE 8.0; Windows NT 5.1; Trident/4.0; .NET CLR 2.0.50727; .NET CLR 3.0.4506.2152; .NET CLR 3.5.30729)"
67.136.168.90 - - [04/Jan/2012:09:15:26 -0500] "GET /wcvideo/video/20110925-150928.jpg HTTP/1.1" 304 - "http://www.walleyecentral.com/" "Mozilla/4.0 (compatible; MSIE 8.0; Windows NT 5.1; Trident/4.0; .NET CLR 2.0.50727; .NET CLR 3.0.4506.2152; .NET CLR 3.5.30729)"
67.136.168.90 - - [04/Jan/2012:09:15:26 -0500] "GET /dbimages/tenpoundclub-2011-12-23-141169268thumbnail.jpg HTTP/1.1" 304 - "http://www.walleyecentral.com/" "Mozilla/4.0 (compatible; MSIE 8.0; Windows NT 5.1; Trident/4.0; .NET CLR 2.0.50727; .NET CLR 3.0.4506.2152; .NET CLR 3.5.30729)"
67.136.168.90 - - [04/Jan/2012:09:15:26 -0500] "GET /dbimages/tenpoundclub-2011-12-23-97306314thumbnail.jpg HTTP/1.1" 304 - "http://www.walleyecentral.com/" "Mozilla/4.0 (compatible; MSIE 8.0; Windows NT 5.1; Trident/4.0; .NET CLR 2.0.50727; .NET CLR 3.0.4506.2152; .NET CLR 3.5.30729)"
67.136.168.90 - - [04/Jan/2012:09:15:26 -0500] "GET /wcvideo/video/20110918-060900.jpg HTTP/1.1" 304 - "http://www.walleyecentral.com/" "Mozilla/4.0 (compatible; MSIE 8.0; Windows NT 5.1; Trident/4.0; .NET CLR 2.0.50727; .NET CLR 3.0.4506.2152; .NET CLR 3.5.30729)"
67.136.168.90 - - [04/Jan/2012:09:15:26 -0500] "GET /wcvideo/video/20110808-130818.jpg HTTP/1.1" 304 - "http://www.walleyecentral.com/" "Mozilla/4.0 (compatible; MSIE 8.0; Windows NT 5.1; Trident/4.0; .NET CLR 2.0.50727; .NET CLR 3.0.4506.2152; .NET CLR 3.5.30729)"
146.0.73.184 - - [04/Jan/2012:09:15:25 -0500] "POST /forums/register.php?do=addmember HTTP/1.0" 200 41592 "http://www.walleyecentral.com/forums/register.php?s=2285d0fe4c3988144f2d965e3cbb5f9e" "Mozilla/4.0 (compatible; MSIE 6.0; Windows NT 5.1; SV1)"
67.136.168.90 - - [04/Jan/2012:09:15:26 -0500] "GET /phpQJr/embedjr.php?pid=50&w=175&h=400 HTTP/1.1" 200 1036 "http://www.walleyecentral.com/" "Mozilla/4.0 (compatible; MSIE 8.0; Windows NT 5.1; Trident/4.0; .NET CLR 2.0.50727; .NET CLR 3.0.4506.2152; .NET CLR 3.5.30729)"
67.136.168.90 - - [04/Jan/2012:09:15:26 -0500] "GET /dbimages/tenpoundclub-2012-01-03-862352758thumbnail.jpg HTTP/1.1" 200 12900 "http://www.walleyecentral.com/" "Mozilla/4.0 (compatible; MSIE 8.0; Windows NT 5.1; Trident/4.0; .NET CLR 2.0.50727; .NET CLR 3.0.4506.2152; .NET CLR 3.5.30729)"
24.220.62.4 - - [04/Jan/2012:09:15:27 -0500] "GET /openx/www/delivery/ajs.php?n=a5212870&zoneid=1&source=&exclude=,&r=529864761&loc=http%3A//www.walleyecentral.com/forums/index.php HTTP/1.1" 200 904 "http://www.walleyecentral.com/forums/index.php" "Mozilla/4.0 (compatible; MSIE 8.0; Windows NT 5.1; Trident/4.0; (R1 1.6); .NET CLR 1.1.4322; BRI/1)"
173.189.207.31 - - [04/Jan/2012:09:15:27 -0500] "GET /forums/clientscript/vbulletin_important.css?v=373 HTTP/1.1" 304 - "http://www.walleyecentral.com/forums/forumdisplay.php?s=&daysprune=&f=32" "Mozilla/5.0 (Windows NT 5.1; rv:8.0) Gecko/20100101 Firefox/8.0"
173.189.207.31 - - [04/Jan/2012:09:15:27 -0500] "GET /forums/clientscript/yui/yahoo-dom-event/yahoo-dom-event.js?v=373 HTTP/1.1" 304 - "http://www.walleyecentral.com/forums/forumdisplay.php?s=&daysprune=&f=32" "Mozilla/5.0 (Windows NT 5.1; rv:8.0) Gecko/20100101 Firefox/8.0"
173.189.207.31 - - [04/Jan/2012:09:15:27 -0500] "GET /forums/clientscript/yui/connection/connection-min.js?v=373 HTTP/1.1" 304 - "http://www.walleyecentral.com/forums/forumdisplay.php?s=&daysprune=&f=32" "Mozilla/5.0 (Windows NT 5.1; rv:8.0) Gecko/20100101 Firefox/8.0"
173.189.207.31 - - [04/Jan/2012:09:15:27 -0500] "GET /forums/clientscript/vbulletin_global.js?v=373 HTTP/1.1" 304 - "http://www.walleyecentral.com/forums/forumdisplay.php?s=&daysprune=&f=32" "Mozilla/5.0 (Windows NT 5.1; rv:8.0) Gecko/20100101 Firefox/8.0"
173.189.207.31 - - [04/Jan/2012:09:15:27 -0500] "GET /forums/clientscript/vbulletin_menu.js?v=373 HTTP/1.1" 304 - "http://www.walleyecentral.com/forums/forumdisplay.php?s=&daysprune=&f=32" "Mozilla/5.0 (Windows NT 5.1; rv:8.0) Gecko/20100101 Firefox/8.0"
173.189.207.31 - - [04/Jan/2012:09:15:26 -0500] "GET /forums/forumdisplay.php?s=&daysprune=&f=32 HTTP/1.1" 200 22213 "-" "Mozilla/5.0 (Windows NT 5.1; rv:8.0) Gecko/20100101 Firefox/8.0"
207.255.147.25 - - [04/Jan/2012:09:15:27 -0500] "GET /forums/showthread.php?t=189221 HTTP/1.1" 200 17588 "http://www.walleyecentral.com/forums/forumdisplay.php?f=5" "Mozilla/5.0 (Windows NT 6.1; WOW64; rv:7.0.1) Gecko/20100101 Firefox/7.0.1"
67.136.168.90 - - [04/Jan/2012:09:15:27 -0500] "GET /commonimages/blocks.png HTTP/1.1" 304 - "http://www.walleyecentral.com/" "Mozilla/4.0 (compatible; MSIE 8.0; Windows NT 5.1; Trident/4.0; .NET CLR 2.0.50727; .NET CLR 3.0.4506.2152; .NET CLR 3.5.30729)"
67.136.168.90 - - [04/Jan/2012:09:15:27 -0500] "GET /images/navionics_app.jpg HTTP/1.1" 304 - "http://www.walleyecentral.com/" "Mozilla/4.0 (compatible; MSIE 8.0; Windows NT 5.1; Trident/4.0; .NET CLR 2.0.50727; .NET CLR 3.0.4506.2152; .NET CLR 3.5.30729)"
67.136.168.90 - - [04/Jan/2012:09:15:27 -0500] "GET /images/shutup1.gif HTTP/1.1" 304 - "http://www.walleyecentral.com/" "Mozilla/4.0 (compatible; MSIE 8.0; Windows NT 5.1; Trident/4.0; .NET CLR 2.0.50727; .NET CLR 3.0.4506.2152; .NET CLR 3.5.30729)"
207.255.147.25 - - [04/Jan/2012:09:15:27 -0500] "GET /forums/clientscript/vbulletin_important.css?v=373 HTTP/1.1" 304 - "http://www.walleyecentral.com/forums/showthread.php?t=189221" "Mozilla/5.0 (Windows NT 6.1; WOW64; rv:7.0.1) Gecko/20100101 Firefox/7.0.1"
207.255.147.25 - - [04/Jan/2012:09:15:27 -0500] "GET /forums/clientscript/yui/connection/connection-min.js?v=373 HTTP/1.1" 304 - "http://www.walleyecentral.com/forums/showthread.php?t=189221" "Mozilla/5.0 (Windows NT 6.1; WOW64; rv:7.0.1) Gecko/20100101 Firefox/7.0.1"
207.255.147.25 - - [04/Jan/2012:09:15:27 -0500] "GET /forums/clientscript/vbulletin_global.js?v=373 HTTP/1.1" 304 - "http://www.walleyecentral.com/forums/showthread.php?t=189221" "Mozilla/5.0 (Windows NT 6.1; WOW64; rv:7.0.1) Gecko/20100101 Firefox/7.0.1"
207.255.147.25 - - [04/Jan/2012:09:15:27 -0500] "GET /forums/clientscript/vbulletin_menu.js?v=373 HTTP/1.1" 304 - "http://www.walleyecentral.com/forums/showthread.php?t=189221" "Mozilla/5.0 (Windows NT 6.1; WOW64; rv:7.0.1) Gecko/20100101 Firefox/7.0.1"
66.11.150.236 - - [04/Jan/2012:09:15:27 -0500] "GET /weather.php?pands=Shelbyville HTTP/1.0" 200 24533 "-" "-"
207.255.147.25 - - [04/Jan/2012:09:15:27 -0500] "GET /forums/clientscript/yui/yahoo-dom-event/yahoo-dom-event.js?v=373 HTTP/1.1" 304 - "http://www.walleyecentral.com/forums/showthread.php?t=189221" "Mozilla/5.0 (Windows NT 6.1; WOW64; rv:7.0.1) Gecko/20100101 Firefox/7.0.1"
173.189.207.31 - - [04/Jan/2012:09:15:27 -0500] "GET /forums/clientscript/vbulletin_md5.js?v=373 HTTP/1.1" 304 - "http://www.walleyecentral.com/forums/forumdisplay.php?s=&daysprune=&f=32" "Mozilla/5.0 (Windows NT 5.1; rv:8.0) Gecko/20100101 Firefox/8.0"
67.136.168.90 - - [04/Jan/2012:09:15:27 -0500] "GET /phpQJr/poll.php?pid=50&url=http%3A//www.walleyecentral.com/ HTTP/1.1" 200 3982 "http://www.walleyecentral.com/" "Mozilla/4.0 (compatible; MSIE 8.0; Windows NT 5.1; Trident/4.0; .NET CLR 2.0.50727; .NET CLR 3.0.4506.2152; .NET CLR 3.5.30729)"
66.96.3.91 - - [04/Jan/2012:09:15:27 -0500] "GET /themes/default/theme.css HTTP/1.1" 304 - "http://www.walleyecentral.com/" "Mozilla/4.0 (compatible; MSIE 7.0; Windows NT 5.1; Trident/4.0; GTB6; .NET CLR 1.1.4322; .NET CLR 2.0.50727; MSN 9.0;MSN 9.1;MSN 9.6;MSN 10.0;MSN 10.2; MSNbMSNI; MSNmen-us; MSNcIA)"
173.189.207.31 - - [04/Jan/2012:09:15:27 -0500] "GET /forums/clientscript/vbulletin_read_marker.js?v=373 HTTP/1.1" 304 - "http://www.walleyecentral.com/forums/forumdisplay.php?s=&daysprune=&f=32" "Mozilla/5.0 (Windows NT 5.1; rv:8.0) Gecko/20100101 Firefox/8.0"
173.189.207.31 - - [04/Jan/2012:09:15:27 -0500] "GET /openx/www/delivery/ajs.php?n=a5212870&zoneid=97&source=&exclude=,&r=213253381&loc=http%3A//www.walleyecentral.com/forums/forumdisplay.php%3Fs%3D%26daysprune%3D%26f%3D32 HTTP/1.1" 200 951 "http://www.walleyecentral.com/forums/forumdisplay.php?s=&daysprune=&f=32" "Mozilla/5.0 (Windows NT 5.1; rv:8.0) Gecko/20100101 Firefox/8.0"
207.255.147.25 - - [04/Jan/2012:09:15:27 -0500] "GET /forums/clientscript/vbulletin_post_loader.js?v=373 HTTP/1.1" 304 - "http://www.walleyecentral.com/forums/showthread.php?t=189221" "Mozilla/5.0 (Windows NT 6.1; WOW64; rv:7.0.1) Gecko/20100101 Firefox/7.0.1"
98.20.105.207 - - [04/Jan/2012:09:15:27 -0500] "GET /forums/showthread.php?t=189227 HTTP/1.1" 200 22512 "http://www.walleyecentral.com/forums/forumdisplay.php?f=15" "Mozilla/4.0 (compatible; MSIE 8.0; Windows NT 5.1; Trident/4.0; GTB7.2; .NET CLR 2.0.50727; .NET CLR 3.0.4506.2152; .NET CLR 3.5.30729)"
67.136.168.90 - - [04/Jan/2012:09:15:27 -0500] "GET /themes/default/images/footerback.gif HTTP/1.1" 304 - "http://www.walleyecentral.com/" "Mozilla/4.0 (compatible; MSIE 8.0; Windows NT 5.1; Trident/4.0; .NET CLR 2.0.50727; .NET CLR 3.0.4506.2152; .NET CLR 3.5.30729)"
207.255.147.25 - - [04/Jan/2012:09:15:27 -0500] "GET /forums/clientscript/vbulletin_md5.js?v=373 HTTP/1.1" 304 - "http://www.walleyecentral.com/forums/showthread.php?t=189221" "Mozilla/5.0 (Windows NT 6.1; WOW64; rv:7.0.1) Gecko/20100101 Firefox/7.0.1"
208.118.158.140 - - [04/Jan/2012:09:15:26 -0500] "GET /dbimages/uploaded-2012-01-02-325801956.JPG HTTP/1.1" 200 30098 "-" "Mozilla/5.0 (compatible; MSIE 9.0; Windows NT 6.1; WOW64; Trident/5.0; MAAU; FunWebProducts)"
98.20.105.207 - - [04/Jan/2012:09:15:27 -0500] "GET /forums/clientscript/vbulletin_post_loader.js?v=373 HTTP/1.1" 304 - "http://www.walleyecentral.com/forums/showthread.php?t=189227" "Mozilla/4.0 (compatible; MSIE 8.0; Windows NT 5.1; Trident/4.0; GTB7.2; .NET CLR 2.0.50727; .NET CLR 3.0.4506.2152; .NET CLR 3.5.30729)"
66.96.3.91 - - [04/Jan/2012:09:15:27 -0500] "GET /themes/default/common.css HTTP/1.1" 304 - "http://www.walleyecentral.com/" "Mozilla/4.0 (compatible; MSIE 7.0; Windows NT 5.1; Trident/4.0; GTB6; .NET CLR 1.1.4322; .NET CLR 2.0.50727; MSN 9.0;MSN 9.1;MSN 9.6;MSN 10.0;MSN 10.2; MSNbMSNI; MSNmen-us; MSNcIA)"
207.255.147.25 - - [04/Jan/2012:09:15:27 -0500] "GET /forums/clientscript/vbulletin_lightbox.js?v=373 HTTP/1.1" 304 - "http://www.walleyecentral.com/forums/showthread.php?t=189221" "Mozilla/5.0 (Windows NT 6.1; WOW64; rv:7.0.1) Gecko/20100101 Firefox/7.0.1"
98.20.105.207 - - [04/Jan/2012:09:15:27 -0500] "GET /forums/clientscript/vbulletin_editor.css?v=373 HTTP/1.1" 200 3229 "http://www.walleyecentral.com/forums/showthread.php?t=189227" "Mozilla/4.0 (compatible; MSIE 8.0; Windows NT 5.1; Trident/4.0; GTB7.2; .NET CLR 2.0.50727; .NET CLR 3.0.4506.2152; .NET CLR 3.5.30729)"
205.134.249.170 - - [04/Jan/2012:09:15:27 -0500] "GET /weather.php?pands=webster%2Cwi HTTP/1.1" 200 16166 "-" "PHP/5.2.17"
207.255.147.25 - - [04/Jan/2012:09:15:27 -0500] "GET /openx/www/delivery/ajs.php?n=a5212870&zoneid=87&source=&exclude=,&r=848306151&loc=http%3A//www.walleyecentral.com/forums/showthread.php%3Ft%3D189221&referer=http%3A//www.walleyecentral.com/forums/forumdisplay.php%3Ff%3D5 HTTP/1.1" 200 933 "http://www.walleyecentral.com/forums/showthread.php?t=189221" "Mozilla/5.0 (Windows NT 6.1; WOW64; rv:7.0.1) Gecko/20100101 Firefox/7.0.1"
173.189.207.31 - - [04/Jan/2012:09:15:27 -0500] "GET /openx/www/delivery/ai.php?filename=ranger.jpg&contenttype=jpeg HTTP/1.1" 304 - "http://www.walleyecentral.com/forums/forumdisplay.php?s=&daysprune=&f=32" "Mozilla/5.0 (Windows NT 5.1; rv:8.0) Gecko/20100101 Firefox/8.0"
67.136.168.90 - - [04/Jan/2012:09:15:27 -0500] "GET /phpQJr/inc/poll.js HTTP/1.1" 304 - "http://www.walleyecentral.com/phpQJr/poll.php?pid=50&url=http%3A//www.walleyecentral.com/" "Mozilla/4.0 (compatible; MSIE 8.0; Windows NT 5.1; Trident/4.0; .NET CLR 2.0.50727; .NET CLR 3.0.4506.2152; .NET CLR 3.5.30729)"
66.96.3.91 - - [04/Jan/2012:09:15:27 -0500] "GET /qnav/bullet_sq_sm_slateblue.gif HTTP/1.1" 304 - "http://www.walleyecentral.com/" "Mozilla/4.0 (compatible; MSIE 7.0; Windows NT 5.1; Trident/4.0; GTB6; .NET CLR 1.1.4322; .NET CLR 2.0.50727; MSN 9.0;MSN 9.1;MSN 9.6;MSN 10.0;MSN 10.2; MSNbMSNI; MSNmen-us; MSNcIA)"
98.20.105.207 - - [04/Jan/2012:09:15:27 -0500] "GET /openx/www/delivery/ajs.php?n=a5212870&zoneid=11&source=&exclude=,&r=539316211&loc=http%3A//www.walleyecentral.com/forums/showthread.php%3Ft%3D189227&referer=http%3A//www.walleyecentral.com/forums/forumdisplay.php%3Ff%3D15 HTTP/1.1" 200 945 "http://www.walleyecentral.com/forums/showthread.php?t=189227" "Mozilla/4.0 (compatible; MSIE 8.0; Windows NT 5.1; Trident/4.0; GTB7.2; .NET CLR 2.0.50727; .NET CLR 3.0.4506.2152; .NET CLR 3.5.30729)"
24.220.62.4 - - [04/Jan/2012:09:15:27 -0500] "GET /openx/www/delivery/lg.php?bannerid=6&campaignid=1&zoneid=1&channel_ids=,&loc=http%3A%2F%2Fwww.walleyecentral.com%2Fforums%2Findex.php&cb=563cb009dd HTTP/1.1" 200 43 "http://www.walleyecentral.com/forums/index.php" "Mozilla/4.0 (compatible; MSIE 8.0; Windows NT 5.1; Trident/4.0; (R1 1.6); .NET CLR 1.1.4322; BRI/1)"
24.51.133.94 - - [04/Jan/2012:09:15:26 -0500] "GET /forums/showthread.php?t=189221 HTTP/1.1" 200 17462 "http://www.walleyecentral.com/forums/forumdisplay.php?f=5" "Mozilla/5.0 (Windows NT 6.1; WOW64) AppleWebKit/535.7 (KHTML, like Gecko) Chrome/16.0.912.63 Safari/535.7"
207.255.147.25 - - [04/Jan/2012:09:15:27 -0500] "GET /openx/www/delivery/lg.php?bannerid=98&campaignid=1&zoneid=87&loc=http%3A%2F%2Fwww.walleyecentral.com%2Fforums%2Fshowthread.php%3Ft%3D189221&referer=http%3A%2F%2Fwww.walleyecentral.com%2Fforums%2Fforumdisplay.php%3Ff%3D5&cb=a3ed74c9fa HTTP/1.1" 200 43 "http://www.walleyecentral.com/forums/showthread.php?t=189221" "Mozilla/5.0 (Windows NT 6.1; WOW64; rv:7.0.1) Gecko/20100101 Firefox/7.0.1"
24.51.133.94 - - [04/Jan/2012:09:15:27 -0500] "GET /openx/www/delivery/ajs.php?n=a5212870&zoneid=87&source=&exclude=,&r=706917801&loc=http%3A//www.walleyecentral.com/forums/showthread.php%3Ft%3D189221&referer=http%3A//www.walleyecentral.com/forums/forumdisplay.php%3Ff%3D5 HTTP/1.1" 200 947 "http://www.walleyecentral.com/forums/showthread.php?t=189221" "Mozilla/5.0 (Windows NT 6.1; WOW64) AppleWebKit/535.7 (KHTML, like Gecko) Chrome/16.0.912.63 Safari/535.7"
66.96.3.91 - - [04/Jan/2012:09:15:27 -0500] "GET /forums/clientscript/vbulletin_md5.js?v=368 HTTP/1.1" 304 - "http://www.walleyecentral.com/" "Mozilla/4.0 (compatible; MSIE 7.0; Windows NT 5.1; Trident/4.0; GTB6; .NET CLR 1.1.4322; .NET CLR 2.0.50727; MSN 9.0;MSN 9.1;MSN 9.6;MSN 10.0;MSN 10.2; MSNbMSNI; MSNmen-us; MSNcIA)"
98.20.105.207 - - [04/Jan/2012:09:15:27 -0500] "GET /forums/images/buttons/reply.gif HTTP/1.1" 304 - "http://www.walleyecentral.com/forums/showthread.php?t=189227" "Mozilla/4.0 (compatible; MSIE 8.0; Windows NT 5.1; Trident/4.0; GTB7.2; .NET CLR 2.0.50727; .NET CLR 3.0.4506.2152; .NET CLR 3.5.30729)"
98.20.105.207 - - [04/Jan/2012:09:15:27 -0500] "GET /forums/images/buttons/report.gif HTTP/1.1" 200 1014 "http://www.walleyecentral.com/forums/showthread.php?t=189227" "Mozilla/4.0 (compatible; MSIE 8.0; Windows NT 5.1; Trident/4.0; GTB7.2; .NET CLR 2.0.50727; .NET CLR 3.0.4506.2152; .NET CLR 3.5.30729)"
98.20.105.207 - - [04/Jan/2012:09:15:27 -0500] "GET /forums/images/buttons/quote.gif HTTP/1.1" 304 - "http://www.walleyecentral.com/forums/showthread.php?t=189227" "Mozilla/4.0 (compatible; MSIE 8.0; Windows NT 5.1; Trident/4.0; GTB7.2; .NET CLR 2.0.50727; .NET CLR 3.0.4506.2152; .NET CLR 3.5.30729)"
98.20.105.207 - - [04/Jan/2012:09:15:27 -0500] "GET /forums/images/buttons/multiquote_off.gif HTTP/1.1" 200 1355 "http://www.walleyecentral.com/forums/showthread.php?t=189227" "Mozilla/4.0 (compatible; MSIE 8.0; Windows NT 5.1; Trident/4.0; GTB7.2; .NET CLR 2.0.50727; .NET CLR 3.0.4506.2152; .NET CLR 3.5.30729)"
98.20.105.207 - - [04/Jan/2012:09:15:27 -0500] "GET /forums/images/buttons/quickreply.gif HTTP/1.1" 200 1407 "http://www.walleyecentral.com/forums/showthread.php?t=189227" "Mozilla/4.0 (compatible; MSIE 8.0; Windows NT 5.1; Trident/4.0; GTB7.2; .NET CLR 2.0.50727; .NET CLR 3.0.4506.2152; .NET CLR 3.5.30729)"
24.51.133.94 - - [04/Jan/2012:09:15:27 -0500] "GET /forums/image.php?u=28333&dateline=1320803063 HTTP/1.1" 200 2552 "http://www.walleyecentral.com/forums/showthread.php?t=189221" "Mozilla/5.0 (Windows NT 6.1; WOW64) AppleWebKit/535.7 (KHTML, like Gecko) Chrome/16.0.912.63 Safari/535.7"
173.189.207.31 - - [04/Jan/2012:09:15:27 -0500] "GET /openx/www/delivery/lg.php?bannerid=34&campaignid=1&zoneid=97&loc=http%3A%2F%2Fwww.walleyecentral.com%2Fforums%2Fforumdisplay.php%3Fs%3D%26daysprune%3D%26f%3D32&cb=390a5f67f7 HTTP/1.1" 200 43 "http://www.walleyecentral.com/forums/forumdisplay.php?s=&daysprune=&f=32" "Mozilla/5.0 (Windows NT 5.1; rv:8.0) Gecko/20100101 Firefox/8.0"
24.51.133.94 - - [04/Jan/2012:09:15:27 -0500] "GET /forums/image.php?u=3388&dateline=1297860080 HTTP/1.1" 200 1686 "http://www.walleyecentral.com/forums/showthread.php?t=189221" "Mozilla/5.0 (Windows NT 6.1; WOW64) AppleWebKit/535.7 (KHTML, like Gecko) Chrome/16.0.912.63 Safari/535.7"
24.51.133.94 - - [04/Jan/2012:09:15:28 -0500] "GET /forums/images/misc/im_aim.gif HTTP/1.1" 200 1013 "http://www.walleyecentral.com/forums/showthread.php?t=189221" "Mozilla/5.0 (Windows NT 6.1; WOW64) AppleWebKit/535.7 (KHTML, like Gecko) Chrome/16.0.912.63 Safari/535.7"
24.51.133.94 - - [04/Jan/2012:09:15:28 -0500] "GET /openx/www/delivery/ai.php?filename=lureparts_2.gif&contenttype=gif HTTP/1.1" 200 11524 "http://www.walleyecentral.com/forums/showthread.php?t=189221" "Mozilla/5.0 (Windows NT 6.1; WOW64) AppleWebKit/535.7 (KHTML, like Gecko) Chrome/16.0.912.63 Safari/535.7"
66.96.3.91 - - [04/Jan/2012:09:15:28 -0500] "GET /themes/default/images/bullet.png HTTP/1.1" 304 - "http://www.walleyecentral.com/" "Mozilla/4.0 (compatible; MSIE 7.0; Windows NT 5.1; Trident/4.0; GTB6; .NET CLR 1.1.4322; .NET CLR 2.0.50727; MSN 9.0;MSN 9.1;MSN 9.6;MSN 10.0;MSN 10.2; MSNbMSNI; MSNmen-us; MSNcIA)"
98.20.105.207 - - [04/Jan/2012:09:15:28 -0500] "GET /forums/clientscript/vbulletin_ajax_taglist.js?v=373 HTTP/1.1" 200 4615 "http://www.walleyecentral.com/forums/showthread.php?t=189227" "Mozilla/4.0 (compatible; MSIE 8.0; Windows NT 5.1; Trident/4.0; GTB7.2; .NET CLR 2.0.50727; .NET CLR 3.0.4506.2152; .NET CLR 3.5.30729)"
98.20.105.207 - - [04/Jan/2012:09:15:28 -0500] "GET /forums/clientscript/vbulletin_ajax_tagsugg.js?v=373 HTTP/1.1" 200 5332 "http://www.walleyecentral.com/forums/showthread.php?t=189227" "Mozilla/4.0 (compatible; MSIE 8.0; Windows NT 5.1; Trident/4.0; GTB7.2; .NET CLR 2.0.50727; .NET CLR 3.0.4506.2152; .NET CLR 3.5.30729)"
207.46.199.44 - - [04/Jan/2012:09:15:28 -0500] "GET /forums/newreply.php?do=newreply&noquote=1&p=1042861 HTTP/1.1" 200 15087 "-" "Mozilla/5.0 (compatible; bingbot/2.0; +http://www.bing.com/bingbot.htm)"
98.20.105.207 - - [04/Jan/2012:09:15:28 -0500] "GET /forums/clientscript/vbulletin_lightbox.js?v=373 HTTP/1.1" 304 - "http://www.walleyecentral.com/forums/showthread.php?t=189227" "Mozilla/4.0 (compatible; MSIE 8.0; Windows NT 5.1; Trident/4.0; GTB7.2; .NET CLR 2.0.50727; .NET CLR 3.0.4506.2152; .NET CLR 3.5.30729)"
24.51.133.94 - - [04/Jan/2012:09:15:28 -0500] "GET /openx/www/delivery/lg.php?bannerid=74&campaignid=1&zoneid=87&loc=http%3A%2F%2Fwww.walleyecentral.com%2Fforums%2Fshowthread.php%3Ft%3D189221&referer=http%3A%2F%2Fwww.walleyecentral.com%2Fforums%2Fforumdisplay.php%3Ff%3D5&cb=4464dcd372 HTTP/1.1" 200 43 "http://www.walleyecentral.com/forums/showthread.php?t=189221" "Mozilla/5.0 (Windows NT 6.1; WOW64) AppleWebKit/535.7 (KHTML, like Gecko) Chrome/16.0.912.63 Safari/535.7"
98.20.105.207 - - [04/Jan/2012:09:15:28 -0500] "GET /forums/clientscript/vbulletin_multi_quote.js?v=373 HTTP/1.1" 200 1799 "http://www.walleyecentral.com/forums/showthread.php?t=189227" "Mozilla/4.0 (compatible; MSIE 8.0; Windows NT 5.1; Trident/4.0; GTB7.2; .NET CLR 2.0.50727; .NET CLR 3.0.4506.2152; .NET CLR 3.5.30729)"
98.20.105.207 - - [04/Jan/2012:09:15:28 -0500] "GET /forums/images/statusicon/user_online.gif HTTP/1.1" 304 - "http://www.walleyecentral.com/forums/showthread.php?t=189227" "Mozilla/4.0 (compatible; MSIE 8.0; Windows NT 5.1; Trident/4.0; GTB7.2; .NET CLR 2.0.50727; .NET CLR 3.0.4506.2152; .NET CLR 3.5.30729)"
66.96.3.91 - - [04/Jan/2012:09:15:28 -0500] "GET /themes/default/images/topback.png HTTP/1.1" 304 - "http://www.walleyecentral.com/" "Mozilla/4.0 (compatible; MSIE 7.0; Windows NT 5.1; Trident/4.0; GTB6; .NET CLR 1.1.4322; .NET CLR 2.0.50727; MSN 9.0;MSN 9.1;MSN 9.6;MSN 10.0;MSN 10.2; MSNbMSNI; MSNmen-us; MSNcIA)"
205.134.249.170 - - [04/Jan/2012:09:15:28 -0500] "GET /weather.php?pands=north+platt HTTP/1.1" 200 16166 "-" "PHP/5.2.17"
146.0.73.184 - - [04/Jan/2012:09:15:27 -0500] "POST /forums/register.php?do=addmember HTTP/1.0" 200 41608 "http://www.walleyecentral.com/forums/register.php?s=2285d0fe4c3988144f2d965e3cbb5f9e" "Mozilla/4.0 (compatible; MSIE 6.0; Windows NT 5.1; SV1)"
98.20.105.207 - - [04/Jan/2012:09:15:28 -0500] "GET /forums/clientscript/vbulletin_quick_edit.js?v=373 HTTP/1.1" 200 10341 "http://www.walleyecentral.com/forums/showthread.php?t=189227" "Mozilla/4.0 (compatible; MSIE 8.0; Windows NT 5.1; Trident/4.0; GTB7.2; .NET CLR 2.0.50727; .NET CLR 3.0.4506.2152; .NET CLR 3.5.30729)"
98.20.105.207 - - [04/Jan/2012:09:15:28 -0500] "GET /forums/clientscript/vbulletin_quick_reply.js?v=373 HTTP/1.1" 200 5470 "http://www.walleyecentral.com/forums/showthread.php?t=189227" "Mozilla/4.0 (compatible; MSIE 8.0; Windows NT 5.1; Trident/4.0; GTB7.2; .NET CLR 2.0.50727; .NET CLR 3.0.4506.2152; .NET CLR 3.5.30729)"
98.20.105.207 - - [04/Jan/2012:09:15:28 -0500] "GET /forums/images/misc/im_msn.gif HTTP/1.1" 200 1037 "http://www.walleyecentral.com/forums/showthread.php?t=189227" "Mozilla/4.0 (compatible; MSIE 8.0; Windows NT 5.1; Trident/4.0; GTB7.2; .NET CLR 2.0.50727; .NET CLR 3.0.4506.2152; .NET CLR 3.5.30729)"
98.20.105.207 - - [04/Jan/2012:09:15:28 -0500] "GET /forums/images/misc/im_yahoo.gif HTTP/1.1" 200 1040 "http://www.walleyecentral.com/forums/showthread.php?t=189227" "Mozilla/4.0 (compatible; MSIE 8.0; Windows NT 5.1; Trident/4.0; GTB7.2; .NET CLR 2.0.50727; .NET CLR 3.0.4506.2152; .NET CLR 3.5.30729)"
66.11.150.236 - - [04/Jan/2012:09:15:28 -0500] "GET /weather.php?pands=52240 HTTP/1.0" 200 24175 "-" "-"
98.20.105.207 - - [04/Jan/2012:09:15:28 -0500] "GET /forums/images/misc/11x11progress.gif HTTP/1.1" 200 537 "http://www.walleyecentral.com/forums/showthread.php?t=189227" "Mozilla/4.0 (compatible; MSIE 8.0; Windows NT 5.1; Trident/4.0; GTB7.2; .NET CLR 2.0.50727; .NET CLR 3.0.4506.2152; .NET CLR 3.5.30729)"
180.76.5.175 - - [04/Jan/2012:09:15:28 -0500] "GET /forums/search.php?searchid=4403366 HTTP/1.1" 200 10520 "-" "Mozilla/5.0 (compatible; Baiduspider/2.0; +http://www.baidu.com/search/spider.html)"
50.28.14.55 - - [04/Jan/2012:09:15:28 -0500] "GET /tenpoundclub/?PID=1135 HTTP/1.1" 200 23287 "-" "Mozilla/4.0 (compatible; MSIE 7.0; Windows NT 5.2; .NET CLR 2.0;)"
98.20.105.207 - - [04/Jan/2012:09:15:28 -0500] "GET /forums/clientscript/vbulletin_textedit.js?v=373 HTTP/1.1" 200 54568 "http://www.walleyecentral.com/forums/showthread.php?t=189227" "Mozilla/4.0 (compatible; MSIE 8.0; Windows NT 5.1; Trident/4.0; GTB7.2; .NET CLR 2.0.50727; .NET CLR 3.0.4506.2152; .NET CLR 3.5.30729)"
66.96.3.91 - - [04/Jan/2012:09:15:28 -0500] "GET /themes/default/images/headerlogo2.png HTTP/1.1" 304 - "http://www.walleyecentral.com/" "Mozilla/4.0 (compatible; MSIE 7.0; Windows NT 5.1; Trident/4.0; GTB6; .NET CLR 1.1.4322; .NET CLR 2.0.50727; MSN 9.0;MSN 9.1;MSN 9.6;MSN 10.0;MSN 10.2; MSNbMSNI; MSNmen-us; MSNcIA)"
24.111.18.138 - - [04/Jan/2012:09:15:27 -0500] "GET /forums/forumdisplay.php?f=5 HTTP/1.1" 200 23932 "http://www.walleyecentral.com/forums/showthread.php?t=189034" "Mozilla/4.0 (compatible; MSIE 8.0; Windows NT 5.1; Trident/4.0; GTB7.2; Mozilla/4.0 (compatible; MSIE 6.0; Windows NT 5.1; SV1) ; .NET CLR 1.1.4322; .NET CLR 2.0.50727; .NET CLR 3.0.04506.30; .NET CLR 3.0.04506.648; .NET CLR 3.0.4506.2152; .NET CLR 3.5.30729; OfficeLiveConnector.1.3; OfficeLivePatch.0.0; .NET4.0C; .NET4.0E)"
98.20.105.207 - - [04/Jan/2012:09:15:28 -0500] "GET /forums/images/misc/progress.gif HTTP/1.1" 200 701 "http://www.walleyecentral.com/forums/showthread.php?t=189227" "Mozilla/4.0 (compatible; MSIE 8.0; Windows NT 5.1; Trident/4.0; GTB7.2; .NET CLR 2.0.50727; .NET CLR 3.0.4506.2152; .NET CLR 3.5.30729)"
98.20.105.207 - - [04/Jan/2012:09:15:28 -0500] "GET /forums/images/buttons/printer.gif HTTP/1.1" 304 - "http://www.walleyecentral.com/forums/showthread.php?t=189227" "Mozilla/4.0 (compatible; MSIE 8.0; Windows NT 5.1; Trident/4.0; GTB7.2; .NET CLR 2.0.50727; .NET CLR 3.0.4506.2152; .NET CLR 3.5.30729)"
98.20.105.207 - - [04/Jan/2012:09:15:28 -0500] "GET /forums/images/buttons/sendtofriend.gif HTTP/1.1" 304 - "http://www.walleyecentral.com/forums/showthread.php?t=189227" "Mozilla/4.0 (compatible; MSIE 8.0; Windows NT 5.1; Trident/4.0; GTB7.2; .NET CLR 2.0.50727; .NET CLR 3.0.4506.2152; .NET CLR 3.5.30729)"
98.20.105.207 - - [04/Jan/2012:09:15:28 -0500] "GET /forums/images/buttons/mode_linear.gif HTTP/1.1" 304 - "http://www.walleyecentral.com/forums/showthread.php?t=189227" "Mozilla/4.0 (compatible; MSIE 8.0; Windows NT 5.1; Trident/4.0; GTB7.2; .NET CLR 2.0.50727; .NET CLR 3.0.4506.2152; .NET CLR 3.5.30729)"
98.20.105.207 - - [04/Jan/2012:09:15:28 -0500] "GET /forums/images/buttons/subscribe.gif HTTP/1.1" 200 1102 "http://www.walleyecentral.com/forums/showthread.php?t=189227" "Mozilla/4.0 (compatible; MSIE 8.0; Windows NT 5.1; Trident/4.0; GTB7.2; .NET CLR 2.0.50727; .NET CLR 3.0.4506.2152; .NET CLR 3.5.30729)"
98.20.105.207 - - [04/Jan/2012:09:15:28 -0500] "GET /forums/images/buttons/mode_threaded.gif HTTP/1.1" 304 - "http://www.walleyecentral.com/forums/showthread.php?t=189227" "Mozilla/4.0 (compatible; MSIE 8.0; Windows NT 5.1; Trident/4.0; GTB7.2; .NET CLR 2.0.50727; .NET CLR 3.0.4506.2152; .NET CLR 3.5.30729)"
98.20.105.207 - - [04/Jan/2012:09:15:27 -0500] "GET /openx/www/delivery/lg.php?bannerid=78&campaignid=1&zoneid=11&loc=http%3A%2F%2Fwww.walleyecentral.com%2Fforums%2Fshowthread.php%3Ft%3D189227&referer=http%3A%2F%2Fwww.walleyecentral.com%2Fforums%2Fforumdisplay.php%3Ff%3D15&cb=8f2776475a HTTP/1.1" 200 43 "http://www.walleyecentral.com/forums/showthread.php?t=189227" "Mozilla/4.0 (compatible; MSIE 8.0; Windows NT 5.1; Trident/4.0; GTB7.2; .NET CLR 2.0.50727; .NET CLR 3.0.4506.2152; .NET CLR 3.5.30729)"
98.20.105.207 - - [04/Jan/2012:09:15:29 -0500] "GET /forums/images/buttons/mode_hybrid.gif HTTP/1.1" 304 - "http://www.walleyecentral.com/forums/showthread.php?t=189227" "Mozilla/4.0 (compatible; MSIE 8.0; Windows NT 5.1; Trident/4.0; GTB7.2; .NET CLR 2.0.50727; .NET CLR 3.0.4506.2152; .NET CLR 3.5.30729)"
24.111.18.138 - - [04/Jan/2012:09:15:29 -0500] "GET /openx/www/delivery/ajs.php?n=a5212870&zoneid=86&source=&exclude=,&r=224830131&loc=http%3A//www.walleyecentral.com/forums/forumdisplay.php%3Ff%3D5&referer=http%3A//www.walleyecentral.com/forums/showthread.php%3Ft%3D189034 HTTP/1.1" 200 955 "http://www.walleyecentral.com/forums/forumdisplay.php?f=5" "Mozilla/4.0 (compatible; MSIE 8.0; Windows NT 5.1; Trident/4.0; GTB7.2; Mozilla/4.0 (compatible; MSIE 6.0; Windows NT 5.1; SV1) ; .NET CLR 1.1.4322; .NET CLR 2.0.50727; .NET CLR 3.0.04506.30; .NET CLR 3.0.04506.648; .NET CLR 3.0.4506.2152; .NET CLR 3.5.30729; OfficeLiveConnector.1.3; OfficeLivePatch.0.0; .NET4.0C; .NET4.0E)"
66.96.3.91 - - [04/Jan/2012:09:15:29 -0500] "GET /themes/default/images/x.gif HTTP/1.1" 304 - "http://www.walleyecentral.com/" "Mozilla/4.0 (compatible; MSIE 7.0; Windows NT 5.1; Trident/4.0; GTB6; .NET CLR 1.1.4322; .NET CLR 2.0.50727; MSN 9.0;MSN 9.1;MSN 9.6;MSN 10.0;MSN 10.2; MSNbMSNI; MSNmen-us; MSNcIA)"
66.96.3.91 - - [04/Jan/2012:09:15:27 -0500] "GET / HTTP/1.1" 200 66159 "-" "Mozilla/4.0 (compatible; MSIE 7.0; Windows NT 5.1; Trident/4.0; GTB6; .NET CLR 1.1.4322; .NET CLR 2.0.50727; MSN 9.0;MSN 9.1;MSN 9.6;MSN 10.0;MSN 10.2; MSNbMSNI; MSNmen-us; MSNcIA)"
